The Swift Package Index logo.Swift Package Index

Build Information

Failed to build CompositionKit, reference main (083e8b), with Swift 6.4 for tvOS using Xcode 27.0 on 21 Sep 2026 08:48:08 UTC.

Build Command

env DEVELOPER_DIR=/Applications/Xcode-27.0.0-Release.Candidate.app xcrun xcodebuild -IDEClonedSourcePackagesDirPathOverride=$PWD/.dependencies -skipMacroValidation -skipPackagePluginValidation -derivedDataPath $PWD/.derivedData build -scheme CompositionKit -destination generic/platform=tvOS

Build Log

========================================
RunAll
========================================
Builder version: 5.1.0
Interrupt handler set up.
========================================
Checkout
========================================
Clone URL: https://github.com/FluidGroup/CompositionKit.git
Reference: main
Initialized empty Git repository in /Users/admin/builder/spi-builder-workspace/.git/
From https://github.com/FluidGroup/CompositionKit
 * branch            main       -> FETCH_HEAD
 * [new branch]      main       -> origin/main
HEAD is now at 083e8b5 clean up
Submodule path 'submodules/Descriptors': checked out 'f41ce2605a76c5d378fe8c5e8c5c98b544dfd108'
Submodule 'submodules/Descriptors' (https://github.com/FluidGroup/Descriptors.git) registered for path 'submodules/Descriptors'
Cloning into '/Users/admin/builder/spi-builder-workspace/submodules/Descriptors'...
Cloned https://github.com/FluidGroup/CompositionKit.git
Revision (git rev-parse @):
083e8b59b8b14aee3f0476ec9919ee2d1ae4e81c
SUCCESS checkout https://github.com/FluidGroup/CompositionKit.git at main
========================================
Build
========================================
Selected platform:         tvOS
Swift version:             6.4
Building package at path:  $PWD
https://github.com/FluidGroup/CompositionKit.git
Command line invocation:
    /Applications/Xcode-27.0.0-Release.Candidate.app/Contents/Developer/usr/bin/xcodebuild -IDEClonedSourcePackagesDirPathOverride=/Users/admin/builder/spi-builder-workspace/.dependencies -resolvePackageDependencies
Resolve Package Graph
Fetching from https://github.com/muukii/MockKit.git
Fetching from https://github.com/eure/Storybook-ios
Fetching from https://github.com/VergeGroup/Wrap.git
Fetching from https://github.com/FluidGroup/TextureBridging.git
Fetching from https://github.com/FluidGroup/TextureSwiftSupport.git
Fetching from https://github.com/FluidGroup/Texture.git
Fetching from https://github.com/pinterest/PINRemoteImage.git
Fetching from https://github.com/3a4oT/IGListKit
Fetching from https://github.com/SDWebImage/libwebp-Xcode
Fetching from https://github.com/muukii/Ne.git
Fetching from https://github.com/pinterest/PINOperation.git
Fetching from https://github.com/pinterest/PINCache.git
Fetching from https://github.com/muukii/MondrianLayout.git
Creating working copy of package ‘Texture’
Checking out spm (0783e80) of package ‘Texture’
Creating working copy of package ‘Storybook-ios’
Checking out main (c47c89a) of package ‘Storybook-ios’
Creating working copy of package ‘Wrap’
Checking out main (68191d8) of package ‘Wrap’
Creating working copy of package ‘PINCache’
Checking out 3.0.3 of package ‘PINCache’
Creating working copy of package ‘PINOperation’
Checking out 1.2.2 of package ‘PINOperation’
Creating working copy of package ‘PINRemoteImage’
Checking out master (18637e4) of package ‘PINRemoteImage’
Creating working copy of package ‘Ne’
Checking out 1.1.0 of package ‘Ne’
Creating working copy of package ‘TextureBridging’
Checking out main (ed8d3ac) of package ‘TextureBridging’
Creating working copy of package ‘IGListKit’
Checking out spmNumber10 (979eca9) of package ‘IGListKit’
Creating working copy of package ‘MockKit’
Checking out main (facff45) of package ‘MockKit’
Creating working copy of package ‘TextureSwiftSupport’
Checking out main (7ee42c7) of package ‘TextureSwiftSupport’
Creating working copy of package ‘MondrianLayout’
Checking out 0.9.0 of package ‘MondrianLayout’
Creating working copy of package ‘libwebp-Xcode’
Checking out 1.2.4 of package ‘libwebp-Xcode’
Resolve Package Graph
Resolved source packages:
  Descriptors: /Users/admin/builder/spi-builder-workspace/submodules/Descriptors
  PINCache: https://github.com/pinterest/PINCache.git @ 3.0.3
  TextureSwiftSupport: https://github.com/FluidGroup/TextureSwiftSupport.git @ main (7ee42c7)
  TextureBridging: https://github.com/FluidGroup/TextureBridging.git @ main (ed8d3ac)
  PINRemoteImage: https://github.com/pinterest/PINRemoteImage.git @ master (18637e4)
  PINOperation: https://github.com/pinterest/PINOperation.git @ 1.2.2
  libwebp: https://github.com/SDWebImage/libwebp-Xcode @ 1.2.4
  Wrap: https://github.com/VergeGroup/Wrap.git @ main (68191d8)
  MockKit: https://github.com/muukii/MockKit.git @ main (facff45)
  CompositionKit: /Users/admin/builder/spi-builder-workspace
  Ne: https://github.com/muukii/Ne.git @ 1.1.0
  MondrianLayout: https://github.com/muukii/MondrianLayout.git @ 0.9.0
  Storybook: https://github.com/eure/Storybook-ios @ main (c47c89a)
  IGListKit: https://github.com/3a4oT/IGListKit @ spmNumber10 (979eca9)
  Texture: https://github.com/FluidGroup/Texture.git @ spm (0783e80)
resolved source packages: Descriptors, PINCache, TextureSwiftSupport, TextureBridging, PINRemoteImage, PINOperation, libwebp, Wrap, MockKit, CompositionKit, Ne, MondrianLayout, Storybook, IGListKit, Texture
{
  "dependencies" : [
    {
      "identity" : "mondrianlayout",
      "requirement" : {
        "range" : [
          {
            "lower_bound" : "0.8.0",
            "upper_bound" : "1.0.0"
          }
        ]
      },
      "type" : "sourceControl",
      "url" : "https://github.com/muukii/MondrianLayout.git"
    },
    {
      "identity" : "descriptors",
      "requirement" : {
        "range" : [
          {
            "lower_bound" : "0.2.1",
            "upper_bound" : "1.0.0"
          }
        ]
      },
      "type" : "sourceControl",
      "url" : "https://github.com/muukii/Descriptors.git"
    }
  ],
  "manifest_display_name" : "CompositionKit",
  "name" : "CompositionKit",
  "path" : "/Users/admin/builder/spi-builder-workspace",
  "platforms" : [
    {
      "name" : "ios",
      "version" : "12.0"
    }
  ],
  "products" : [
    {
      "name" : "CompositionKit",
      "targets" : [
        "CompositionKit"
      ],
      "type" : {
        "library" : [
          "automatic"
        ]
      }
    }
  ],
  "targets" : [
    {
      "c99name" : "CompositionKit",
      "module_type" : "SwiftTarget",
      "name" : "CompositionKit",
      "path" : "Sources/CompositionKit",
      "product_dependencies" : [
        "MondrianLayout",
        "Descriptors"
      ],
      "product_memberships" : [
        "CompositionKit"
      ],
      "sources" : [
        "AnyUIView.swift",
        "BackgroundView.swift",
        "CodeBased.swift",
        "CompositionKit.swift",
        "GradientLayerView.swift",
        "InteractiveView.swift",
        "Logger.swift",
        "MaskingView.swift",
        "NavigationHostingView.swift",
        "PaddingView.swift",
        "ShapeLayerView.swift",
        "ShapeRenderingView.swift",
        "StyledEdgeView.swift"
      ],
      "type" : "library"
    }
  ],
  "tools_version" : "5.6"
}
{
  "project" : {
    "configurations" : [
      "Debug",
      "Release"
    ],
    "name" : "CompositionKit",
    "schemes" : [
      "CompositionKit",
      "CompositionKit-Demo",
      "Descriptors"
    ],
    "targets" : [
      "CompositionKit-Demo"
    ]
  }
}
{
  "workspace" : {
    "name" : "CompositionKit",
    "schemes" : [
      "CompositionKit"
    ]
  }
}
2026-09-21 04:47:56.013 xcodebuild[1211:6516] [MT] IDERunDestination: Supported platforms for the buildables in the current scheme is empty.
Running build ...
env DEVELOPER_DIR=/Applications/Xcode-27.0.0-Release.Candidate.app xcrun xcodebuild -IDEClonedSourcePackagesDirPathOverride=$PWD/.dependencies -skipMacroValidation -skipPackagePluginValidation -derivedDataPath $PWD/.derivedData build -scheme CompositionKit -destination generic/platform=tvOS
Command line invocation:
    /Applications/Xcode-27.0.0-Release.Candidate.app/Contents/Developer/usr/bin/xcodebuild -IDEClonedSourcePackagesDirPathOverride=/Users/admin/builder/spi-builder-workspace/.dependencies -skipMacroValidation -skipPackagePluginValidation -derivedDataPath /Users/admin/builder/spi-builder-workspace/.derivedData build -scheme CompositionKit -destination generic/platform=tvOS
Resolve Package Graph
Resolve Package Graph
Resolved source packages:
  CompositionKit: /Users/admin/builder/spi-builder-workspace
  Descriptors: https://github.com/muukii/Descriptors.git @ 0.3.0
  MondrianLayout: https://github.com/muukii/MondrianLayout.git @ 0.9.0
ComputePackagePrebuildTargetDependencyGraph
Prepare packages
CreateBuildRequest
SendProjectDescription
CreateBuildOperation
ComputeTargetDependencyGraph
note: Building targets in dependency order
note: Target dependency graph (6 targets)
    Target 'CompositionKit-product' in project 'CompositionKit'
        ➜ Explicit dependency on target 'CompositionKit' in project 'CompositionKit'
        ➜ Explicit dependency on target 'MondrianLayout-product' in project 'MondrianLayout'
        ➜ Explicit dependency on target 'Descriptors-product' in project 'Descriptors'
    Target 'CompositionKit' in project 'CompositionKit'
        ➜ Explicit dependency on target 'MondrianLayout-product' in project 'MondrianLayout'
        ➜ Explicit dependency on target 'Descriptors-product' in project 'Descriptors'
    Target 'Descriptors-product' in project 'Descriptors'
        ➜ Explicit dependency on target 'Descriptors' in project 'Descriptors'
    Target 'Descriptors' in project 'Descriptors' (no dependencies)
    Target 'MondrianLayout-product' in project 'MondrianLayout'
        ➜ Explicit dependency on target 'MondrianLayout' in project 'MondrianLayout'
    Target 'MondrianLayout' in project 'MondrianLayout' (no dependencies)
GatherProvisioningInputs
CreateBuildDescription
ExecuteExternalTool /Applications/Xcode-27.0.0-Release.Candidate.app/Contents/Developer/Toolchains/XcodeDefault.xctoolchain/usr/bin/clang -v -E -dM -isysroot /Applications/Xcode-27.0.0-Release.Candidate.app/Contents/Developer/Platforms/AppleTVOS.platform/Developer/SDKs/AppleTVOS27.0.sdk -x c -c /dev/null
ExecuteExternalTool /Applications/Xcode-27.0.0-Release.Candidate.app/Contents/Developer/Toolchains/XcodeDefault.xctoolchain/usr/bin/swiftc --version
ExecuteExternalTool /Applications/Xcode-27.0.0-Release.Candidate.app/Contents/Developer/Toolchains/XcodeDefault.xctoolchain/usr/bin/ld -version_details
ReadFileContents /Applications/Xcode-27.0.0-Release.Candidate.app/Contents/Developer/Toolchains/XcodeDefault.xctoolchain/usr/share/docc/features.json
Build description signature: be41bc87213cb86abffe99423e904e77
Build description path: /Users/admin/builder/spi-builder-workspace/.derivedData/Build/Intermediates.noindex/XCBuildData/be41bc87213cb86abffe99423e904e77.xcbuilddata
CreateBuildDirectory /Users/admin/builder/spi-builder-workspace/.derivedData/SDKExplicitPrecompiledModules
    cd /Users/admin/builder/spi-builder-workspace/.swiftpm/xcode
    builtin-create-build-directory /Users/admin/builder/spi-builder-workspace/.derivedData/SDKExplicitPrecompiledModules
CreateBuildDirectory /Users/admin/builder/spi-builder-workspace/.derivedData/ModuleCache.noindex
    cd /Users/admin/builder/spi-builder-workspace/.swiftpm/xcode
    builtin-create-build-directory /Users/admin/builder/spi-builder-workspace/.derivedData/ModuleCache.noindex
CreateBuildDirectory /Users/admin/builder/spi-builder-workspace/.derivedData/CompilationCache.noindex
    cd /Users/admin/builder/spi-builder-workspace/.swiftpm/xcode
    builtin-create-build-directory /Users/admin/builder/spi-builder-workspace/.derivedData/CompilationCache.noindex
ClangStatCache /Applications/Xcode-27.0.0-Release.Candidate.app/Contents/Developer/Toolchains/XcodeDefault.xctoolchain/usr/bin/clang-stat-cache /Applications/Xcode-27.0.0-Release.Candidate.app/Contents/Developer/Platforms/AppleTVOS.platform/Developer/SDKs/AppleTVOS27.0.sdk /Users/admin/builder/spi-builder-workspace/.derivedData/SDKStatCaches.noindex/appletvos27.0-24J360-e829b21a6f8c9b70876ba0858053c044b32bfd8d43560033f8d89884cdb90028.sdkstatcache
    cd /Users/admin/builder/spi-builder-workspace/.swiftpm/xcode
    /Applications/Xcode-27.0.0-Release.Candidate.app/Contents/Developer/Toolchains/XcodeDefault.xctoolchain/usr/bin/clang-stat-cache /Applications/Xcode-27.0.0-Release.Candidate.app/Contents/Developer/Platforms/AppleTVOS.platform/Developer/SDKs/AppleTVOS27.0.sdk -o /Users/admin/builder/spi-builder-workspace/.derivedData/SDKStatCaches.noindex/appletvos27.0-24J360-e829b21a6f8c9b70876ba0858053c044b32bfd8d43560033f8d89884cdb90028.sdkstatcache
CreateBuildDirectory /Users/admin/builder/spi-builder-workspace/.derivedData/Build/Intermediates.noindex
    cd /Users/admin/builder/spi-builder-workspace/.swiftpm/xcode
    builtin-create-build-directory /Users/admin/builder/spi-builder-workspace/.derivedData/Build/Intermediates.noindex
CreateBuildDirectory /Users/admin/builder/spi-builder-workspace/.derivedData/Build/Products
    cd /Users/admin/builder/spi-builder-workspace/.swiftpm/xcode
    builtin-create-build-directory /Users/admin/builder/spi-builder-workspace/.derivedData/Build/Products
CreateBuildDirectory /Users/admin/builder/spi-builder-workspace/.derivedData/Build/Intermediates.noindex/PrecompiledHeaders
    cd /Users/admin/builder/spi-builder-workspace/.swiftpm/xcode
    builtin-create-build-directory /Users/admin/builder/spi-builder-workspace/.derivedData/Build/Intermediates.noindex/PrecompiledHeaders
CreateBuildDirectory /Users/admin/builder/spi-builder-workspace/.derivedData/Build/Intermediates.noindex/SwiftExplicitPrecompiledModules
    cd /Users/admin/builder/spi-builder-workspace/.swiftpm/xcode
    builtin-create-build-directory /Users/admin/builder/spi-builder-workspace/.derivedData/Build/Intermediates.noindex/SwiftExplicitPrecompiledModules
CreateBuildDirectory /Users/admin/builder/spi-builder-workspace/.derivedData/Build/Products/Debug-appletvos
    cd /Users/admin/builder/spi-builder-workspace/.swiftpm/xcode
    builtin-create-build-directory /Users/admin/builder/spi-builder-workspace/.derivedData/Build/Products/Debug-appletvos
CreateBuildDirectory /Users/admin/builder/spi-builder-workspace/.derivedData/Build/Intermediates.noindex/ExplicitPrecompiledModules
    cd /Users/admin/builder/spi-builder-workspace/.swiftpm/xcode
    builtin-create-build-directory /Users/admin/builder/spi-builder-workspace/.derivedData/Build/Intermediates.noindex/ExplicitPrecompiledModules
CreateBuildDirectory /Users/admin/builder/spi-builder-workspace/.derivedData/Build/Intermediates.noindex/EagerLinkingTBDs/Debug-appletvos
    cd /Users/admin/builder/spi-builder-workspace/.swiftpm/xcode
    builtin-create-build-directory /Users/admin/builder/spi-builder-workspace/.derivedData/Build/Intermediates.noindex/EagerLinkingTBDs/Debug-appletvos
CreateBuildDirectory /Users/admin/builder/spi-builder-workspace/.derivedData/Build/Products/Debug-appletvos/PackageFrameworks
    cd /Users/admin/builder/spi-builder-workspace/.swiftpm/xcode
    builtin-create-build-directory /Users/admin/builder/spi-builder-workspace/.derivedData/Build/Products/Debug-appletvos/PackageFrameworks
WriteAuxiliaryFile /Users/admin/builder/spi-builder-workspace/.derivedData/Build/Intermediates.noindex/MondrianLayout.build/Debug-appletvos/MondrianLayout-t.build/MondrianLayout.modulemap (in target 'MondrianLayout' from project 'MondrianLayout')
    cd /Users/admin/builder/spi-builder-workspace/.dependencies/checkouts/MondrianLayout
    write-file /Users/admin/builder/spi-builder-workspace/.derivedData/Build/Intermediates.noindex/MondrianLayout.build/Debug-appletvos/MondrianLayout-t.build/MondrianLayout.modulemap
WriteAuxiliaryFile /Users/admin/builder/spi-builder-workspace/.derivedData/Build/Intermediates.noindex/MondrianLayout.build/Debug-appletvos/MondrianLayout-t.build/MondrianLayout.DependencyStaticMetadataFileList (in target 'MondrianLayout' from project 'MondrianLayout')
    cd /Users/admin/builder/spi-builder-workspace/.dependencies/checkouts/MondrianLayout
    write-file /Users/admin/builder/spi-builder-workspace/.derivedData/Build/Intermediates.noindex/MondrianLayout.build/Debug-appletvos/MondrianLayout-t.build/MondrianLayout.DependencyStaticMetadataFileList
WriteAuxiliaryFile /Users/admin/builder/spi-builder-workspace/.derivedData/Build/Intermediates.noindex/MondrianLayout.build/Debug-appletvos/MondrianLayout-t.build/MondrianLayout.DependencyMetadataFileList (in target 'MondrianLayout' from project 'MondrianLayout')
    cd /Users/admin/builder/spi-builder-workspace/.dependencies/checkouts/MondrianLayout
    write-file /Users/admin/builder/spi-builder-workspace/.derivedData/Build/Intermediates.noindex/MondrianLayout.build/Debug-appletvos/MondrianLayout-t.build/MondrianLayout.DependencyMetadataFileList
WriteAuxiliaryFile /Users/admin/builder/spi-builder-workspace/.derivedData/Build/Intermediates.noindex/MondrianLayout.build/Debug-appletvos/MondrianLayout-t.build/Objects-normal/arm64/MondrianLayout-OutputFileMap.json (in target 'MondrianLayout' from project 'MondrianLayout')
    cd /Users/admin/builder/spi-builder-workspace/.dependencies/checkouts/MondrianLayout
    write-file /Users/admin/builder/spi-builder-workspace/.derivedData/Build/Intermediates.noindex/MondrianLayout.build/Debug-appletvos/MondrianLayout-t.build/Objects-normal/arm64/MondrianLayout-OutputFileMap.json
WriteAuxiliaryFile /Users/admin/builder/spi-builder-workspace/.derivedData/Build/Intermediates.noindex/MondrianLayout.build/Debug-appletvos/MondrianLayout-t.build/Objects-normal/arm64/MondrianLayout.SwiftConstValuesFileList (in target 'MondrianLayout' from project 'MondrianLayout')
    cd /Users/admin/builder/spi-builder-workspace/.dependencies/checkouts/MondrianLayout
    write-file /Users/admin/builder/spi-builder-workspace/.derivedData/Build/Intermediates.noindex/MondrianLayout.build/Debug-appletvos/MondrianLayout-t.build/Objects-normal/arm64/MondrianLayout.SwiftConstValuesFileList
WriteAuxiliaryFile /Users/admin/builder/spi-builder-workspace/.derivedData/Build/Intermediates.noindex/MondrianLayout.build/Debug-appletvos/MondrianLayout-t.build/Objects-normal/arm64/MondrianLayout.LinkFileList (in target 'MondrianLayout' from project 'MondrianLayout')
    cd /Users/admin/builder/spi-builder-workspace/.dependencies/checkouts/MondrianLayout
    write-file /Users/admin/builder/spi-builder-workspace/.derivedData/Build/Intermediates.noindex/MondrianLayout.build/Debug-appletvos/MondrianLayout-t.build/Objects-normal/arm64/MondrianLayout.LinkFileList
WriteAuxiliaryFile /Users/admin/builder/spi-builder-workspace/.derivedData/Build/Intermediates.noindex/MondrianLayout.build/Debug-appletvos/MondrianLayout-t.build/Objects-normal/arm64/MondrianLayout.SwiftFileList (in target 'MondrianLayout' from project 'MondrianLayout')
    cd /Users/admin/builder/spi-builder-workspace/.dependencies/checkouts/MondrianLayout
    write-file /Users/admin/builder/spi-builder-workspace/.derivedData/Build/Intermediates.noindex/MondrianLayout.build/Debug-appletvos/MondrianLayout-t.build/Objects-normal/arm64/MondrianLayout.SwiftFileList
WriteAuxiliaryFile /Users/admin/builder/spi-builder-workspace/.derivedData/Build/Intermediates.noindex/MondrianLayout.build/Debug-appletvos/MondrianLayout-t.build/Objects-normal/arm64/MondrianLayout_const_extract_protocols.json (in target 'MondrianLayout' from project 'MondrianLayout')
    cd /Users/admin/builder/spi-builder-workspace/.dependencies/checkouts/MondrianLayout
    write-file /Users/admin/builder/spi-builder-workspace/.derivedData/Build/Intermediates.noindex/MondrianLayout.build/Debug-appletvos/MondrianLayout-t.build/Objects-normal/arm64/MondrianLayout_const_extract_protocols.json
WriteAuxiliaryFile /Users/admin/builder/spi-builder-workspace/.derivedData/Build/Intermediates.noindex/Descriptors.build/Debug-appletvos/Descriptors-t.build/Objects-normal/arm64/Descriptors_const_extract_protocols.json (in target 'Descriptors' from project 'Descriptors')
    cd /Users/admin/builder/spi-builder-workspace/.dependencies/checkouts/Descriptors
    write-file /Users/admin/builder/spi-builder-workspace/.derivedData/Build/Intermediates.noindex/Descriptors.build/Debug-appletvos/Descriptors-t.build/Objects-normal/arm64/Descriptors_const_extract_protocols.json
WriteAuxiliaryFile /Users/admin/builder/spi-builder-workspace/.derivedData/Build/Intermediates.noindex/Descriptors.build/Debug-appletvos/Descriptors-t.build/Objects-normal/arm64/Descriptors.SwiftFileList (in target 'Descriptors' from project 'Descriptors')
    cd /Users/admin/builder/spi-builder-workspace/.dependencies/checkouts/Descriptors
    write-file /Users/admin/builder/spi-builder-workspace/.derivedData/Build/Intermediates.noindex/Descriptors.build/Debug-appletvos/Descriptors-t.build/Objects-normal/arm64/Descriptors.SwiftFileList
WriteAuxiliaryFile /Users/admin/builder/spi-builder-workspace/.derivedData/Build/Intermediates.noindex/Descriptors.build/Debug-appletvos/Descriptors-t.build/Objects-normal/arm64/Descriptors.SwiftConstValuesFileList (in target 'Descriptors' from project 'Descriptors')
    cd /Users/admin/builder/spi-builder-workspace/.dependencies/checkouts/Descriptors
    write-file /Users/admin/builder/spi-builder-workspace/.derivedData/Build/Intermediates.noindex/Descriptors.build/Debug-appletvos/Descriptors-t.build/Objects-normal/arm64/Descriptors.SwiftConstValuesFileList
WriteAuxiliaryFile /Users/admin/builder/spi-builder-workspace/.derivedData/Build/Intermediates.noindex/Descriptors.build/Debug-appletvos/Descriptors-t.build/Objects-normal/arm64/Descriptors.LinkFileList (in target 'Descriptors' from project 'Descriptors')
    cd /Users/admin/builder/spi-builder-workspace/.dependencies/checkouts/Descriptors
    write-file /Users/admin/builder/spi-builder-workspace/.derivedData/Build/Intermediates.noindex/Descriptors.build/Debug-appletvos/Descriptors-t.build/Objects-normal/arm64/Descriptors.LinkFileList
Copy /Users/admin/builder/spi-builder-workspace/.derivedData/Build/Intermediates.noindex/GeneratedModuleMaps-appletvos/MondrianLayout.modulemap /Users/admin/builder/spi-builder-workspace/.derivedData/Build/Intermediates.noindex/MondrianLayout.build/Debug-appletvos/MondrianLayout-t.build/MondrianLayout.modulemap (in target 'MondrianLayout' from project 'MondrianLayout')
    cd /Users/admin/builder/spi-builder-workspace/.dependencies/checkouts/MondrianLayout
    builtin-copy -exclude .DS_Store -exclude CVS -exclude .svn -exclude .git -exclude .hg -resolve-src-symlinks /Users/admin/builder/spi-builder-workspace/.derivedData/Build/Intermediates.noindex/MondrianLayout.build/Debug-appletvos/MondrianLayout-t.build/MondrianLayout.modulemap /Users/admin/builder/spi-builder-workspace/.derivedData/Build/Intermediates.noindex/GeneratedModuleMaps-appletvos
WriteAuxiliaryFile /Users/admin/builder/spi-builder-workspace/.derivedData/Build/Intermediates.noindex/Descriptors.build/Debug-appletvos/Descriptors-t.build/Objects-normal/arm64/Descriptors-OutputFileMap.json (in target 'Descriptors' from project 'Descriptors')
    cd /Users/admin/builder/spi-builder-workspace/.dependencies/checkouts/Descriptors
    write-file /Users/admin/builder/spi-builder-workspace/.derivedData/Build/Intermediates.noindex/Descriptors.build/Debug-appletvos/Descriptors-t.build/Objects-normal/arm64/Descriptors-OutputFileMap.json
WriteAuxiliaryFile /Users/admin/builder/spi-builder-workspace/.derivedData/Build/Intermediates.noindex/Descriptors.build/Debug-appletvos/Descriptors-t.build/Descriptors.modulemap (in target 'Descriptors' from project 'Descriptors')
    cd /Users/admin/builder/spi-builder-workspace/.dependencies/checkouts/Descriptors
    write-file /Users/admin/builder/spi-builder-workspace/.derivedData/Build/Intermediates.noindex/Descriptors.build/Debug-appletvos/Descriptors-t.build/Descriptors.modulemap
WriteAuxiliaryFile /Users/admin/builder/spi-builder-workspace/.derivedData/Build/Intermediates.noindex/Descriptors.build/Debug-appletvos/Descriptors-t.build/Descriptors.DependencyStaticMetadataFileList (in target 'Descriptors' from project 'Descriptors')
    cd /Users/admin/builder/spi-builder-workspace/.dependencies/checkouts/Descriptors
    write-file /Users/admin/builder/spi-builder-workspace/.derivedData/Build/Intermediates.noindex/Descriptors.build/Debug-appletvos/Descriptors-t.build/Descriptors.DependencyStaticMetadataFileList
WriteAuxiliaryFile /Users/admin/builder/spi-builder-workspace/.derivedData/Build/Intermediates.noindex/Descriptors.build/Debug-appletvos/Descriptors-t.build/Descriptors.DependencyMetadataFileList (in target 'Descriptors' from project 'Descriptors')
    cd /Users/admin/builder/spi-builder-workspace/.dependencies/checkouts/Descriptors
    write-file /Users/admin/builder/spi-builder-workspace/.derivedData/Build/Intermediates.noindex/Descriptors.build/Debug-appletvos/Descriptors-t.build/Descriptors.DependencyMetadataFileList
WriteAuxiliaryFile /Users/admin/builder/spi-builder-workspace/.derivedData/Build/Intermediates.noindex/CompositionKit.build/Debug-appletvos/CompositionKit-t.build/Objects-normal/arm64/CompositionKit_const_extract_protocols.json (in target 'CompositionKit' from project 'CompositionKit')
    cd /Users/admin/builder/spi-builder-workspace
    write-file /Users/admin/builder/spi-builder-workspace/.derivedData/Build/Intermediates.noindex/CompositionKit.build/Debug-appletvos/CompositionKit-t.build/Objects-normal/arm64/CompositionKit_const_extract_protocols.json
WriteAuxiliaryFile /Users/admin/builder/spi-builder-workspace/.derivedData/Build/Intermediates.noindex/CompositionKit.build/Debug-appletvos/CompositionKit-t.build/Objects-normal/arm64/CompositionKit.SwiftFileList (in target 'CompositionKit' from project 'CompositionKit')
    cd /Users/admin/builder/spi-builder-workspace
    write-file /Users/admin/builder/spi-builder-workspace/.derivedData/Build/Intermediates.noindex/CompositionKit.build/Debug-appletvos/CompositionKit-t.build/Objects-normal/arm64/CompositionKit.SwiftFileList
WriteAuxiliaryFile /Users/admin/builder/spi-builder-workspace/.derivedData/Build/Intermediates.noindex/CompositionKit.build/Debug-appletvos/CompositionKit-t.build/Objects-normal/arm64/CompositionKit.SwiftConstValuesFileList (in target 'CompositionKit' from project 'CompositionKit')
    cd /Users/admin/builder/spi-builder-workspace
    write-file /Users/admin/builder/spi-builder-workspace/.derivedData/Build/Intermediates.noindex/CompositionKit.build/Debug-appletvos/CompositionKit-t.build/Objects-normal/arm64/CompositionKit.SwiftConstValuesFileList
WriteAuxiliaryFile /Users/admin/builder/spi-builder-workspace/.derivedData/Build/Intermediates.noindex/CompositionKit.build/Debug-appletvos/CompositionKit-t.build/Objects-normal/arm64/CompositionKit.LinkFileList (in target 'CompositionKit' from project 'CompositionKit')
    cd /Users/admin/builder/spi-builder-workspace
    write-file /Users/admin/builder/spi-builder-workspace/.derivedData/Build/Intermediates.noindex/CompositionKit.build/Debug-appletvos/CompositionKit-t.build/Objects-normal/arm64/CompositionKit.LinkFileList
WriteAuxiliaryFile /Users/admin/builder/spi-builder-workspace/.derivedData/Build/Intermediates.noindex/CompositionKit.build/Debug-appletvos/CompositionKit-t.build/Objects-normal/arm64/CompositionKit-OutputFileMap.json (in target 'CompositionKit' from project 'CompositionKit')
    cd /Users/admin/builder/spi-builder-workspace
    write-file /Users/admin/builder/spi-builder-workspace/.derivedData/Build/Intermediates.noindex/CompositionKit.build/Debug-appletvos/CompositionKit-t.build/Objects-normal/arm64/CompositionKit-OutputFileMap.json
WriteAuxiliaryFile /Users/admin/builder/spi-builder-workspace/.derivedData/Build/Intermediates.noindex/CompositionKit.build/Debug-appletvos/CompositionKit-t.build/CompositionKit.modulemap (in target 'CompositionKit' from project 'CompositionKit')
    cd /Users/admin/builder/spi-builder-workspace
    write-file /Users/admin/builder/spi-builder-workspace/.derivedData/Build/Intermediates.noindex/CompositionKit.build/Debug-appletvos/CompositionKit-t.build/CompositionKit.modulemap
WriteAuxiliaryFile /Users/admin/builder/spi-builder-workspace/.derivedData/Build/Intermediates.noindex/CompositionKit.build/Debug-appletvos/CompositionKit-t.build/CompositionKit.DependencyStaticMetadataFileList (in target 'CompositionKit' from project 'CompositionKit')
    cd /Users/admin/builder/spi-builder-workspace
    write-file /Users/admin/builder/spi-builder-workspace/.derivedData/Build/Intermediates.noindex/CompositionKit.build/Debug-appletvos/CompositionKit-t.build/CompositionKit.DependencyStaticMetadataFileList
WriteAuxiliaryFile /Users/admin/builder/spi-builder-workspace/.derivedData/Build/Intermediates.noindex/CompositionKit.build/Debug-appletvos/CompositionKit-t.build/CompositionKit.DependencyMetadataFileList (in target 'CompositionKit' from project 'CompositionKit')
    cd /Users/admin/builder/spi-builder-workspace
    write-file /Users/admin/builder/spi-builder-workspace/.derivedData/Build/Intermediates.noindex/CompositionKit.build/Debug-appletvos/CompositionKit-t.build/CompositionKit.DependencyMetadataFileList
Copy /Users/admin/builder/spi-builder-workspace/.derivedData/Build/Intermediates.noindex/GeneratedModuleMaps-appletvos/Descriptors.modulemap /Users/admin/builder/spi-builder-workspace/.derivedData/Build/Intermediates.noindex/Descriptors.build/Debug-appletvos/Descriptors-t.build/Descriptors.modulemap (in target 'Descriptors' from project 'Descriptors')
    cd /Users/admin/builder/spi-builder-workspace/.dependencies/checkouts/Descriptors
    builtin-copy -exclude .DS_Store -exclude CVS -exclude .svn -exclude .git -exclude .hg -resolve-src-symlinks /Users/admin/builder/spi-builder-workspace/.derivedData/Build/Intermediates.noindex/Descriptors.build/Debug-appletvos/Descriptors-t.build/Descriptors.modulemap /Users/admin/builder/spi-builder-workspace/.derivedData/Build/Intermediates.noindex/GeneratedModuleMaps-appletvos
Copy /Users/admin/builder/spi-builder-workspace/.derivedData/Build/Intermediates.noindex/GeneratedModuleMaps-appletvos/CompositionKit.modulemap /Users/admin/builder/spi-builder-workspace/.derivedData/Build/Intermediates.noindex/CompositionKit.build/Debug-appletvos/CompositionKit-t.build/CompositionKit.modulemap (in target 'CompositionKit' from project 'CompositionKit')
    cd /Users/admin/builder/spi-builder-workspace
    builtin-copy -exclude .DS_Store -exclude CVS -exclude .svn -exclude .git -exclude .hg -resolve-src-symlinks /Users/admin/builder/spi-builder-workspace/.derivedData/Build/Intermediates.noindex/CompositionKit.build/Debug-appletvos/CompositionKit-t.build/CompositionKit.modulemap /Users/admin/builder/spi-builder-workspace/.derivedData/Build/Intermediates.noindex/GeneratedModuleMaps-appletvos
SwiftDriver Descriptors normal arm64 com.apple.xcode.tools.swift.compiler (in target 'Descriptors' from project 'Descriptors')
    cd /Users/admin/builder/spi-builder-workspace/.swiftpm/xcode
    builtin-SwiftDriver -- /Applications/Xcode-27.0.0-Release.Candidate.app/Contents/Developer/Toolchains/XcodeDefault.xctoolchain/usr/bin/swiftc -parse-as-library -module-name Descriptors -Onone @/Users/admin/builder/spi-builder-workspace/.derivedData/Build/Intermediates.noindex/Descriptors.build/Debug-appletvos/Descriptors-t.build/Objects-normal/arm64/Descriptors.SwiftFileList -DSWIFT_PACKAGE -DDEBUG -DSWIFT_MODULE_RESOURCE_BUNDLE_UNAVAILABLE -DXcode -plugin-path /Applications/Xcode-27.0.0-Release.Candidate.app/Contents/Developer/Toolchains/XcodeDefault.xctoolchain/usr/lib/swift/host/plugins/testing -enable-experimental-feature DebugDescriptionMacro -sdk /Applications/Xcode-27.0.0-Release.Candidate.app/Contents/Developer/Platforms/AppleTVOS.platform/Developer/SDKs/AppleTVOS27.0.sdk -target arm64-apple-tvos15.0 -g -module-cache-path /Users/admin/builder/spi-builder-workspace/.derivedData/ModuleCache.noindex -Xfrontend -serialize-debugging-options -enable-testing -suppress-warnings -index-store-path /Users/admin/builder/spi-builder-workspace/.derivedData/Index.noindex/DataStore -Xcc -D_LIBCPP_HARDENING_MODE\=_LIBCPP_HARDENING_MODE_DEBUG -swift-version 6 -I /Users/admin/builder/spi-builder-workspace/.derivedData/Build/Products/Debug-appletvos -Isystem /Applications/Xcode-27.0.0-Release.Candidate.app/Contents/Developer/Platforms/AppleTVOS.platform/Developer/usr/lib -F /Users/admin/builder/spi-builder-workspace/.derivedData/Build/Products/Debug-appletvos -F /Applications/Xcode-27.0.0-Release.Candidate.app/Contents/Developer/Platforms/AppleTVOS.platform/Developer/Library/Frameworks -F /Applications/Xcode-27.0.0-Release.Candidate.app/Contents/Developer/Platforms/AppleTVOS.platform/Developer/SDKs/AppleTVOS27.0.sdk/Developer/Library/Frameworks -c -j10 -enable-batch-mode -incremental -Xcc -ivfsstatcache -Xcc /Users/admin/builder/spi-builder-workspace/.derivedData/SDKStatCaches.noindex/appletvos27.0-24J360-e829b21a6f8c9b70876ba0858053c044b32bfd8d43560033f8d89884cdb90028.sdkstatcache -output-file-map /Users/admin/builder/spi-builder-workspace/.derivedData/Build/Intermediates.noindex/Descriptors.build/Debug-appletvos/Descriptors-t.build/Objects-normal/arm64/Descriptors-OutputFileMap.json -save-temps -no-color-diagnostics -explicit-module-build -module-cache-path /Users/admin/builder/spi-builder-workspace/.derivedData/Build/Intermediates.noindex/SwiftExplicitPrecompiledModules -clang-scanner-module-cache-path /Users/admin/builder/spi-builder-workspace/.derivedData/ModuleCache.noindex -sdk-module-cache-path /Users/admin/builder/spi-builder-workspace/.derivedData/SDKExplicitPrecompiledModules -emit-dependencies -emit-module -emit-module-path /Users/admin/builder/spi-builder-workspace/.derivedData/Build/Intermediates.noindex/Descriptors.build/Debug-appletvos/Descriptors-t.build/Objects-normal/arm64/Descriptors.swiftmodule -serialize-diagnostics -dependency-scan-serialize-diagnostics-path /Users/admin/builder/spi-builder-workspace/.derivedData/Build/Intermediates.noindex/Descriptors.build/Debug-appletvos/Descriptors-t.build/Objects-normal/arm64/Descriptors-dependency-scan.dia -user-module-version 0.3.0 -validate-clang-modules-once -clang-build-session-file /Users/admin/builder/spi-builder-workspace/.derivedData/ModuleCache.noindex/Session.modulevalidation -Xcc -fmodules-prune-interval\=86400 -Xcc -fmodules-prune-after\=345600 -package-name descriptors -emit-const-values -const-gather-protocols-list /Users/admin/builder/spi-builder-workspace/.derivedData/Build/Intermediates.noindex/Descriptors.build/Debug-appletvos/Descriptors-t.build/Objects-normal/arm64/Descriptors_const_extract_protocols.json -Xcc -I/Users/admin/builder/spi-builder-workspace/.derivedData/Build/Products/Debug-appletvos/include -Xcc -I/Users/admin/builder/spi-builder-workspace/.derivedData/Build/Intermediates.noindex/Descriptors.build/Debug-appletvos/Descriptors-t.build/DerivedSources-normal/arm64 -Xcc -I/Users/admin/builder/spi-builder-workspace/.derivedData/Build/Intermediates.noindex/Descriptors.build/Debug-appletvos/Descriptors-t.build/DerivedSources/arm64 -Xcc -I/Users/admin/builder/spi-builder-workspace/.derivedData/Build/Intermediates.noindex/Descriptors.build/Debug-appletvos/Descriptors-t.build/DerivedSources -Xcc -DSWIFT_PACKAGE -Xcc -DDEBUG\=1 -emit-objc-header -emit-objc-header-path /Users/admin/builder/spi-builder-workspace/.derivedData/Build/Intermediates.noindex/Descriptors.build/Debug-appletvos/Descriptors-t.build/Objects-normal/arm64/Descriptors-Swift.h -working-directory /Users/admin/builder/spi-builder-workspace/.swiftpm/xcode -experimental-emit-module-separately -disable-cmo
SwiftDriver MondrianLayout normal arm64 com.apple.xcode.tools.swift.compiler (in target 'MondrianLayout' from project 'MondrianLayout')
    cd /Users/admin/builder/spi-builder-workspace/.swiftpm/xcode
    builtin-SwiftDriver -- /Applications/Xcode-27.0.0-Release.Candidate.app/Contents/Developer/Toolchains/XcodeDefault.xctoolchain/usr/bin/swiftc -parse-as-library -module-name MondrianLayout -Onone @/Users/admin/builder/spi-builder-workspace/.derivedData/Build/Intermediates.noindex/MondrianLayout.build/Debug-appletvos/MondrianLayout-t.build/Objects-normal/arm64/MondrianLayout.SwiftFileList -DSWIFT_PACKAGE -DDEBUG -DSWIFT_MODULE_RESOURCE_BUNDLE_UNAVAILABLE -DXcode -plugin-path /Applications/Xcode-27.0.0-Release.Candidate.app/Contents/Developer/Toolchains/XcodeDefault.xctoolchain/usr/lib/swift/host/plugins/testing -enable-experimental-feature DebugDescriptionMacro -sdk /Applications/Xcode-27.0.0-Release.Candidate.app/Contents/Developer/Platforms/AppleTVOS.platform/Developer/SDKs/AppleTVOS27.0.sdk -target arm64-apple-tvos15.0 -g -module-cache-path /Users/admin/builder/spi-builder-workspace/.derivedData/ModuleCache.noindex -Xfrontend -serialize-debugging-options -enable-testing -suppress-warnings -index-store-path /Users/admin/builder/spi-builder-workspace/.derivedData/Index.noindex/DataStore -Xcc -D_LIBCPP_HARDENING_MODE\=_LIBCPP_HARDENING_MODE_DEBUG -swift-version 5 -I /Users/admin/builder/spi-builder-workspace/.derivedData/Build/Products/Debug-appletvos -Isystem /Applications/Xcode-27.0.0-Release.Candidate.app/Contents/Developer/Platforms/AppleTVOS.platform/Developer/usr/lib -F /Users/admin/builder/spi-builder-workspace/.derivedData/Build/Products/Debug-appletvos -F /Applications/Xcode-27.0.0-Release.Candidate.app/Contents/Developer/Platforms/AppleTVOS.platform/Developer/Library/Frameworks -F /Applications/Xcode-27.0.0-Release.Candidate.app/Contents/Developer/Platforms/AppleTVOS.platform/Developer/SDKs/AppleTVOS27.0.sdk/Developer/Library/Frameworks -c -j10 -enable-batch-mode -incremental -Xcc -ivfsstatcache -Xcc /Users/admin/builder/spi-builder-workspace/.derivedData/SDKStatCaches.noindex/appletvos27.0-24J360-e829b21a6f8c9b70876ba0858053c044b32bfd8d43560033f8d89884cdb90028.sdkstatcache -output-file-map /Users/admin/builder/spi-builder-workspace/.derivedData/Build/Intermediates.noindex/MondrianLayout.build/Debug-appletvos/MondrianLayout-t.build/Objects-normal/arm64/MondrianLayout-OutputFileMap.json -save-temps -no-color-diagnostics -explicit-module-build -module-cache-path /Users/admin/builder/spi-builder-workspace/.derivedData/Build/Intermediates.noindex/SwiftExplicitPrecompiledModules -clang-scanner-module-cache-path /Users/admin/builder/spi-builder-workspace/.derivedData/ModuleCache.noindex -sdk-module-cache-path /Users/admin/builder/spi-builder-workspace/.derivedData/SDKExplicitPrecompiledModules -emit-dependencies -emit-module -emit-module-path /Users/admin/builder/spi-builder-workspace/.derivedData/Build/Intermediates.noindex/MondrianLayout.build/Debug-appletvos/MondrianLayout-t.build/Objects-normal/arm64/MondrianLayout.swiftmodule -serialize-diagnostics -dependency-scan-serialize-diagnostics-path /Users/admin/builder/spi-builder-workspace/.derivedData/Build/Intermediates.noindex/MondrianLayout.build/Debug-appletvos/MondrianLayout-t.build/Objects-normal/arm64/MondrianLayout-dependency-scan.dia -validate-clang-modules-once -clang-build-session-file /Users/admin/builder/spi-builder-workspace/.derivedData/ModuleCache.noindex/Session.modulevalidation -Xcc -fmodules-prune-interval\=86400 -Xcc -fmodules-prune-after\=345600 -emit-const-values -const-gather-protocols-list /Users/admin/builder/spi-builder-workspace/.derivedData/Build/Intermediates.noindex/MondrianLayout.build/Debug-appletvos/MondrianLayout-t.build/Objects-normal/arm64/MondrianLayout_const_extract_protocols.json -Xcc -I/Users/admin/builder/spi-builder-workspace/.derivedData/Build/Products/Debug-appletvos/include -Xcc -I/Users/admin/builder/spi-builder-workspace/.derivedData/Build/Intermediates.noindex/MondrianLayout.build/Debug-appletvos/MondrianLayout-t.build/DerivedSources-normal/arm64 -Xcc -I/Users/admin/builder/spi-builder-workspace/.derivedData/Build/Intermediates.noindex/MondrianLayout.build/Debug-appletvos/MondrianLayout-t.build/DerivedSources/arm64 -Xcc -I/Users/admin/builder/spi-builder-workspace/.derivedData/Build/Intermediates.noindex/MondrianLayout.build/Debug-appletvos/MondrianLayout-t.build/DerivedSources -Xcc -DSWIFT_PACKAGE -Xcc -DDEBUG\=1 -emit-objc-header -emit-objc-header-path /Users/admin/builder/spi-builder-workspace/.derivedData/Build/Intermediates.noindex/MondrianLayout.build/Debug-appletvos/MondrianLayout-t.build/Objects-normal/arm64/MondrianLayout-Swift.h -working-directory /Users/admin/builder/spi-builder-workspace/.swiftpm/xcode -experimental-emit-module-separately -disable-cmo
SwiftExplicitDependencyGeneratePcm arm64 /Users/admin/builder/spi-builder-workspace/.derivedData/SDKExplicitPrecompiledModules/DeveloperToolsSupport-CJV8SY9BXJUTONPFWMLQEGTXA.pcm
SwiftExplicitDependencyGeneratePcm arm64 /Users/admin/builder/spi-builder-workspace/.derivedData/SDKExplicitPrecompiledModules/ptrauth-EMKXYE8GN9BK4M3ODSTVDUJU2.pcm
SwiftExplicitDependencyGeneratePcm arm64 /Users/admin/builder/spi-builder-workspace/.derivedData/SDKExplicitPrecompiledModules/_Builtin_stdbool-4UUPXTY52W6RPSB0N2WGGLTJT.pcm
SwiftExplicitDependencyGeneratePcm arm64 /Users/admin/builder/spi-builder-workspace/.derivedData/SDKExplicitPrecompiledModules/SwiftShims-73G9EXEO9PVWB6PL1BR4TAJ0B.pcm
SwiftExplicitDependencyGeneratePcm arm64 /Users/admin/builder/spi-builder-workspace/.derivedData/SDKExplicitPrecompiledModules/_Builtin_stddef-1MAO6P3OSQFGZFQEPM31XXNSS.pcm
SwiftExplicitDependencyGeneratePcm arm64 /Users/admin/builder/spi-builder-workspace/.derivedData/SDKExplicitPrecompiledModules/_Builtin_stdarg-719DH4G2R3NRP3HRX5HE8WX08.pcm
SwiftExplicitDependencyGeneratePcm arm64 /Users/admin/builder/spi-builder-workspace/.derivedData/SDKExplicitPrecompiledModules/ptrcheck-BA65H1NXYZJ0BLLWO9HZOAZ6Y.pcm
SwiftExplicitDependencyGeneratePcm arm64 /Users/admin/builder/spi-builder-workspace/.derivedData/SDKExplicitPrecompiledModules/_AvailabilityInternal-99L1JVU5TYE8S0FGGB7E09QQS.pcm
SwiftExplicitDependencyGeneratePcm arm64 /Users/admin/builder/spi-builder-workspace/.derivedData/SDKExplicitPrecompiledModules/_SwiftConcurrencyShims-3HZGHPZQL3GY71QUHDRB0P39S.pcm
SwiftExplicitDependencyGeneratePcm arm64 /Users/admin/builder/spi-builder-workspace/.derivedData/SDKExplicitPrecompiledModules/_Builtin_float-3RF4B70MBHPP952AX3GNZ8W3H.pcm
SwiftExplicitDependencyGeneratePcm arm64 /Users/admin/builder/spi-builder-workspace/.derivedData/SDKExplicitPrecompiledModules/SwiftShims-8N4EXJ4RUJTR8K9OO3CMOH1EP.pcm
SwiftExplicitDependencyGeneratePcm arm64 /Users/admin/builder/spi-builder-workspace/.derivedData/SDKExplicitPrecompiledModules/_Builtin_stddef-9ZJZ6FDEZNKTZU8YLPMFT9RAQ.pcm
SwiftExplicitDependencyGeneratePcm arm64 /Users/admin/builder/spi-builder-workspace/.derivedData/SDKExplicitPrecompiledModules/_SwiftConcurrencyShims-BY5PD8KF1L5KF6F4Q69HE3TJ4.pcm
SwiftExplicitDependencyGeneratePcm arm64 /Users/admin/builder/spi-builder-workspace/.derivedData/SDKExplicitPrecompiledModules/ptrcheck-2AZ6B5IBYD3RRRTFWN2ONASY3.pcm
SwiftExplicitDependencyGeneratePcm arm64 /Users/admin/builder/spi-builder-workspace/.derivedData/SDKExplicitPrecompiledModules/_Builtin_float-8ZJAYZ85YBOAOP52Y9H6IUNP3.pcm
SwiftExplicitDependencyGeneratePcm arm64 /Users/admin/builder/spi-builder-workspace/.derivedData/SDKExplicitPrecompiledModules/ptrauth-8X2KEPL7CTRPS40TUB9APHPK6.pcm
SwiftExplicitDependencyGeneratePcm arm64 /Users/admin/builder/spi-builder-workspace/.derivedData/SDKExplicitPrecompiledModules/DeveloperToolsSupport-B1X8RI63V48AJRTH2RK6JAARV.pcm
SwiftExplicitDependencyGeneratePcm arm64 /Users/admin/builder/spi-builder-workspace/.derivedData/SDKExplicitPrecompiledModules/_AvailabilityInternal-BV2EDDP0MI5QJDDPEEV4D9D3V.pcm
SwiftExplicitDependencyGeneratePcm arm64 /Users/admin/builder/spi-builder-workspace/.derivedData/SDKExplicitPrecompiledModules/_Builtin_stdbool-AHRDH5EKLY6D04C5E42F3VCQI.pcm
SwiftExplicitDependencyGeneratePcm arm64 /Users/admin/builder/spi-builder-workspace/.derivedData/SDKExplicitPrecompiledModules/_DarwinFoundation1-90NUFDXQ765U5FR62173FT21A.pcm
SwiftExplicitDependencyGeneratePcm arm64 /Users/admin/builder/spi-builder-workspace/.derivedData/SDKExplicitPrecompiledModules/_Builtin_stdarg-BO2OCAUYVAXDRVQWQ8ISKGNUQ.pcm
SwiftExplicitDependencyGeneratePcm arm64 /Users/admin/builder/spi-builder-workspace/.derivedData/SDKExplicitPrecompiledModules/_DarwinFoundation1-JOTYMOA1YZCIJ2NON6FQ848O.pcm
SwiftExplicitDependencyGeneratePcm arm64 /Users/admin/builder/spi-builder-workspace/.derivedData/SDKExplicitPrecompiledModules/_Builtin_limits-3JICJWOCEYXXXNXAMEJBF6UQN.pcm
SwiftExplicitDependencyGeneratePcm arm64 /Users/admin/builder/spi-builder-workspace/.derivedData/SDKExplicitPrecompiledModules/_DarwinFoundation2-EPKSYG5WMVE7WSPFQB4C0UC59.pcm
SwiftExplicitDependencyGeneratePcm arm64 /Users/admin/builder/spi-builder-workspace/.derivedData/SDKExplicitPrecompiledModules/_Builtin_limits-7JU2HP127LIT1X9E2V3D8WZ1.pcm
SwiftExplicitDependencyGeneratePcm arm64 /Users/admin/builder/spi-builder-workspace/.derivedData/SDKExplicitPrecompiledModules/_DarwinFoundation2-AOGAN1O02NKXRJN5V73AV3V3M.pcm
SwiftExplicitDependencyGeneratePcm arm64 /Users/admin/builder/spi-builder-workspace/.derivedData/SDKExplicitPrecompiledModules/_Builtin_tgmath-320K271Z6IM134IWIB7S3LTD.pcm
SwiftExplicitDependencyGeneratePcm arm64 /Users/admin/builder/spi-builder-workspace/.derivedData/SDKExplicitPrecompiledModules/sys_types-CATSGLJDZ8UZUMKHO6M4I4PJT.pcm
SwiftExplicitDependencyGeneratePcm arm64 /Users/admin/builder/spi-builder-workspace/.derivedData/SDKExplicitPrecompiledModules/_Builtin_stdint-A8OKY0NXO26BZ4GWYKP79TKL9.pcm
SwiftExplicitDependencyGeneratePcm arm64 /Users/admin/builder/spi-builder-workspace/.derivedData/SDKExplicitPrecompiledModules/string_h-B6D36UOVIZC2Y0YE3KEZLZAP6.pcm
SwiftExplicitDependencyGeneratePcm arm64 /Users/admin/builder/spi-builder-workspace/.derivedData/SDKExplicitPrecompiledModules/_Builtin_tgmath-7ULT1EUHDHW4OZPSTT33H6QGE.pcm
SwiftExplicitDependencyGeneratePcm arm64 /Users/admin/builder/spi-builder-workspace/.derivedData/SDKExplicitPrecompiledModules/_Builtin_stdint-6NFTB6IBKS143IVPGT1EKB7HO.pcm
SwiftExplicitDependencyGeneratePcm arm64 /Users/admin/builder/spi-builder-workspace/.derivedData/SDKExplicitPrecompiledModules/sys_types-8GCAV1YMG5UUGHUID3CA20TCH.pcm
SwiftExplicitDependencyGeneratePcm arm64 /Users/admin/builder/spi-builder-workspace/.derivedData/SDKExplicitPrecompiledModules/string_h-6EVHP7A717OUS5DMC78F79HWO.pcm
SwiftExplicitDependencyGeneratePcm arm64 /Users/admin/builder/spi-builder-workspace/.derivedData/SDKExplicitPrecompiledModules/_DarwinFoundation3-63L5I5VCGX6CLI6HI7OWUXJN6.pcm
SwiftExplicitDependencyGeneratePcm arm64 /Users/admin/builder/spi-builder-workspace/.derivedData/SDKExplicitPrecompiledModules/_Builtin_intrinsics-AQDFY8KQQX9Z38C6EI15S53EQ.pcm
SwiftExplicitDependencyGeneratePcm arm64 /Users/admin/builder/spi-builder-workspace/.derivedData/SDKExplicitPrecompiledModules/_Builtin_stdatomic-71DQV8BR56LNANL900GGEC9KO.pcm
SwiftExplicitDependencyGeneratePcm arm64 /Users/admin/builder/spi-builder-workspace/.derivedData/SDKExplicitPrecompiledModules/_Builtin_intrinsics-437O2R2NID4WAQVENR63GR82C.pcm
SwiftExplicitDependencyGeneratePcm arm64 /Users/admin/builder/spi-builder-workspace/.derivedData/SDKExplicitPrecompiledModules/_Builtin_stdatomic-3YXHN678NGYM3NL9POJ2HVEIF.pcm
SwiftExplicitDependencyGeneratePcm arm64 /Users/admin/builder/spi-builder-workspace/.derivedData/SDKExplicitPrecompiledModules/_DarwinFoundation3-8SR3855WDFHQPR6G9GHOI2C07.pcm
SwiftExplicitDependencyGeneratePcm arm64 /Users/admin/builder/spi-builder-workspace/.derivedData/SDKExplicitPrecompiledModules/_Builtin_inttypes-80RS02PM2X81SP8N0Q7X05540.pcm
SwiftExplicitDependencyGeneratePcm arm64 /Users/admin/builder/spi-builder-workspace/.derivedData/SDKExplicitPrecompiledModules/_Builtin_inttypes-6X1IQ3QK9KEVKXOK9Y79EW7J3.pcm
SwiftExplicitDependencyGeneratePcm arm64 /Users/admin/builder/spi-builder-workspace/.derivedData/SDKExplicitPrecompiledModules/Darwin-1VTILT8KA42CNDAUB0H1FM7MC.pcm
SwiftExplicitDependencyGeneratePcm arm64 /Users/admin/builder/spi-builder-workspace/.derivedData/SDKExplicitPrecompiledModules/Darwin-DBSQAVBBPC3D2OMU5ZI2RXMST.pcm
SwiftExplicitDependencyGeneratePcm arm64 /Users/admin/builder/spi-builder-workspace/.derivedData/SDKExplicitPrecompiledModules/simd-D50CDGAQRFNF5E2BA2UWCCHLJ.pcm
SwiftExplicitDependencyGeneratePcm arm64 /Users/admin/builder/spi-builder-workspace/.derivedData/SDKExplicitPrecompiledModules/simd-117QUXEUT3Z7UQCUYWV2UA228.pcm
SwiftExplicitDependencyGeneratePcm arm64 /Users/admin/builder/spi-builder-workspace/.derivedData/SDKExplicitPrecompiledModules/MachO-A5KLTMTLJD1DPHEYPZHUSRJ4O.pcm
SwiftExplicitDependencyGeneratePcm arm64 /Users/admin/builder/spi-builder-workspace/.derivedData/SDKExplicitPrecompiledModules/ObjectiveC-CC0BYHG21IQMMT48PGDNSK7G6.pcm
SwiftExplicitDependencyGeneratePcm arm64 /Users/admin/builder/spi-builder-workspace/.derivedData/SDKExplicitPrecompiledModules/MachO-EH3F5PJCIZG05NO51CEFSZYPW.pcm
SwiftExplicitDependencyGeneratePcm arm64 /Users/admin/builder/spi-builder-workspace/.derivedData/SDKExplicitPrecompiledModules/ObjectiveC-5250FDCE56N8508OR6XUYDKZM.pcm
SwiftExplicitDependencyGeneratePcm arm64 /Users/admin/builder/spi-builder-workspace/.derivedData/SDKExplicitPrecompiledModules/os_object-1TJLDNS7X3UT7Y5TM4QQ2RN6G.pcm
SwiftExplicitDependencyGeneratePcm arm64 /Users/admin/builder/spi-builder-workspace/.derivedData/SDKExplicitPrecompiledModules/os_object-E2DGZ0SX0TULQHULZRPO6OKNW.pcm
SwiftExplicitDependencyGeneratePcm arm64 /Users/admin/builder/spi-builder-workspace/.derivedData/SDKExplicitPrecompiledModules/os_workgroup-E61GF9E8FAHZGKXVOV9QHUD27.pcm
SwiftExplicitDependencyGeneratePcm arm64 /Users/admin/builder/spi-builder-workspace/.derivedData/SDKExplicitPrecompiledModules/Spatial-2KZFBWN278VTZL619Y96SAJC9.pcm
SwiftExplicitDependencyGeneratePcm arm64 /Users/admin/builder/spi-builder-workspace/.derivedData/SDKExplicitPrecompiledModules/os_workgroup-DBUFF7811DKMX7VPBOJPGGF1U.pcm
SwiftExplicitDependencyGeneratePcm arm64 /Users/admin/builder/spi-builder-workspace/.derivedData/SDKExplicitPrecompiledModules/Dispatch-F564M6B2H1RRD83XZ8EBWFSHE.pcm
SwiftExplicitDependencyGeneratePcm arm64 /Users/admin/builder/spi-builder-workspace/.derivedData/SDKExplicitPrecompiledModules/Spatial-7U8NLEFXSB8BR7PJQGVMF5A4Q.pcm
SwiftExplicitDependencyGeneratePcm arm64 /Users/admin/builder/spi-builder-workspace/.derivedData/SDKExplicitPrecompiledModules/Dispatch-1QL58A0V50C39KVAIC6C38SHL.pcm
SwiftExplicitDependencyGeneratePcm arm64 /Users/admin/builder/spi-builder-workspace/.derivedData/SDKExplicitPrecompiledModules/CoreFoundation-A4LOYEEJIFQKOPZRDOG9M3N2K.pcm
SwiftExplicitDependencyGeneratePcm arm64 /Users/admin/builder/spi-builder-workspace/.derivedData/SDKExplicitPrecompiledModules/XPC-2WVXL0UION0MYZOZAJZC6DUXD.pcm
SwiftExplicitDependencyGeneratePcm arm64 /Users/admin/builder/spi-builder-workspace/.derivedData/SDKExplicitPrecompiledModules/XPC-6O2DJFT3QUJ7QKTD3SNUB6PCR.pcm
SwiftExplicitDependencyGeneratePcm arm64 /Users/admin/builder/spi-builder-workspace/.derivedData/SDKExplicitPrecompiledModules/CoreFoundation-7TPJ7ENDC4L1A1ESHYI9TXS0D.pcm
SwiftExplicitDependencyGeneratePcm arm64 /Users/admin/builder/spi-builder-workspace/.derivedData/SDKExplicitPrecompiledModules/os-4NLIUP5HHN7FW5ML70YLEU8QE.pcm
SwiftExplicitDependencyGeneratePcm arm64 /Users/admin/builder/spi-builder-workspace/.derivedData/SDKExplicitPrecompiledModules/CoreGraphics-D8Y0X4J52BHG7HHUQLTX6SXE1.pcm
SwiftExplicitDependencyGeneratePcm arm64 /Users/admin/builder/spi-builder-workspace/.derivedData/SDKExplicitPrecompiledModules/CFNetwork-8S7XZ5SI3TWM2JOZPDZPRY8W9.pcm
SwiftExplicitDependencyGeneratePcm arm64 /Users/admin/builder/spi-builder-workspace/.derivedData/SDKExplicitPrecompiledModules/Security-6KU6X9W8QDIJW83JUF0DRES83.pcm
SwiftExplicitDependencyGeneratePcm arm64 /Users/admin/builder/spi-builder-workspace/.derivedData/SDKExplicitPrecompiledModules/os-3GJI8H0BNAEZPQPQ1V0VVY3FY.pcm
SwiftExplicitDependencyGeneratePcm arm64 /Users/admin/builder/spi-builder-workspace/.derivedData/SDKExplicitPrecompiledModules/Security-8VMXEKVDA3MHUH9AOTP905DID.pcm
SwiftExplicitDependencyGeneratePcm arm64 /Users/admin/builder/spi-builder-workspace/.derivedData/SDKExplicitPrecompiledModules/CFNetwork-2CUR2VK9S3S3WPFXPNXNUWYGN.pcm
SwiftExplicitDependencyGeneratePcm arm64 /Users/admin/builder/spi-builder-workspace/.derivedData/SDKExplicitPrecompiledModules/CoreGraphics-CWSP3J98S2658BYCVL6RP99T3.pcm
SwiftExplicitDependencyGeneratePcm arm64 /Users/admin/builder/spi-builder-workspace/.derivedData/SDKExplicitPrecompiledModules/Foundation-1AS5K10MY6XENLLR2NDUCKYTM.pcm
SwiftExplicitDependencyGeneratePcm arm64 /Users/admin/builder/spi-builder-workspace/.derivedData/SDKExplicitPrecompiledModules/CoreText-E0GG8D3D527TJX7D2QEHFQLM2.pcm
SwiftExplicitDependencyGeneratePcm arm64 /Users/admin/builder/spi-builder-workspace/.derivedData/SDKExplicitPrecompiledModules/ImageIO-48DA7ET77Q34HPZP9CPHI9VS4.pcm
SwiftExplicitDependencyGeneratePcm arm64 /Users/admin/builder/spi-builder-workspace/.derivedData/SDKExplicitPrecompiledModules/Foundation-BSSIP64DIGUKMAYJOG1WPQ78X.pcm
SwiftExplicitDependencyGeneratePcm arm64 /Users/admin/builder/spi-builder-workspace/.derivedData/SDKExplicitPrecompiledModules/ImageIO-88D4CLEBD4CLWQKT78PZ6H1O8.pcm
SwiftExplicitDependencyGeneratePcm arm64 /Users/admin/builder/spi-builder-workspace/.derivedData/SDKExplicitPrecompiledModules/CoreText-59NY7PABM0I4V978161FOC04A.pcm
SwiftExplicitDependencyGeneratePcm arm64 /Users/admin/builder/spi-builder-workspace/.derivedData/SDKExplicitPrecompiledModules/OSLog-1UX1YGRJSIOEO9YC3MNFFD818.pcm
SwiftExplicitDependencyGeneratePcm arm64 /Users/admin/builder/spi-builder-workspace/.derivedData/SDKExplicitPrecompiledModules/Accessibility-EAPB6A95K5V0S27QNKR6ATG7F.pcm
SwiftExplicitDependencyGeneratePcm arm64 /Users/admin/builder/spi-builder-workspace/.derivedData/SDKExplicitPrecompiledModules/Symbols-9TNA7JIKOEYVTYC7A16HCS4Z8.pcm
SwiftExplicitDependencyGeneratePcm arm64 /Users/admin/builder/spi-builder-workspace/.derivedData/SDKExplicitPrecompiledModules/UIUtilities-9NQVCWATNLLVY125LB74695HY.pcm
SwiftExplicitDependencyGeneratePcm arm64 /Users/admin/builder/spi-builder-workspace/.derivedData/SDKExplicitPrecompiledModules/UniformTypeIdentifiers-DQ77M7R0D7VCBK0YUO3VHCRB1.pcm
SwiftExplicitDependencyGeneratePcm arm64 /Users/admin/builder/spi-builder-workspace/.derivedData/SDKExplicitPrecompiledModules/_LocationEssentials-2OY9351FRBO717MIULOKMYA9E.pcm
SwiftExplicitDependencyGeneratePcm arm64 /Users/admin/builder/spi-builder-workspace/.derivedData/SDKExplicitPrecompiledModules/IOSurface-DEQULTJ8SC21O986FDCNTM8FX.pcm
SwiftExplicitDependencyGeneratePcm arm64 /Users/admin/builder/spi-builder-workspace/.derivedData/SDKExplicitPrecompiledModules/CoreTransferable-84B3V3M9DHRIQERK179SSQO5U.pcm
SwiftExplicitDependencyGeneratePcm arm64 /Users/admin/builder/spi-builder-workspace/.derivedData/SDKExplicitPrecompiledModules/DataDetection-9IX0C1MAX33MS6TCZDSNKXEO8.pcm
SwiftExplicitDependencyGeneratePcm arm64 /Users/admin/builder/spi-builder-workspace/.derivedData/SDKExplicitPrecompiledModules/UserNotifications-AKH3GC0FQWUK55FNTW4WEMFQE.pcm
SwiftExplicitDependencyGeneratePcm arm64 /Users/admin/builder/spi-builder-workspace/.derivedData/SDKExplicitPrecompiledModules/_LocationEssentials-ETSJ65FELPWR8WH8G49R1DF2E.pcm
SwiftExplicitDependencyGeneratePcm arm64 /Users/admin/builder/spi-builder-workspace/.derivedData/SDKExplicitPrecompiledModules/CoreTransferable-7V4O8DATEQ9F7SDNTCW8YWLG3.pcm
SwiftExplicitDependencyGeneratePcm arm64 /Users/admin/builder/spi-builder-workspace/.derivedData/SDKExplicitPrecompiledModules/DataDetection-37JIYZ2GWDA1L166PP1D9JKAF.pcm
SwiftExplicitDependencyGeneratePcm arm64 /Users/admin/builder/spi-builder-workspace/.derivedData/SDKExplicitPrecompiledModules/IOSurface-38FJ1CKX9FV2RD97O64Z7QB17.pcm
SwiftExplicitDependencyGeneratePcm arm64 /Users/admin/builder/spi-builder-workspace/.derivedData/SDKExplicitPrecompiledModules/CoreLocation-6939X9DMB2SA43P0TYB7Z14Z5.pcm
SwiftExplicitDependencyGeneratePcm arm64 /Users/admin/builder/spi-builder-workspace/.derivedData/SDKExplicitPrecompiledModules/UserNotifications-E9ZW5TH066WIJWH9080RC5NG4.pcm
SwiftExplicitDependencyGeneratePcm arm64 /Users/admin/builder/spi-builder-workspace/.derivedData/SDKExplicitPrecompiledModules/UIUtilities-6ZFJ1AK4H8IBGEBMYQBWGBYLK.pcm
SwiftExplicitDependencyGeneratePcm arm64 /Users/admin/builder/spi-builder-workspace/.derivedData/SDKExplicitPrecompiledModules/Symbols-B5AU9VM9Y7NU79RLMH13Z4IFM.pcm
SwiftExplicitDependencyGeneratePcm arm64 /Users/admin/builder/spi-builder-workspace/.derivedData/SDKExplicitPrecompiledModules/UniformTypeIdentifiers-95CC8U42ZA9STP5K6GP9ZVJS5.pcm
SwiftExplicitDependencyGeneratePcm arm64 /Users/admin/builder/spi-builder-workspace/.derivedData/SDKExplicitPrecompiledModules/Metal-52GB3RCZ6A2WEZ7RWCXV2WL0N.pcm
SwiftExplicitDependencyGeneratePcm arm64 /Users/admin/builder/spi-builder-workspace/.derivedData/SDKExplicitPrecompiledModules/OpenGLES-6Y33D4DDPO1R82EJXT1SIGNPS.pcm
SwiftExplicitDependencyGeneratePcm arm64 /Users/admin/builder/spi-builder-workspace/.derivedData/SDKExplicitPrecompiledModules/Accessibility-B6BODGZ4MQQTY0PBC4SHRP009.pcm
SwiftExplicitDependencyGeneratePcm arm64 /Users/admin/builder/spi-builder-workspace/.derivedData/SDKExplicitPrecompiledModules/CoreLocation-YVXXAOMVX0JH2KO1XTTKTY51.pcm
SwiftExplicitDependencyGeneratePcm arm64 /Users/admin/builder/spi-builder-workspace/.derivedData/SDKExplicitPrecompiledModules/OSLog-7OT6HHTMY0ZFEQJ095LJZ6NLC.pcm
SwiftExplicitDependencyGeneratePcm arm64 /Users/admin/builder/spi-builder-workspace/.derivedData/SDKExplicitPrecompiledModules/Metal-2KYBS7IML1SD788M91YV7Q0CC.pcm
SwiftExplicitDependencyGeneratePcm arm64 /Users/admin/builder/spi-builder-workspace/.derivedData/SDKExplicitPrecompiledModules/OpenGLES-4NY99CNDU9WUNUYEIXSS1QFGE.pcm
SwiftExplicitDependencyGeneratePcm arm64 /Users/admin/builder/spi-builder-workspace/.derivedData/SDKExplicitPrecompiledModules/CoreVideo-5G4VAY32QMJB00PUALI6188LK.pcm
SwiftExplicitDependencyGeneratePcm arm64 /Users/admin/builder/spi-builder-workspace/.derivedData/SDKExplicitPrecompiledModules/CoreVideo-DPU0PB5X0XLSVA2ETRGI6FJBM.pcm
SwiftExplicitDependencyGeneratePcm arm64 /Users/admin/builder/spi-builder-workspace/.derivedData/SDKExplicitPrecompiledModules/QuartzCore-DSNZZA81DYNK4OK1ANRR6HM7G.pcm
SwiftExplicitDependencyGeneratePcm arm64 /Users/admin/builder/spi-builder-workspace/.derivedData/SDKExplicitPrecompiledModules/CoreImage-ATUQ374FIDJPA1DF5BLR644CG.pcm
SwiftExplicitDependencyGeneratePcm arm64 /Users/admin/builder/spi-builder-workspace/.derivedData/SDKExplicitPrecompiledModules/QuartzCore-DJSYAWKXFGVSAK5CQMOB3JSR.pcm
SwiftExplicitDependencyGeneratePcm arm64 /Users/admin/builder/spi-builder-workspace/.derivedData/SDKExplicitPrecompiledModules/CoreImage-7S2AFJ8EIY3DUFYLEAX1JR1QV.pcm
SwiftExplicitDependencyGeneratePcm arm64 /Users/admin/builder/spi-builder-workspace/.derivedData/SDKExplicitPrecompiledModules/SwiftUICore-7SJQ9GB90ACGZV5NB09LFJIRX.pcm
SwiftExplicitDependencyGeneratePcm arm64 /Users/admin/builder/spi-builder-workspace/.derivedData/SDKExplicitPrecompiledModules/SwiftUICore-543QU5V2NHKUFCYFJDKUJ7NYG.pcm
SwiftExplicitDependencyGeneratePcm arm64 /Users/admin/builder/spi-builder-workspace/.derivedData/SDKExplicitPrecompiledModules/UIKit-42T2ZGON9LDZUXRIAUKELQ554.pcm
SwiftExplicitDependencyGeneratePcm arm64 /Users/admin/builder/spi-builder-workspace/.derivedData/SDKExplicitPrecompiledModules/UIKit-1TKWN7VC2X6N3ITMRVA2G0EB2.pcm
SwiftCompile normal arm64 Compiling\ HighlightAnimationDescriptor.swift /Users/admin/builder/spi-builder-workspace/.dependencies/checkouts/Descriptors/Sources/Descriptors/HighlightAnimationDescriptor.swift (in target 'Descriptors' from project 'Descriptors')
SwiftCompile normal arm64 /Users/admin/builder/spi-builder-workspace/.dependencies/checkouts/Descriptors/Sources/Descriptors/HighlightAnimationDescriptor.swift (in target 'Descriptors' from project 'Descriptors')
    cd /Users/admin/builder/spi-builder-workspace/.swiftpm/xcode
    builtin-SwiftPerFileCompile HighlightAnimationDescriptor.swift
SwiftEmitModule normal arm64 Emitting\ module\ for\ Descriptors (in target 'Descriptors' from project 'Descriptors')
/Users/admin/builder/spi-builder-workspace/.dependencies/checkouts/Descriptors/Sources/Descriptors/HapticsDescriptor.swift:49:12: error: 'UIImpactFeedbackGenerator' is unavailable in tvOS
47 |
48 |   public static func impactOnTouchUpInside(
49 |     style: UIImpactFeedbackGenerator.FeedbackStyle = .light,
   |            `- error: 'UIImpactFeedbackGenerator' is unavailable in tvOS
50 |     delay: DispatchTimeInterval = .seconds(0)
51 |   ) -> Self {
/Applications/Xcode-27.0.0-Release.Candidate.app/Contents/Developer/Platforms/AppleTVOS.platform/Developer/SDKs/AppleTVOS27.0.sdk/System/Library/Frameworks/UIKit.framework/Headers/UIImpactFeedbackGenerator.h:25:12: note: 'UIImpactFeedbackGenerator' has been explicitly marked unavailable here
23 | // UIImpactFeedbackGenerator is used to give user feedback when an impact between UI elements occurs
24 | UIKIT_EXTERN API_AVAILABLE(ios(10.0)) API_UNAVAILABLE(visionos, tvos) API_UNAVAILABLE(watchos) NS_SWIFT_UI_ACTOR
25 | @interface UIImpactFeedbackGenerator : UIFeedbackGenerator
   |            `- note: 'UIImpactFeedbackGenerator' has been explicitly marked unavailable here
26 |
27 | /// set a style on the feedback generator and attach it to the provided view as an interaction.
Failed frontend command:
/Applications/Xcode-27.0.0-Release.Candidate.app/Contents/Developer/Toolchains/XcodeDefault.xctoolchain/usr/bin/swift-frontend -frontend -emit-module -experimental-skip-non-inlinable-function-bodies-without-types /Users/admin/builder/spi-builder-workspace/.dependencies/checkouts/Descriptors/Sources/Descriptors/HapticsDescriptor.swift /Users/admin/builder/spi-builder-workspace/.dependencies/checkouts/Descriptors/Sources/Descriptors/HighlightAnimationDescriptor.swift /Users/admin/builder/spi-builder-workspace/.dependencies/checkouts/Descriptors/Sources/Descriptors/LinearGradientDescriptor.swift /Users/admin/builder/spi-builder-workspace/.dependencies/checkouts/Descriptors/Sources/Descriptors/LinearGradientDrawer.swift /Users/admin/builder/spi-builder-workspace/.dependencies/checkouts/Descriptors/Sources/Descriptors/ShapeDisplaying.swift -target arm64-apple-tvos15.0 -disable-cross-import-overlay-search -load-resolved-plugin /Applications/Xcode-27.0.0-Release.Candidate.app/Contents/Developer/Platforms/AppleTVOS.platform/Developer/usr/lib/swift/host/plugins/libFoundationMacros.dylib\#/Applications/Xcode-27.0.0-Release.Candidate.app/Contents/Developer/Platforms/AppleTVOS.platform/Developer/usr/bin/swift-plugin-server\#FoundationMacros -load-resolved-plugin /Applications/Xcode-27.0.0-Release.Candidate.app/Contents/Developer/Platforms/AppleTVOS.platform/Developer/usr/lib/swift/host/plugins/libObservationMacros.dylib\#/Applications/Xcode-27.0.0-Release.Candidate.app/Contents/Developer/Platforms/AppleTVOS.platform/Developer/usr/bin/swift-plugin-server\#ObservationMacros -load-resolved-plugin /Applications/Xcode-27.0.0-Release.Candidate.app/Contents/Developer/Platforms/AppleTVOS.platform/Developer/usr/lib/swift/host/plugins/libPreviewsMacros.dylib\#/Applications/Xcode-27.0.0-Release.Candidate.app/Contents/Developer/Platforms/AppleTVOS.platform/Developer/usr/bin/swift-plugin-server\#PreviewsMacros -load-resolved-plugin /Applications/Xcode-27.0.0-Release.Candidate.app/Contents/Developer/Platforms/AppleTVOS.platform/Developer/usr/lib/swift/host/plugins/libSwiftMacros.dylib\#/Applications/Xcode-27.0.0-Release.Candidate.app/Contents/Developer/Platforms/AppleTVOS.platform/Developer/usr/bin/swift-plugin-server\#SwiftMacros -load-resolved-plugin /Applications/Xcode-27.0.0-Release.Candidate.app/Contents/Developer/Platforms/AppleTVOS.platform/Developer/usr/lib/swift/host/plugins/libSwiftUIMacros.dylib\#/Applications/Xcode-27.0.0-Release.Candidate.app/Contents/Developer/Platforms/AppleTVOS.platform/Developer/usr/bin/swift-plugin-server\#SwiftUIMacros -disable-implicit-swift-modules -Xcc -fno-implicit-modules -Xcc -fno-implicit-module-maps -explicit-swift-module-map-file /Users/admin/builder/spi-builder-workspace/.derivedData/Build/Intermediates.noindex/Descriptors.build/Debug-appletvos/Descriptors-t.build/Objects-normal/arm64/Descriptors-dependencies-1.json -Xllvm -aarch64-use-tbi -enable-objc-interop -stack-check -sdk /Applications/Xcode-27.0.0-Release.Candidate.app/Contents/Developer/Platforms/AppleTVOS.platform/Developer/SDKs/AppleTVOS27.0.sdk -I /Users/admin/builder/spi-builder-workspace/.derivedData/Build/Products/Debug-appletvos -Isystem /Applications/Xcode-27.0.0-Release.Candidate.app/Contents/Developer/Platforms/AppleTVOS.platform/Developer/usr/lib -F /Users/admin/builder/spi-builder-workspace/.derivedData/Build/Products/Debug-appletvos -F /Applications/Xcode-27.0.0-Release.Candidate.app/Contents/Developer/Platforms/AppleTVOS.platform/Developer/Library/Frameworks -F /Applications/Xcode-27.0.0-Release.Candidate.app/Contents/Developer/Platforms/AppleTVOS.platform/Developer/SDKs/AppleTVOS27.0.sdk/Developer/Library/Frameworks -module-cache-path /Users/admin/builder/spi-builder-workspace/.derivedData/Build/Intermediates.noindex/SwiftExplicitPrecompiledModules -no-color-diagnostics -Xcc -fno-color-diagnostics -enable-testing -g -debug-info-format\=dwarf -dwarf-version\=4 -suppress-warnings -swift-version 6 -Onone -D SWIFT_PACKAGE -D DEBUG -D SWIFT_MODULE_RESOURCE_BUNDLE_UNAVAILABLE -D Xcode -serialize-debugging-options -enable-experimental-feature DebugDescriptionMacro -empty-abi-descriptor -user-module-version 0.3.0 -validate-clang-modules-once -clang-build-session-file /Users/admin/builder/spi-builder-workspace/.derivedData/ModuleCache.noindex/Session.modulevalidation -Xcc -working-directory -Xcc /Users/admin/builder/spi-builder-workspace/.swiftpm/xcode -enable-anonymous-context-mangled-names -file-compilation-dir /Users/admin/builder/spi-builder-workspace/.swiftpm/xcode -Xcc -D_LIBCPP_HARDENING_MODE\=_LIBCPP_HARDENING_MODE_DEBUG -Xcc -ivfsstatcache -Xcc /Users/admin/builder/spi-builder-workspace/.derivedData/SDKStatCaches.noindex/appletvos27.0-24J360-e829b21a6f8c9b70876ba0858053c044b32bfd8d43560033f8d89884cdb90028.sdkstatcache -Xcc -fmodules-prune-interval\=86400 -Xcc -fmodules-prune-after\=345600 -Xcc -I/Users/admin/builder/spi-builder-workspace/.derivedData/Build/Products/Debug-appletvos/include -Xcc -I/Users/admin/builder/spi-builder-workspace/.derivedData/Build/Intermediates.noindex/Descriptors.build/Debug-appletvos/Descriptors-t.build/DerivedSources-normal/arm64 -Xcc -I/Users/admin/builder/spi-builder-workspace/.derivedData/Build/Intermediates.noindex/Descriptors.build/Debug-appletvos/Descriptors-t.build/DerivedSources/arm64 -Xcc -I/Users/admin/builder/spi-builder-workspace/.derivedData/Build/Intermediates.noindex/Descriptors.build/Debug-appletvos/Descriptors-t.build/DerivedSources -Xcc -DSWIFT_PACKAGE -Xcc -DDEBUG\=1 -no-auto-bridging-header-chaining -module-name Descriptors -package-name descriptors -const-gather-protocols-file /Users/admin/builder/spi-builder-workspace/.derivedData/Build/Intermediates.noindex/Descriptors.build/Debug-appletvos/Descriptors-t.build/Objects-normal/arm64/Descriptors_const_extract_protocols.json -disable-clang-spi -clang-target arm64-apple-tvos27.0 -target-sdk-version 27.0 -target-sdk-name appletvos27.0 -in-process-plugin-server-path /Applications/Xcode-27.0.0-Release.Candidate.app/Contents/Developer/Toolchains/XcodeDefault.xctoolchain/usr/lib/swift/host/libSwiftInProcPluginServer.dylib -emit-module-doc-path /Users/admin/builder/spi-builder-workspace/.derivedData/Build/Intermediates.noindex/Descriptors.build/Debug-appletvos/Descriptors-t.build/Objects-normal/arm64/Descriptors.swiftdoc -emit-module-source-info-path /Users/admin/builder/spi-builder-workspace/.derivedData/Build/Intermediates.noindex/Descriptors.build/Debug-appletvos/Descriptors-t.build/Objects-normal/arm64/Descriptors.swiftsourceinfo -emit-objc-header-path /Users/admin/builder/spi-builder-workspace/.derivedData/Build/Intermediates.noindex/Descriptors.build/Debug-appletvos/Descriptors-t.build/Objects-normal/arm64/Descriptors-Swift.h -serialize-diagnostics-path /Users/admin/builder/spi-builder-workspace/.derivedData/Build/Intermediates.noindex/Descriptors.build/Debug-appletvos/Descriptors-t.build/Objects-normal/arm64/Descriptors-primary-emit-module.dia -emit-dependencies-path /Users/admin/builder/spi-builder-workspace/.derivedData/Build/Intermediates.noindex/Descriptors.build/Debug-appletvos/Descriptors-t.build/Objects-normal/arm64/Descriptors-primary-emit-module.d -parse-as-library -o /Users/admin/builder/spi-builder-workspace/.derivedData/Build/Intermediates.noindex/Descriptors.build/Debug-appletvos/Descriptors-t.build/Objects-normal/arm64/Descriptors.swiftmodule -emit-abi-descriptor-path /Users/admin/builder/spi-builder-workspace/.derivedData/Build/Intermediates.noindex/Descriptors.build/Debug-appletvos/Descriptors-t.build/Objects-normal/arm64/Descriptors.abi.json
SwiftCompile normal arm64 (in target 'Descriptors' from project 'Descriptors')
    cd /Users/admin/builder/spi-builder-workspace/.swiftpm/xcode

SwiftCompile normal arm64 Compiling\ LinearGradientDescriptor.swift /Users/admin/builder/spi-builder-workspace/.dependencies/checkouts/Descriptors/Sources/Descriptors/LinearGradientDescriptor.swift (in target 'Descriptors' from project 'Descriptors')
SwiftCompile normal arm64 /Users/admin/builder/spi-builder-workspace/.dependencies/checkouts/Descriptors/Sources/Descriptors/LinearGradientDescriptor.swift (in target 'Descriptors' from project 'Descriptors')
    cd /Users/admin/builder/spi-builder-workspace/.swiftpm/xcode
    builtin-SwiftPerFileCompile LinearGradientDescriptor.swift
SwiftCompile normal arm64 Compiling\ HapticsDescriptor.swift /Users/admin/builder/spi-builder-workspace/.dependencies/checkouts/Descriptors/Sources/Descriptors/HapticsDescriptor.swift (in target 'Descriptors' from project 'Descriptors')
/Users/admin/builder/spi-builder-workspace/.dependencies/checkouts/Descriptors/Sources/Descriptors/HapticsDescriptor.swift:49:12: error: 'UIImpactFeedbackGenerator' is unavailable in tvOS
47 |
48 |   public static func impactOnTouchUpInside(
49 |     style: UIImpactFeedbackGenerator.FeedbackStyle = .light,
   |            `- error: 'UIImpactFeedbackGenerator' is unavailable in tvOS
50 |     delay: DispatchTimeInterval = .seconds(0)
51 |   ) -> Self {
/Applications/Xcode-27.0.0-Release.Candidate.app/Contents/Developer/Platforms/AppleTVOS.platform/Developer/SDKs/AppleTVOS27.0.sdk/System/Library/Frameworks/UIKit.framework/Headers/UIImpactFeedbackGenerator.h:25:12: note: 'UIImpactFeedbackGenerator' has been explicitly marked unavailable here
23 | // UIImpactFeedbackGenerator is used to give user feedback when an impact between UI elements occurs
24 | UIKIT_EXTERN API_AVAILABLE(ios(10.0)) API_UNAVAILABLE(visionos, tvos) API_UNAVAILABLE(watchos) NS_SWIFT_UI_ACTOR
25 | @interface UIImpactFeedbackGenerator : UIFeedbackGenerator
   |            `- note: 'UIImpactFeedbackGenerator' has been explicitly marked unavailable here
26 |
27 | /// set a style on the feedback generator and attach it to the provided view as an interaction.
SwiftCompile normal arm64 /Users/admin/builder/spi-builder-workspace/.dependencies/checkouts/Descriptors/Sources/Descriptors/HapticsDescriptor.swift (in target 'Descriptors' from project 'Descriptors')
    cd /Users/admin/builder/spi-builder-workspace/.swiftpm/xcode
    builtin-SwiftPerFileCompile HapticsDescriptor.swift
SwiftCompile normal arm64 Compiling\ ShapeDisplaying.swift /Users/admin/builder/spi-builder-workspace/.dependencies/checkouts/Descriptors/Sources/Descriptors/ShapeDisplaying.swift (in target 'Descriptors' from project 'Descriptors')
SwiftCompile normal arm64 /Users/admin/builder/spi-builder-workspace/.dependencies/checkouts/Descriptors/Sources/Descriptors/ShapeDisplaying.swift (in target 'Descriptors' from project 'Descriptors')
    cd /Users/admin/builder/spi-builder-workspace/.swiftpm/xcode
    builtin-SwiftPerFileCompile ShapeDisplaying.swift
SwiftCompile normal arm64 Compiling\ LinearGradientDrawer.swift /Users/admin/builder/spi-builder-workspace/.dependencies/checkouts/Descriptors/Sources/Descriptors/LinearGradientDrawer.swift (in target 'Descriptors' from project 'Descriptors')
SwiftCompile normal arm64 /Users/admin/builder/spi-builder-workspace/.dependencies/checkouts/Descriptors/Sources/Descriptors/LinearGradientDrawer.swift (in target 'Descriptors' from project 'Descriptors')
    cd /Users/admin/builder/spi-builder-workspace/.swiftpm/xcode
    builtin-SwiftPerFileCompile LinearGradientDrawer.swift
SwiftEmitModule normal arm64 Emitting\ module\ for\ MondrianLayout (in target 'MondrianLayout' from project 'MondrianLayout')
SwiftCompile normal arm64 (in target 'MondrianLayout' from project 'MondrianLayout')
    cd /Users/admin/builder/spi-builder-workspace/.swiftpm/xcode

SwiftCompile normal arm64 Compiling\ EntryPoint.swift,\ NSLayoutConstraint+.swift,\ UILayoutGuide+Mondrian.swift /Users/admin/builder/spi-builder-workspace/.dependencies/checkouts/MondrianLayout/MondrianLayout/EntryPoint.swift /Users/admin/builder/spi-builder-workspace/.dependencies/checkouts/MondrianLayout/MondrianLayout/Extensions/NSLayoutConstraint+.swift /Users/admin/builder/spi-builder-workspace/.dependencies/checkouts/MondrianLayout/MondrianLayout/Extensions/UILayoutGuide+Mondrian.swift (in target 'MondrianLayout' from project 'MondrianLayout')
SwiftCompile normal arm64 /Users/admin/builder/spi-builder-workspace/.dependencies/checkouts/MondrianLayout/MondrianLayout/EntryPoint.swift (in target 'MondrianLayout' from project 'MondrianLayout')
    cd /Users/admin/builder/spi-builder-workspace/.swiftpm/xcode
    builtin-SwiftPerFileCompile EntryPoint.swift
SwiftCompile normal arm64 /Users/admin/builder/spi-builder-workspace/.dependencies/checkouts/MondrianLayout/MondrianLayout/Extensions/NSLayoutConstraint+.swift (in target 'MondrianLayout' from project 'MondrianLayout')
    cd /Users/admin/builder/spi-builder-workspace/.swiftpm/xcode
    builtin-SwiftPerFileCompile NSLayoutConstraint+.swift
SwiftCompile normal arm64 /Users/admin/builder/spi-builder-workspace/.dependencies/checkouts/MondrianLayout/MondrianLayout/Extensions/UILayoutGuide+Mondrian.swift (in target 'MondrianLayout' from project 'MondrianLayout')
    cd /Users/admin/builder/spi-builder-workspace/.swiftpm/xcode
    builtin-SwiftPerFileCompile UILayoutGuide+Mondrian.swift
SwiftCompile normal arm64 Compiling\ LayoutManager.swift,\ MondrianNamespace.swift /Users/admin/builder/spi-builder-workspace/.dependencies/checkouts/MondrianLayout/MondrianLayout/Manager/LayoutManager.swift /Users/admin/builder/spi-builder-workspace/.dependencies/checkouts/MondrianLayout/MondrianLayout/MondrianNamespace.swift (in target 'MondrianLayout' from project 'MondrianLayout')
SwiftCompile normal arm64 /Users/admin/builder/spi-builder-workspace/.dependencies/checkouts/MondrianLayout/MondrianLayout/Manager/LayoutManager.swift (in target 'MondrianLayout' from project 'MondrianLayout')
    cd /Users/admin/builder/spi-builder-workspace/.swiftpm/xcode
    builtin-SwiftPerFileCompile LayoutManager.swift
SwiftCompile normal arm64 /Users/admin/builder/spi-builder-workspace/.dependencies/checkouts/MondrianLayout/MondrianLayout/MondrianNamespace.swift (in target 'MondrianLayout' from project 'MondrianLayout')
    cd /Users/admin/builder/spi-builder-workspace/.swiftpm/xcode
    builtin-SwiftPerFileCompile MondrianNamespace.swift
SwiftCompile normal arm64 Compiling\ ViewBlock.swift,\ ZStackBlock.swift /Users/admin/builder/spi-builder-workspace/.dependencies/checkouts/MondrianLayout/MondrianLayout/LayoutBlocks/ViewBlock.swift /Users/admin/builder/spi-builder-workspace/.dependencies/checkouts/MondrianLayout/MondrianLayout/LayoutBlocks/ZStackBlock.swift (in target 'MondrianLayout' from project 'MondrianLayout')
SwiftCompile normal arm64 /Users/admin/builder/spi-builder-workspace/.dependencies/checkouts/MondrianLayout/MondrianLayout/LayoutBlocks/ViewBlock.swift (in target 'MondrianLayout' from project 'MondrianLayout')
    cd /Users/admin/builder/spi-builder-workspace/.swiftpm/xcode
    builtin-SwiftPerFileCompile ViewBlock.swift
SwiftCompile normal arm64 /Users/admin/builder/spi-builder-workspace/.dependencies/checkouts/MondrianLayout/MondrianLayout/LayoutBlocks/ZStackBlock.swift (in target 'MondrianLayout' from project 'MondrianLayout')
    cd /Users/admin/builder/spi-builder-workspace/.swiftpm/xcode
    builtin-SwiftPerFileCompile ZStackBlock.swift
SwiftCompile normal arm64 Compiling\ StackingSpacer.swift,\ VGridBlock.swift,\ VStackBlock.swift /Users/admin/builder/spi-builder-workspace/.dependencies/checkouts/MondrianLayout/MondrianLayout/LayoutBlocks/StackingSpacer.swift /Users/admin/builder/spi-builder-workspace/.dependencies/checkouts/MondrianLayout/MondrianLayout/LayoutBlocks/VGridBlock.swift /Users/admin/builder/spi-builder-workspace/.dependencies/checkouts/MondrianLayout/MondrianLayout/LayoutBlocks/VStackBlock.swift (in target 'MondrianLayout' from project 'MondrianLayout')
SwiftCompile normal arm64 /Users/admin/builder/spi-builder-workspace/.dependencies/checkouts/MondrianLayout/MondrianLayout/LayoutBlocks/StackingSpacer.swift (in target 'MondrianLayout' from project 'MondrianLayout')
    cd /Users/admin/builder/spi-builder-workspace/.swiftpm/xcode
    builtin-SwiftPerFileCompile StackingSpacer.swift
SwiftCompile normal arm64 /Users/admin/builder/spi-builder-workspace/.dependencies/checkouts/MondrianLayout/MondrianLayout/LayoutBlocks/VGridBlock.swift (in target 'MondrianLayout' from project 'MondrianLayout')
    cd /Users/admin/builder/spi-builder-workspace/.swiftpm/xcode
    builtin-SwiftPerFileCompile VGridBlock.swift
SwiftCompile normal arm64 /Users/admin/builder/spi-builder-workspace/.dependencies/checkouts/MondrianLayout/MondrianLayout/LayoutBlocks/VStackBlock.swift (in target 'MondrianLayout' from project 'MondrianLayout')
    cd /Users/admin/builder/spi-builder-workspace/.swiftpm/xcode
    builtin-SwiftPerFileCompile VStackBlock.swift
PruneExplicitPrecompiledModules /Users/admin/builder/spi-builder-workspace/.derivedData/SDKExplicitPrecompiledModules
PruneExplicitPrecompiledModules /Users/admin/builder/spi-builder-workspace/.derivedData/Build/Intermediates.noindex/SwiftExplicitPrecompiledModules
PruneExplicitPrecompiledModules /Users/admin/builder/spi-builder-workspace/.derivedData/Build/Intermediates.noindex/ExplicitPrecompiledModules
2026-09-21 04:47:58.550 xcodebuild[1313:6888] [MT] IDERunDestination: Supported platforms for the buildables in the current scheme is empty.
** BUILD FAILED **
The following build commands failed:
	SwiftEmitModule normal arm64 Emitting\ module\ for\ Descriptors (in target 'Descriptors' from project 'Descriptors')
	SwiftCompile normal arm64 (in target 'Descriptors' from project 'Descriptors')
	Building workspace CompositionKit with scheme CompositionKit
(3 failures)
Command line invocation:
    /Applications/Xcode-27.0.0-Release.Candidate.app/Contents/Developer/usr/bin/xcodebuild -IDEClonedSourcePackagesDirPathOverride=/Users/admin/builder/spi-builder-workspace/.dependencies -resolvePackageDependencies
Resolve Package Graph
Resolved source packages:
  MondrianLayout: https://github.com/muukii/MondrianLayout.git @ 0.9.0
  Descriptors: https://github.com/muukii/Descriptors.git @ 0.3.0
  CompositionKit: /Users/admin/builder/spi-builder-workspace
resolved source packages: MondrianLayout, Descriptors, CompositionKit
2026-09-21 04:48:05.123 xcodebuild[1468:7507] [MT] IDERunDestination: Supported platforms for the buildables in the current scheme is empty.
{
  "dependencies" : [
    {
      "identity" : "mondrianlayout",
      "requirement" : {
        "range" : [
          {
            "lower_bound" : "0.8.0",
            "upper_bound" : "1.0.0"
          }
        ]
      },
      "type" : "sourceControl",
      "url" : "https://github.com/muukii/MondrianLayout.git"
    },
    {
      "identity" : "descriptors",
      "requirement" : {
        "range" : [
          {
            "lower_bound" : "0.2.1",
            "upper_bound" : "1.0.0"
          }
        ]
      },
      "type" : "sourceControl",
      "url" : "https://github.com/muukii/Descriptors.git"
    }
  ],
  "manifest_display_name" : "CompositionKit",
  "name" : "CompositionKit",
  "path" : "/Users/admin/builder/spi-builder-workspace",
  "platforms" : [
    {
      "name" : "ios",
      "version" : "12.0"
    }
  ],
  "products" : [
    {
      "name" : "CompositionKit",
      "targets" : [
        "CompositionKit"
      ],
      "type" : {
        "library" : [
          "automatic"
        ]
      }
    }
  ],
  "targets" : [
    {
      "c99name" : "CompositionKit",
      "module_type" : "SwiftTarget",
      "name" : "CompositionKit",
      "path" : "Sources/CompositionKit",
      "product_dependencies" : [
        "MondrianLayout",
        "Descriptors"
      ],
      "product_memberships" : [
        "CompositionKit"
      ],
      "sources" : [
        "AnyUIView.swift",
        "BackgroundView.swift",
        "CodeBased.swift",
        "CompositionKit.swift",
        "GradientLayerView.swift",
        "InteractiveView.swift",
        "Logger.swift",
        "MaskingView.swift",
        "NavigationHostingView.swift",
        "PaddingView.swift",
        "ShapeLayerView.swift",
        "ShapeRenderingView.swift",
        "StyledEdgeView.swift"
      ],
      "type" : "library"
    }
  ],
  "tools_version" : "5.6"
}
{
  "workspace" : {
    "name" : "CompositionKit",
    "schemes" : [
      "CompositionKit"
    ]
  }
}
2026-09-21 04:48:06.388 xcodebuild[1476:7578] [MT] IDERunDestination: Supported platforms for the buildables in the current scheme is empty.
Running build ...
env DEVELOPER_DIR=/Applications/Xcode-27.0.0-Release.Candidate.app xcrun xcodebuild -IDEClonedSourcePackagesDirPathOverride=$PWD/.dependencies -skipMacroValidation -skipPackagePluginValidation -derivedDataPath $PWD/.derivedData build -scheme CompositionKit -destination generic/platform=tvOS
Command line invocation:
    /Applications/Xcode-27.0.0-Release.Candidate.app/Contents/Developer/usr/bin/xcodebuild -IDEClonedSourcePackagesDirPathOverride=/Users/admin/builder/spi-builder-workspace/.dependencies -skipMacroValidation -skipPackagePluginValidation -derivedDataPath /Users/admin/builder/spi-builder-workspace/.derivedData build -scheme CompositionKit -destination generic/platform=tvOS
Resolve Package Graph
Resolved source packages:
  Descriptors: https://github.com/muukii/Descriptors.git @ 0.3.0
  CompositionKit: /Users/admin/builder/spi-builder-workspace
  MondrianLayout: https://github.com/muukii/MondrianLayout.git @ 0.9.0
ComputePackagePrebuildTargetDependencyGraph
Prepare packages
CreateBuildRequest
SendProjectDescription
CreateBuildOperation
ComputeTargetDependencyGraph
note: Building targets in dependency order
note: Target dependency graph (6 targets)
    Target 'CompositionKit-product' in project 'CompositionKit'
        ➜ Explicit dependency on target 'CompositionKit' in project 'CompositionKit'
        ➜ Explicit dependency on target 'MondrianLayout-product' in project 'MondrianLayout'
        ➜ Explicit dependency on target 'Descriptors-product' in project 'Descriptors'
    Target 'CompositionKit' in project 'CompositionKit'
        ➜ Explicit dependency on target 'MondrianLayout-product' in project 'MondrianLayout'
        ➜ Explicit dependency on target 'Descriptors-product' in project 'Descriptors'
    Target 'Descriptors-product' in project 'Descriptors'
        ➜ Explicit dependency on target 'Descriptors' in project 'Descriptors'
    Target 'Descriptors' in project 'Descriptors' (no dependencies)
    Target 'MondrianLayout-product' in project 'MondrianLayout'
        ➜ Explicit dependency on target 'MondrianLayout' in project 'MondrianLayout'
    Target 'MondrianLayout' in project 'MondrianLayout' (no dependencies)
GatherProvisioningInputs
CreateBuildDescription
ClangStatCache /Applications/Xcode-27.0.0-Release.Candidate.app/Contents/Developer/Toolchains/XcodeDefault.xctoolchain/usr/bin/clang-stat-cache /Applications/Xcode-27.0.0-Release.Candidate.app/Contents/Developer/Platforms/AppleTVOS.platform/Developer/SDKs/AppleTVOS27.0.sdk /Users/admin/builder/spi-builder-workspace/.derivedData/SDKStatCaches.noindex/appletvos27.0-24J360-e829b21a6f8c9b70876ba0858053c044b32bfd8d43560033f8d89884cdb90028.sdkstatcache
    cd /Users/admin/builder/spi-builder-workspace/.swiftpm/xcode
    /Applications/Xcode-27.0.0-Release.Candidate.app/Contents/Developer/Toolchains/XcodeDefault.xctoolchain/usr/bin/clang-stat-cache /Applications/Xcode-27.0.0-Release.Candidate.app/Contents/Developer/Platforms/AppleTVOS.platform/Developer/SDKs/AppleTVOS27.0.sdk -o /Users/admin/builder/spi-builder-workspace/.derivedData/SDKStatCaches.noindex/appletvos27.0-24J360-e829b21a6f8c9b70876ba0858053c044b32bfd8d43560033f8d89884cdb90028.sdkstatcache
SwiftDriver MondrianLayout normal arm64 com.apple.xcode.tools.swift.compiler (in target 'MondrianLayout' from project 'MondrianLayout')
    cd /Users/admin/builder/spi-builder-workspace/.swiftpm/xcode
    builtin-SwiftDriver -- /Applications/Xcode-27.0.0-Release.Candidate.app/Contents/Developer/Toolchains/XcodeDefault.xctoolchain/usr/bin/swiftc -parse-as-library -module-name MondrianLayout -Onone @/Users/admin/builder/spi-builder-workspace/.derivedData/Build/Intermediates.noindex/MondrianLayout.build/Debug-appletvos/MondrianLayout-t.build/Objects-normal/arm64/MondrianLayout.SwiftFileList -DSWIFT_PACKAGE -DDEBUG -DSWIFT_MODULE_RESOURCE_BUNDLE_UNAVAILABLE -DXcode -plugin-path /Applications/Xcode-27.0.0-Release.Candidate.app/Contents/Developer/Toolchains/XcodeDefault.xctoolchain/usr/lib/swift/host/plugins/testing -enable-experimental-feature DebugDescriptionMacro -sdk /Applications/Xcode-27.0.0-Release.Candidate.app/Contents/Developer/Platforms/AppleTVOS.platform/Developer/SDKs/AppleTVOS27.0.sdk -target arm64-apple-tvos15.0 -g -module-cache-path /Users/admin/builder/spi-builder-workspace/.derivedData/ModuleCache.noindex -Xfrontend -serialize-debugging-options -enable-testing -suppress-warnings -index-store-path /Users/admin/builder/spi-builder-workspace/.derivedData/Index.noindex/DataStore -Xcc -D_LIBCPP_HARDENING_MODE\=_LIBCPP_HARDENING_MODE_DEBUG -swift-version 5 -I /Users/admin/builder/spi-builder-workspace/.derivedData/Build/Products/Debug-appletvos -Isystem /Applications/Xcode-27.0.0-Release.Candidate.app/Contents/Developer/Platforms/AppleTVOS.platform/Developer/usr/lib -F /Users/admin/builder/spi-builder-workspace/.derivedData/Build/Products/Debug-appletvos -F /Applications/Xcode-27.0.0-Release.Candidate.app/Contents/Developer/Platforms/AppleTVOS.platform/Developer/Library/Frameworks -F /Applications/Xcode-27.0.0-Release.Candidate.app/Contents/Developer/Platforms/AppleTVOS.platform/Developer/SDKs/AppleTVOS27.0.sdk/Developer/Library/Frameworks -c -j10 -enable-batch-mode -incremental -Xcc -ivfsstatcache -Xcc /Users/admin/builder/spi-builder-workspace/.derivedData/SDKStatCaches.noindex/appletvos27.0-24J360-e829b21a6f8c9b70876ba0858053c044b32bfd8d43560033f8d89884cdb90028.sdkstatcache -output-file-map /Users/admin/builder/spi-builder-workspace/.derivedData/Build/Intermediates.noindex/MondrianLayout.build/Debug-appletvos/MondrianLayout-t.build/Objects-normal/arm64/MondrianLayout-OutputFileMap.json -save-temps -no-color-diagnostics -explicit-module-build -module-cache-path /Users/admin/builder/spi-builder-workspace/.derivedData/Build/Intermediates.noindex/SwiftExplicitPrecompiledModules -clang-scanner-module-cache-path /Users/admin/builder/spi-builder-workspace/.derivedData/ModuleCache.noindex -sdk-module-cache-path /Users/admin/builder/spi-builder-workspace/.derivedData/SDKExplicitPrecompiledModules -emit-dependencies -emit-module -emit-module-path /Users/admin/builder/spi-builder-workspace/.derivedData/Build/Intermediates.noindex/MondrianLayout.build/Debug-appletvos/MondrianLayout-t.build/Objects-normal/arm64/MondrianLayout.swiftmodule -serialize-diagnostics -dependency-scan-serialize-diagnostics-path /Users/admin/builder/spi-builder-workspace/.derivedData/Build/Intermediates.noindex/MondrianLayout.build/Debug-appletvos/MondrianLayout-t.build/Objects-normal/arm64/MondrianLayout-dependency-scan.dia -validate-clang-modules-once -clang-build-session-file /Users/admin/builder/spi-builder-workspace/.derivedData/ModuleCache.noindex/Session.modulevalidation -Xcc -fmodules-prune-interval\=86400 -Xcc -fmodules-prune-after\=345600 -emit-const-values -const-gather-protocols-list /Users/admin/builder/spi-builder-workspace/.derivedData/Build/Intermediates.noindex/MondrianLayout.build/Debug-appletvos/MondrianLayout-t.build/Objects-normal/arm64/MondrianLayout_const_extract_protocols.json -Xcc -I/Users/admin/builder/spi-builder-workspace/.derivedData/Build/Products/Debug-appletvos/include -Xcc -I/Users/admin/builder/spi-builder-workspace/.derivedData/Build/Intermediates.noindex/MondrianLayout.build/Debug-appletvos/MondrianLayout-t.build/DerivedSources-normal/arm64 -Xcc -I/Users/admin/builder/spi-builder-workspace/.derivedData/Build/Intermediates.noindex/MondrianLayout.build/Debug-appletvos/MondrianLayout-t.build/DerivedSources/arm64 -Xcc -I/Users/admin/builder/spi-builder-workspace/.derivedData/Build/Intermediates.noindex/MondrianLayout.build/Debug-appletvos/MondrianLayout-t.build/DerivedSources -Xcc -DSWIFT_PACKAGE -Xcc -DDEBUG\=1 -emit-objc-header -emit-objc-header-path /Users/admin/builder/spi-builder-workspace/.derivedData/Build/Intermediates.noindex/MondrianLayout.build/Debug-appletvos/MondrianLayout-t.build/Objects-normal/arm64/MondrianLayout-Swift.h -working-directory /Users/admin/builder/spi-builder-workspace/.swiftpm/xcode -experimental-emit-module-separately -disable-cmo
SwiftDriver Descriptors normal arm64 com.apple.xcode.tools.swift.compiler (in target 'Descriptors' from project 'Descriptors')
    cd /Users/admin/builder/spi-builder-workspace/.swiftpm/xcode
    builtin-SwiftDriver -- /Applications/Xcode-27.0.0-Release.Candidate.app/Contents/Developer/Toolchains/XcodeDefault.xctoolchain/usr/bin/swiftc -parse-as-library -module-name Descriptors -Onone @/Users/admin/builder/spi-builder-workspace/.derivedData/Build/Intermediates.noindex/Descriptors.build/Debug-appletvos/Descriptors-t.build/Objects-normal/arm64/Descriptors.SwiftFileList -DSWIFT_PACKAGE -DDEBUG -DSWIFT_MODULE_RESOURCE_BUNDLE_UNAVAILABLE -DXcode -plugin-path /Applications/Xcode-27.0.0-Release.Candidate.app/Contents/Developer/Toolchains/XcodeDefault.xctoolchain/usr/lib/swift/host/plugins/testing -enable-experimental-feature DebugDescriptionMacro -sdk /Applications/Xcode-27.0.0-Release.Candidate.app/Contents/Developer/Platforms/AppleTVOS.platform/Developer/SDKs/AppleTVOS27.0.sdk -target arm64-apple-tvos15.0 -g -module-cache-path /Users/admin/builder/spi-builder-workspace/.derivedData/ModuleCache.noindex -Xfrontend -serialize-debugging-options -enable-testing -suppress-warnings -index-store-path /Users/admin/builder/spi-builder-workspace/.derivedData/Index.noindex/DataStore -Xcc -D_LIBCPP_HARDENING_MODE\=_LIBCPP_HARDENING_MODE_DEBUG -swift-version 6 -I /Users/admin/builder/spi-builder-workspace/.derivedData/Build/Products/Debug-appletvos -Isystem /Applications/Xcode-27.0.0-Release.Candidate.app/Contents/Developer/Platforms/AppleTVOS.platform/Developer/usr/lib -F /Users/admin/builder/spi-builder-workspace/.derivedData/Build/Products/Debug-appletvos -F /Applications/Xcode-27.0.0-Release.Candidate.app/Contents/Developer/Platforms/AppleTVOS.platform/Developer/Library/Frameworks -F /Applications/Xcode-27.0.0-Release.Candidate.app/Contents/Developer/Platforms/AppleTVOS.platform/Developer/SDKs/AppleTVOS27.0.sdk/Developer/Library/Frameworks -c -j10 -enable-batch-mode -incremental -Xcc -ivfsstatcache -Xcc /Users/admin/builder/spi-builder-workspace/.derivedData/SDKStatCaches.noindex/appletvos27.0-24J360-e829b21a6f8c9b70876ba0858053c044b32bfd8d43560033f8d89884cdb90028.sdkstatcache -output-file-map /Users/admin/builder/spi-builder-workspace/.derivedData/Build/Intermediates.noindex/Descriptors.build/Debug-appletvos/Descriptors-t.build/Objects-normal/arm64/Descriptors-OutputFileMap.json -save-temps -no-color-diagnostics -explicit-module-build -module-cache-path /Users/admin/builder/spi-builder-workspace/.derivedData/Build/Intermediates.noindex/SwiftExplicitPrecompiledModules -clang-scanner-module-cache-path /Users/admin/builder/spi-builder-workspace/.derivedData/ModuleCache.noindex -sdk-module-cache-path /Users/admin/builder/spi-builder-workspace/.derivedData/SDKExplicitPrecompiledModules -emit-dependencies -emit-module -emit-module-path /Users/admin/builder/spi-builder-workspace/.derivedData/Build/Intermediates.noindex/Descriptors.build/Debug-appletvos/Descriptors-t.build/Objects-normal/arm64/Descriptors.swiftmodule -serialize-diagnostics -dependency-scan-serialize-diagnostics-path /Users/admin/builder/spi-builder-workspace/.derivedData/Build/Intermediates.noindex/Descriptors.build/Debug-appletvos/Descriptors-t.build/Objects-normal/arm64/Descriptors-dependency-scan.dia -user-module-version 0.3.0 -validate-clang-modules-once -clang-build-session-file /Users/admin/builder/spi-builder-workspace/.derivedData/ModuleCache.noindex/Session.modulevalidation -Xcc -fmodules-prune-interval\=86400 -Xcc -fmodules-prune-after\=345600 -package-name descriptors -emit-const-values -const-gather-protocols-list /Users/admin/builder/spi-builder-workspace/.derivedData/Build/Intermediates.noindex/Descriptors.build/Debug-appletvos/Descriptors-t.build/Objects-normal/arm64/Descriptors_const_extract_protocols.json -Xcc -I/Users/admin/builder/spi-builder-workspace/.derivedData/Build/Products/Debug-appletvos/include -Xcc -I/Users/admin/builder/spi-builder-workspace/.derivedData/Build/Intermediates.noindex/Descriptors.build/Debug-appletvos/Descriptors-t.build/DerivedSources-normal/arm64 -Xcc -I/Users/admin/builder/spi-builder-workspace/.derivedData/Build/Intermediates.noindex/Descriptors.build/Debug-appletvos/Descriptors-t.build/DerivedSources/arm64 -Xcc -I/Users/admin/builder/spi-builder-workspace/.derivedData/Build/Intermediates.noindex/Descriptors.build/Debug-appletvos/Descriptors-t.build/DerivedSources -Xcc -DSWIFT_PACKAGE -Xcc -DDEBUG\=1 -emit-objc-header -emit-objc-header-path /Users/admin/builder/spi-builder-workspace/.derivedData/Build/Intermediates.noindex/Descriptors.build/Debug-appletvos/Descriptors-t.build/Objects-normal/arm64/Descriptors-Swift.h -working-directory /Users/admin/builder/spi-builder-workspace/.swiftpm/xcode -experimental-emit-module-separately -disable-cmo
SwiftCompile normal arm64 Compiling\ HapticsDescriptor.swift /Users/admin/builder/spi-builder-workspace/.dependencies/checkouts/Descriptors/Sources/Descriptors/HapticsDescriptor.swift (in target 'Descriptors' from project 'Descriptors')
SwiftCompile normal arm64 /Users/admin/builder/spi-builder-workspace/.dependencies/checkouts/Descriptors/Sources/Descriptors/HapticsDescriptor.swift (in target 'Descriptors' from project 'Descriptors')
    cd /Users/admin/builder/spi-builder-workspace/.swiftpm/xcode
    builtin-SwiftPerFileCompile HapticsDescriptor.swift
/Users/admin/builder/spi-builder-workspace/.dependencies/checkouts/Descriptors/Sources/Descriptors/HapticsDescriptor.swift:49:12: error: 'UIImpactFeedbackGenerator' is unavailable in tvOS
47 |
48 |   public static func impactOnTouchUpInside(
49 |     style: UIImpactFeedbackGenerator.FeedbackStyle = .light,
   |            `- error: 'UIImpactFeedbackGenerator' is unavailable in tvOS
50 |     delay: DispatchTimeInterval = .seconds(0)
51 |   ) -> Self {
/Applications/Xcode-27.0.0-Release.Candidate.app/Contents/Developer/Platforms/AppleTVOS.platform/Developer/SDKs/AppleTVOS27.0.sdk/System/Library/Frameworks/UIKit.framework/Headers/UIImpactFeedbackGenerator.h:25:12: note: 'UIImpactFeedbackGenerator' has been explicitly marked unavailable here
23 | // UIImpactFeedbackGenerator is used to give user feedback when an impact between UI elements occurs
24 | UIKIT_EXTERN API_AVAILABLE(ios(10.0)) API_UNAVAILABLE(visionos, tvos) API_UNAVAILABLE(watchos) NS_SWIFT_UI_ACTOR
25 | @interface UIImpactFeedbackGenerator : UIFeedbackGenerator
   |            `- note: 'UIImpactFeedbackGenerator' has been explicitly marked unavailable here
26 |
27 | /// set a style on the feedback generator and attach it to the provided view as an interaction.
SwiftCompile normal arm64 Compiling\ LinearGradientDrawer.swift /Users/admin/builder/spi-builder-workspace/.dependencies/checkouts/Descriptors/Sources/Descriptors/LinearGradientDrawer.swift (in target 'Descriptors' from project 'Descriptors')
SwiftCompile normal arm64 /Users/admin/builder/spi-builder-workspace/.dependencies/checkouts/Descriptors/Sources/Descriptors/LinearGradientDrawer.swift (in target 'Descriptors' from project 'Descriptors')
    cd /Users/admin/builder/spi-builder-workspace/.swiftpm/xcode
    builtin-SwiftPerFileCompile LinearGradientDrawer.swift
SwiftCompile normal arm64 Compiling\ LinearGradientDescriptor.swift /Users/admin/builder/spi-builder-workspace/.dependencies/checkouts/Descriptors/Sources/Descriptors/LinearGradientDescriptor.swift (in target 'Descriptors' from project 'Descriptors')
SwiftCompile normal arm64 /Users/admin/builder/spi-builder-workspace/.dependencies/checkouts/Descriptors/Sources/Descriptors/LinearGradientDescriptor.swift (in target 'Descriptors' from project 'Descriptors')
    cd /Users/admin/builder/spi-builder-workspace/.swiftpm/xcode
    builtin-SwiftPerFileCompile LinearGradientDescriptor.swift
SwiftCompile normal arm64 Compiling\ HighlightAnimationDescriptor.swift /Users/admin/builder/spi-builder-workspace/.dependencies/checkouts/Descriptors/Sources/Descriptors/HighlightAnimationDescriptor.swift (in target 'Descriptors' from project 'Descriptors')
SwiftCompile normal arm64 /Users/admin/builder/spi-builder-workspace/.dependencies/checkouts/Descriptors/Sources/Descriptors/HighlightAnimationDescriptor.swift (in target 'Descriptors' from project 'Descriptors')
    cd /Users/admin/builder/spi-builder-workspace/.swiftpm/xcode
    builtin-SwiftPerFileCompile HighlightAnimationDescriptor.swift
SwiftCompile normal arm64 Compiling\ ShapeDisplaying.swift /Users/admin/builder/spi-builder-workspace/.dependencies/checkouts/Descriptors/Sources/Descriptors/ShapeDisplaying.swift (in target 'Descriptors' from project 'Descriptors')
SwiftCompile normal arm64 /Users/admin/builder/spi-builder-workspace/.dependencies/checkouts/Descriptors/Sources/Descriptors/ShapeDisplaying.swift (in target 'Descriptors' from project 'Descriptors')
    cd /Users/admin/builder/spi-builder-workspace/.swiftpm/xcode
    builtin-SwiftPerFileCompile ShapeDisplaying.swift
SwiftEmitModule normal arm64 Emitting\ module\ for\ Descriptors (in target 'Descriptors' from project 'Descriptors')
/Users/admin/builder/spi-builder-workspace/.dependencies/checkouts/Descriptors/Sources/Descriptors/HapticsDescriptor.swift:49:12: error: 'UIImpactFeedbackGenerator' is unavailable in tvOS
47 |
48 |   public static func impactOnTouchUpInside(
49 |     style: UIImpactFeedbackGenerator.FeedbackStyle = .light,
   |            `- error: 'UIImpactFeedbackGenerator' is unavailable in tvOS
50 |     delay: DispatchTimeInterval = .seconds(0)
51 |   ) -> Self {
/Applications/Xcode-27.0.0-Release.Candidate.app/Contents/Developer/Platforms/AppleTVOS.platform/Developer/SDKs/AppleTVOS27.0.sdk/System/Library/Frameworks/UIKit.framework/Headers/UIImpactFeedbackGenerator.h:25:12: note: 'UIImpactFeedbackGenerator' has been explicitly marked unavailable here
23 | // UIImpactFeedbackGenerator is used to give user feedback when an impact between UI elements occurs
24 | UIKIT_EXTERN API_AVAILABLE(ios(10.0)) API_UNAVAILABLE(visionos, tvos) API_UNAVAILABLE(watchos) NS_SWIFT_UI_ACTOR
25 | @interface UIImpactFeedbackGenerator : UIFeedbackGenerator
   |            `- note: 'UIImpactFeedbackGenerator' has been explicitly marked unavailable here
26 |
27 | /// set a style on the feedback generator and attach it to the provided view as an interaction.
Failed frontend command:
/Applications/Xcode-27.0.0-Release.Candidate.app/Contents/Developer/Toolchains/XcodeDefault.xctoolchain/usr/bin/swift-frontend -frontend -emit-module -experimental-skip-non-inlinable-function-bodies-without-types /Users/admin/builder/spi-builder-workspace/.dependencies/checkouts/Descriptors/Sources/Descriptors/HapticsDescriptor.swift /Users/admin/builder/spi-builder-workspace/.dependencies/checkouts/Descriptors/Sources/Descriptors/HighlightAnimationDescriptor.swift /Users/admin/builder/spi-builder-workspace/.dependencies/checkouts/Descriptors/Sources/Descriptors/LinearGradientDescriptor.swift /Users/admin/builder/spi-builder-workspace/.dependencies/checkouts/Descriptors/Sources/Descriptors/LinearGradientDrawer.swift /Users/admin/builder/spi-builder-workspace/.dependencies/checkouts/Descriptors/Sources/Descriptors/ShapeDisplaying.swift -target arm64-apple-tvos15.0 -disable-cross-import-overlay-search -load-resolved-plugin /Applications/Xcode-27.0.0-Release.Candidate.app/Contents/Developer/Platforms/AppleTVOS.platform/Developer/usr/lib/swift/host/plugins/libFoundationMacros.dylib\#/Applications/Xcode-27.0.0-Release.Candidate.app/Contents/Developer/Platforms/AppleTVOS.platform/Developer/usr/bin/swift-plugin-server\#FoundationMacros -load-resolved-plugin /Applications/Xcode-27.0.0-Release.Candidate.app/Contents/Developer/Platforms/AppleTVOS.platform/Developer/usr/lib/swift/host/plugins/libObservationMacros.dylib\#/Applications/Xcode-27.0.0-Release.Candidate.app/Contents/Developer/Platforms/AppleTVOS.platform/Developer/usr/bin/swift-plugin-server\#ObservationMacros -load-resolved-plugin /Applications/Xcode-27.0.0-Release.Candidate.app/Contents/Developer/Platforms/AppleTVOS.platform/Developer/usr/lib/swift/host/plugins/libPreviewsMacros.dylib\#/Applications/Xcode-27.0.0-Release.Candidate.app/Contents/Developer/Platforms/AppleTVOS.platform/Developer/usr/bin/swift-plugin-server\#PreviewsMacros -load-resolved-plugin /Applications/Xcode-27.0.0-Release.Candidate.app/Contents/Developer/Platforms/AppleTVOS.platform/Developer/usr/lib/swift/host/plugins/libSwiftMacros.dylib\#/Applications/Xcode-27.0.0-Release.Candidate.app/Contents/Developer/Platforms/AppleTVOS.platform/Developer/usr/bin/swift-plugin-server\#SwiftMacros -load-resolved-plugin /Applications/Xcode-27.0.0-Release.Candidate.app/Contents/Developer/Platforms/AppleTVOS.platform/Developer/usr/lib/swift/host/plugins/libSwiftUIMacros.dylib\#/Applications/Xcode-27.0.0-Release.Candidate.app/Contents/Developer/Platforms/AppleTVOS.platform/Developer/usr/bin/swift-plugin-server\#SwiftUIMacros -disable-implicit-swift-modules -Xcc -fno-implicit-modules -Xcc -fno-implicit-module-maps -explicit-swift-module-map-file /Users/admin/builder/spi-builder-workspace/.derivedData/Build/Intermediates.noindex/Descriptors.build/Debug-appletvos/Descriptors-t.build/Objects-normal/arm64/Descriptors-dependencies-1.json -Xllvm -aarch64-use-tbi -enable-objc-interop -stack-check -sdk /Applications/Xcode-27.0.0-Release.Candidate.app/Contents/Developer/Platforms/AppleTVOS.platform/Developer/SDKs/AppleTVOS27.0.sdk -I /Users/admin/builder/spi-builder-workspace/.derivedData/Build/Products/Debug-appletvos -Isystem /Applications/Xcode-27.0.0-Release.Candidate.app/Contents/Developer/Platforms/AppleTVOS.platform/Developer/usr/lib -F /Users/admin/builder/spi-builder-workspace/.derivedData/Build/Products/Debug-appletvos -F /Applications/Xcode-27.0.0-Release.Candidate.app/Contents/Developer/Platforms/AppleTVOS.platform/Developer/Library/Frameworks -F /Applications/Xcode-27.0.0-Release.Candidate.app/Contents/Developer/Platforms/AppleTVOS.platform/Developer/SDKs/AppleTVOS27.0.sdk/Developer/Library/Frameworks -module-cache-path /Users/admin/builder/spi-builder-workspace/.derivedData/Build/Intermediates.noindex/SwiftExplicitPrecompiledModules -no-color-diagnostics -Xcc -fno-color-diagnostics -enable-testing -g -debug-info-format\=dwarf -dwarf-version\=4 -suppress-warnings -swift-version 6 -Onone -D SWIFT_PACKAGE -D DEBUG -D SWIFT_MODULE_RESOURCE_BUNDLE_UNAVAILABLE -D Xcode -serialize-debugging-options -enable-experimental-feature DebugDescriptionMacro -empty-abi-descriptor -user-module-version 0.3.0 -validate-clang-modules-once -clang-build-session-file /Users/admin/builder/spi-builder-workspace/.derivedData/ModuleCache.noindex/Session.modulevalidation -Xcc -working-directory -Xcc /Users/admin/builder/spi-builder-workspace/.swiftpm/xcode -enable-anonymous-context-mangled-names -file-compilation-dir /Users/admin/builder/spi-builder-workspace/.swiftpm/xcode -Xcc -D_LIBCPP_HARDENING_MODE\=_LIBCPP_HARDENING_MODE_DEBUG -Xcc -ivfsstatcache -Xcc /Users/admin/builder/spi-builder-workspace/.derivedData/SDKStatCaches.noindex/appletvos27.0-24J360-e829b21a6f8c9b70876ba0858053c044b32bfd8d43560033f8d89884cdb90028.sdkstatcache -Xcc -fmodules-prune-interval\=86400 -Xcc -fmodules-prune-after\=345600 -Xcc -I/Users/admin/builder/spi-builder-workspace/.derivedData/Build/Products/Debug-appletvos/include -Xcc -I/Users/admin/builder/spi-builder-workspace/.derivedData/Build/Intermediates.noindex/Descriptors.build/Debug-appletvos/Descriptors-t.build/DerivedSources-normal/arm64 -Xcc -I/Users/admin/builder/spi-builder-workspace/.derivedData/Build/Intermediates.noindex/Descriptors.build/Debug-appletvos/Descriptors-t.build/DerivedSources/arm64 -Xcc -I/Users/admin/builder/spi-builder-workspace/.derivedData/Build/Intermediates.noindex/Descriptors.build/Debug-appletvos/Descriptors-t.build/DerivedSources -Xcc -DSWIFT_PACKAGE -Xcc -DDEBUG\=1 -no-auto-bridging-header-chaining -module-name Descriptors -package-name descriptors -const-gather-protocols-file /Users/admin/builder/spi-builder-workspace/.derivedData/Build/Intermediates.noindex/Descriptors.build/Debug-appletvos/Descriptors-t.build/Objects-normal/arm64/Descriptors_const_extract_protocols.json -disable-clang-spi -clang-target arm64-apple-tvos27.0 -target-sdk-version 27.0 -target-sdk-name appletvos27.0 -in-process-plugin-server-path /Applications/Xcode-27.0.0-Release.Candidate.app/Contents/Developer/Toolchains/XcodeDefault.xctoolchain/usr/lib/swift/host/libSwiftInProcPluginServer.dylib -emit-module-doc-path /Users/admin/builder/spi-builder-workspace/.derivedData/Build/Intermediates.noindex/Descriptors.build/Debug-appletvos/Descriptors-t.build/Objects-normal/arm64/Descriptors.swiftdoc -emit-module-source-info-path /Users/admin/builder/spi-builder-workspace/.derivedData/Build/Intermediates.noindex/Descriptors.build/Debug-appletvos/Descriptors-t.build/Objects-normal/arm64/Descriptors.swiftsourceinfo -emit-objc-header-path /Users/admin/builder/spi-builder-workspace/.derivedData/Build/Intermediates.noindex/Descriptors.build/Debug-appletvos/Descriptors-t.build/Objects-normal/arm64/Descriptors-Swift.h -serialize-diagnostics-path /Users/admin/builder/spi-builder-workspace/.derivedData/Build/Intermediates.noindex/Descriptors.build/Debug-appletvos/Descriptors-t.build/Objects-normal/arm64/Descriptors-primary-emit-module.dia -emit-dependencies-path /Users/admin/builder/spi-builder-workspace/.derivedData/Build/Intermediates.noindex/Descriptors.build/Debug-appletvos/Descriptors-t.build/Objects-normal/arm64/Descriptors-primary-emit-module.d -parse-as-library -o /Users/admin/builder/spi-builder-workspace/.derivedData/Build/Intermediates.noindex/Descriptors.build/Debug-appletvos/Descriptors-t.build/Objects-normal/arm64/Descriptors.swiftmodule -emit-abi-descriptor-path /Users/admin/builder/spi-builder-workspace/.derivedData/Build/Intermediates.noindex/Descriptors.build/Debug-appletvos/Descriptors-t.build/Objects-normal/arm64/Descriptors.abi.json
SwiftCompile normal arm64 (in target 'Descriptors' from project 'Descriptors')
    cd /Users/admin/builder/spi-builder-workspace/.swiftpm/xcode

SwiftCompile normal arm64 Compiling\ LayoutDescriptor.swift,\ MondrianArrayBuilder.swift,\ DimensionDescriptor.swift /Users/admin/builder/spi-builder-workspace/.dependencies/checkouts/MondrianLayout/MondrianLayout/Classic/LayoutDescriptor.swift /Users/admin/builder/spi-builder-workspace/.dependencies/checkouts/MondrianLayout/MondrianLayout/Classic/MondrianArrayBuilder.swift /Users/admin/builder/spi-builder-workspace/.dependencies/checkouts/MondrianLayout/MondrianLayout/Descriptors/DimensionDescriptor.swift (in target 'MondrianLayout' from project 'MondrianLayout')
SwiftCompile normal arm64 /Users/admin/builder/spi-builder-workspace/.dependencies/checkouts/MondrianLayout/MondrianLayout/Classic/LayoutDescriptor.swift (in target 'MondrianLayout' from project 'MondrianLayout')
    cd /Users/admin/builder/spi-builder-workspace/.swiftpm/xcode
    builtin-SwiftPerFileCompile LayoutDescriptor.swift
SwiftCompile normal arm64 /Users/admin/builder/spi-builder-workspace/.dependencies/checkouts/MondrianLayout/MondrianLayout/Classic/MondrianArrayBuilder.swift (in target 'MondrianLayout' from project 'MondrianLayout')
    cd /Users/admin/builder/spi-builder-workspace/.swiftpm/xcode
    builtin-SwiftPerFileCompile MondrianArrayBuilder.swift
SwiftCompile normal arm64 /Users/admin/builder/spi-builder-workspace/.dependencies/checkouts/MondrianLayout/MondrianLayout/Descriptors/DimensionDescriptor.swift (in target 'MondrianLayout' from project 'MondrianLayout')
    cd /Users/admin/builder/spi-builder-workspace/.swiftpm/xcode
    builtin-SwiftPerFileCompile DimensionDescriptor.swift
SwiftCompile normal arm64 Compiling\ EntryPoint.swift,\ NSLayoutConstraint+.swift,\ UILayoutGuide+Mondrian.swift /Users/admin/builder/spi-builder-workspace/.dependencies/checkouts/MondrianLayout/MondrianLayout/EntryPoint.swift /Users/admin/builder/spi-builder-workspace/.dependencies/checkouts/MondrianLayout/MondrianLayout/Extensions/NSLayoutConstraint+.swift /Users/admin/builder/spi-builder-workspace/.dependencies/checkouts/MondrianLayout/MondrianLayout/Extensions/UILayoutGuide+Mondrian.swift (in target 'MondrianLayout' from project 'MondrianLayout')
SwiftCompile normal arm64 /Users/admin/builder/spi-builder-workspace/.dependencies/checkouts/MondrianLayout/MondrianLayout/EntryPoint.swift (in target 'MondrianLayout' from project 'MondrianLayout')
    cd /Users/admin/builder/spi-builder-workspace/.swiftpm/xcode
    builtin-SwiftPerFileCompile EntryPoint.swift
SwiftCompile normal arm64 /Users/admin/builder/spi-builder-workspace/.dependencies/checkouts/MondrianLayout/MondrianLayout/Extensions/NSLayoutConstraint+.swift (in target 'MondrianLayout' from project 'MondrianLayout')
    cd /Users/admin/builder/spi-builder-workspace/.swiftpm/xcode
    builtin-SwiftPerFileCompile NSLayoutConstraint+.swift
SwiftCompile normal arm64 /Users/admin/builder/spi-builder-workspace/.dependencies/checkouts/MondrianLayout/MondrianLayout/Extensions/UILayoutGuide+Mondrian.swift (in target 'MondrianLayout' from project 'MondrianLayout')
    cd /Users/admin/builder/spi-builder-workspace/.swiftpm/xcode
    builtin-SwiftPerFileCompile UILayoutGuide+Mondrian.swift
SwiftCompile normal arm64 Compiling\ VHStackContentBuilder.swift,\ _LayoutBlockNode.swift,\ _LayoutBlockType.swift /Users/admin/builder/spi-builder-workspace/.dependencies/checkouts/MondrianLayout/MondrianLayout/Descriptors/VHStackContentBuilder.swift /Users/admin/builder/spi-builder-workspace/.dependencies/checkouts/MondrianLayout/MondrianLayout/Descriptors/_LayoutBlockNode.swift /Users/admin/builder/spi-builder-workspace/.dependencies/checkouts/MondrianLayout/MondrianLayout/Descriptors/_LayoutBlockType.swift (in target 'MondrianLayout' from project 'MondrianLayout')
SwiftCompile normal arm64 /Users/admin/builder/spi-builder-workspace/.dependencies/checkouts/MondrianLayout/MondrianLayout/Descriptors/VHStackContentBuilder.swift (in target 'MondrianLayout' from project 'MondrianLayout')
    cd /Users/admin/builder/spi-builder-workspace/.swiftpm/xcode
    builtin-SwiftPerFileCompile VHStackContentBuilder.swift
SwiftCompile normal arm64 /Users/admin/builder/spi-builder-workspace/.dependencies/checkouts/MondrianLayout/MondrianLayout/Descriptors/_LayoutBlockNode.swift (in target 'MondrianLayout' from project 'MondrianLayout')
    cd /Users/admin/builder/spi-builder-workspace/.swiftpm/xcode
    builtin-SwiftPerFileCompile _LayoutBlockNode.swift
SwiftCompile normal arm64 /Users/admin/builder/spi-builder-workspace/.dependencies/checkouts/MondrianLayout/MondrianLayout/Descriptors/_LayoutBlockType.swift (in target 'MondrianLayout' from project 'MondrianLayout')
    cd /Users/admin/builder/spi-builder-workspace/.swiftpm/xcode
    builtin-SwiftPerFileCompile _LayoutBlockType.swift
SwiftCompile normal arm64 Compiling\ LayoutGuideBlock.swift,\ OverlayBlock.swift,\ RelativeBlock.swift /Users/admin/builder/spi-builder-workspace/.dependencies/checkouts/MondrianLayout/MondrianLayout/LayoutBlocks/LayoutGuideBlock.swift /Users/admin/builder/spi-builder-workspace/.dependencies/checkouts/MondrianLayout/MondrianLayout/LayoutBlocks/OverlayBlock.swift /Users/admin/builder/spi-builder-workspace/.dependencies/checkouts/MondrianLayout/MondrianLayout/LayoutBlocks/RelativeBlock.swift (in target 'MondrianLayout' from project 'MondrianLayout')
SwiftCompile normal arm64 /Users/admin/builder/spi-builder-workspace/.dependencies/checkouts/MondrianLayout/MondrianLayout/LayoutBlocks/LayoutGuideBlock.swift (in target 'MondrianLayout' from project 'MondrianLayout')
    cd /Users/admin/builder/spi-builder-workspace/.swiftpm/xcode
    builtin-SwiftPerFileCompile LayoutGuideBlock.swift
SwiftCompile normal arm64 /Users/admin/builder/spi-builder-workspace/.dependencies/checkouts/MondrianLayout/MondrianLayout/LayoutBlocks/OverlayBlock.swift (in target 'MondrianLayout' from project 'MondrianLayout')
    cd /Users/admin/builder/spi-builder-workspace/.swiftpm/xcode
    builtin-SwiftPerFileCompile OverlayBlock.swift
SwiftCompile normal arm64 /Users/admin/builder/spi-builder-workspace/.dependencies/checkouts/MondrianLayout/MondrianLayout/LayoutBlocks/RelativeBlock.swift (in target 'MondrianLayout' from project 'MondrianLayout')
    cd /Users/admin/builder/spi-builder-workspace/.swiftpm/xcode
    builtin-SwiftPerFileCompile RelativeBlock.swift
SwiftEmitModule normal arm64 Emitting\ module\ for\ MondrianLayout (in target 'MondrianLayout' from project 'MondrianLayout')
SwiftCompile normal arm64 (in target 'MondrianLayout' from project 'MondrianLayout')
    cd /Users/admin/builder/spi-builder-workspace/.swiftpm/xcode

PruneExplicitPrecompiledModules /Users/admin/builder/spi-builder-workspace/.derivedData/Build/Intermediates.noindex/ExplicitPrecompiledModules
PruneExplicitPrecompiledModules /Users/admin/builder/spi-builder-workspace/.derivedData/Build/Intermediates.noindex/SwiftExplicitPrecompiledModules
PruneExplicitPrecompiledModules /Users/admin/builder/spi-builder-workspace/.derivedData/SDKExplicitPrecompiledModules
2026-09-21 04:48:07.406 xcodebuild[1477:7602] [MT] IDERunDestination: Supported platforms for the buildables in the current scheme is empty.
** BUILD FAILED **
The following build commands failed:
	SwiftEmitModule normal arm64 Emitting\ module\ for\ Descriptors (in target 'Descriptors' from project 'Descriptors')
	SwiftCompile normal arm64 (in target 'Descriptors' from project 'Descriptors')
	Building workspace CompositionKit with scheme CompositionKit
(3 failures)
BUILD FAILURE 6.4 tvOS