Build Information
Failed to build BlueprintUI, reference main (470396), with Swift 6.4 for tvOS using Xcode 27.0 on 24 Oct 2026 15:51:41 UTC.
Build Command
env DEVELOPER_DIR=/Applications/Xcode-27.0.0.app xcrun xcodebuild -IDEClonedSourcePackagesDirPathOverride=$PWD/.dependencies -skipMacroValidation -skipPackagePluginValidation -derivedDataPath $PWD/.derivedData build -scheme BlueprintUI-Package -destination generic/platform=tvOSBuild Log
SwiftExplicitDependencyGeneratePcm arm64 /Users/admin/builder/spi-builder-workspace/.derivedData/SDKExplicitPrecompiledModules/_Builtin_stdbool-2B7K2VB0Y7UO1OYSQ5W4RR7OZ.pcm
SwiftExplicitDependencyGeneratePcm arm64 /Users/admin/builder/spi-builder-workspace/.derivedData/SDKExplicitPrecompiledModules/_AvailabilityInternal-9CLQPTGQISATYUK5OVMUXK298.pcm
SwiftExplicitDependencyGeneratePcm arm64 /Users/admin/builder/spi-builder-workspace/.derivedData/SDKExplicitPrecompiledModules/_SwiftConcurrencyShims-7530Y65XAUR6H55OYT9TC129M.pcm
SwiftExplicitDependencyGeneratePcm arm64 /Users/admin/builder/spi-builder-workspace/.derivedData/SDKExplicitPrecompiledModules/_Builtin_float-BHJ0OCKXH4XIEHO07P6PQLHJ1.pcm
SwiftExplicitDependencyGeneratePcm arm64 /Users/admin/builder/spi-builder-workspace/.derivedData/SDKExplicitPrecompiledModules/ptrcheck-7SC1GPMW2IRVRYSEFKR4R5SKM.pcm
SwiftExplicitDependencyGeneratePcm arm64 /Users/admin/builder/spi-builder-workspace/.derivedData/SDKExplicitPrecompiledModules/_Builtin_stddef-AKKDHEE6S3GU8H2GTN67D0X5K.pcm
SwiftExplicitDependencyGeneratePcm arm64 /Users/admin/builder/spi-builder-workspace/.derivedData/SDKExplicitPrecompiledModules/ptrauth-3COVWWFYYXUVF8TFNUVJSASC1.pcm
SwiftExplicitDependencyGeneratePcm arm64 /Users/admin/builder/spi-builder-workspace/.derivedData/SDKExplicitPrecompiledModules/_Builtin_stdarg-54EHR5UZISLM70A21NNXF7OO8.pcm
SwiftExplicitDependencyGeneratePcm arm64 /Users/admin/builder/spi-builder-workspace/.derivedData/SDKExplicitPrecompiledModules/SwiftShims-3EWCS0OOJCV3KBOKT7IVY02SO.pcm
SwiftExplicitDependencyGeneratePcm arm64 /Users/admin/builder/spi-builder-workspace/.derivedData/SDKExplicitPrecompiledModules/DeveloperToolsSupport-4X5R7MVRJWMMEXQ6V7L3QV2CF.pcm
SwiftExplicitDependencyGeneratePcm arm64 /Users/admin/builder/spi-builder-workspace/.derivedData/SDKExplicitPrecompiledModules/_DarwinFoundation1-3U7OLR6EWC5D0QM3QUXGZVX9X.pcm
SwiftExplicitDependencyGeneratePcm arm64 /Users/admin/builder/spi-builder-workspace/.derivedData/SDKExplicitPrecompiledModules/_Builtin_limits-DS1CW4P3UBHU7XKSC4LLVJ27U.pcm
SwiftExplicitDependencyGeneratePcm arm64 /Users/admin/builder/spi-builder-workspace/.derivedData/SDKExplicitPrecompiledModules/_DarwinFoundation2-DNBM23NV9OD9J7L4ZZT6G0GY9.pcm
SwiftExplicitDependencyGeneratePcm arm64 /Users/admin/builder/spi-builder-workspace/.derivedData/SDKExplicitPrecompiledModules/_Builtin_stdint-21WDIU1XVLTT6JWX7YVVOZ2UI.pcm
SwiftExplicitDependencyGeneratePcm arm64 /Users/admin/builder/spi-builder-workspace/.derivedData/SDKExplicitPrecompiledModules/_Builtin_tgmath-2JDLLERTKTFUI42MQXLIAA17L.pcm
SwiftExplicitDependencyGeneratePcm arm64 /Users/admin/builder/spi-builder-workspace/.derivedData/SDKExplicitPrecompiledModules/string_h-B2ZRSF1U2AHAFM06EHANBLW5P.pcm
SwiftExplicitDependencyGeneratePcm arm64 /Users/admin/builder/spi-builder-workspace/.derivedData/SDKExplicitPrecompiledModules/sys_types-DEVNI4OBJZ7WDOEEGNFOKN13B.pcm
SwiftExplicitDependencyGeneratePcm arm64 /Users/admin/builder/spi-builder-workspace/.derivedData/SDKExplicitPrecompiledModules/_Builtin_intrinsics-ENEBYNKXJNOF5ZQV2NNE2Q4AE.pcm
SwiftExplicitDependencyGeneratePcm arm64 /Users/admin/builder/spi-builder-workspace/.derivedData/SDKExplicitPrecompiledModules/_DarwinFoundation3-VK382K4KRQ8MP85EVNHVLJX0.pcm
SwiftExplicitDependencyGeneratePcm arm64 /Users/admin/builder/spi-builder-workspace/.derivedData/SDKExplicitPrecompiledModules/_Builtin_stdatomic-1U4BZGAIUE5G5BGQFXHYHGETW.pcm
SwiftExplicitDependencyGeneratePcm arm64 /Users/admin/builder/spi-builder-workspace/.derivedData/SDKExplicitPrecompiledModules/_Builtin_inttypes-AT6AM3TGD8GLVJJL4HK5Z1QKT.pcm
SwiftExplicitDependencyGeneratePcm arm64 /Users/admin/builder/spi-builder-workspace/.derivedData/SDKExplicitPrecompiledModules/Darwin-DJG7WYACCDPEV5IQO58TEJ7HA.pcm
SwiftExplicitDependencyGeneratePcm arm64 /Users/admin/builder/spi-builder-workspace/.derivedData/SDKExplicitPrecompiledModules/simd-BECX3NS06KUTY29O0G4A5C2PO.pcm
SwiftExplicitDependencyGeneratePcm arm64 /Users/admin/builder/spi-builder-workspace/.derivedData/SDKExplicitPrecompiledModules/ObjectiveC-3UB62IUQ7HT6EQXHDOKSJL44A.pcm
SwiftExplicitDependencyGeneratePcm arm64 /Users/admin/builder/spi-builder-workspace/.derivedData/SDKExplicitPrecompiledModules/MachO-8NNZDQ7KJ4BTV4YQIJF37N7L0.pcm
SwiftExplicitDependencyGeneratePcm arm64 /Users/admin/builder/spi-builder-workspace/.derivedData/SDKExplicitPrecompiledModules/os_object-3M3GAMWGVC4EPFNAGRLDUT5UP.pcm
SwiftExplicitDependencyGeneratePcm arm64 /Users/admin/builder/spi-builder-workspace/.derivedData/SDKExplicitPrecompiledModules/os_workgroup-50RTDZGIJ1544F6U05Q78829E.pcm
SwiftExplicitDependencyGeneratePcm arm64 /Users/admin/builder/spi-builder-workspace/.derivedData/SDKExplicitPrecompiledModules/Spatial-7EI271C0S5YTVPVNXYDH1DM6G.pcm
SwiftExplicitDependencyGeneratePcm arm64 /Users/admin/builder/spi-builder-workspace/.derivedData/SDKExplicitPrecompiledModules/Dispatch-1VA7CAHLCT1MOAC2HIIITYFZL.pcm
SwiftExplicitDependencyGeneratePcm arm64 /Users/admin/builder/spi-builder-workspace/.derivedData/SDKExplicitPrecompiledModules/CoreFoundation-5I3UDEF87IHKRG4FUGMFVTNHC.pcm
SwiftExplicitDependencyGeneratePcm arm64 /Users/admin/builder/spi-builder-workspace/.derivedData/SDKExplicitPrecompiledModules/XPC-8VHJMC89OTSFBZEW4733Z0WGC.pcm
SwiftExplicitDependencyGeneratePcm arm64 /Users/admin/builder/spi-builder-workspace/.derivedData/SDKExplicitPrecompiledModules/os-EKUWUA2XSEFJBP9M8I599YOJB.pcm
SwiftExplicitDependencyGeneratePcm arm64 /Users/admin/builder/spi-builder-workspace/.derivedData/SDKExplicitPrecompiledModules/CFNetwork-2NS7VO7D0YRA4802ARQSTO7IP.pcm
SwiftExplicitDependencyGeneratePcm arm64 /Users/admin/builder/spi-builder-workspace/.derivedData/SDKExplicitPrecompiledModules/CoreAudioTypes-EPLCE6NTWZGXCALTX7Y23TZ4.pcm
SwiftExplicitDependencyGeneratePcm arm64 /Users/admin/builder/spi-builder-workspace/.derivedData/SDKExplicitPrecompiledModules/CoreGraphics-VGJ80UPU5PJJ5UE4ZW8LX9OQ.pcm
SwiftExplicitDependencyGeneratePcm arm64 /Users/admin/builder/spi-builder-workspace/.derivedData/SDKExplicitPrecompiledModules/Security-6U0CR0A4W0W6MUC2S1TECBBL4.pcm
SwiftExplicitDependencyGeneratePcm arm64 /Users/admin/builder/spi-builder-workspace/.derivedData/SDKExplicitPrecompiledModules/CoreAudio-BL5XEV2EOD77BD4UY59JI5R3A.pcm
SwiftExplicitDependencyGeneratePcm arm64 /Users/admin/builder/spi-builder-workspace/.derivedData/SDKExplicitPrecompiledModules/Foundation-DWUJ3CV9774RECD6FJ6BFV0A1.pcm
SwiftExplicitDependencyGeneratePcm arm64 /Users/admin/builder/spi-builder-workspace/.derivedData/SDKExplicitPrecompiledModules/CoreText-D366SYLRTRLVRHXMVGMQREA7J.pcm
SwiftExplicitDependencyGeneratePcm arm64 /Users/admin/builder/spi-builder-workspace/.derivedData/SDKExplicitPrecompiledModules/ImageIO-3OOECJX926HEGQKF2OFPFOC9V.pcm
SwiftExplicitDependencyGeneratePcm arm64 /Users/admin/builder/spi-builder-workspace/.derivedData/SDKExplicitPrecompiledModules/CoreData-RNXCUGLIXORA4SD85NXXWN2M.pcm
SwiftExplicitDependencyGeneratePcm arm64 /Users/admin/builder/spi-builder-workspace/.derivedData/SDKExplicitPrecompiledModules/Symbols-27I5ZWBUFBKRVMBZ63C75L89E.pcm
SwiftExplicitDependencyGeneratePcm arm64 /Users/admin/builder/spi-builder-workspace/.derivedData/SDKExplicitPrecompiledModules/OSLog-ASBCVE6SZ0L7ST82LJR941PC3.pcm
SwiftExplicitDependencyGeneratePcm arm64 /Users/admin/builder/spi-builder-workspace/.derivedData/SDKExplicitPrecompiledModules/_LocationEssentials-4EPB2D5X61LSM8NZYWMDHGP3E.pcm
SwiftExplicitDependencyGeneratePcm arm64 /Users/admin/builder/spi-builder-workspace/.derivedData/SDKExplicitPrecompiledModules/IOSurface-5V1I28H76XAC054QSU4O93IZE.pcm
SwiftExplicitDependencyGeneratePcm arm64 /Users/admin/builder/spi-builder-workspace/.derivedData/SDKExplicitPrecompiledModules/DataDetection-1ST9SK1XMBO9YEE62Q5Z5CL1G.pcm
SwiftExplicitDependencyGeneratePcm arm64 /Users/admin/builder/spi-builder-workspace/.derivedData/SDKExplicitPrecompiledModules/UniformTypeIdentifiers-3NFRVEVCOLUQTK1A5UYHOS0UU.pcm
SwiftExplicitDependencyGeneratePcm arm64 /Users/admin/builder/spi-builder-workspace/.derivedData/SDKExplicitPrecompiledModules/UserNotifications-9NZ46EJ2J9Q44CDBWOAAG3ET2.pcm
SwiftExplicitDependencyGeneratePcm arm64 /Users/admin/builder/spi-builder-workspace/.derivedData/SDKExplicitPrecompiledModules/Accessibility-MQD5RQ8LXE4KYI6FJ12D1DSX.pcm
SwiftExplicitDependencyGeneratePcm arm64 /Users/admin/builder/spi-builder-workspace/.derivedData/SDKExplicitPrecompiledModules/CoreTransferable-6A9N5K2Y0FX1Z1J329BZMH7W4.pcm
SwiftExplicitDependencyGeneratePcm arm64 /Users/admin/builder/spi-builder-workspace/.derivedData/SDKExplicitPrecompiledModules/UIUtilities-2T9PJFXSYDY06ZI8KZK614ATD.pcm
SwiftExplicitDependencyGeneratePcm arm64 /Users/admin/builder/spi-builder-workspace/.derivedData/SDKExplicitPrecompiledModules/CoreLocation-EFPJH3GSKR6DZQDZ2GULOHZI4.pcm
SwiftExplicitDependencyGeneratePcm arm64 /Users/admin/builder/spi-builder-workspace/.derivedData/SDKExplicitPrecompiledModules/OpenGLES-D5BPILJ4LAJ1XZK3INJ51WNXH.pcm
SwiftExplicitDependencyGeneratePcm arm64 /Users/admin/builder/spi-builder-workspace/.derivedData/SDKExplicitPrecompiledModules/Metal-9XR8FV53XJM0BJI8G5HD3R9TG.pcm
SwiftExplicitDependencyGeneratePcm arm64 /Users/admin/builder/spi-builder-workspace/.derivedData/SDKExplicitPrecompiledModules/CoreVideo-63ZTF5YBZ5HNDNA0IMXOQ3S4N.pcm
SwiftExplicitDependencyGeneratePcm arm64 /Users/admin/builder/spi-builder-workspace/.derivedData/SDKExplicitPrecompiledModules/CoreImage-2RVAJ8543YO49OG2THKBHGPAM.pcm
SwiftExplicitDependencyGeneratePcm arm64 /Users/admin/builder/spi-builder-workspace/.derivedData/SDKExplicitPrecompiledModules/QuartzCore-E67SEPNHRC3S59HB6DFRUFBRI.pcm
SwiftExplicitDependencyGeneratePcm arm64 /Users/admin/builder/spi-builder-workspace/.derivedData/SDKExplicitPrecompiledModules/CoreMedia-7HT56BL7MCQ3IEFZJPOLH3CS2.pcm
SwiftExplicitDependencyGeneratePcm arm64 /Users/admin/builder/spi-builder-workspace/.derivedData/SDKExplicitPrecompiledModules/SwiftUICore-A5BCVTMW89W9HUMG3OOF07YDB.pcm
SwiftExplicitDependencyGeneratePcm arm64 /Users/admin/builder/spi-builder-workspace/.derivedData/SDKExplicitPrecompiledModules/UIKit-7QVNRR7BYEYEQJSWUUMLK0DKA.pcm
SwiftEmitModule normal arm64 Emitting\ module\ for\ KeyboardObserver (in target 'KeyboardObserver' from project 'KeyboardObserver')
SwiftCompile normal arm64 (in target 'KeyboardObserver' from project 'KeyboardObserver')
cd /Users/admin/builder/spi-builder-workspace/.swiftpm/xcode
SwiftExplicitDependencyGeneratePcm arm64 /Users/admin/builder/spi-builder-workspace/.derivedData/SDKExplicitPrecompiledModules/SwiftUI-CSXSV6KOU70QSOH5ACYBERGJT.pcm
SwiftCompile normal arm64 Compiling\ KeyboardObserver.swift /Users/admin/builder/spi-builder-workspace/.dependencies/checkouts/swift-keyboard-observer/KeyboardObserver/Sources/KeyboardObserver.swift (in target 'KeyboardObserver' from project 'KeyboardObserver')
/Users/admin/builder/spi-builder-workspace/.dependencies/checkouts/swift-keyboard-observer/KeyboardObserver/Sources/KeyboardObserver.swift:102:28: error: 'keyboardWillChangeFrameNotification' is unavailable in tvOS
100 | self,
101 | selector: #selector(keyboardFrameChanged(_:)),
102 | name: UIWindow.keyboardWillChangeFrameNotification,
| `- error: 'keyboardWillChangeFrameNotification' is unavailable in tvOS
103 | object: nil
104 | )
/Applications/Xcode-27.0.0.app/Contents/Developer/Platforms/AppleTVOS.platform/Developer/SDKs/AppleTVOS27.0.sdk/System/Library/Frameworks/UIKit.framework/Headers/UIWindow.h:145:39: note: 'keyboardWillChangeFrameNotification' has been explicitly marked unavailable here
143 | // Like the standard keyboard notifications above, these additional notifications include
144 | // a nil object and begin/end frames of the keyboard in screen coordinates in the userInfo dictionary.
145 | UIKIT_EXTERN NSNotificationName const UIKeyboardWillChangeFrameNotification API_AVAILABLE(ios(5.0)) API_UNAVAILABLE(tvos, watchos) NS_SWIFT_NONISOLATED;
| `- note: 'keyboardWillChangeFrameNotification' has been explicitly marked unavailable here
146 | UIKIT_EXTERN NSNotificationName const UIKeyboardDidChangeFrameNotification API_AVAILABLE(ios(5.0)) API_UNAVAILABLE(tvos, watchos) NS_SWIFT_NONISOLATED;
147 |
/Users/admin/builder/spi-builder-workspace/.dependencies/checkouts/swift-keyboard-observer/KeyboardObserver/Sources/KeyboardObserver.swift:108:28: error: 'keyboardDidChangeFrameNotification' is unavailable in tvOS
106 | self,
107 | selector: #selector(keyboardFrameChanged(_:)),
108 | name: UIWindow.keyboardDidChangeFrameNotification,
| `- error: 'keyboardDidChangeFrameNotification' is unavailable in tvOS
109 | object: nil
110 | )
/Applications/Xcode-27.0.0.app/Contents/Developer/Platforms/AppleTVOS.platform/Developer/SDKs/AppleTVOS27.0.sdk/System/Library/Frameworks/UIKit.framework/Headers/UIWindow.h:146:39: note: 'keyboardDidChangeFrameNotification' has been explicitly marked unavailable here
144 | // a nil object and begin/end frames of the keyboard in screen coordinates in the userInfo dictionary.
145 | UIKIT_EXTERN NSNotificationName const UIKeyboardWillChangeFrameNotification API_AVAILABLE(ios(5.0)) API_UNAVAILABLE(tvos, watchos) NS_SWIFT_NONISOLATED;
146 | UIKIT_EXTERN NSNotificationName const UIKeyboardDidChangeFrameNotification API_AVAILABLE(ios(5.0)) API_UNAVAILABLE(tvos, watchos) NS_SWIFT_NONISOLATED;
| `- note: 'keyboardDidChangeFrameNotification' has been explicitly marked unavailable here
147 |
148 | // These keys are superseded by UIKeyboardFrameBeginUserInfoKey and UIKeyboardFrameEndUserInfoKey.
/Users/admin/builder/spi-builder-workspace/.dependencies/checkouts/swift-keyboard-observer/KeyboardObserver/Sources/KeyboardObserver.swift:112:25: error: 'keyboardWillHideNotification' is unavailable in tvOS
110 | )
111 | for name in [
112 | UIResponder.keyboardWillHideNotification,
| `- error: 'keyboardWillHideNotification' is unavailable in tvOS
113 | UIResponder.keyboardDidHideNotification,
114 | UIResponder.keyboardWillShowNotification,
/Applications/Xcode-27.0.0.app/Contents/Developer/Platforms/AppleTVOS.platform/Developer/SDKs/AppleTVOS27.0.sdk/System/Library/Frameworks/UIKit.framework/Headers/UIWindow.h:134:39: note: 'keyboardWillHideNotification' has been explicitly marked unavailable here
132 | UIKIT_EXTERN NSNotificationName const UIKeyboardWillShowNotification API_UNAVAILABLE(tvos, watchos) NS_SWIFT_NONISOLATED;
133 | UIKIT_EXTERN NSNotificationName const UIKeyboardDidShowNotification API_UNAVAILABLE(tvos, watchos) NS_SWIFT_NONISOLATED;
134 | UIKIT_EXTERN NSNotificationName const UIKeyboardWillHideNotification API_UNAVAILABLE(tvos, watchos) NS_SWIFT_NONISOLATED;
| `- note: 'keyboardWillHideNotification' has been explicitly marked unavailable here
135 | UIKIT_EXTERN NSNotificationName const UIKeyboardDidHideNotification API_UNAVAILABLE(tvos, watchos) NS_SWIFT_NONISOLATED;
136 |
/Users/admin/builder/spi-builder-workspace/.dependencies/checkouts/swift-keyboard-observer/KeyboardObserver/Sources/KeyboardObserver.swift:113:25: error: 'keyboardDidHideNotification' is unavailable in tvOS
111 | for name in [
112 | UIResponder.keyboardWillHideNotification,
113 | UIResponder.keyboardDidHideNotification,
| `- error: 'keyboardDidHideNotification' is unavailable in tvOS
114 | UIResponder.keyboardWillShowNotification,
115 | UIResponder.keyboardDidShowNotification,
/Applications/Xcode-27.0.0.app/Contents/Developer/Platforms/AppleTVOS.platform/Developer/SDKs/AppleTVOS27.0.sdk/System/Library/Frameworks/UIKit.framework/Headers/UIWindow.h:135:39: note: 'keyboardDidHideNotification' has been explicitly marked unavailable here
133 | UIKIT_EXTERN NSNotificationName const UIKeyboardDidShowNotification API_UNAVAILABLE(tvos, watchos) NS_SWIFT_NONISOLATED;
134 | UIKIT_EXTERN NSNotificationName const UIKeyboardWillHideNotification API_UNAVAILABLE(tvos, watchos) NS_SWIFT_NONISOLATED;
135 | UIKIT_EXTERN NSNotificationName const UIKeyboardDidHideNotification API_UNAVAILABLE(tvos, watchos) NS_SWIFT_NONISOLATED;
| `- note: 'keyboardDidHideNotification' has been explicitly marked unavailable here
136 |
137 | UIKIT_EXTERN NSString *const UIKeyboardFrameBeginUserInfoKey API_AVAILABLE(ios(3.2)) API_UNAVAILABLE(tvos, watchos) NS_SWIFT_NONISOLATED; // NSValue of CGRect
/Users/admin/builder/spi-builder-workspace/.dependencies/checkouts/swift-keyboard-observer/KeyboardObserver/Sources/KeyboardObserver.swift:114:25: error: 'keyboardWillShowNotification' is unavailable in tvOS
112 | UIResponder.keyboardWillHideNotification,
113 | UIResponder.keyboardDidHideNotification,
114 | UIResponder.keyboardWillShowNotification,
| `- error: 'keyboardWillShowNotification' is unavailable in tvOS
115 | UIResponder.keyboardDidShowNotification,
116 | ] {
/Applications/Xcode-27.0.0.app/Contents/Developer/Platforms/AppleTVOS.platform/Developer/SDKs/AppleTVOS27.0.sdk/System/Library/Frameworks/UIKit.framework/Headers/UIWindow.h:132:39: note: 'keyboardWillShowNotification' has been explicitly marked unavailable here
130 | // Use the various UICoordinateSpace convertRect facilities to get the frame in the desired coordinate system.
131 | // Animation key/value pairs are only available for the "will" family of notification.
132 | UIKIT_EXTERN NSNotificationName const UIKeyboardWillShowNotification API_UNAVAILABLE(tvos, watchos) NS_SWIFT_NONISOLATED;
| `- note: 'keyboardWillShowNotification' has been explicitly marked unavailable here
133 | UIKIT_EXTERN NSNotificationName const UIKeyboardDidShowNotification API_UNAVAILABLE(tvos, watchos) NS_SWIFT_NONISOLATED;
134 | UIKIT_EXTERN NSNotificationName const UIKeyboardWillHideNotification API_UNAVAILABLE(tvos, watchos) NS_SWIFT_NONISOLATED;
/Users/admin/builder/spi-builder-workspace/.dependencies/checkouts/swift-keyboard-observer/KeyboardObserver/Sources/KeyboardObserver.swift:115:25: error: 'keyboardDidShowNotification' is unavailable in tvOS
113 | UIResponder.keyboardDidHideNotification,
114 | UIResponder.keyboardWillShowNotification,
115 | UIResponder.keyboardDidShowNotification,
| `- error: 'keyboardDidShowNotification' is unavailable in tvOS
116 | ] {
117 | self.center.addObserver(
/Applications/Xcode-27.0.0.app/Contents/Developer/Platforms/AppleTVOS.platform/Developer/SDKs/AppleTVOS27.0.sdk/System/Library/Frameworks/UIKit.framework/Headers/UIWindow.h:133:39: note: 'keyboardDidShowNotification' has been explicitly marked unavailable here
131 | // Animation key/value pairs are only available for the "will" family of notification.
132 | UIKIT_EXTERN NSNotificationName const UIKeyboardWillShowNotification API_UNAVAILABLE(tvos, watchos) NS_SWIFT_NONISOLATED;
133 | UIKIT_EXTERN NSNotificationName const UIKeyboardDidShowNotification API_UNAVAILABLE(tvos, watchos) NS_SWIFT_NONISOLATED;
| `- note: 'keyboardDidShowNotification' has been explicitly marked unavailable here
134 | UIKIT_EXTERN NSNotificationName const UIKeyboardWillHideNotification API_UNAVAILABLE(tvos, watchos) NS_SWIFT_NONISOLATED;
135 | UIKIT_EXTERN NSNotificationName const UIKeyboardDidHideNotification API_UNAVAILABLE(tvos, watchos) NS_SWIFT_NONISOLATED;
/Users/admin/builder/spi-builder-workspace/.dependencies/checkouts/swift-keyboard-observer/KeyboardObserver/Sources/KeyboardObserver.swift:289:61: error: 'keyboardWillHideNotification' is unavailable in tvOS
287 |
288 | let wasHidden = isKeyboardHidden
289 | isKeyboardHidden = notification.name == UIResponder.keyboardWillHideNotification
| `- error: 'keyboardWillHideNotification' is unavailable in tvOS
290 | || notification.name == UIResponder.keyboardDidHideNotification
291 | receivedUpdatedKeyboardInfo(info, forceNotify: wasHidden != isKeyboardHidden)
/Applications/Xcode-27.0.0.app/Contents/Developer/Platforms/AppleTVOS.platform/Developer/SDKs/AppleTVOS27.0.sdk/System/Library/Frameworks/UIKit.framework/Headers/UIWindow.h:134:39: note: 'keyboardWillHideNotification' has been explicitly marked unavailable here
132 | UIKIT_EXTERN NSNotificationName const UIKeyboardWillShowNotification API_UNAVAILABLE(tvos, watchos) NS_SWIFT_NONISOLATED;
133 | UIKIT_EXTERN NSNotificationName const UIKeyboardDidShowNotification API_UNAVAILABLE(tvos, watchos) NS_SWIFT_NONISOLATED;
134 | UIKIT_EXTERN NSNotificationName const UIKeyboardWillHideNotification API_UNAVAILABLE(tvos, watchos) NS_SWIFT_NONISOLATED;
| `- note: 'keyboardWillHideNotification' has been explicitly marked unavailable here
135 | UIKIT_EXTERN NSNotificationName const UIKeyboardDidHideNotification API_UNAVAILABLE(tvos, watchos) NS_SWIFT_NONISOLATED;
136 |
/Users/admin/builder/spi-builder-workspace/.dependencies/checkouts/swift-keyboard-observer/KeyboardObserver/Sources/KeyboardObserver.swift:290:49: error: 'keyboardDidHideNotification' is unavailable in tvOS
288 | let wasHidden = isKeyboardHidden
289 | isKeyboardHidden = notification.name == UIResponder.keyboardWillHideNotification
290 | || notification.name == UIResponder.keyboardDidHideNotification
| `- error: 'keyboardDidHideNotification' is unavailable in tvOS
291 | receivedUpdatedKeyboardInfo(info, forceNotify: wasHidden != isKeyboardHidden)
292 | }
/Applications/Xcode-27.0.0.app/Contents/Developer/Platforms/AppleTVOS.platform/Developer/SDKs/AppleTVOS27.0.sdk/System/Library/Frameworks/UIKit.framework/Headers/UIWindow.h:135:39: note: 'keyboardDidHideNotification' has been explicitly marked unavailable here
133 | UIKIT_EXTERN NSNotificationName const UIKeyboardDidShowNotification API_UNAVAILABLE(tvos, watchos) NS_SWIFT_NONISOLATED;
134 | UIKIT_EXTERN NSNotificationName const UIKeyboardWillHideNotification API_UNAVAILABLE(tvos, watchos) NS_SWIFT_NONISOLATED;
135 | UIKIT_EXTERN NSNotificationName const UIKeyboardDidHideNotification API_UNAVAILABLE(tvos, watchos) NS_SWIFT_NONISOLATED;
| `- note: 'keyboardDidHideNotification' has been explicitly marked unavailable here
136 |
137 | UIKIT_EXTERN NSString *const UIKeyboardFrameBeginUserInfoKey API_AVAILABLE(ios(3.2)) API_UNAVAILABLE(tvos, watchos) NS_SWIFT_NONISOLATED; // NSValue of CGRect
/Users/admin/builder/spi-builder-workspace/.dependencies/checkouts/swift-keyboard-observer/KeyboardObserver/Sources/KeyboardObserver.swift:329:59: error: 'keyboardFrameEndUserInfoKey' is unavailable in tvOS
327 | }
328 |
329 | guard let endingFrame = (userInfo[UIResponder.keyboardFrameEndUserInfoKey] as? NSValue)?.cgRectValue else {
| `- error: 'keyboardFrameEndUserInfoKey' is unavailable in tvOS
330 | throw ParseError.missingEndingFrame
331 | }
/Applications/Xcode-27.0.0.app/Contents/Developer/Platforms/AppleTVOS.platform/Developer/SDKs/AppleTVOS27.0.sdk/System/Library/Frameworks/UIKit.framework/Headers/UIWindow.h:138:30: note: 'keyboardFrameEndUserInfoKey' has been explicitly marked unavailable here
136 |
137 | UIKIT_EXTERN NSString *const UIKeyboardFrameBeginUserInfoKey API_AVAILABLE(ios(3.2)) API_UNAVAILABLE(tvos, watchos) NS_SWIFT_NONISOLATED; // NSValue of CGRect
138 | UIKIT_EXTERN NSString *const UIKeyboardFrameEndUserInfoKey API_AVAILABLE(ios(3.2)) API_UNAVAILABLE(tvos, watchos) NS_SWIFT_NONISOLATED; // NSValue of CGRect
| `- note: 'keyboardFrameEndUserInfoKey' has been explicitly marked unavailable here
139 | UIKIT_EXTERN NSString *const UIKeyboardAnimationDurationUserInfoKey API_AVAILABLE(ios(3.0)) API_UNAVAILABLE(tvos, watchos) NS_SWIFT_NONISOLATED; // NSNumber of double
140 | UIKIT_EXTERN NSString *const UIKeyboardAnimationCurveUserInfoKey API_AVAILABLE(ios(3.0)) API_UNAVAILABLE(tvos, watchos) NS_SWIFT_NONISOLATED; // NSNumber of NSUInteger (UIViewAnimationCurve)
/Users/admin/builder/spi-builder-workspace/.dependencies/checkouts/swift-keyboard-observer/KeyboardObserver/Sources/KeyboardObserver.swift:335:65: error: 'keyboardAnimationDurationUserInfoKey' is unavailable in tvOS
333 | self.endingFrame = endingFrame
334 |
335 | guard let animationDuration = (userInfo[UIResponder.keyboardAnimationDurationUserInfoKey] as? NSNumber)?.doubleValue else {
| `- error: 'keyboardAnimationDurationUserInfoKey' is unavailable in tvOS
336 | throw ParseError.missingAnimationDuration
337 | }
/Applications/Xcode-27.0.0.app/Contents/Developer/Platforms/AppleTVOS.platform/Developer/SDKs/AppleTVOS27.0.sdk/System/Library/Frameworks/UIKit.framework/Headers/UIWindow.h:139:30: note: 'keyboardAnimationDurationUserInfoKey' has been explicitly marked unavailable here
137 | UIKIT_EXTERN NSString *const UIKeyboardFrameBeginUserInfoKey API_AVAILABLE(ios(3.2)) API_UNAVAILABLE(tvos, watchos) NS_SWIFT_NONISOLATED; // NSValue of CGRect
138 | UIKIT_EXTERN NSString *const UIKeyboardFrameEndUserInfoKey API_AVAILABLE(ios(3.2)) API_UNAVAILABLE(tvos, watchos) NS_SWIFT_NONISOLATED; // NSValue of CGRect
139 | UIKIT_EXTERN NSString *const UIKeyboardAnimationDurationUserInfoKey API_AVAILABLE(ios(3.0)) API_UNAVAILABLE(tvos, watchos) NS_SWIFT_NONISOLATED; // NSNumber of double
| `- note: 'keyboardAnimationDurationUserInfoKey' has been explicitly marked unavailable here
140 | UIKIT_EXTERN NSString *const UIKeyboardAnimationCurveUserInfoKey API_AVAILABLE(ios(3.0)) API_UNAVAILABLE(tvos, watchos) NS_SWIFT_NONISOLATED; // NSNumber of NSUInteger (UIViewAnimationCurve)
141 | UIKIT_EXTERN NSString *const UIKeyboardIsLocalUserInfoKey API_AVAILABLE(ios(9.0)) API_UNAVAILABLE(tvos, watchos) NS_SWIFT_NONISOLATED; // NSNumber of BOOL
/Users/admin/builder/spi-builder-workspace/.dependencies/checkouts/swift-keyboard-observer/KeyboardObserver/Sources/KeyboardObserver.swift:341:58: error: 'keyboardAnimationCurveUserInfoKey' is unavailable in tvOS
339 | self.animationDuration = animationDuration
340 |
341 | guard let curveValue = (userInfo[UIResponder.keyboardAnimationCurveUserInfoKey] as? NSNumber)?.intValue,
| `- error: 'keyboardAnimationCurveUserInfoKey' is unavailable in tvOS
342 | let animationCurve = UIView.AnimationCurve(rawValue: curveValue)
343 | else {
/Applications/Xcode-27.0.0.app/Contents/Developer/Platforms/AppleTVOS.platform/Developer/SDKs/AppleTVOS27.0.sdk/System/Library/Frameworks/UIKit.framework/Headers/UIWindow.h:140:30: note: 'keyboardAnimationCurveUserInfoKey' has been explicitly marked unavailable here
138 | UIKIT_EXTERN NSString *const UIKeyboardFrameEndUserInfoKey API_AVAILABLE(ios(3.2)) API_UNAVAILABLE(tvos, watchos) NS_SWIFT_NONISOLATED; // NSValue of CGRect
139 | UIKIT_EXTERN NSString *const UIKeyboardAnimationDurationUserInfoKey API_AVAILABLE(ios(3.0)) API_UNAVAILABLE(tvos, watchos) NS_SWIFT_NONISOLATED; // NSNumber of double
140 | UIKIT_EXTERN NSString *const UIKeyboardAnimationCurveUserInfoKey API_AVAILABLE(ios(3.0)) API_UNAVAILABLE(tvos, watchos) NS_SWIFT_NONISOLATED; // NSNumber of NSUInteger (UIViewAnimationCurve)
| `- note: 'keyboardAnimationCurveUserInfoKey' has been explicitly marked unavailable here
141 | UIKIT_EXTERN NSString *const UIKeyboardIsLocalUserInfoKey API_AVAILABLE(ios(9.0)) API_UNAVAILABLE(tvos, watchos) NS_SWIFT_NONISOLATED; // NSNumber of BOOL
142 |
Failed frontend command:
SwiftCompile normal arm64 /Users/admin/builder/spi-builder-workspace/.dependencies/checkouts/swift-keyboard-observer/KeyboardObserver/Sources/KeyboardObserver.swift (in target 'KeyboardObserver' from project 'KeyboardObserver')
cd /Users/admin/builder/spi-builder-workspace/.swiftpm/xcode
builtin-SwiftPerFileCompile KeyboardObserver.swift
/Applications/Xcode-27.0.0.app/Contents/Developer/Toolchains/XcodeDefault.xctoolchain/usr/bin/swift-frontend -frontend -c -primary-file /Users/admin/builder/spi-builder-workspace/.dependencies/checkouts/swift-keyboard-observer/KeyboardObserver/Sources/KeyboardObserver.swift -emit-dependencies-path /Users/admin/builder/spi-builder-workspace/.derivedData/Build/Intermediates.noindex/KeyboardObserver.build/Debug-appletvos/KeyboardObserver-t.build/Objects-normal/arm64/KeyboardObserver.d -emit-const-values-path /Users/admin/builder/spi-builder-workspace/.derivedData/Build/Intermediates.noindex/KeyboardObserver.build/Debug-appletvos/KeyboardObserver-t.build/Objects-normal/arm64/KeyboardObserver.swiftconstvalues -emit-reference-dependencies-path /Users/admin/builder/spi-builder-workspace/.derivedData/Build/Intermediates.noindex/KeyboardObserver.build/Debug-appletvos/KeyboardObserver-t.build/Objects-normal/arm64/KeyboardObserver.swiftdeps -serialize-diagnostics-path /Users/admin/builder/spi-builder-workspace/.derivedData/Build/Intermediates.noindex/KeyboardObserver.build/Debug-appletvos/KeyboardObserver-t.build/Objects-normal/arm64/KeyboardObserver.dia -target arm64-apple-tvos15.0 -disable-cross-import-overlay-search -load-resolved-plugin /Applications/Xcode-27.0.0.app/Contents/Developer/Platforms/AppleTVOS.platform/Developer/usr/lib/swift/host/plugins/libFoundationMacros.dylib\#/Applications/Xcode-27.0.0.app/Contents/Developer/Platforms/AppleTVOS.platform/Developer/usr/bin/swift-plugin-server\#FoundationMacros -load-resolved-plugin /Applications/Xcode-27.0.0.app/Contents/Developer/Platforms/AppleTVOS.platform/Developer/usr/lib/swift/host/plugins/libObservationMacros.dylib\#/Applications/Xcode-27.0.0.app/Contents/Developer/Platforms/AppleTVOS.platform/Developer/usr/bin/swift-plugin-server\#ObservationMacros -load-resolved-plugin /Applications/Xcode-27.0.0.app/Contents/Developer/Platforms/AppleTVOS.platform/Developer/usr/lib/swift/host/plugins/libPreviewsMacros.dylib\#/Applications/Xcode-27.0.0.app/Contents/Developer/Platforms/AppleTVOS.platform/Developer/usr/bin/swift-plugin-server\#PreviewsMacros -load-resolved-plugin /Applications/Xcode-27.0.0.app/Contents/Developer/Platforms/AppleTVOS.platform/Developer/usr/lib/swift/host/plugins/libSwiftMacros.dylib\#/Applications/Xcode-27.0.0.app/Contents/Developer/Platforms/AppleTVOS.platform/Developer/usr/bin/swift-plugin-server\#SwiftMacros -load-resolved-plugin /Applications/Xcode-27.0.0.app/Contents/Developer/Platforms/AppleTVOS.platform/Developer/usr/lib/swift/host/plugins/libSwiftUIMacros.dylib\#/Applications/Xcode-27.0.0.app/Contents/Developer/Platforms/AppleTVOS.platform/Developer/usr/bin/swift-plugin-server\#SwiftUIMacros -disable-implicit-swift-modules -Xcc -fno-implicit-modules -Xcc -fno-implicit-module-maps -explicit-swift-module-map-file /Users/admin/builder/spi-builder-workspace/.derivedData/Build/Intermediates.noindex/KeyboardObserver.build/Debug-appletvos/KeyboardObserver-t.build/Objects-normal/arm64/KeyboardObserver-dependencies-1.json -Xllvm -aarch64-use-tbi -enable-objc-interop -stack-check -sdk /Applications/Xcode-27.0.0.app/Contents/Developer/Platforms/AppleTVOS.platform/Developer/SDKs/AppleTVOS27.0.sdk -I /Users/admin/builder/spi-builder-workspace/.derivedData/Build/Products/Debug-appletvos -Isystem /Applications/Xcode-27.0.0.app/Contents/Developer/Platforms/AppleTVOS.platform/Developer/usr/lib -F /Users/admin/builder/spi-builder-workspace/.derivedData/Build/Products/Debug-appletvos -F /Applications/Xcode-27.0.0.app/Contents/Developer/Platforms/AppleTVOS.platform/Developer/Library/Frameworks -F /Applications/Xcode-27.0.0.app/Contents/Developer/Platforms/AppleTVOS.platform/Developer/SDKs/AppleTVOS27.0.sdk/Developer/Library/Frameworks -module-cache-path /Users/admin/builder/spi-builder-workspace/.derivedData/Build/Intermediates.noindex/SwiftExplicitPrecompiledModules -no-color-diagnostics -Xcc -fno-color-diagnostics -enable-testing -g -debug-info-format\=dwarf -dwarf-version\=4 -suppress-warnings -profile-generate -profile-coverage-mapping -swift-version 5 -Onone -D SWIFT_PACKAGE -D DEBUG -D SWIFT_MODULE_RESOURCE_BUNDLE_UNAVAILABLE -D Xcode -serialize-debugging-options -enable-experimental-feature DebugDescriptionMacro -empty-abi-descriptor -validate-clang-modules-once -clang-build-session-file /Users/admin/builder/spi-builder-workspace/.derivedData/ModuleCache.noindex/Session.modulevalidation -Xcc -working-directory -Xcc /Users/admin/builder/spi-builder-workspace/.swiftpm/xcode -enable-anonymous-context-mangled-names -file-compilation-dir /Users/admin/builder/spi-builder-workspace/.swiftpm/xcode -Xcc -D_LIBCPP_HARDENING_MODE\=_LIBCPP_HARDENING_MODE_DEBUG -Xcc -ivfsstatcache -Xcc /Users/admin/builder/spi-builder-workspace/.derivedData/SDKStatCaches.noindex/appletvos27.0-24J360-e829b21a6f8c9b70876ba0858053c044509235ffd515576fb835ffc8f67461e5.sdkstatcache -Xcc -fmodules-prune-interval\=86400 -Xcc -fmodules-prune-after\=345600 -Xcc -I/Users/admin/builder/spi-builder-workspace/.derivedData/Build/Products/Debug-appletvos/include -Xcc -I/Users/admin/builder/spi-builder-workspace/.derivedData/Build/Intermediates.noindex/KeyboardObserver.build/Debug-appletvos/KeyboardObserver-t.build/DerivedSources-normal/arm64 -Xcc -I/Users/admin/builder/spi-builder-workspace/.derivedData/Build/Intermediates.noindex/KeyboardObserver.build/Debug-appletvos/KeyboardObserver-t.build/DerivedSources/arm64 -Xcc -I/Users/admin/builder/spi-builder-workspace/.derivedData/Build/Intermediates.noindex/KeyboardObserver.build/Debug-appletvos/KeyboardObserver-t.build/DerivedSources -Xcc -DSWIFT_PACKAGE -Xcc -DDEBUG\=1 -no-auto-bridging-header-chaining -module-name KeyboardObserver -package-name swift_keyboard_observer -const-gather-protocols-file /Users/admin/builder/spi-builder-workspace/.derivedData/Build/Intermediates.noindex/KeyboardObserver.build/Debug-appletvos/KeyboardObserver-t.build/Objects-normal/arm64/KeyboardObserver_const_extract_protocols.json -disable-clang-spi -clang-target arm64-apple-tvos27.0 -target-sdk-version 27.0 -target-sdk-name appletvos27.0 -in-process-plugin-server-path /Applications/Xcode-27.0.0.app/Contents/Developer/Toolchains/XcodeDefault.xctoolchain/usr/lib/swift/host/libSwiftInProcPluginServer.dylib -parse-as-library -o /Users/admin/builder/spi-builder-workspace/.derivedData/Build/Intermediates.noindex/KeyboardObserver.build/Debug-appletvos/KeyboardObserver-t.build/Objects-normal/arm64/KeyboardObserver.o -debug-module-path /Users/admin/builder/spi-builder-workspace/.derivedData/Build/Intermediates.noindex/KeyboardObserver.build/Debug-appletvos/KeyboardObserver-t.build/Objects-normal/arm64/KeyboardObserver.swiftmodule -index-unit-output-path /KeyboardObserver.build/Debug-appletvos/KeyboardObserver-t.build/Objects-normal/arm64/KeyboardObserver.o -index-store-path /Users/admin/builder/spi-builder-workspace/.derivedData/Index.noindex/DataStore -index-system-modules
SwiftEmitModule normal arm64 Emitting\ module\ for\ BlueprintUI (in target 'BlueprintUI' from project 'BlueprintUI')
SwiftCompile normal arm64 (in target 'BlueprintUI' from project 'BlueprintUI')
cd /Users/admin/builder/spi-builder-workspace/.swiftpm/xcode
SwiftCompile normal arm64 Compiling\ UIView.swift,\ UIViewAnimationOptions.swift,\ HintingSizeCache.swift,\ LayoutModeKey.swift,\ LayoutResultNode.swift,\ LayoutTreeNode.swift,\ Logger.swift,\ Measurer.swift,\ Metatype.swift,\ NativeViewNode.swift,\ OSLog+Blueprint.swift /Users/admin/builder/spi-builder-workspace/BlueprintUI/Sources/Internal/Extensions/UIView.swift /Users/admin/builder/spi-builder-workspace/BlueprintUI/Sources/Internal/Extensions/UIViewAnimationOptions.swift /Users/admin/builder/spi-builder-workspace/BlueprintUI/Sources/Internal/HintingSizeCache.swift /Users/admin/builder/spi-builder-workspace/BlueprintUI/Sources/Internal/LayoutModeKey.swift /Users/admin/builder/spi-builder-workspace/BlueprintUI/Sources/Internal/LayoutResultNode.swift /Users/admin/builder/spi-builder-workspace/BlueprintUI/Sources/Internal/LayoutTreeNode.swift /Users/admin/builder/spi-builder-workspace/BlueprintUI/Sources/Internal/Logger.swift /Users/admin/builder/spi-builder-workspace/BlueprintUI/Sources/Internal/Measurer.swift /Users/admin/builder/spi-builder-workspace/BlueprintUI/Sources/Internal/Metatype.swift /Users/admin/builder/spi-builder-workspace/BlueprintUI/Sources/Internal/NativeViewNode.swift /Users/admin/builder/spi-builder-workspace/BlueprintUI/Sources/Internal/OSLog+Blueprint.swift (in target 'BlueprintUI' from project 'BlueprintUI')
SwiftCompile normal arm64 /Users/admin/builder/spi-builder-workspace/BlueprintUI/Sources/Internal/Extensions/UIView.swift (in target 'BlueprintUI' from project 'BlueprintUI')
cd /Users/admin/builder/spi-builder-workspace/.swiftpm/xcode
builtin-SwiftPerFileCompile UIView.swift
SwiftCompile normal arm64 /Users/admin/builder/spi-builder-workspace/BlueprintUI/Sources/Internal/Extensions/UIViewAnimationOptions.swift (in target 'BlueprintUI' from project 'BlueprintUI')
cd /Users/admin/builder/spi-builder-workspace/.swiftpm/xcode
builtin-SwiftPerFileCompile UIViewAnimationOptions.swift
SwiftCompile normal arm64 /Users/admin/builder/spi-builder-workspace/BlueprintUI/Sources/Internal/HintingSizeCache.swift (in target 'BlueprintUI' from project 'BlueprintUI')
cd /Users/admin/builder/spi-builder-workspace/.swiftpm/xcode
builtin-SwiftPerFileCompile HintingSizeCache.swift
SwiftCompile normal arm64 /Users/admin/builder/spi-builder-workspace/BlueprintUI/Sources/Internal/LayoutModeKey.swift (in target 'BlueprintUI' from project 'BlueprintUI')
cd /Users/admin/builder/spi-builder-workspace/.swiftpm/xcode
builtin-SwiftPerFileCompile LayoutModeKey.swift
SwiftCompile normal arm64 /Users/admin/builder/spi-builder-workspace/BlueprintUI/Sources/Internal/LayoutResultNode.swift (in target 'BlueprintUI' from project 'BlueprintUI')
cd /Users/admin/builder/spi-builder-workspace/.swiftpm/xcode
builtin-SwiftPerFileCompile LayoutResultNode.swift
SwiftCompile normal arm64 /Users/admin/builder/spi-builder-workspace/BlueprintUI/Sources/Internal/LayoutTreeNode.swift (in target 'BlueprintUI' from project 'BlueprintUI')
cd /Users/admin/builder/spi-builder-workspace/.swiftpm/xcode
builtin-SwiftPerFileCompile LayoutTreeNode.swift
SwiftCompile normal arm64 /Users/admin/builder/spi-builder-workspace/BlueprintUI/Sources/Internal/Logger.swift (in target 'BlueprintUI' from project 'BlueprintUI')
cd /Users/admin/builder/spi-builder-workspace/.swiftpm/xcode
builtin-SwiftPerFileCompile Logger.swift
SwiftCompile normal arm64 /Users/admin/builder/spi-builder-workspace/BlueprintUI/Sources/Internal/Measurer.swift (in target 'BlueprintUI' from project 'BlueprintUI')
cd /Users/admin/builder/spi-builder-workspace/.swiftpm/xcode
builtin-SwiftPerFileCompile Measurer.swift
SwiftCompile normal arm64 /Users/admin/builder/spi-builder-workspace/BlueprintUI/Sources/Internal/Metatype.swift (in target 'BlueprintUI' from project 'BlueprintUI')
cd /Users/admin/builder/spi-builder-workspace/.swiftpm/xcode
builtin-SwiftPerFileCompile Metatype.swift
SwiftCompile normal arm64 /Users/admin/builder/spi-builder-workspace/BlueprintUI/Sources/Internal/NativeViewNode.swift (in target 'BlueprintUI' from project 'BlueprintUI')
cd /Users/admin/builder/spi-builder-workspace/.swiftpm/xcode
builtin-SwiftPerFileCompile NativeViewNode.swift
SwiftCompile normal arm64 /Users/admin/builder/spi-builder-workspace/BlueprintUI/Sources/Internal/OSLog+Blueprint.swift (in target 'BlueprintUI' from project 'BlueprintUI')
cd /Users/admin/builder/spi-builder-workspace/.swiftpm/xcode
builtin-SwiftPerFileCompile OSLog+Blueprint.swift
SwiftCompile normal arm64 Compiling\ AttributedText.swift,\ AttributedTextKey.swift,\ TextAttributeContainer.swift,\ BlueprintView.swift,\ ElementPreview.swift,\ Accessibility.swift,\ ContentStorage.swift,\ Element.swift,\ ElementContent.swift,\ EnvironmentAdaptingStorage.swift,\ LayoutStorage.swift /Users/admin/builder/spi-builder-workspace/BlueprintUI/Sources/AttributedText/AttributedText.swift /Users/admin/builder/spi-builder-workspace/BlueprintUI/Sources/AttributedText/AttributedTextKey.swift /Users/admin/builder/spi-builder-workspace/BlueprintUI/Sources/AttributedText/TextAttributeContainer.swift /Users/admin/builder/spi-builder-workspace/BlueprintUI/Sources/BlueprintView/BlueprintView.swift /Users/admin/builder/spi-builder-workspace/BlueprintUI/Sources/BlueprintView/ElementPreview.swift /Users/admin/builder/spi-builder-workspace/BlueprintUI/Sources/Element/Accessibility.swift /Users/admin/builder/spi-builder-workspace/BlueprintUI/Sources/Element/ContentStorage.swift /Users/admin/builder/spi-builder-workspace/BlueprintUI/Sources/Element/Element.swift /Users/admin/builder/spi-builder-workspace/BlueprintUI/Sources/Element/ElementContent.swift /Users/admin/builder/spi-builder-workspace/BlueprintUI/Sources/Element/EnvironmentAdaptingStorage.swift /Users/admin/builder/spi-builder-workspace/BlueprintUI/Sources/Element/LayoutStorage.swift (in target 'BlueprintUI' from project 'BlueprintUI')
SwiftCompile normal arm64 /Users/admin/builder/spi-builder-workspace/BlueprintUI/Sources/AttributedText/AttributedText.swift (in target 'BlueprintUI' from project 'BlueprintUI')
cd /Users/admin/builder/spi-builder-workspace/.swiftpm/xcode
builtin-SwiftPerFileCompile AttributedText.swift
SwiftCompile normal arm64 /Users/admin/builder/spi-builder-workspace/BlueprintUI/Sources/AttributedText/AttributedTextKey.swift (in target 'BlueprintUI' from project 'BlueprintUI')
cd /Users/admin/builder/spi-builder-workspace/.swiftpm/xcode
builtin-SwiftPerFileCompile AttributedTextKey.swift
SwiftCompile normal arm64 /Users/admin/builder/spi-builder-workspace/BlueprintUI/Sources/AttributedText/TextAttributeContainer.swift (in target 'BlueprintUI' from project 'BlueprintUI')
cd /Users/admin/builder/spi-builder-workspace/.swiftpm/xcode
builtin-SwiftPerFileCompile TextAttributeContainer.swift
SwiftCompile normal arm64 /Users/admin/builder/spi-builder-workspace/BlueprintUI/Sources/BlueprintView/BlueprintView.swift (in target 'BlueprintUI' from project 'BlueprintUI')
cd /Users/admin/builder/spi-builder-workspace/.swiftpm/xcode
builtin-SwiftPerFileCompile BlueprintView.swift
SwiftCompile normal arm64 /Users/admin/builder/spi-builder-workspace/BlueprintUI/Sources/BlueprintView/ElementPreview.swift (in target 'BlueprintUI' from project 'BlueprintUI')
cd /Users/admin/builder/spi-builder-workspace/.swiftpm/xcode
builtin-SwiftPerFileCompile ElementPreview.swift
SwiftCompile normal arm64 /Users/admin/builder/spi-builder-workspace/BlueprintUI/Sources/Element/Accessibility.swift (in target 'BlueprintUI' from project 'BlueprintUI')
cd /Users/admin/builder/spi-builder-workspace/.swiftpm/xcode
builtin-SwiftPerFileCompile Accessibility.swift
SwiftCompile normal arm64 /Users/admin/builder/spi-builder-workspace/BlueprintUI/Sources/Element/ContentStorage.swift (in target 'BlueprintUI' from project 'BlueprintUI')
cd /Users/admin/builder/spi-builder-workspace/.swiftpm/xcode
builtin-SwiftPerFileCompile ContentStorage.swift
SwiftCompile normal arm64 /Users/admin/builder/spi-builder-workspace/BlueprintUI/Sources/Element/Element.swift (in target 'BlueprintUI' from project 'BlueprintUI')
cd /Users/admin/builder/spi-builder-workspace/.swiftpm/xcode
builtin-SwiftPerFileCompile Element.swift
SwiftCompile normal arm64 /Users/admin/builder/spi-builder-workspace/BlueprintUI/Sources/Element/ElementContent.swift (in target 'BlueprintUI' from project 'BlueprintUI')
cd /Users/admin/builder/spi-builder-workspace/.swiftpm/xcode
builtin-SwiftPerFileCompile ElementContent.swift
SwiftCompile normal arm64 /Users/admin/builder/spi-builder-workspace/BlueprintUI/Sources/Element/EnvironmentAdaptingStorage.swift (in target 'BlueprintUI' from project 'BlueprintUI')
cd /Users/admin/builder/spi-builder-workspace/.swiftpm/xcode
builtin-SwiftPerFileCompile EnvironmentAdaptingStorage.swift
SwiftCompile normal arm64 /Users/admin/builder/spi-builder-workspace/BlueprintUI/Sources/Element/LayoutStorage.swift (in target 'BlueprintUI' from project 'BlueprintUI')
cd /Users/admin/builder/spi-builder-workspace/.swiftpm/xcode
builtin-SwiftPerFileCompile LayoutStorage.swift
SwiftCompile normal arm64 Compiling\ FocusBinding.swift,\ FocusState.swift,\ FocusTrigger.swift,\ CacheClearer.swift,\ ElementIdentifier.swift,\ ElementPath.swift,\ AnyObject+Debugging.swift,\ CATransform3D.swift,\ CGPoint.swift,\ CGRect.swift,\ CGSize+Extensions.swift /Users/admin/builder/spi-builder-workspace/BlueprintUI/Sources/Focus/FocusBinding.swift /Users/admin/builder/spi-builder-workspace/BlueprintUI/Sources/Focus/FocusState.swift /Users/admin/builder/spi-builder-workspace/BlueprintUI/Sources/Focus/FocusTrigger.swift /Users/admin/builder/spi-builder-workspace/BlueprintUI/Sources/Internal/CacheClearer.swift /Users/admin/builder/spi-builder-workspace/BlueprintUI/Sources/Internal/ElementIdentifier.swift /Users/admin/builder/spi-builder-workspace/BlueprintUI/Sources/Internal/ElementPath.swift /Users/admin/builder/spi-builder-workspace/BlueprintUI/Sources/Internal/Extensions/AnyObject+Debugging.swift /Users/admin/builder/spi-builder-workspace/BlueprintUI/Sources/Internal/Extensions/CATransform3D.swift /Users/admin/builder/spi-builder-workspace/BlueprintUI/Sources/Internal/Extensions/CGPoint.swift /Users/admin/builder/spi-builder-workspace/BlueprintUI/Sources/Internal/Extensions/CGRect.swift /Users/admin/builder/spi-builder-workspace/BlueprintUI/Sources/Internal/Extensions/CGSize+Extensions.swift (in target 'BlueprintUI' from project 'BlueprintUI')
SwiftCompile normal arm64 /Users/admin/builder/spi-builder-workspace/BlueprintUI/Sources/Focus/FocusBinding.swift (in target 'BlueprintUI' from project 'BlueprintUI')
cd /Users/admin/builder/spi-builder-workspace/.swiftpm/xcode
builtin-SwiftPerFileCompile FocusBinding.swift
SwiftCompile normal arm64 /Users/admin/builder/spi-builder-workspace/BlueprintUI/Sources/Focus/FocusState.swift (in target 'BlueprintUI' from project 'BlueprintUI')
cd /Users/admin/builder/spi-builder-workspace/.swiftpm/xcode
builtin-SwiftPerFileCompile FocusState.swift
SwiftCompile normal arm64 /Users/admin/builder/spi-builder-workspace/BlueprintUI/Sources/Focus/FocusTrigger.swift (in target 'BlueprintUI' from project 'BlueprintUI')
cd /Users/admin/builder/spi-builder-workspace/.swiftpm/xcode
builtin-SwiftPerFileCompile FocusTrigger.swift
SwiftCompile normal arm64 /Users/admin/builder/spi-builder-workspace/BlueprintUI/Sources/Internal/CacheClearer.swift (in target 'BlueprintUI' from project 'BlueprintUI')
cd /Users/admin/builder/spi-builder-workspace/.swiftpm/xcode
builtin-SwiftPerFileCompile CacheClearer.swift
SwiftCompile normal arm64 /Users/admin/builder/spi-builder-workspace/BlueprintUI/Sources/Internal/ElementIdentifier.swift (in target 'BlueprintUI' from project 'BlueprintUI')
cd /Users/admin/builder/spi-builder-workspace/.swiftpm/xcode
builtin-SwiftPerFileCompile ElementIdentifier.swift
SwiftCompile normal arm64 /Users/admin/builder/spi-builder-workspace/BlueprintUI/Sources/Internal/ElementPath.swift (in target 'BlueprintUI' from project 'BlueprintUI')
cd /Users/admin/builder/spi-builder-workspace/.swiftpm/xcode
builtin-SwiftPerFileCompile ElementPath.swift
SwiftCompile normal arm64 /Users/admin/builder/spi-builder-workspace/BlueprintUI/Sources/Internal/Extensions/AnyObject+Debugging.swift (in target 'BlueprintUI' from project 'BlueprintUI')
cd /Users/admin/builder/spi-builder-workspace/.swiftpm/xcode
builtin-SwiftPerFileCompile AnyObject+Debugging.swift
SwiftCompile normal arm64 /Users/admin/builder/spi-builder-workspace/BlueprintUI/Sources/Internal/Extensions/CATransform3D.swift (in target 'BlueprintUI' from project 'BlueprintUI')
cd /Users/admin/builder/spi-builder-workspace/.swiftpm/xcode
builtin-SwiftPerFileCompile CATransform3D.swift
SwiftCompile normal arm64 /Users/admin/builder/spi-builder-workspace/BlueprintUI/Sources/Internal/Extensions/CGPoint.swift (in target 'BlueprintUI' from project 'BlueprintUI')
cd /Users/admin/builder/spi-builder-workspace/.swiftpm/xcode
builtin-SwiftPerFileCompile CGPoint.swift
SwiftCompile normal arm64 /Users/admin/builder/spi-builder-workspace/BlueprintUI/Sources/Internal/Extensions/CGRect.swift (in target 'BlueprintUI' from project 'BlueprintUI')
cd /Users/admin/builder/spi-builder-workspace/.swiftpm/xcode
builtin-SwiftPerFileCompile CGRect.swift
SwiftCompile normal arm64 /Users/admin/builder/spi-builder-workspace/BlueprintUI/Sources/Internal/Extensions/CGSize+Extensions.swift (in target 'BlueprintUI' from project 'BlueprintUI')
cd /Users/admin/builder/spi-builder-workspace/.swiftpm/xcode
builtin-SwiftPerFileCompile CGSize+Extensions.swift
SwiftCompile normal arm64 Compiling\ Conditionals.swift,\ ConstrainedAspectRatio.swift,\ ConstrainedSize.swift,\ Decorate.swift,\ ElementBuilder.swift,\ ElementDimensions.swift,\ Empty.swift,\ EqualStack.swift,\ FloatingPoint+ScaleRounding.swift,\ Flow.swift,\ GeometryReader.swift /Users/admin/builder/spi-builder-workspace/BlueprintUI/Sources/Layout/Conditionals.swift /Users/admin/builder/spi-builder-workspace/BlueprintUI/Sources/Layout/ConstrainedAspectRatio.swift /Users/admin/builder/spi-builder-workspace/BlueprintUI/Sources/Layout/ConstrainedSize.swift /Users/admin/builder/spi-builder-workspace/BlueprintUI/Sources/Layout/Decorate.swift /Users/admin/builder/spi-builder-workspace/BlueprintUI/Sources/Layout/ElementBuilder.swift /Users/admin/builder/spi-builder-workspace/BlueprintUI/Sources/Layout/ElementDimensions.swift /Users/admin/builder/spi-builder-workspace/BlueprintUI/Sources/Layout/Empty.swift /Users/admin/builder/spi-builder-workspace/BlueprintUI/Sources/Layout/EqualStack.swift /Users/admin/builder/spi-builder-workspace/BlueprintUI/Sources/Layout/FloatingPoint+ScaleRounding.swift /Users/admin/builder/spi-builder-workspace/BlueprintUI/Sources/Layout/Flow.swift /Users/admin/builder/spi-builder-workspace/BlueprintUI/Sources/Layout/GeometryReader.swift (in target 'BlueprintUI' from project 'BlueprintUI')
SwiftCompile normal arm64 /Users/admin/builder/spi-builder-workspace/BlueprintUI/Sources/Layout/Conditionals.swift (in target 'BlueprintUI' from project 'BlueprintUI')
cd /Users/admin/builder/spi-builder-workspace/.swiftpm/xcode
builtin-SwiftPerFileCompile Conditionals.swift
SwiftCompile normal arm64 /Users/admin/builder/spi-builder-workspace/BlueprintUI/Sources/Layout/ConstrainedAspectRatio.swift (in target 'BlueprintUI' from project 'BlueprintUI')
cd /Users/admin/builder/spi-builder-workspace/.swiftpm/xcode
builtin-SwiftPerFileCompile ConstrainedAspectRatio.swift
SwiftCompile normal arm64 /Users/admin/builder/spi-builder-workspace/BlueprintUI/Sources/Layout/ConstrainedSize.swift (in target 'BlueprintUI' from project 'BlueprintUI')
cd /Users/admin/builder/spi-builder-workspace/.swiftpm/xcode
builtin-SwiftPerFileCompile ConstrainedSize.swift
SwiftCompile normal arm64 /Users/admin/builder/spi-builder-workspace/BlueprintUI/Sources/Layout/Decorate.swift (in target 'BlueprintUI' from project 'BlueprintUI')
cd /Users/admin/builder/spi-builder-workspace/.swiftpm/xcode
builtin-SwiftPerFileCompile Decorate.swift
SwiftCompile normal arm64 /Users/admin/builder/spi-builder-workspace/BlueprintUI/Sources/Layout/ElementBuilder.swift (in target 'BlueprintUI' from project 'BlueprintUI')
cd /Users/admin/builder/spi-builder-workspace/.swiftpm/xcode
builtin-SwiftPerFileCompile ElementBuilder.swift
SwiftCompile normal arm64 /Users/admin/builder/spi-builder-workspace/BlueprintUI/Sources/Layout/ElementDimensions.swift (in target 'BlueprintUI' from project 'BlueprintUI')
cd /Users/admin/builder/spi-builder-workspace/.swiftpm/xcode
builtin-SwiftPerFileCompile ElementDimensions.swift
SwiftCompile normal arm64 /Users/admin/builder/spi-builder-workspace/BlueprintUI/Sources/Layout/Empty.swift (in target 'BlueprintUI' from project 'BlueprintUI')
cd /Users/admin/builder/spi-builder-workspace/.swiftpm/xcode
builtin-SwiftPerFileCompile Empty.swift
SwiftCompile normal arm64 /Users/admin/builder/spi-builder-workspace/BlueprintUI/Sources/Layout/EqualStack.swift (in target 'BlueprintUI' from project 'BlueprintUI')
cd /Users/admin/builder/spi-builder-workspace/.swiftpm/xcode
builtin-SwiftPerFileCompile EqualStack.swift
SwiftCompile normal arm64 /Users/admin/builder/spi-builder-workspace/BlueprintUI/Sources/Layout/FloatingPoint+ScaleRounding.swift (in target 'BlueprintUI' from project 'BlueprintUI')
cd /Users/admin/builder/spi-builder-workspace/.swiftpm/xcode
builtin-SwiftPerFileCompile FloatingPoint+ScaleRounding.swift
SwiftCompile normal arm64 /Users/admin/builder/spi-builder-workspace/BlueprintUI/Sources/Layout/Flow.swift (in target 'BlueprintUI' from project 'BlueprintUI')
cd /Users/admin/builder/spi-builder-workspace/.swiftpm/xcode
builtin-SwiftPerFileCompile Flow.swift
SwiftCompile normal arm64 /Users/admin/builder/spi-builder-workspace/BlueprintUI/Sources/Layout/GeometryReader.swift (in target 'BlueprintUI' from project 'BlueprintUI')
cd /Users/admin/builder/spi-builder-workspace/.swiftpm/xcode
builtin-SwiftPerFileCompile GeometryReader.swift
SwiftCompile normal arm64 Compiling\ Transformed.swift,\ UnitPoint.swift,\ UserInteractionEnabled.swift,\ Measurable.swift,\ SizeConstraint.swift,\ AnimationAttributes.swift,\ LayoutTransition.swift,\ LifecycleCallback.swift,\ ViewDescription.swift,\ VisibilityTransition.swift /Users/admin/builder/spi-builder-workspace/BlueprintUI/Sources/Layout/Transformed.swift /Users/admin/builder/spi-builder-workspace/BlueprintUI/Sources/Layout/UnitPoint.swift /Users/admin/builder/spi-builder-workspace/BlueprintUI/Sources/Layout/UserInteractionEnabled.swift /Users/admin/builder/spi-builder-workspace/BlueprintUI/Sources/Measuring/Measurable.swift /Users/admin/builder/spi-builder-workspace/BlueprintUI/Sources/Measuring/SizeConstraint.swift /Users/admin/builder/spi-builder-workspace/BlueprintUI/Sources/ViewDescription/AnimationAttributes.swift /Users/admin/builder/spi-builder-workspace/BlueprintUI/Sources/ViewDescription/LayoutTransition.swift /Users/admin/builder/spi-builder-workspace/BlueprintUI/Sources/ViewDescription/LifecycleCallback.swift /Users/admin/builder/spi-builder-workspace/BlueprintUI/Sources/ViewDescription/ViewDescription.swift /Users/admin/builder/spi-builder-workspace/BlueprintUI/Sources/ViewDescription/VisibilityTransition.swift (in target 'BlueprintUI' from project 'BlueprintUI')
SwiftCompile normal arm64 /Users/admin/builder/spi-builder-workspace/BlueprintUI/Sources/Layout/Transformed.swift (in target 'BlueprintUI' from project 'BlueprintUI')
cd /Users/admin/builder/spi-builder-workspace/.swiftpm/xcode
builtin-SwiftPerFileCompile Transformed.swift
SwiftCompile normal arm64 /Users/admin/builder/spi-builder-workspace/BlueprintUI/Sources/Layout/UnitPoint.swift (in target 'BlueprintUI' from project 'BlueprintUI')
cd /Users/admin/builder/spi-builder-workspace/.swiftpm/xcode
builtin-SwiftPerFileCompile UnitPoint.swift
SwiftCompile normal arm64 /Users/admin/builder/spi-builder-workspace/BlueprintUI/Sources/Layout/UserInteractionEnabled.swift (in target 'BlueprintUI' from project 'BlueprintUI')
cd /Users/admin/builder/spi-builder-workspace/.swiftpm/xcode
builtin-SwiftPerFileCompile UserInteractionEnabled.swift
SwiftCompile normal arm64 /Users/admin/builder/spi-builder-workspace/BlueprintUI/Sources/Measuring/Measurable.swift (in target 'BlueprintUI' from project 'BlueprintUI')
cd /Users/admin/builder/spi-builder-workspace/.swiftpm/xcode
builtin-SwiftPerFileCompile Measurable.swift
SwiftCompile normal arm64 /Users/admin/builder/spi-builder-workspace/BlueprintUI/Sources/Measuring/SizeConstraint.swift (in target 'BlueprintUI' from project 'BlueprintUI')
cd /Users/admin/builder/spi-builder-workspace/.swiftpm/xcode
builtin-SwiftPerFileCompile SizeConstraint.swift
SwiftCompile normal arm64 /Users/admin/builder/spi-builder-workspace/BlueprintUI/Sources/ViewDescription/AnimationAttributes.swift (in target 'BlueprintUI' from project 'BlueprintUI')
cd /Users/admin/builder/spi-builder-workspace/.swiftpm/xcode
builtin-SwiftPerFileCompile AnimationAttributes.swift
SwiftCompile normal arm64 /Users/admin/builder/spi-builder-workspace/BlueprintUI/Sources/ViewDescription/LayoutTransition.swift (in target 'BlueprintUI' from project 'BlueprintUI')
cd /Users/admin/builder/spi-builder-workspace/.swiftpm/xcode
builtin-SwiftPerFileCompile LayoutTransition.swift
SwiftCompile normal arm64 /Users/admin/builder/spi-builder-workspace/BlueprintUI/Sources/ViewDescription/LifecycleCallback.swift (in target 'BlueprintUI' from project 'BlueprintUI')
cd /Users/admin/builder/spi-builder-workspace/.swiftpm/xcode
builtin-SwiftPerFileCompile LifecycleCallback.swift
SwiftCompile normal arm64 /Users/admin/builder/spi-builder-workspace/BlueprintUI/Sources/ViewDescription/ViewDescription.swift (in target 'BlueprintUI' from project 'BlueprintUI')
cd /Users/admin/builder/spi-builder-workspace/.swiftpm/xcode
builtin-SwiftPerFileCompile ViewDescription.swift
SwiftCompile normal arm64 /Users/admin/builder/spi-builder-workspace/BlueprintUI/Sources/ViewDescription/VisibilityTransition.swift (in target 'BlueprintUI' from project 'BlueprintUI')
cd /Users/admin/builder/spi-builder-workspace/.swiftpm/xcode
builtin-SwiftPerFileCompile VisibilityTransition.swift
SwiftCompile normal arm64 Compiling\ GridRow.swift,\ Hidden.swift,\ Inset.swift,\ Keyed.swift,\ Layout.swift,\ LayoutAttributes.swift,\ LayoutMode.swift,\ LayoutOptions.swift,\ LayoutSubelement.swift,\ LayoutTraits.swift,\ LayoutTraitsKey.swift /Users/admin/builder/spi-builder-workspace/BlueprintUI/Sources/Layout/GridRow.swift /Users/admin/builder/spi-builder-workspace/BlueprintUI/Sources/Layout/Hidden.swift /Users/admin/builder/spi-builder-workspace/BlueprintUI/Sources/Layout/Inset.swift /Users/admin/builder/spi-builder-workspace/BlueprintUI/Sources/Layout/Keyed.swift /Users/admin/builder/spi-builder-workspace/BlueprintUI/Sources/Layout/Layout.swift /Users/admin/builder/spi-builder-workspace/BlueprintUI/Sources/Layout/LayoutAttributes.swift /Users/admin/builder/spi-builder-workspace/BlueprintUI/Sources/Layout/LayoutMode.swift /Users/admin/builder/spi-builder-workspace/BlueprintUI/Sources/Layout/LayoutOptions.swift /Users/admin/builder/spi-builder-workspace/BlueprintUI/Sources/Layout/LayoutSubelement.swift /Users/admin/builder/spi-builder-workspace/BlueprintUI/Sources/Layout/LayoutTraits.swift /Users/admin/builder/spi-builder-workspace/BlueprintUI/Sources/Layout/LayoutTraitsKey.swift (in target 'BlueprintUI' from project 'BlueprintUI')
SwiftCompile normal arm64 /Users/admin/builder/spi-builder-workspace/BlueprintUI/Sources/Layout/GridRow.swift (in target 'BlueprintUI' from project 'BlueprintUI')
cd /Users/admin/builder/spi-builder-workspace/.swiftpm/xcode
builtin-SwiftPerFileCompile GridRow.swift
SwiftCompile normal arm64 /Users/admin/builder/spi-builder-workspace/BlueprintUI/Sources/Layout/Hidden.swift (in target 'BlueprintUI' from project 'BlueprintUI')
cd /Users/admin/builder/spi-builder-workspace/.swiftpm/xcode
builtin-SwiftPerFileCompile Hidden.swift
SwiftCompile normal arm64 /Users/admin/builder/spi-builder-workspace/BlueprintUI/Sources/Layout/Inset.swift (in target 'BlueprintUI' from project 'BlueprintUI')
cd /Users/admin/builder/spi-builder-workspace/.swiftpm/xcode
builtin-SwiftPerFileCompile Inset.swift
SwiftCompile normal arm64 /Users/admin/builder/spi-builder-workspace/BlueprintUI/Sources/Layout/Keyed.swift (in target 'BlueprintUI' from project 'BlueprintUI')
cd /Users/admin/builder/spi-builder-workspace/.swiftpm/xcode
builtin-SwiftPerFileCompile Keyed.swift
SwiftCompile normal arm64 /Users/admin/builder/spi-builder-workspace/BlueprintUI/Sources/Layout/Layout.swift (in target 'BlueprintUI' from project 'BlueprintUI')
cd /Users/admin/builder/spi-builder-workspace/.swiftpm/xcode
builtin-SwiftPerFileCompile Layout.swift
SwiftCompile normal arm64 /Users/admin/builder/spi-builder-workspace/BlueprintUI/Sources/Layout/LayoutAttributes.swift (in target 'BlueprintUI' from project 'BlueprintUI')
cd /Users/admin/builder/spi-builder-workspace/.swiftpm/xcode
builtin-SwiftPerFileCompile LayoutAttributes.swift
SwiftCompile normal arm64 /Users/admin/builder/spi-builder-workspace/BlueprintUI/Sources/Layout/LayoutMode.swift (in target 'BlueprintUI' from project 'BlueprintUI')
cd /Users/admin/builder/spi-builder-workspace/.swiftpm/xcode
builtin-SwiftPerFileCompile LayoutMode.swift
SwiftCompile normal arm64 /Users/admin/builder/spi-builder-workspace/BlueprintUI/Sources/Layout/LayoutOptions.swift (in target 'BlueprintUI' from project 'BlueprintUI')
cd /Users/admin/builder/spi-builder-workspace/.swiftpm/xcode
builtin-SwiftPerFileCompile LayoutOptions.swift
SwiftCompile normal arm64 /Users/admin/builder/spi-builder-workspace/BlueprintUI/Sources/Layout/LayoutSubelement.swift (in target 'BlueprintUI' from project 'BlueprintUI')
cd /Users/admin/builder/spi-builder-workspace/.swiftpm/xcode
builtin-SwiftPerFileCompile LayoutSubelement.swift
SwiftCompile normal arm64 /Users/admin/builder/spi-builder-workspace/BlueprintUI/Sources/Layout/LayoutTraits.swift (in target 'BlueprintUI' from project 'BlueprintUI')
cd /Users/admin/builder/spi-builder-workspace/.swiftpm/xcode
builtin-SwiftPerFileCompile LayoutTraits.swift
SwiftCompile normal arm64 /Users/admin/builder/spi-builder-workspace/BlueprintUI/Sources/Layout/LayoutTraitsKey.swift (in target 'BlueprintUI' from project 'BlueprintUI')
cd /Users/admin/builder/spi-builder-workspace/.swiftpm/xcode
builtin-SwiftPerFileCompile LayoutTraitsKey.swift
SwiftCompile normal arm64 Compiling\ LazyStorage.swift,\ MeasurableStorage.swift,\ MeasureElementStorage.swift,\ PassthroughStorage.swift,\ ProxyElement.swift,\ UIViewElement.swift,\ AdaptedEnvironment.swift,\ Environment.swift,\ EnvironmentKey.swift,\ EnvironmentReader.swift,\ AccessibilityLinkKey.swift /Users/admin/builder/spi-builder-workspace/BlueprintUI/Sources/Element/LazyStorage.swift /Users/admin/builder/spi-builder-workspace/BlueprintUI/Sources/Element/MeasurableStorage.swift /Users/admin/builder/spi-builder-workspace/BlueprintUI/Sources/Element/MeasureElementStorage.swift /Users/admin/builder/spi-builder-workspace/BlueprintUI/Sources/Element/PassthroughStorage.swift /Users/admin/builder/spi-builder-workspace/BlueprintUI/Sources/Element/ProxyElement.swift /Users/admin/builder/spi-builder-workspace/BlueprintUI/Sources/Element/UIViewElement.swift /Users/admin/builder/spi-builder-workspace/BlueprintUI/Sources/Environment/AdaptedEnvironment.swift /Users/admin/builder/spi-builder-workspace/BlueprintUI/Sources/Environment/Environment.swift /Users/admin/builder/spi-builder-workspace/BlueprintUI/Sources/Environment/EnvironmentKey.swift /Users/admin/builder/spi-builder-workspace/BlueprintUI/Sources/Environment/EnvironmentReader.swift /Users/admin/builder/spi-builder-workspace/BlueprintUI/Sources/Environment/Keys/AccessibilityLinkKey.swift (in target 'BlueprintUI' from project 'BlueprintUI')
SwiftCompile normal arm64 /Users/admin/builder/spi-builder-workspace/BlueprintUI/Sources/Element/LazyStorage.swift (in target 'BlueprintUI' from project 'BlueprintUI')
cd /Users/admin/builder/spi-builder-workspace/.swiftpm/xcode
builtin-SwiftPerFileCompile LazyStorage.swift
SwiftCompile normal arm64 /Users/admin/builder/spi-builder-workspace/BlueprintUI/Sources/Element/MeasurableStorage.swift (in target 'BlueprintUI' from project 'BlueprintUI')
cd /Users/admin/builder/spi-builder-workspace/.swiftpm/xcode
builtin-SwiftPerFileCompile MeasurableStorage.swift
SwiftCompile normal arm64 /Users/admin/builder/spi-builder-workspace/BlueprintUI/Sources/Element/MeasureElementStorage.swift (in target 'BlueprintUI' from project 'BlueprintUI')
cd /Users/admin/builder/spi-builder-workspace/.swiftpm/xcode
builtin-SwiftPerFileCompile MeasureElementStorage.swift
SwiftCompile normal arm64 /Users/admin/builder/spi-builder-workspace/BlueprintUI/Sources/Element/PassthroughStorage.swift (in target 'BlueprintUI' from project 'BlueprintUI')
cd /Users/admin/builder/spi-builder-workspace/.swiftpm/xcode
builtin-SwiftPerFileCompile PassthroughStorage.swift
SwiftCompile normal arm64 /Users/admin/builder/spi-builder-workspace/BlueprintUI/Sources/Element/ProxyElement.swift (in target 'BlueprintUI' from project 'BlueprintUI')
cd /Users/admin/builder/spi-builder-workspace/.swiftpm/xcode
builtin-SwiftPerFileCompile ProxyElement.swift
SwiftCompile normal arm64 /Users/admin/builder/spi-builder-workspace/BlueprintUI/Sources/Element/UIViewElement.swift (in target 'BlueprintUI' from project 'BlueprintUI')
cd /Users/admin/builder/spi-builder-workspace/.swiftpm/xcode
builtin-SwiftPerFileCompile UIViewElement.swift
SwiftCompile normal arm64 /Users/admin/builder/spi-builder-workspace/BlueprintUI/Sources/Environment/AdaptedEnvironment.swift (in target 'BlueprintUI' from project 'BlueprintUI')
cd /Users/admin/builder/spi-builder-workspace/.swiftpm/xcode
builtin-SwiftPerFileCompile AdaptedEnvironment.swift
SwiftCompile normal arm64 /Users/admin/builder/spi-builder-workspace/BlueprintUI/Sources/Environment/Environment.swift (in target 'BlueprintUI' from project 'BlueprintUI')
cd /Users/admin/builder/spi-builder-workspace/.swiftpm/xcode
builtin-SwiftPerFileCompile Environment.swift
SwiftCompile normal arm64 /Users/admin/builder/spi-builder-workspace/BlueprintUI/Sources/Environment/EnvironmentKey.swift (in target 'BlueprintUI' from project 'BlueprintUI')
cd /Users/admin/builder/spi-builder-workspace/.swiftpm/xcode
builtin-SwiftPerFileCompile EnvironmentKey.swift
SwiftCompile normal arm64 /Users/admin/builder/spi-builder-workspace/BlueprintUI/Sources/Environment/EnvironmentReader.swift (in target 'BlueprintUI' from project 'BlueprintUI')
cd /Users/admin/builder/spi-builder-workspace/.swiftpm/xcode
builtin-SwiftPerFileCompile EnvironmentReader.swift
SwiftCompile normal arm64 /Users/admin/builder/spi-builder-workspace/BlueprintUI/Sources/Environment/Keys/AccessibilityLinkKey.swift (in target 'BlueprintUI' from project 'BlueprintUI')
cd /Users/admin/builder/spi-builder-workspace/.swiftpm/xcode
builtin-SwiftPerFileCompile AccessibilityLinkKey.swift
SwiftCompile normal arm64 Compiling\ CalendarKey.swift,\ DisplayScaleKey.swift,\ LayoutDirectionKey.swift,\ LocaleKey.swift,\ SafeAreaInsetsKey.swift,\ TimeZoneKey.swift,\ WindowSizeKey.swift,\ BidirectionalCollection+Blueprint.swift,\ CGSize+Blueprint.swift,\ FloatingPoint+Blueprint.swift,\ UIAccessibilityTraits+Blueprint.swift /Users/admin/builder/spi-builder-workspace/BlueprintUI/Sources/Environment/Keys/CalendarKey.swift /Users/admin/builder/spi-builder-workspace/BlueprintUI/Sources/Environment/Keys/DisplayScaleKey.swift /Users/admin/builder/spi-builder-workspace/BlueprintUI/Sources/Environment/Keys/LayoutDirectionKey.swift /Users/admin/builder/spi-builder-workspace/BlueprintUI/Sources/Environment/Keys/LocaleKey.swift /Users/admin/builder/spi-builder-workspace/BlueprintUI/Sources/Environment/Keys/SafeAreaInsetsKey.swift /Users/admin/builder/spi-builder-workspace/BlueprintUI/Sources/Environment/Keys/TimeZoneKey.swift /Users/admin/builder/spi-builder-workspace/BlueprintUI/Sources/Environment/Keys/WindowSizeKey.swift /Users/admin/builder/spi-builder-workspace/BlueprintUI/Sources/Extensions/BidirectionalCollection+Blueprint.swift /Users/admin/builder/spi-builder-workspace/BlueprintUI/Sources/Extensions/CGSize+Blueprint.swift /Users/admin/builder/spi-builder-workspace/BlueprintUI/Sources/Extensions/FloatingPoint+Blueprint.swift /Users/admin/builder/spi-builder-workspace/BlueprintUI/Sources/Extensions/UIAccessibilityTraits+Blueprint.swift (in target 'BlueprintUI' from project 'BlueprintUI')
SwiftCompile normal arm64 /Users/admin/builder/spi-builder-workspace/BlueprintUI/Sources/Environment/Keys/CalendarKey.swift (in target 'BlueprintUI' from project 'BlueprintUI')
cd /Users/admin/builder/spi-builder-workspace/.swiftpm/xcode
builtin-SwiftPerFileCompile CalendarKey.swift
SwiftCompile normal arm64 /Users/admin/builder/spi-builder-workspace/BlueprintUI/Sources/Environment/Keys/DisplayScaleKey.swift (in target 'BlueprintUI' from project 'BlueprintUI')
cd /Users/admin/builder/spi-builder-workspace/.swiftpm/xcode
builtin-SwiftPerFileCompile DisplayScaleKey.swift
SwiftCompile normal arm64 /Users/admin/builder/spi-builder-workspace/BlueprintUI/Sources/Environment/Keys/LayoutDirectionKey.swift (in target 'BlueprintUI' from project 'BlueprintUI')
cd /Users/admin/builder/spi-builder-workspace/.swiftpm/xcode
builtin-SwiftPerFileCompile LayoutDirectionKey.swift
SwiftCompile normal arm64 /Users/admin/builder/spi-builder-workspace/BlueprintUI/Sources/Environment/Keys/LocaleKey.swift (in target 'BlueprintUI' from project 'BlueprintUI')
cd /Users/admin/builder/spi-builder-workspace/.swiftpm/xcode
builtin-SwiftPerFileCompile LocaleKey.swift
SwiftCompile normal arm64 /Users/admin/builder/spi-builder-workspace/BlueprintUI/Sources/Environment/Keys/SafeAreaInsetsKey.swift (in target 'BlueprintUI' from project 'BlueprintUI')
cd /Users/admin/builder/spi-builder-workspace/.swiftpm/xcode
builtin-SwiftPerFileCompile SafeAreaInsetsKey.swift
SwiftCompile normal arm64 /Users/admin/builder/spi-builder-workspace/BlueprintUI/Sources/Environment/Keys/TimeZoneKey.swift (in target 'BlueprintUI' from project 'BlueprintUI')
cd /Users/admin/builder/spi-builder-workspace/.swiftpm/xcode
builtin-SwiftPerFileCompile TimeZoneKey.swift
SwiftCompile normal arm64 /Users/admin/builder/spi-builder-workspace/BlueprintUI/Sources/Environment/Keys/WindowSizeKey.swift (in target 'BlueprintUI' from project 'BlueprintUI')
cd /Users/admin/builder/spi-builder-workspace/.swiftpm/xcode
builtin-SwiftPerFileCompile WindowSizeKey.swift
SwiftCompile normal arm64 /Users/admin/builder/spi-builder-workspace/BlueprintUI/Sources/Extensions/BidirectionalCollection+Blueprint.swift (in target 'BlueprintUI' from project 'BlueprintUI')
cd /Users/admin/builder/spi-builder-workspace/.swiftpm/xcode
builtin-SwiftPerFileCompile BidirectionalCollection+Blueprint.swift
SwiftCompile normal arm64 /Users/admin/builder/spi-builder-workspace/BlueprintUI/Sources/Extensions/CGSize+Blueprint.swift (in target 'BlueprintUI' from project 'BlueprintUI')
cd /Users/admin/builder/spi-builder-workspace/.swiftpm/xcode
builtin-SwiftPerFileCompile CGSize+Blueprint.swift
SwiftCompile normal arm64 /Users/admin/builder/spi-builder-workspace/BlueprintUI/Sources/Extensions/FloatingPoint+Blueprint.swift (in target 'BlueprintUI' from project 'BlueprintUI')
cd /Users/admin/builder/spi-builder-workspace/.swiftpm/xcode
builtin-SwiftPerFileCompile FloatingPoint+Blueprint.swift
SwiftCompile normal arm64 /Users/admin/builder/spi-builder-workspace/BlueprintUI/Sources/Extensions/UIAccessibilityTraits+Blueprint.swift (in target 'BlueprintUI' from project 'BlueprintUI')
cd /Users/admin/builder/spi-builder-workspace/.swiftpm/xcode
builtin-SwiftPerFileCompile UIAccessibilityTraits+Blueprint.swift
SwiftDriverJobDiscovery normal arm64 Emitting module for KeyboardObserver (in target 'KeyboardObserver' from project 'KeyboardObserver')
SwiftDriver\ Compilation\ Requirements KeyboardObserver normal arm64 com.apple.xcode.tools.swift.compiler (in target 'KeyboardObserver' from project 'KeyboardObserver')
cd /Users/admin/builder/spi-builder-workspace/.swiftpm/xcode
builtin-Swift-Compilation-Requirements -- /Applications/Xcode-27.0.0.app/Contents/Developer/Toolchains/XcodeDefault.xctoolchain/usr/bin/swiftc -parse-as-library -module-name KeyboardObserver -Onone @/Users/admin/builder/spi-builder-workspace/.derivedData/Build/Intermediates.noindex/KeyboardObserver.build/Debug-appletvos/KeyboardObserver-t.build/Objects-normal/arm64/KeyboardObserver.SwiftFileList -DSWIFT_PACKAGE -DDEBUG -DSWIFT_MODULE_RESOURCE_BUNDLE_UNAVAILABLE -DXcode -plugin-path /Applications/Xcode-27.0.0.app/Contents/Developer/Toolchains/XcodeDefault.xctoolchain/usr/lib/swift/host/plugins/testing -enable-experimental-feature DebugDescriptionMacro -sdk /Applications/Xcode-27.0.0.app/Contents/Developer/Platforms/AppleTVOS.platform/Developer/SDKs/AppleTVOS27.0.sdk -target arm64-apple-tvos15.0 -g -module-cache-path /Users/admin/builder/spi-builder-workspace/.derivedData/ModuleCache.noindex -Xfrontend -serialize-debugging-options -profile-coverage-mapping -profile-generate -enable-testing -suppress-warnings -index-store-path /Users/admin/builder/spi-builder-workspace/.derivedData/Index.noindex/DataStore -Xcc -D_LIBCPP_HARDENING_MODE\=_LIBCPP_HARDENING_MODE_DEBUG -swift-version 5 -I /Users/admin/builder/spi-builder-workspace/.derivedData/Build/Products/Debug-appletvos -Isystem /Applications/Xcode-27.0.0.app/Contents/Developer/Platforms/AppleTVOS.platform/Developer/usr/lib -F /Users/admin/builder/spi-builder-workspace/.derivedData/Build/Products/Debug-appletvos -F /Applications/Xcode-27.0.0.app/Contents/Developer/Platforms/AppleTVOS.platform/Developer/Library/Frameworks -F /Applications/Xcode-27.0.0.app/Contents/Developer/Platforms/AppleTVOS.platform/Developer/SDKs/AppleTVOS27.0.sdk/Developer/Library/Frameworks -c -j10 -enable-batch-mode -incremental -Xcc -ivfsstatcache -Xcc /Users/admin/builder/spi-builder-workspace/.derivedData/SDKStatCaches.noindex/appletvos27.0-24J360-e829b21a6f8c9b70876ba0858053c044509235ffd515576fb835ffc8f67461e5.sdkstatcache -output-file-map /Users/admin/builder/spi-builder-workspace/.derivedData/Build/Intermediates.noindex/KeyboardObserver.build/Debug-appletvos/KeyboardObserver-t.build/Objects-normal/arm64/KeyboardObserver-OutputFileMap.json -save-temps -no-color-diagnostics -explicit-module-build -module-cache-path /Users/admin/builder/spi-builder-workspace/.derivedData/Build/Intermediates.noindex/SwiftExplicitPrecompiledModules -clang-scanner-module-cache-path /Users/admin/builder/spi-builder-workspace/.derivedData/ModuleCache.noindex -sdk-module-cache-path /Users/admin/builder/spi-builder-workspace/.derivedData/SDKExplicitPrecompiledModules -emit-dependencies -emit-module -emit-module-path /Users/admin/builder/spi-builder-workspace/.derivedData/Build/Intermediates.noindex/KeyboardObserver.build/Debug-appletvos/KeyboardObserver-t.build/Objects-normal/arm64/KeyboardObserver.swiftmodule -serialize-diagnostics -dependency-scan-serialize-diagnostics-path /Users/admin/builder/spi-builder-workspace/.derivedData/Build/Intermediates.noindex/KeyboardObserver.build/Debug-appletvos/KeyboardObserver-t.build/Objects-normal/arm64/KeyboardObserver-dependency-scan.dia -validate-clang-modules-once -clang-build-session-file /Users/admin/builder/spi-builder-workspace/.derivedData/ModuleCache.noindex/Session.modulevalidation -Xcc -fmodules-prune-interval\=86400 -Xcc -fmodules-prune-after\=345600 -package-name swift_keyboard_observer -emit-const-values -const-gather-protocols-list /Users/admin/builder/spi-builder-workspace/.derivedData/Build/Intermediates.noindex/KeyboardObserver.build/Debug-appletvos/KeyboardObserver-t.build/Objects-normal/arm64/KeyboardObserver_const_extract_protocols.json -Xcc -I/Users/admin/builder/spi-builder-workspace/.derivedData/Build/Products/Debug-appletvos/include -Xcc -I/Users/admin/builder/spi-builder-workspace/.derivedData/Build/Intermediates.noindex/KeyboardObserver.build/Debug-appletvos/KeyboardObserver-t.build/DerivedSources-normal/arm64 -Xcc -I/Users/admin/builder/spi-builder-workspace/.derivedData/Build/Intermediates.noindex/KeyboardObserver.build/Debug-appletvos/KeyboardObserver-t.build/DerivedSources/arm64 -Xcc -I/Users/admin/builder/spi-builder-workspace/.derivedData/Build/Intermediates.noindex/KeyboardObserver.build/Debug-appletvos/KeyboardObserver-t.build/DerivedSources -Xcc -DSWIFT_PACKAGE -Xcc -DDEBUG\=1 -emit-objc-header -emit-objc-header-path /Users/admin/builder/spi-builder-workspace/.derivedData/Build/Intermediates.noindex/KeyboardObserver.build/Debug-appletvos/KeyboardObserver-t.build/Objects-normal/arm64/KeyboardObserver-Swift.h -working-directory /Users/admin/builder/spi-builder-workspace/.swiftpm/xcode -experimental-emit-module-separately -disable-cmo
SwiftDriverJobDiscovery normal arm64 Emitting module for BlueprintUI (in target 'BlueprintUI' from project 'BlueprintUI')
SwiftDriver\ Compilation\ Requirements BlueprintUI normal arm64 com.apple.xcode.tools.swift.compiler (in target 'BlueprintUI' from project 'BlueprintUI')
cd /Users/admin/builder/spi-builder-workspace/.swiftpm/xcode
builtin-Swift-Compilation-Requirements -- /Applications/Xcode-27.0.0.app/Contents/Developer/Toolchains/XcodeDefault.xctoolchain/usr/bin/swiftc -parse-as-library -module-name BlueprintUI -Onone @/Users/admin/builder/spi-builder-workspace/.derivedData/Build/Intermediates.noindex/BlueprintUI.build/Debug-appletvos/BlueprintUI-t.build/Objects-normal/arm64/BlueprintUI.SwiftFileList -DSWIFT_PACKAGE -DDEBUG -DSWIFT_MODULE_RESOURCE_BUNDLE_UNAVAILABLE -DXcode -plugin-path /Applications/Xcode-27.0.0.app/Contents/Developer/Toolchains/XcodeDefault.xctoolchain/usr/lib/swift/host/plugins/testing -enable-experimental-feature DebugDescriptionMacro -sdk /Applications/Xcode-27.0.0.app/Contents/Developer/Platforms/AppleTVOS.platform/Developer/SDKs/AppleTVOS27.0.sdk -target arm64-apple-tvos15.0 -g -module-cache-path /Users/admin/builder/spi-builder-workspace/.derivedData/ModuleCache.noindex -Xfrontend -serialize-debugging-options -profile-coverage-mapping -profile-generate -enable-testing -index-store-path /Users/admin/builder/spi-builder-workspace/.derivedData/Index.noindex/DataStore -Xcc -D_LIBCPP_HARDENING_MODE\=_LIBCPP_HARDENING_MODE_DEBUG -swift-version 5 -I /Users/admin/builder/spi-builder-workspace/.derivedData/Build/Products/Debug-appletvos -Isystem /Applications/Xcode-27.0.0.app/Contents/Developer/Platforms/AppleTVOS.platform/Developer/usr/lib -F /Users/admin/builder/spi-builder-workspace/.derivedData/Build/Products/Debug-appletvos -F /Applications/Xcode-27.0.0.app/Contents/Developer/Platforms/AppleTVOS.platform/Developer/Library/Frameworks -F /Applications/Xcode-27.0.0.app/Contents/Developer/Platforms/AppleTVOS.platform/Developer/SDKs/AppleTVOS27.0.sdk/Developer/Library/Frameworks -emit-localized-strings -emit-localized-strings-path /Users/admin/builder/spi-builder-workspace/.derivedData/Build/Intermediates.noindex/BlueprintUI.build/Debug-appletvos/BlueprintUI-t.build/Objects-normal/arm64 -c -j10 -enable-batch-mode -incremental -Xcc -ivfsstatcache -Xcc /Users/admin/builder/spi-builder-workspace/.derivedData/SDKStatCaches.noindex/appletvos27.0-24J360-e829b21a6f8c9b70876ba0858053c044509235ffd515576fb835ffc8f67461e5.sdkstatcache -output-file-map /Users/admin/builder/spi-builder-workspace/.derivedData/Build/Intermediates.noindex/BlueprintUI.build/Debug-appletvos/BlueprintUI-t.build/Objects-normal/arm64/BlueprintUI-OutputFileMap.json -save-temps -no-color-diagnostics -explicit-module-build -module-cache-path /Users/admin/builder/spi-builder-workspace/.derivedData/Build/Intermediates.noindex/SwiftExplicitPrecompiledModules -clang-scanner-module-cache-path /Users/admin/builder/spi-builder-workspace/.derivedData/ModuleCache.noindex -sdk-module-cache-path /Users/admin/builder/spi-builder-workspace/.derivedData/SDKExplicitPrecompiledModules -emit-dependencies -emit-module -emit-module-path /Users/admin/builder/spi-builder-workspace/.derivedData/Build/Intermediates.noindex/BlueprintUI.build/Debug-appletvos/BlueprintUI-t.build/Objects-normal/arm64/BlueprintUI.swiftmodule -serialize-diagnostics -dependency-scan-serialize-diagnostics-path /Users/admin/builder/spi-builder-workspace/.derivedData/Build/Intermediates.noindex/BlueprintUI.build/Debug-appletvos/BlueprintUI-t.build/Objects-normal/arm64/BlueprintUI-dependency-scan.dia -validate-clang-modules-once -clang-build-session-file /Users/admin/builder/spi-builder-workspace/.derivedData/ModuleCache.noindex/Session.modulevalidation -Xcc -fmodules-prune-interval\=86400 -Xcc -fmodules-prune-after\=345600 -package-name spi_builder_workspace -emit-const-values -const-gather-protocols-list /Users/admin/builder/spi-builder-workspace/.derivedData/Build/Intermediates.noindex/BlueprintUI.build/Debug-appletvos/BlueprintUI-t.build/Objects-normal/arm64/BlueprintUI_const_extract_protocols.json -Xcc -I/Users/admin/builder/spi-builder-workspace/.derivedData/Build/Products/Debug-appletvos/include -Xcc -I/Users/admin/builder/spi-builder-workspace/.derivedData/Build/Intermediates.noindex/BlueprintUI.build/Debug-appletvos/BlueprintUI-t.build/DerivedSources-normal/arm64 -Xcc -I/Users/admin/builder/spi-builder-workspace/.derivedData/Build/Intermediates.noindex/BlueprintUI.build/Debug-appletvos/BlueprintUI-t.build/DerivedSources/arm64 -Xcc -I/Users/admin/builder/spi-builder-workspace/.derivedData/Build/Intermediates.noindex/BlueprintUI.build/Debug-appletvos/BlueprintUI-t.build/DerivedSources -Xcc -DSWIFT_PACKAGE -Xcc -DDEBUG\=1 -emit-objc-header -emit-objc-header-path /Users/admin/builder/spi-builder-workspace/.derivedData/Build/Intermediates.noindex/BlueprintUI.build/Debug-appletvos/BlueprintUI-t.build/Objects-normal/arm64/BlueprintUI-Swift.h -working-directory /Users/admin/builder/spi-builder-workspace/.swiftpm/xcode -experimental-emit-module-separately -disable-cmo
SwiftCompile normal arm64 Compiling\ PassthroughView.swift,\ RenderContext.swift,\ RoundingCorrectionKey.swift,\ RoundingOriginKey.swift,\ SignpostToken.swift,\ Aligned.swift,\ Alignment.swift,\ AspectRatio.swift,\ Builder.swift,\ Centered.swift,\ Column.swift /Users/admin/builder/spi-builder-workspace/BlueprintUI/Sources/Internal/PassthroughView.swift /Users/admin/builder/spi-builder-workspace/BlueprintUI/Sources/Internal/RenderContext.swift /Users/admin/builder/spi-builder-workspace/BlueprintUI/Sources/Internal/RoundingCorrectionKey.swift /Users/admin/builder/spi-builder-workspace/BlueprintUI/Sources/Internal/RoundingOriginKey.swift /Users/admin/builder/spi-builder-workspace/BlueprintUI/Sources/Internal/SignpostToken.swift /Users/admin/builder/spi-builder-workspace/BlueprintUI/Sources/Layout/Aligned.swift /Users/admin/builder/spi-builder-workspace/BlueprintUI/Sources/Layout/Alignment.swift /Users/admin/builder/spi-builder-workspace/BlueprintUI/Sources/Layout/AspectRatio.swift /Users/admin/builder/spi-builder-workspace/BlueprintUI/Sources/Layout/Builder.swift /Users/admin/builder/spi-builder-workspace/BlueprintUI/Sources/Layout/Centered.swift /Users/admin/builder/spi-builder-workspace/BlueprintUI/Sources/Layout/Column.swift (in target 'BlueprintUI' from project 'BlueprintUI')
SwiftCompile normal arm64 /Users/admin/builder/spi-builder-workspace/BlueprintUI/Sources/Internal/PassthroughView.swift (in target 'BlueprintUI' from project 'BlueprintUI')
cd /Users/admin/builder/spi-builder-workspace/.swiftpm/xcode
builtin-SwiftPerFileCompile PassthroughView.swift
SwiftCompile normal arm64 /Users/admin/builder/spi-builder-workspace/BlueprintUI/Sources/Internal/RenderContext.swift (in target 'BlueprintUI' from project 'BlueprintUI')
cd /Users/admin/builder/spi-builder-workspace/.swiftpm/xcode
builtin-SwiftPerFileCompile RenderContext.swift
SwiftCompile normal arm64 /Users/admin/builder/spi-builder-workspace/BlueprintUI/Sources/Internal/RoundingCorrectionKey.swift (in target 'BlueprintUI' from project 'BlueprintUI')
cd /Users/admin/builder/spi-builder-workspace/.swiftpm/xcode
builtin-SwiftPerFileCompile RoundingCorrectionKey.swift
SwiftCompile normal arm64 /Users/admin/builder/spi-builder-workspace/BlueprintUI/Sources/Internal/RoundingOriginKey.swift (in target 'BlueprintUI' from project 'BlueprintUI')
cd /Users/admin/builder/spi-builder-workspace/.swiftpm/xcode
builtin-SwiftPerFileCompile RoundingOriginKey.swift
SwiftCompile normal arm64 /Users/admin/builder/spi-builder-workspace/BlueprintUI/Sources/Internal/SignpostToken.swift (in target 'BlueprintUI' from project 'BlueprintUI')
cd /Users/admin/builder/spi-builder-workspace/.swiftpm/xcode
builtin-SwiftPerFileCompile SignpostToken.swift
SwiftCompile normal arm64 /Users/admin/builder/spi-builder-workspace/BlueprintUI/Sources/Layout/Aligned.swift (in target 'BlueprintUI' from project 'BlueprintUI')
cd /Users/admin/builder/spi-builder-workspace/.swiftpm/xcode
builtin-SwiftPerFileCompile Aligned.swift
SwiftCompile normal arm64 /Users/admin/builder/spi-builder-workspace/BlueprintUI/Sources/Layout/Alignment.swift (in target 'BlueprintUI' from project 'BlueprintUI')
cd /Users/admin/builder/spi-builder-workspace/.swiftpm/xcode
builtin-SwiftPerFileCompile Alignment.swift
SwiftCompile normal arm64 /Users/admin/builder/spi-builder-workspace/BlueprintUI/Sources/Layout/AspectRatio.swift (in target 'BlueprintUI' from project 'BlueprintUI')
cd /Users/admin/builder/spi-builder-workspace/.swiftpm/xcode
builtin-SwiftPerFileCompile AspectRatio.swift
SwiftCompile normal arm64 /Users/admin/builder/spi-builder-workspace/BlueprintUI/Sources/Layout/Builder.swift (in target 'BlueprintUI' from project 'BlueprintUI')
cd /Users/admin/builder/spi-builder-workspace/.swiftpm/xcode
builtin-SwiftPerFileCompile Builder.swift
SwiftCompile normal arm64 /Users/admin/builder/spi-builder-workspace/BlueprintUI/Sources/Layout/Centered.swift (in target 'BlueprintUI' from project 'BlueprintUI')
cd /Users/admin/builder/spi-builder-workspace/.swiftpm/xcode
builtin-SwiftPerFileCompile Centered.swift
SwiftCompile normal arm64 /Users/admin/builder/spi-builder-workspace/BlueprintUI/Sources/Layout/Column.swift (in target 'BlueprintUI' from project 'BlueprintUI')
cd /Users/admin/builder/spi-builder-workspace/.swiftpm/xcode
builtin-SwiftPerFileCompile Column.swift
SwiftMergeGeneratedHeaders /Users/admin/builder/spi-builder-workspace/.derivedData/Build/Intermediates.noindex/GeneratedModuleMaps-appletvos/KeyboardObserver-Swift.h /Users/admin/builder/spi-builder-workspace/.derivedData/Build/Intermediates.noindex/KeyboardObserver.build/Debug-appletvos/KeyboardObserver-t.build/Objects-normal/arm64/KeyboardObserver-Swift.h (in target 'KeyboardObserver' from project 'KeyboardObserver')
cd /Users/admin/builder/spi-builder-workspace/.dependencies/checkouts/swift-keyboard-observer
builtin-swiftHeaderTool -arch arm64 /Users/admin/builder/spi-builder-workspace/.derivedData/Build/Intermediates.noindex/KeyboardObserver.build/Debug-appletvos/KeyboardObserver-t.build/Objects-normal/arm64/KeyboardObserver-Swift.h -o /Users/admin/builder/spi-builder-workspace/.derivedData/Build/Intermediates.noindex/GeneratedModuleMaps-appletvos/KeyboardObserver-Swift.h
PruneExplicitPrecompiledModules /Users/admin/builder/spi-builder-workspace/.derivedData/SDKExplicitPrecompiledModules
PruneExplicitPrecompiledModules /Users/admin/builder/spi-builder-workspace/.derivedData/Build/Intermediates.noindex/SwiftExplicitPrecompiledModules
PruneExplicitPrecompiledModules /Users/admin/builder/spi-builder-workspace/.derivedData/Build/Intermediates.noindex/ExplicitPrecompiledModules
2026-10-24 11:51:27.987 xcodebuild[715:4440] [MT] IDERunDestination: Supported platforms for the buildables in the current scheme is empty.
** BUILD FAILED **
The following build commands failed:
SwiftCompile normal arm64 /Users/admin/builder/spi-builder-workspace/.dependencies/checkouts/swift-keyboard-observer/KeyboardObserver/Sources/KeyboardObserver.swift (in target 'KeyboardObserver' from project 'KeyboardObserver')
SwiftCompile normal arm64 Compiling\ KeyboardObserver.swift /Users/admin/builder/spi-builder-workspace/.dependencies/checkouts/swift-keyboard-observer/KeyboardObserver/Sources/KeyboardObserver.swift (in target 'KeyboardObserver' from project 'KeyboardObserver')
Building workspace BlueprintUI with scheme BlueprintUI-Package
(3 failures)
Command line invocation:
/Applications/Xcode-27.0.0.app/Contents/Developer/usr/bin/xcodebuild -IDEClonedSourcePackagesDirPathOverride=/Users/admin/builder/spi-builder-workspace/.dependencies -resolvePackageDependencies
Resolve Package Graph
Resolved source packages:
BlueprintUI: /Users/admin/builder/spi-builder-workspace
KeyboardObserver: https://github.com/square/swift-keyboard-observer @ 1.1.1
resolved source packages: BlueprintUI, KeyboardObserver
2026-10-24 11:51:37.905 xcodebuild[812:5024] [MT] IDERunDestination: Supported platforms for the buildables in the current scheme is empty.
{
"default_localization" : "en",
"dependencies" : [
{
"identity" : "swift-keyboard-observer",
"requirement" : {
"range" : [
{
"lower_bound" : "1.1.0",
"upper_bound" : "2.0.0"
}
]
},
"type" : "sourceControl",
"url" : "https://github.com/square/swift-keyboard-observer"
}
],
"manifest_display_name" : "BlueprintUI",
"name" : "BlueprintUI",
"path" : "/Users/admin/builder/spi-builder-workspace",
"platforms" : [
{
"name" : "ios",
"version" : "15.0"
},
{
"name" : "maccatalyst",
"version" : "15.0"
}
],
"products" : [
{
"name" : "BlueprintUI",
"targets" : [
"BlueprintUI"
],
"type" : {
"library" : [
"automatic"
]
}
},
{
"name" : "BlueprintUICommonControls",
"targets" : [
"BlueprintUICommonControls"
],
"type" : {
"library" : [
"automatic"
]
}
},
{
"name" : "BlueprintUIAccessibilityCore",
"targets" : [
"BlueprintUIAccessibilityCore"
],
"type" : {
"library" : [
"automatic"
]
}
}
],
"swift_languages_versions" : [
"5"
],
"targets" : [
{
"c99name" : "BlueprintUITests",
"module_type" : "SwiftTarget",
"name" : "BlueprintUITests",
"path" : "BlueprintUI/Tests",
"sources" : [
"AdaptedEnvironmentTests.swift",
"AlignedTests.swift",
"AssertLayoutContract.swift",
"AttributedTextTests.swift",
"BlueprintViewAdditions.swift",
"BlueprintViewTests.swift",
"BuilderTests.swift",
"CATransform3DExtensionTests.swift",
"CGPointExtensionTests.swift",
"CacheCleanerTests.swift",
"CenteredTests.swift",
"ConstrainedAspectRatioTests.swift",
"ConstrainedSizeTests.swift",
"DecorateTests.swift",
"Element+Testing.swift",
"ElementBuilderTests.swift",
"ElementContentTests.swift",
"ElementIdentifierTests.swift",
"ElementPathTests.swift",
"EnvironmentTests.swift",
"EqualStackTests+ResultBuilders.swift",
"EqualStackTests.swift",
"Extensions/UIView+Testing.swift",
"Extensions/XCTestCase+AppHost.swift",
"FlowTests.swift",
"FocusStateTests.swift",
"GeometryReaderTests.swift",
"GridRowTests+ResultBuilders.swift",
"GridRowTests.swift",
"HiddenTests.swift",
"HintingSizeCacheTests.swift",
"InsetTests.swift",
"KeyedTests.swift",
"LayoutAttributesTests.swift",
"LayoutMode+Testing.swift",
"LayoutModeTests.swift",
"LayoutResultNode+Testing.swift",
"LayoutResultNodeTests.swift",
"LayoutTraitsTests.swift",
"LayoutWriterTests.swift",
"OpacityTests.swift",
"OverlayLayoutTests.swift",
"OverlayTests+ResultBuilder.swift",
"PixelBoundaryTests.swift",
"RenderContextTests.swift",
"ScaleRoundingTests.swift",
"ScrollViewSafeAreaEdgeTests.swift",
"SizeConstraintAxisTests.swift",
"StackTests+ResultBuilders.swift",
"StackTests.swift",
"TintAdjustmentModeTests.swift",
"TransformedTests.swift",
"UIViewElementTests.swift",
"UnconstrainedInfiniteAxisTests.swift",
"UserInteractionEnabledTests.swift",
"ViewDescriptionTests.swift",
"ViewDiffingBehaviourTests.swift"
],
"target_dependencies" : [
"BlueprintUI",
"BlueprintUICommonControls"
],
"type" : "test"
},
{
"c99name" : "BlueprintUICommonControlsTests",
"module_type" : "SwiftTarget",
"name" : "BlueprintUICommonControlsTests",
"path" : "BlueprintUICommonControls/Tests/Sources",
"resources" : [
{
"path" : "/Users/admin/builder/spi-builder-workspace/BlueprintUICommonControls/Tests/Sources/Resources/ReferenceImages",
"rule" : {
"copy" : {
}
}
},
{
"path" : "/Users/admin/builder/spi-builder-workspace/BlueprintUICommonControls/Tests/Sources/Resources/test-image.jpg",
"rule" : {
"process" : {
}
}
}
],
"sources" : [
"AccessibilityContainerTests.swift",
"AttributedLabelTests.swift",
"BoxTests.swift",
"ButtonTests.swift",
"Element+Testing.swift",
"ElementContent+Testing.swift",
"FlowTests.swift",
"ImageTests.swift",
"LabelTests.swift",
"LayoutMode+Testing.swift",
"LifecycleObserverTests.swift",
"NSLineBreakMode+Testing.swift",
"PerformancePlayground.swift",
"PixelBoundarySnapshotTests.swift",
"RuleTests.swift",
"ScrollViewTests.swift",
"SegmentedControlTests.swift",
"TappableTests.swift",
"TextFieldTests.swift",
"XCTestCaseExtensions.swift"
],
"target_dependencies" : [
"BlueprintUICommonControls"
],
"type" : "test"
},
{
"c99name" : "BlueprintUICommonControls",
"module_type" : "SwiftTarget",
"name" : "BlueprintUICommonControls",
"path" : "BlueprintUICommonControls",
"product_dependencies" : [
"KeyboardObserver"
],
"product_memberships" : [
"BlueprintUICommonControls"
],
"sources" : [
"Sources/Accessibility/AccessibilityBlocker.swift",
"Sources/Accessibility/AccessibilityCombine.swift",
"Sources/Accessibility/AccessibilityContainer.swift",
"Sources/Accessibility/AccessibilityElement.swift",
"Sources/Accessibility/AccessibilityFocus.swift",
"Sources/Accessibility/AccessibilityLargeContentViewer.swift",
"Sources/Accessibility/AccessibilityModifiers.swift",
"Sources/AttributedLabel+Environment.swift",
"Sources/AttributedLabel.swift",
"Sources/Box.swift",
"Sources/Button.swift",
"Sources/CornerStyle.swift",
"Sources/EditingMenu.swift",
"Sources/Image.swift",
"Sources/Internal/UIBezierPath+Extensions.swift",
"Sources/Label.swift",
"Sources/Rule.swift",
"Sources/ScrollView.swift",
"Sources/SegmentedControl.swift",
"Sources/Tappable.swift",
"Sources/TextField.swift",
"Sources/TextShadow.swift",
"Sources/TransitionContainer.swift",
"Sources/UserInterfaceOverridingElement.swift"
],
"target_dependencies" : [
"BlueprintUI",
"BlueprintUIAccessibilityCore"
],
"type" : "library"
},
{
"c99name" : "BlueprintUIAccessibilityCoreTests",
"module_type" : "SwiftTarget",
"name" : "BlueprintUIAccessibilityCoreTests",
"path" : "BlueprintUIAccessibilityCore/Tests",
"sources" : [
"AccessibilityCompositionTests.swift",
"AccessibilityDeferralTests.swift",
"ArrayExtensionsTests.swift"
],
"target_dependencies" : [
"BlueprintUI",
"BlueprintUIAccessibilityCore"
],
"type" : "test"
},
{
"c99name" : "BlueprintUIAccessibilityCore",
"module_type" : "SwiftTarget",
"name" : "BlueprintUIAccessibilityCore",
"path" : "BlueprintUIAccessibilityCore",
"product_memberships" : [
"BlueprintUICommonControls",
"BlueprintUIAccessibilityCore"
],
"resources" : [
{
"path" : "/Users/admin/builder/spi-builder-workspace/BlueprintUIAccessibilityCore/Resources/ca-ES.lproj/Localizable.strings",
"rule" : {
"process" : {
"localization" : "ca-es"
}
}
},
{
"path" : "/Users/admin/builder/spi-builder-workspace/BlueprintUIAccessibilityCore/Resources/en-AU.lproj/Localizable.strings",
"rule" : {
"process" : {
"localization" : "en-au"
}
}
},
{
"path" : "/Users/admin/builder/spi-builder-workspace/BlueprintUIAccessibilityCore/Resources/en-CA.lproj/Localizable.strings",
"rule" : {
"process" : {
"localization" : "en-ca"
}
}
},
{
"path" : "/Users/admin/builder/spi-builder-workspace/BlueprintUIAccessibilityCore/Resources/en-GB.lproj/Localizable.strings",
"rule" : {
"process" : {
"localization" : "en-gb"
}
}
},
{
"path" : "/Users/admin/builder/spi-builder-workspace/BlueprintUIAccessibilityCore/Resources/en-IE.lproj/Localizable.strings",
"rule" : {
"process" : {
"localization" : "en-ie"
}
}
},
{
"path" : "/Users/admin/builder/spi-builder-workspace/BlueprintUIAccessibilityCore/Resources/en.lproj/Localizable.strings",
"rule" : {
"process" : {
"localization" : "en"
}
}
},
{
"path" : "/Users/admin/builder/spi-builder-workspace/BlueprintUIAccessibilityCore/Resources/es-ES.lproj/Localizable.strings",
"rule" : {
"process" : {
"localization" : "es-es"
}
}
},
{
"path" : "/Users/admin/builder/spi-builder-workspace/BlueprintUIAccessibilityCore/Resources/es.lproj/Localizable.strings",
"rule" : {
"process" : {
"localization" : "es"
}
}
},
{
"path" : "/Users/admin/builder/spi-builder-workspace/BlueprintUIAccessibilityCore/Resources/fr-CA.lproj/Localizable.strings",
"rule" : {
"process" : {
"localization" : "fr-ca"
}
}
},
{
"path" : "/Users/admin/builder/spi-builder-workspace/BlueprintUIAccessibilityCore/Resources/fr-FR.lproj/Localizable.strings",
"rule" : {
"process" : {
"localization" : "fr-fr"
}
}
},
{
"path" : "/Users/admin/builder/spi-builder-workspace/BlueprintUIAccessibilityCore/Resources/ja.lproj/Localizable.strings",
"rule" : {
"process" : {
"localization" : "ja"
}
}
},
{
"path" : "/Users/admin/builder/spi-builder-workspace/BlueprintUIAccessibilityCore/Resources/pt-PT.lproj/Localizable.strings",
"rule" : {
"process" : {
"localization" : "pt-pt"
}
}
}
],
"sources" : [
"Sources/AccessibilityComposition.swift",
"Sources/AccessibilityDeferral.swift",
"Sources/AccessibilitySetter.swift",
"Sources/Extensions/AccessibilityTraits+Extensions.swift",
"Sources/Extensions/Array+Extensions.swift",
"Sources/Extensions/Optional+Extensions.swift",
"Sources/Extensions/UIAccessibilityCustomAction+Extensions.swift",
"Sources/LocalizedStrings.swift"
],
"target_dependencies" : [
"BlueprintUI"
],
"type" : "library"
},
{
"c99name" : "BlueprintUI",
"module_type" : "SwiftTarget",
"name" : "BlueprintUI",
"path" : "BlueprintUI/Sources",
"product_memberships" : [
"BlueprintUI",
"BlueprintUICommonControls",
"BlueprintUIAccessibilityCore"
],
"sources" : [
"AttributedText/AttributedText.swift",
"AttributedText/AttributedTextKey.swift",
"AttributedText/TextAttributeContainer.swift",
"BlueprintView/BlueprintView.swift",
"BlueprintView/ElementPreview.swift",
"Element/Accessibility.swift",
"Element/ContentStorage.swift",
"Element/Element.swift",
"Element/ElementContent.swift",
"Element/EnvironmentAdaptingStorage.swift",
"Element/LayoutStorage.swift",
"Element/LazyStorage.swift",
"Element/MeasurableStorage.swift",
"Element/MeasureElementStorage.swift",
"Element/PassthroughStorage.swift",
"Element/ProxyElement.swift",
"Element/UIViewElement.swift",
"Environment/AdaptedEnvironment.swift",
"Environment/Environment.swift",
"Environment/EnvironmentKey.swift",
"Environment/EnvironmentReader.swift",
"Environment/Keys/AccessibilityLinkKey.swift",
"Environment/Keys/CalendarKey.swift",
"Environment/Keys/DisplayScaleKey.swift",
"Environment/Keys/LayoutDirectionKey.swift",
"Environment/Keys/LocaleKey.swift",
"Environment/Keys/SafeAreaInsetsKey.swift",
"Environment/Keys/TimeZoneKey.swift",
"Environment/Keys/WindowSizeKey.swift",
"Extensions/BidirectionalCollection+Blueprint.swift",
"Extensions/CGSize+Blueprint.swift",
"Extensions/FloatingPoint+Blueprint.swift",
"Extensions/UIAccessibilityTraits+Blueprint.swift",
"Focus/FocusBinding.swift",
"Focus/FocusState.swift",
"Focus/FocusTrigger.swift",
"Internal/CacheClearer.swift",
"Internal/ElementIdentifier.swift",
"Internal/ElementPath.swift",
"Internal/Extensions/AnyObject+Debugging.swift",
"Internal/Extensions/CATransform3D.swift",
"Internal/Extensions/CGPoint.swift",
"Internal/Extensions/CGRect.swift",
"Internal/Extensions/CGSize+Extensions.swift",
"Internal/Extensions/UIView.swift",
"Internal/Extensions/UIViewAnimationOptions.swift",
"Internal/HintingSizeCache.swift",
"Internal/LayoutModeKey.swift",
"Internal/LayoutResultNode.swift",
"Internal/LayoutTreeNode.swift",
"Internal/Logger.swift",
"Internal/Measurer.swift",
"Internal/Metatype.swift",
"Internal/NativeViewNode.swift",
"Internal/OSLog+Blueprint.swift",
"Internal/PassthroughView.swift",
"Internal/RenderContext.swift",
"Internal/RoundingCorrectionKey.swift",
"Internal/RoundingOriginKey.swift",
"Internal/SignpostToken.swift",
"Layout/Aligned.swift",
"Layout/Alignment.swift",
"Layout/AspectRatio.swift",
"Layout/Builder.swift",
"Layout/Centered.swift",
"Layout/Column.swift",
"Layout/Conditionals.swift",
"Layout/ConstrainedAspectRatio.swift",
"Layout/ConstrainedSize.swift",
"Layout/Decorate.swift",
"Layout/ElementBuilder.swift",
"Layout/ElementDimensions.swift",
"Layout/Empty.swift",
"Layout/EqualStack.swift",
"Layout/FloatingPoint+ScaleRounding.swift",
"Layout/Flow.swift",
"Layout/GeometryReader.swift",
"Layout/GridRow.swift",
"Layout/Hidden.swift",
"Layout/Inset.swift",
"Layout/Keyed.swift",
"Layout/Layout.swift",
"Layout/LayoutAttributes.swift",
"Layout/LayoutMode.swift",
"Layout/LayoutOptions.swift",
"Layout/LayoutSubelement.swift",
"Layout/LayoutTraits.swift",
"Layout/LayoutTraitsKey.swift",
"Layout/LayoutWriter.swift",
"Layout/LifecycleObserver.swift",
"Layout/Opacity.swift",
"Layout/Overlay.swift",
"Layout/Row.swift",
"Layout/SingleChildLayout.swift",
"Layout/SingleTraitLayout.swift",
"Layout/Spacer.swift",
"Layout/Stack.swift",
"Layout/TintAdjustmentMode.swift",
"Layout/Transformed.swift",
"Layout/UnitPoint.swift",
"Layout/UserInteractionEnabled.swift",
"Measuring/Measurable.swift",
"Measuring/SizeConstraint.swift",
"ViewDescription/AnimationAttributes.swift",
"ViewDescription/LayoutTransition.swift",
"ViewDescription/LifecycleCallback.swift",
"ViewDescription/ViewDescription.swift",
"ViewDescription/VisibilityTransition.swift"
],
"type" : "library"
}
],
"tools_version" : "6.1"
}
{
"workspace" : {
"name" : "BlueprintUI",
"schemes" : [
"BlueprintUI",
"BlueprintUI-Package",
"BlueprintUIAccessibilityCore",
"BlueprintUICommonControls"
]
}
}
2026-10-24 11:51:39.332 xcodebuild[820:5108] [MT] IDERunDestination: Supported platforms for the buildables in the current scheme is empty.
Running build ...
env DEVELOPER_DIR=/Applications/Xcode-27.0.0.app xcrun xcodebuild -IDEClonedSourcePackagesDirPathOverride=$PWD/.dependencies -skipMacroValidation -skipPackagePluginValidation -derivedDataPath $PWD/.derivedData build -scheme BlueprintUI-Package -destination generic/platform=tvOS
Command line invocation:
/Applications/Xcode-27.0.0.app/Contents/Developer/usr/bin/xcodebuild -IDEClonedSourcePackagesDirPathOverride=/Users/admin/builder/spi-builder-workspace/.dependencies -skipMacroValidation -skipPackagePluginValidation -derivedDataPath /Users/admin/builder/spi-builder-workspace/.derivedData build -scheme BlueprintUI-Package -destination generic/platform=tvOS
Resolve Package Graph
Resolved source packages:
KeyboardObserver: https://github.com/square/swift-keyboard-observer @ 1.1.1
BlueprintUI: /Users/admin/builder/spi-builder-workspace
ComputePackagePrebuildTargetDependencyGraph
Prepare packages
CreateBuildRequest
SendProjectDescription
CreateBuildOperation
ComputeTargetDependencyGraph
note: Building targets in dependency order
note: Target dependency graph (9 targets)
Target 'BlueprintUIAccessibilityCore-product' in project 'BlueprintUI'
➜ Explicit dependency on target 'BlueprintUIAccessibilityCore' in project 'BlueprintUI'
➜ Explicit dependency on target 'BlueprintUI_BlueprintUIAccessibilityCore' in project 'BlueprintUI'
➜ Explicit dependency on target 'BlueprintUI' in project 'BlueprintUI'
Target 'BlueprintUICommonControls-product' in project 'BlueprintUI'
➜ Explicit dependency on target 'BlueprintUICommonControls' in project 'BlueprintUI'
➜ Explicit dependency on target 'BlueprintUI' in project 'BlueprintUI'
➜ Explicit dependency on target 'BlueprintUIAccessibilityCore' in project 'BlueprintUI'
➜ Explicit dependency on target 'KeyboardObserver-product' in project 'KeyboardObserver'
Target 'BlueprintUICommonControls' in project 'BlueprintUI'
➜ Explicit dependency on target 'BlueprintUI' in project 'BlueprintUI'
➜ Explicit dependency on target 'BlueprintUIAccessibilityCore' in project 'BlueprintUI'
➜ Explicit dependency on target 'KeyboardObserver-product' in project 'KeyboardObserver'
Target 'KeyboardObserver-product' in project 'KeyboardObserver'
➜ Explicit dependency on target 'KeyboardObserver' in project 'KeyboardObserver'
Target 'KeyboardObserver' in project 'KeyboardObserver' (no dependencies)
Target 'BlueprintUIAccessibilityCore' in project 'BlueprintUI'
➜ Explicit dependency on target 'BlueprintUI_BlueprintUIAccessibilityCore' in project 'BlueprintUI'
➜ Explicit dependency on target 'BlueprintUI' in project 'BlueprintUI'
Target 'BlueprintUI_BlueprintUIAccessibilityCore' in project 'BlueprintUI' (no dependencies)
Target 'BlueprintUI-product' in project 'BlueprintUI'
➜ Explicit dependency on target 'BlueprintUI' in project 'BlueprintUI'
Target 'BlueprintUI' in project 'BlueprintUI' (no dependencies)
GatherProvisioningInputs
CreateBuildDescription
ClangStatCache /Applications/Xcode-27.0.0.app/Contents/Developer/Toolchains/XcodeDefault.xctoolchain/usr/bin/clang-stat-cache /Applications/Xcode-27.0.0.app/Contents/Developer/Platforms/AppleTVOS.platform/Developer/SDKs/AppleTVOS27.0.sdk /Users/admin/builder/spi-builder-workspace/.derivedData/SDKStatCaches.noindex/appletvos27.0-24J360-e829b21a6f8c9b70876ba0858053c044509235ffd515576fb835ffc8f67461e5.sdkstatcache
cd /Users/admin/builder/spi-builder-workspace/.swiftpm/xcode
/Applications/Xcode-27.0.0.app/Contents/Developer/Toolchains/XcodeDefault.xctoolchain/usr/bin/clang-stat-cache /Applications/Xcode-27.0.0.app/Contents/Developer/Platforms/AppleTVOS.platform/Developer/SDKs/AppleTVOS27.0.sdk -o /Users/admin/builder/spi-builder-workspace/.derivedData/SDKStatCaches.noindex/appletvos27.0-24J360-e829b21a6f8c9b70876ba0858053c044509235ffd515576fb835ffc8f67461e5.sdkstatcache
SwiftMergeGeneratedHeaders /Users/admin/builder/spi-builder-workspace/.derivedData/Build/Intermediates.noindex/GeneratedModuleMaps-appletvos/BlueprintUI-Swift.h /Users/admin/builder/spi-builder-workspace/.derivedData/Build/Intermediates.noindex/BlueprintUI.build/Debug-appletvos/BlueprintUI-t.build/Objects-normal/arm64/BlueprintUI-Swift.h (in target 'BlueprintUI' from project 'BlueprintUI')
cd /Users/admin/builder/spi-builder-workspace
builtin-swiftHeaderTool -arch arm64 /Users/admin/builder/spi-builder-workspace/.derivedData/Build/Intermediates.noindex/BlueprintUI.build/Debug-appletvos/BlueprintUI-t.build/Objects-normal/arm64/BlueprintUI-Swift.h -o /Users/admin/builder/spi-builder-workspace/.derivedData/Build/Intermediates.noindex/GeneratedModuleMaps-appletvos/BlueprintUI-Swift.h
SwiftMergeGeneratedHeaders /Users/admin/builder/spi-builder-workspace/.derivedData/Build/Intermediates.noindex/GeneratedModuleMaps-appletvos/KeyboardObserver-Swift.h /Users/admin/builder/spi-builder-workspace/.derivedData/Build/Intermediates.noindex/KeyboardObserver.build/Debug-appletvos/KeyboardObserver-t.build/Objects-normal/arm64/KeyboardObserver-Swift.h (in target 'KeyboardObserver' from project 'KeyboardObserver')
cd /Users/admin/builder/spi-builder-workspace/.dependencies/checkouts/swift-keyboard-observer
builtin-swiftHeaderTool -arch arm64 /Users/admin/builder/spi-builder-workspace/.derivedData/Build/Intermediates.noindex/KeyboardObserver.build/Debug-appletvos/KeyboardObserver-t.build/Objects-normal/arm64/KeyboardObserver-Swift.h -o /Users/admin/builder/spi-builder-workspace/.derivedData/Build/Intermediates.noindex/GeneratedModuleMaps-appletvos/KeyboardObserver-Swift.h
Copy /Users/admin/builder/spi-builder-workspace/.derivedData/Build/Products/Debug-appletvos/KeyboardObserver.swiftmodule/arm64-apple-tvos.swiftmodule /Users/admin/builder/spi-builder-workspace/.derivedData/Build/Intermediates.noindex/KeyboardObserver.build/Debug-appletvos/KeyboardObserver-t.build/Objects-normal/arm64/KeyboardObserver.swiftmodule (in target 'KeyboardObserver' from project 'KeyboardObserver')
cd /Users/admin/builder/spi-builder-workspace/.dependencies/checkouts/swift-keyboard-observer
builtin-copy -exclude .DS_Store -exclude CVS -exclude .svn -exclude .git -exclude .hg -resolve-src-symlinks -rename /Users/admin/builder/spi-builder-workspace/.derivedData/Build/Intermediates.noindex/KeyboardObserver.build/Debug-appletvos/KeyboardObserver-t.build/Objects-normal/arm64/KeyboardObserver.swiftmodule /Users/admin/builder/spi-builder-workspace/.derivedData/Build/Products/Debug-appletvos/KeyboardObserver.swiftmodule/arm64-apple-tvos.swiftmodule
Copy /Users/admin/builder/spi-builder-workspace/.derivedData/Build/Products/Debug-appletvos/KeyboardObserver.swiftmodule/arm64-apple-tvos.swiftdoc /Users/admin/builder/spi-builder-workspace/.derivedData/Build/Intermediates.noindex/KeyboardObserver.build/Debug-appletvos/KeyboardObserver-t.build/Objects-normal/arm64/KeyboardObserver.swiftdoc (in target 'KeyboardObserver' from project 'KeyboardObserver')
cd /Users/admin/builder/spi-builder-workspace/.dependencies/checkouts/swift-keyboard-observer
builtin-copy -exclude .DS_Store -exclude CVS -exclude .svn -exclude .git -exclude .hg -resolve-src-symlinks -rename /Users/admin/builder/spi-builder-workspace/.derivedData/Build/Intermediates.noindex/KeyboardObserver.build/Debug-appletvos/KeyboardObserver-t.build/Objects-normal/arm64/KeyboardObserver.swiftdoc /Users/admin/builder/spi-builder-workspace/.derivedData/Build/Products/Debug-appletvos/KeyboardObserver.swiftmodule/arm64-apple-tvos.swiftdoc
SwiftDriver KeyboardObserver normal arm64 com.apple.xcode.tools.swift.compiler (in target 'KeyboardObserver' from project 'KeyboardObserver')
cd /Users/admin/builder/spi-builder-workspace/.swiftpm/xcode
builtin-SwiftDriver -- /Applications/Xcode-27.0.0.app/Contents/Developer/Toolchains/XcodeDefault.xctoolchain/usr/bin/swiftc -parse-as-library -module-name KeyboardObserver -Onone @/Users/admin/builder/spi-builder-workspace/.derivedData/Build/Intermediates.noindex/KeyboardObserver.build/Debug-appletvos/KeyboardObserver-t.build/Objects-normal/arm64/KeyboardObserver.SwiftFileList -DSWIFT_PACKAGE -DDEBUG -DSWIFT_MODULE_RESOURCE_BUNDLE_UNAVAILABLE -DXcode -plugin-path /Applications/Xcode-27.0.0.app/Contents/Developer/Toolchains/XcodeDefault.xctoolchain/usr/lib/swift/host/plugins/testing -enable-experimental-feature DebugDescriptionMacro -sdk /Applications/Xcode-27.0.0.app/Contents/Developer/Platforms/AppleTVOS.platform/Developer/SDKs/AppleTVOS27.0.sdk -target arm64-apple-tvos15.0 -g -module-cache-path /Users/admin/builder/spi-builder-workspace/.derivedData/ModuleCache.noindex -Xfrontend -serialize-debugging-options -profile-coverage-mapping -profile-generate -enable-testing -suppress-warnings -index-store-path /Users/admin/builder/spi-builder-workspace/.derivedData/Index.noindex/DataStore -Xcc -D_LIBCPP_HARDENING_MODE\=_LIBCPP_HARDENING_MODE_DEBUG -swift-version 5 -I /Users/admin/builder/spi-builder-workspace/.derivedData/Build/Products/Debug-appletvos -Isystem /Applications/Xcode-27.0.0.app/Contents/Developer/Platforms/AppleTVOS.platform/Developer/usr/lib -F /Users/admin/builder/spi-builder-workspace/.derivedData/Build/Products/Debug-appletvos -F /Applications/Xcode-27.0.0.app/Contents/Developer/Platforms/AppleTVOS.platform/Developer/Library/Frameworks -F /Applications/Xcode-27.0.0.app/Contents/Developer/Platforms/AppleTVOS.platform/Developer/SDKs/AppleTVOS27.0.sdk/Developer/Library/Frameworks -c -j10 -enable-batch-mode -incremental -Xcc -ivfsstatcache -Xcc /Users/admin/builder/spi-builder-workspace/.derivedData/SDKStatCaches.noindex/appletvos27.0-24J360-e829b21a6f8c9b70876ba0858053c044509235ffd515576fb835ffc8f67461e5.sdkstatcache -output-file-map /Users/admin/builder/spi-builder-workspace/.derivedData/Build/Intermediates.noindex/KeyboardObserver.build/Debug-appletvos/KeyboardObserver-t.build/Objects-normal/arm64/KeyboardObserver-OutputFileMap.json -save-temps -no-color-diagnostics -explicit-module-build -module-cache-path /Users/admin/builder/spi-builder-workspace/.derivedData/Build/Intermediates.noindex/SwiftExplicitPrecompiledModules -clang-scanner-module-cache-path /Users/admin/builder/spi-builder-workspace/.derivedData/ModuleCache.noindex -sdk-module-cache-path /Users/admin/builder/spi-builder-workspace/.derivedData/SDKExplicitPrecompiledModules -emit-dependencies -emit-module -emit-module-path /Users/admin/builder/spi-builder-workspace/.derivedData/Build/Intermediates.noindex/KeyboardObserver.build/Debug-appletvos/KeyboardObserver-t.build/Objects-normal/arm64/KeyboardObserver.swiftmodule -serialize-diagnostics -dependency-scan-serialize-diagnostics-path /Users/admin/builder/spi-builder-workspace/.derivedData/Build/Intermediates.noindex/KeyboardObserver.build/Debug-appletvos/KeyboardObserver-t.build/Objects-normal/arm64/KeyboardObserver-dependency-scan.dia -validate-clang-modules-once -clang-build-session-file /Users/admin/builder/spi-builder-workspace/.derivedData/ModuleCache.noindex/Session.modulevalidation -Xcc -fmodules-prune-interval\=86400 -Xcc -fmodules-prune-after\=345600 -package-name swift_keyboard_observer -emit-const-values -const-gather-protocols-list /Users/admin/builder/spi-builder-workspace/.derivedData/Build/Intermediates.noindex/KeyboardObserver.build/Debug-appletvos/KeyboardObserver-t.build/Objects-normal/arm64/KeyboardObserver_const_extract_protocols.json -Xcc -I/Users/admin/builder/spi-builder-workspace/.derivedData/Build/Products/Debug-appletvos/include -Xcc -I/Users/admin/builder/spi-builder-workspace/.derivedData/Build/Intermediates.noindex/KeyboardObserver.build/Debug-appletvos/KeyboardObserver-t.build/DerivedSources-normal/arm64 -Xcc -I/Users/admin/builder/spi-builder-workspace/.derivedData/Build/Intermediates.noindex/KeyboardObserver.build/Debug-appletvos/KeyboardObserver-t.build/DerivedSources/arm64 -Xcc -I/Users/admin/builder/spi-builder-workspace/.derivedData/Build/Intermediates.noindex/KeyboardObserver.build/Debug-appletvos/KeyboardObserver-t.build/DerivedSources -Xcc -DSWIFT_PACKAGE -Xcc -DDEBUG\=1 -emit-objc-header -emit-objc-header-path /Users/admin/builder/spi-builder-workspace/.derivedData/Build/Intermediates.noindex/KeyboardObserver.build/Debug-appletvos/KeyboardObserver-t.build/Objects-normal/arm64/KeyboardObserver-Swift.h -working-directory /Users/admin/builder/spi-builder-workspace/.swiftpm/xcode -experimental-emit-module-separately -disable-cmo
Copy /Users/admin/builder/spi-builder-workspace/.derivedData/Build/Products/Debug-appletvos/KeyboardObserver.swiftmodule/arm64-apple-tvos.abi.json /Users/admin/builder/spi-builder-workspace/.derivedData/Build/Intermediates.noindex/KeyboardObserver.build/Debug-appletvos/KeyboardObserver-t.build/Objects-normal/arm64/KeyboardObserver.abi.json (in target 'KeyboardObserver' from project 'KeyboardObserver')
cd /Users/admin/builder/spi-builder-workspace/.dependencies/checkouts/swift-keyboard-observer
builtin-copy -exclude .DS_Store -exclude CVS -exclude .svn -exclude .git -exclude .hg -resolve-src-symlinks -rename /Users/admin/builder/spi-builder-workspace/.derivedData/Build/Intermediates.noindex/KeyboardObserver.build/Debug-appletvos/KeyboardObserver-t.build/Objects-normal/arm64/KeyboardObserver.abi.json /Users/admin/builder/spi-builder-workspace/.derivedData/Build/Products/Debug-appletvos/KeyboardObserver.swiftmodule/arm64-apple-tvos.abi.json
Copy /Users/admin/builder/spi-builder-workspace/.derivedData/Build/Products/Debug-appletvos/BlueprintUI.swiftmodule/arm64-apple-tvos.abi.json /Users/admin/builder/spi-builder-workspace/.derivedData/Build/Intermediates.noindex/BlueprintUI.build/Debug-appletvos/BlueprintUI-t.build/Objects-normal/arm64/BlueprintUI.abi.json (in target 'BlueprintUI' from project 'BlueprintUI')
cd /Users/admin/builder/spi-builder-workspace
builtin-copy -exclude .DS_Store -exclude CVS -exclude .svn -exclude .git -exclude .hg -resolve-src-symlinks -rename /Users/admin/builder/spi-builder-workspace/.derivedData/Build/Intermediates.noindex/BlueprintUI.build/Debug-appletvos/BlueprintUI-t.build/Objects-normal/arm64/BlueprintUI.abi.json /Users/admin/builder/spi-builder-workspace/.derivedData/Build/Products/Debug-appletvos/BlueprintUI.swiftmodule/arm64-apple-tvos.abi.json
Copy /Users/admin/builder/spi-builder-workspace/.derivedData/Build/Products/Debug-appletvos/BlueprintUI.swiftmodule/arm64-apple-tvos.swiftmodule /Users/admin/builder/spi-builder-workspace/.derivedData/Build/Intermediates.noindex/BlueprintUI.build/Debug-appletvos/BlueprintUI-t.build/Objects-normal/arm64/BlueprintUI.swiftmodule (in target 'BlueprintUI' from project 'BlueprintUI')
cd /Users/admin/builder/spi-builder-workspace
builtin-copy -exclude .DS_Store -exclude CVS -exclude .svn -exclude .git -exclude .hg -resolve-src-symlinks -rename /Users/admin/builder/spi-builder-workspace/.derivedData/Build/Intermediates.noindex/BlueprintUI.build/Debug-appletvos/BlueprintUI-t.build/Objects-normal/arm64/BlueprintUI.swiftmodule /Users/admin/builder/spi-builder-workspace/.derivedData/Build/Products/Debug-appletvos/BlueprintUI.swiftmodule/arm64-apple-tvos.swiftmodule
Copy /Users/admin/builder/spi-builder-workspace/.derivedData/Build/Products/Debug-appletvos/BlueprintUI.swiftmodule/arm64-apple-tvos.swiftdoc /Users/admin/builder/spi-builder-workspace/.derivedData/Build/Intermediates.noindex/BlueprintUI.build/Debug-appletvos/BlueprintUI-t.build/Objects-normal/arm64/BlueprintUI.swiftdoc (in target 'BlueprintUI' from project 'BlueprintUI')
cd /Users/admin/builder/spi-builder-workspace
builtin-copy -exclude .DS_Store -exclude CVS -exclude .svn -exclude .git -exclude .hg -resolve-src-symlinks -rename /Users/admin/builder/spi-builder-workspace/.derivedData/Build/Intermediates.noindex/BlueprintUI.build/Debug-appletvos/BlueprintUI-t.build/Objects-normal/arm64/BlueprintUI.swiftdoc /Users/admin/builder/spi-builder-workspace/.derivedData/Build/Products/Debug-appletvos/BlueprintUI.swiftmodule/arm64-apple-tvos.swiftdoc
Copy /Users/admin/builder/spi-builder-workspace/.derivedData/Build/Products/Debug-appletvos/BlueprintUI.swiftmodule/Project/arm64-apple-tvos.swiftsourceinfo /Users/admin/builder/spi-builder-workspace/.derivedData/Build/Intermediates.noindex/BlueprintUI.build/Debug-appletvos/BlueprintUI-t.build/Objects-normal/arm64/BlueprintUI.swiftsourceinfo (in target 'BlueprintUI' from project 'BlueprintUI')
cd /Users/admin/builder/spi-builder-workspace
builtin-copy -exclude .DS_Store -exclude CVS -exclude .svn -exclude .git -exclude .hg -resolve-src-symlinks -rename /Users/admin/builder/spi-builder-workspace/.derivedData/Build/Intermediates.noindex/BlueprintUI.build/Debug-appletvos/BlueprintUI-t.build/Objects-normal/arm64/BlueprintUI.swiftsourceinfo /Users/admin/builder/spi-builder-workspace/.derivedData/Build/Products/Debug-appletvos/BlueprintUI.swiftmodule/Project/arm64-apple-tvos.swiftsourceinfo
SwiftDriver BlueprintUI normal arm64 com.apple.xcode.tools.swift.compiler (in target 'BlueprintUI' from project 'BlueprintUI')
cd /Users/admin/builder/spi-builder-workspace/.swiftpm/xcode
builtin-SwiftDriver -- /Applications/Xcode-27.0.0.app/Contents/Developer/Toolchains/XcodeDefault.xctoolchain/usr/bin/swiftc -parse-as-library -module-name BlueprintUI -Onone @/Users/admin/builder/spi-builder-workspace/.derivedData/Build/Intermediates.noindex/BlueprintUI.build/Debug-appletvos/BlueprintUI-t.build/Objects-normal/arm64/BlueprintUI.SwiftFileList -DSWIFT_PACKAGE -DDEBUG -DSWIFT_MODULE_RESOURCE_BUNDLE_UNAVAILABLE -DXcode -plugin-path /Applications/Xcode-27.0.0.app/Contents/Developer/Toolchains/XcodeDefault.xctoolchain/usr/lib/swift/host/plugins/testing -enable-experimental-feature DebugDescriptionMacro -sdk /Applications/Xcode-27.0.0.app/Contents/Developer/Platforms/AppleTVOS.platform/Developer/SDKs/AppleTVOS27.0.sdk -target arm64-apple-tvos15.0 -g -module-cache-path /Users/admin/builder/spi-builder-workspace/.derivedData/ModuleCache.noindex -Xfrontend -serialize-debugging-options -profile-coverage-mapping -profile-generate -enable-testing -index-store-path /Users/admin/builder/spi-builder-workspace/.derivedData/Index.noindex/DataStore -Xcc -D_LIBCPP_HARDENING_MODE\=_LIBCPP_HARDENING_MODE_DEBUG -swift-version 5 -I /Users/admin/builder/spi-builder-workspace/.derivedData/Build/Products/Debug-appletvos -Isystem /Applications/Xcode-27.0.0.app/Contents/Developer/Platforms/AppleTVOS.platform/Developer/usr/lib -F /Users/admin/builder/spi-builder-workspace/.derivedData/Build/Products/Debug-appletvos -F /Applications/Xcode-27.0.0.app/Contents/Developer/Platforms/AppleTVOS.platform/Developer/Library/Frameworks -F /Applications/Xcode-27.0.0.app/Contents/Developer/Platforms/AppleTVOS.platform/Developer/SDKs/AppleTVOS27.0.sdk/Developer/Library/Frameworks -emit-localized-strings -emit-localized-strings-path /Users/admin/builder/spi-builder-workspace/.derivedData/Build/Intermediates.noindex/BlueprintUI.build/Debug-appletvos/BlueprintUI-t.build/Objects-normal/arm64 -c -j10 -enable-batch-mode -incremental -Xcc -ivfsstatcache -Xcc /Users/admin/builder/spi-builder-workspace/.derivedData/SDKStatCaches.noindex/appletvos27.0-24J360-e829b21a6f8c9b70876ba0858053c044509235ffd515576fb835ffc8f67461e5.sdkstatcache -output-file-map /Users/admin/builder/spi-builder-workspace/.derivedData/Build/Intermediates.noindex/BlueprintUI.build/Debug-appletvos/BlueprintUI-t.build/Objects-normal/arm64/BlueprintUI-OutputFileMap.json -save-temps -no-color-diagnostics -explicit-module-build -module-cache-path /Users/admin/builder/spi-builder-workspace/.derivedData/Build/Intermediates.noindex/SwiftExplicitPrecompiledModules -clang-scanner-module-cache-path /Users/admin/builder/spi-builder-workspace/.derivedData/ModuleCache.noindex -sdk-module-cache-path /Users/admin/builder/spi-builder-workspace/.derivedData/SDKExplicitPrecompiledModules -emit-dependencies -emit-module -emit-module-path /Users/admin/builder/spi-builder-workspace/.derivedData/Build/Intermediates.noindex/BlueprintUI.build/Debug-appletvos/BlueprintUI-t.build/Objects-normal/arm64/BlueprintUI.swiftmodule -serialize-diagnostics -dependency-scan-serialize-diagnostics-path /Users/admin/builder/spi-builder-workspace/.derivedData/Build/Intermediates.noindex/BlueprintUI.build/Debug-appletvos/BlueprintUI-t.build/Objects-normal/arm64/BlueprintUI-dependency-scan.dia -validate-clang-modules-once -clang-build-session-file /Users/admin/builder/spi-builder-workspace/.derivedData/ModuleCache.noindex/Session.modulevalidation -Xcc -fmodules-prune-interval\=86400 -Xcc -fmodules-prune-after\=345600 -package-name spi_builder_workspace -emit-const-values -const-gather-protocols-list /Users/admin/builder/spi-builder-workspace/.derivedData/Build/Intermediates.noindex/BlueprintUI.build/Debug-appletvos/BlueprintUI-t.build/Objects-normal/arm64/BlueprintUI_const_extract_protocols.json -Xcc -I/Users/admin/builder/spi-builder-workspace/.derivedData/Build/Products/Debug-appletvos/include -Xcc -I/Users/admin/builder/spi-builder-workspace/.derivedData/Build/Intermediates.noindex/BlueprintUI.build/Debug-appletvos/BlueprintUI-t.build/DerivedSources-normal/arm64 -Xcc -I/Users/admin/builder/spi-builder-workspace/.derivedData/Build/Intermediates.noindex/BlueprintUI.build/Debug-appletvos/BlueprintUI-t.build/DerivedSources/arm64 -Xcc -I/Users/admin/builder/spi-builder-workspace/.derivedData/Build/Intermediates.noindex/BlueprintUI.build/Debug-appletvos/BlueprintUI-t.build/DerivedSources -Xcc -DSWIFT_PACKAGE -Xcc -DDEBUG\=1 -emit-objc-header -emit-objc-header-path /Users/admin/builder/spi-builder-workspace/.derivedData/Build/Intermediates.noindex/BlueprintUI.build/Debug-appletvos/BlueprintUI-t.build/Objects-normal/arm64/BlueprintUI-Swift.h -working-directory /Users/admin/builder/spi-builder-workspace/.swiftpm/xcode -experimental-emit-module-separately -disable-cmo
Copy /Users/admin/builder/spi-builder-workspace/.derivedData/Build/Products/Debug-appletvos/KeyboardObserver.swiftmodule/Project/arm64-apple-tvos.swiftsourceinfo /Users/admin/builder/spi-builder-workspace/.derivedData/Build/Intermediates.noindex/KeyboardObserver.build/Debug-appletvos/KeyboardObserver-t.build/Objects-normal/arm64/KeyboardObserver.swiftsourceinfo (in target 'KeyboardObserver' from project 'KeyboardObserver')
cd /Users/admin/builder/spi-builder-workspace/.dependencies/checkouts/swift-keyboard-observer
builtin-copy -exclude .DS_Store -exclude CVS -exclude .svn -exclude .git -exclude .hg -resolve-src-symlinks -rename /Users/admin/builder/spi-builder-workspace/.derivedData/Build/Intermediates.noindex/KeyboardObserver.build/Debug-appletvos/KeyboardObserver-t.build/Objects-normal/arm64/KeyboardObserver.swiftsourceinfo /Users/admin/builder/spi-builder-workspace/.derivedData/Build/Products/Debug-appletvos/KeyboardObserver.swiftmodule/Project/arm64-apple-tvos.swiftsourceinfo
SwiftDriver BlueprintUIAccessibilityCore normal arm64 com.apple.xcode.tools.swift.compiler (in target 'BlueprintUIAccessibilityCore' from project 'BlueprintUI')
cd /Users/admin/builder/spi-builder-workspace/.swiftpm/xcode
builtin-SwiftDriver -- /Applications/Xcode-27.0.0.app/Contents/Developer/Toolchains/XcodeDefault.xctoolchain/usr/bin/swiftc -parse-as-library -module-name BlueprintUIAccessibilityCore -Onone @/Users/admin/builder/spi-builder-workspace/.derivedData/Build/Intermediates.noindex/BlueprintUI.build/Debug-appletvos/BlueprintUIAccessibilityCore-t.build/Objects-normal/arm64/BlueprintUIAccessibilityCore.SwiftFileList -DSWIFT_PACKAGE -DDEBUG -DSWIFT_MODULE_RESOURCE_BUNDLE_AVAILABLE -DXcode -plugin-path /Applications/Xcode-27.0.0.app/Contents/Developer/Toolchains/XcodeDefault.xctoolchain/usr/lib/swift/host/plugins/testing -enable-experimental-feature DebugDescriptionMacro -sdk /Applications/Xcode-27.0.0.app/Contents/Developer/Platforms/AppleTVOS.platform/Developer/SDKs/AppleTVOS27.0.sdk -target arm64-apple-tvos15.0 -g -module-cache-path /Users/admin/builder/spi-builder-workspace/.derivedData/ModuleCache.noindex -Xfrontend -serialize-debugging-options -profile-coverage-mapping -profile-generate -enable-testing -index-store-path /Users/admin/builder/spi-builder-workspace/.derivedData/Index.noindex/DataStore -Xcc -D_LIBCPP_HARDENING_MODE\=_LIBCPP_HARDENING_MODE_DEBUG -swift-version 5 -I /Users/admin/builder/spi-builder-workspace/.derivedData/Build/Products/Debug-appletvos -Isystem /Applications/Xcode-27.0.0.app/Contents/Developer/Platforms/AppleTVOS.platform/Developer/usr/lib -F /Users/admin/builder/spi-builder-workspace/.derivedData/Build/Products/Debug-appletvos/PackageFrameworks -F /Users/admin/builder/spi-builder-workspace/.derivedData/Build/Products/Debug-appletvos -F /Applications/Xcode-27.0.0.app/Contents/Developer/Platforms/AppleTVOS.platform/Developer/Library/Frameworks -F /Applications/Xcode-27.0.0.app/Contents/Developer/Platforms/AppleTVOS.platform/Developer/SDKs/AppleTVOS27.0.sdk/Developer/Library/Frameworks -emit-localized-strings -emit-localized-strings-path /Users/admin/builder/spi-builder-workspace/.derivedData/Build/Intermediates.noindex/BlueprintUI.build/Debug-appletvos/BlueprintUIAccessibilityCore-t.build/Objects-normal/arm64 -c -j10 -enable-batch-mode -incremental -Xcc -ivfsstatcache -Xcc /Users/admin/builder/spi-builder-workspace/.derivedData/SDKStatCaches.noindex/appletvos27.0-24J360-e829b21a6f8c9b70876ba0858053c044509235ffd515576fb835ffc8f67461e5.sdkstatcache -output-file-map /Users/admin/builder/spi-builder-workspace/.derivedData/Build/Intermediates.noindex/BlueprintUI.build/Debug-appletvos/BlueprintUIAccessibilityCore-t.build/Objects-normal/arm64/BlueprintUIAccessibilityCore-OutputFileMap.json -save-temps -no-color-diagnostics -explicit-module-build -module-cache-path /Users/admin/builder/spi-builder-workspace/.derivedData/Build/Intermediates.noindex/SwiftExplicitPrecompiledModules -clang-scanner-module-cache-path /Users/admin/builder/spi-builder-workspace/.derivedData/ModuleCache.noindex -sdk-module-cache-path /Users/admin/builder/spi-builder-workspace/.derivedData/SDKExplicitPrecompiledModules -emit-dependencies -emit-module -emit-module-path /Users/admin/builder/spi-builder-workspace/.derivedData/Build/Intermediates.noindex/BlueprintUI.build/Debug-appletvos/BlueprintUIAccessibilityCore-t.build/Objects-normal/arm64/BlueprintUIAccessibilityCore.swiftmodule -serialize-diagnostics -dependency-scan-serialize-diagnostics-path /Users/admin/builder/spi-builder-workspace/.derivedData/Build/Intermediates.noindex/BlueprintUI.build/Debug-appletvos/BlueprintUIAccessibilityCore-t.build/Objects-normal/arm64/BlueprintUIAccessibilityCore-dependency-scan.dia -validate-clang-modules-once -clang-build-session-file /Users/admin/builder/spi-builder-workspace/.derivedData/ModuleCache.noindex/Session.modulevalidation -Xcc -fmodules-prune-interval\=86400 -Xcc -fmodules-prune-after\=345600 -package-name spi_builder_workspace -emit-const-values -const-gather-protocols-list /Users/admin/builder/spi-builder-workspace/.derivedData/Build/Intermediates.noindex/BlueprintUI.build/Debug-appletvos/BlueprintUIAccessibilityCore-t.build/Objects-normal/arm64/BlueprintUIAccessibilityCore_const_extract_protocols.json -Xcc -I/Users/admin/builder/spi-builder-workspace/.derivedData/Build/Products/Debug-appletvos/include -Xcc -I/Users/admin/builder/spi-builder-workspace/.derivedData/Build/Intermediates.noindex/BlueprintUI.build/Debug-appletvos/BlueprintUIAccessibilityCore-t.build/DerivedSources-normal/arm64 -Xcc -I/Users/admin/builder/spi-builder-workspace/.derivedData/Build/Intermediates.noindex/BlueprintUI.build/Debug-appletvos/BlueprintUIAccessibilityCore-t.build/DerivedSources/arm64 -Xcc -I/Users/admin/builder/spi-builder-workspace/.derivedData/Build/Intermediates.noindex/BlueprintUI.build/Debug-appletvos/BlueprintUIAccessibilityCore-t.build/DerivedSources -Xcc -DSWIFT_PACKAGE -Xcc -DDEBUG\=1 -emit-objc-header -emit-objc-header-path /Users/admin/builder/spi-builder-workspace/.derivedData/Build/Intermediates.noindex/BlueprintUI.build/Debug-appletvos/BlueprintUIAccessibilityCore-t.build/Objects-normal/arm64/BlueprintUIAccessibilityCore-Swift.h -working-directory /Users/admin/builder/spi-builder-workspace/.swiftpm/xcode -experimental-emit-module-separately -disable-cmo
SwiftEmitModule normal arm64 Emitting\ module\ for\ KeyboardObserver (in target 'KeyboardObserver' from project 'KeyboardObserver')
SwiftCompile normal arm64 (in target 'KeyboardObserver' from project 'KeyboardObserver')
cd /Users/admin/builder/spi-builder-workspace/.swiftpm/xcode
SwiftCompile normal arm64 Compiling\ KeyboardObserver.swift /Users/admin/builder/spi-builder-workspace/.dependencies/checkouts/swift-keyboard-observer/KeyboardObserver/Sources/KeyboardObserver.swift (in target 'KeyboardObserver' from project 'KeyboardObserver')
/Users/admin/builder/spi-builder-workspace/.dependencies/checkouts/swift-keyboard-observer/KeyboardObserver/Sources/KeyboardObserver.swift:102:28: error: 'keyboardWillChangeFrameNotification' is unavailable in tvOS
100 | self,
101 | selector: #selector(keyboardFrameChanged(_:)),
102 | name: UIWindow.keyboardWillChangeFrameNotification,
| `- error: 'keyboardWillChangeFrameNotification' is unavailable in tvOS
103 | object: nil
104 | )
/Applications/Xcode-27.0.0.app/Contents/Developer/Platforms/AppleTVOS.platform/Developer/SDKs/AppleTVOS27.0.sdk/System/Library/Frameworks/UIKit.framework/Headers/UIWindow.h:145:39: note: 'keyboardWillChangeFrameNotification' has been explicitly marked unavailable here
143 | // Like the standard keyboard notifications above, these additional notifications include
144 | // a nil object and begin/end frames of the keyboard in screen coordinates in the userInfo dictionary.
145 | UIKIT_EXTERN NSNotificationName const UIKeyboardWillChangeFrameNotification API_AVAILABLE(ios(5.0)) API_UNAVAILABLE(tvos, watchos) NS_SWIFT_NONISOLATED;
| `- note: 'keyboardWillChangeFrameNotification' has been explicitly marked unavailable here
146 | UIKIT_EXTERN NSNotificationName const UIKeyboardDidChangeFrameNotification API_AVAILABLE(ios(5.0)) API_UNAVAILABLE(tvos, watchos) NS_SWIFT_NONISOLATED;
147 |
/Users/admin/builder/spi-builder-workspace/.dependencies/checkouts/swift-keyboard-observer/KeyboardObserver/Sources/KeyboardObserver.swift:108:28: error: 'keyboardDidChangeFrameNotification' is unavailable in tvOS
106 | self,
107 | selector: #selector(keyboardFrameChanged(_:)),
108 | name: UIWindow.keyboardDidChangeFrameNotification,
| `- error: 'keyboardDidChangeFrameNotification' is unavailable in tvOS
109 | object: nil
110 | )
/Applications/Xcode-27.0.0.app/Contents/Developer/Platforms/AppleTVOS.platform/Developer/SDKs/AppleTVOS27.0.sdk/System/Library/Frameworks/UIKit.framework/Headers/UIWindow.h:146:39: note: 'keyboardDidChangeFrameNotification' has been explicitly marked unavailable here
144 | // a nil object and begin/end frames of the keyboard in screen coordinates in the userInfo dictionary.
145 | UIKIT_EXTERN NSNotificationName const UIKeyboardWillChangeFrameNotification API_AVAILABLE(ios(5.0)) API_UNAVAILABLE(tvos, watchos) NS_SWIFT_NONISOLATED;
146 | UIKIT_EXTERN NSNotificationName const UIKeyboardDidChangeFrameNotification API_AVAILABLE(ios(5.0)) API_UNAVAILABLE(tvos, watchos) NS_SWIFT_NONISOLATED;
| `- note: 'keyboardDidChangeFrameNotification' has been explicitly marked unavailable here
147 |
148 | // These keys are superseded by UIKeyboardFrameBeginUserInfoKey and UIKeyboardFrameEndUserInfoKey.
/Users/admin/builder/spi-builder-workspace/.dependencies/checkouts/swift-keyboard-observer/KeyboardObserver/Sources/KeyboardObserver.swift:112:25: error: 'keyboardWillHideNotification' is unavailable in tvOS
110 | )
111 | for name in [
112 | UIResponder.keyboardWillHideNotification,
| `- error: 'keyboardWillHideNotification' is unavailable in tvOS
113 | UIResponder.keyboardDidHideNotification,
114 | UIResponder.keyboardWillShowNotification,
/Applications/Xcode-27.0.0.app/Contents/Developer/Platforms/AppleTVOS.platform/Developer/SDKs/AppleTVOS27.0.sdk/System/Library/Frameworks/UIKit.framework/Headers/UIWindow.h:134:39: note: 'keyboardWillHideNotification' has been explicitly marked unavailable here
132 | UIKIT_EXTERN NSNotificationName const UIKeyboardWillShowNotification API_UNAVAILABLE(tvos, watchos) NS_SWIFT_NONISOLATED;
133 | UIKIT_EXTERN NSNotificationName const UIKeyboardDidShowNotification API_UNAVAILABLE(tvos, watchos) NS_SWIFT_NONISOLATED;
134 | UIKIT_EXTERN NSNotificationName const UIKeyboardWillHideNotification API_UNAVAILABLE(tvos, watchos) NS_SWIFT_NONISOLATED;
| `- note: 'keyboardWillHideNotification' has been explicitly marked unavailable here
135 | UIKIT_EXTERN NSNotificationName const UIKeyboardDidHideNotification API_UNAVAILABLE(tvos, watchos) NS_SWIFT_NONISOLATED;
136 |
/Users/admin/builder/spi-builder-workspace/.dependencies/checkouts/swift-keyboard-observer/KeyboardObserver/Sources/KeyboardObserver.swift:113:25: error: 'keyboardDidHideNotification' is unavailable in tvOS
111 | for name in [
112 | UIResponder.keyboardWillHideNotification,
113 | UIResponder.keyboardDidHideNotification,
| `- error: 'keyboardDidHideNotification' is unavailable in tvOS
114 | UIResponder.keyboardWillShowNotification,
115 | UIResponder.keyboardDidShowNotification,
/Applications/Xcode-27.0.0.app/Contents/Developer/Platforms/AppleTVOS.platform/Developer/SDKs/AppleTVOS27.0.sdk/System/Library/Frameworks/UIKit.framework/Headers/UIWindow.h:135:39: note: 'keyboardDidHideNotification' has been explicitly marked unavailable here
133 | UIKIT_EXTERN NSNotificationName const UIKeyboardDidShowNotification API_UNAVAILABLE(tvos, watchos) NS_SWIFT_NONISOLATED;
134 | UIKIT_EXTERN NSNotificationName const UIKeyboardWillHideNotification API_UNAVAILABLE(tvos, watchos) NS_SWIFT_NONISOLATED;
135 | UIKIT_EXTERN NSNotificationName const UIKeyboardDidHideNotification API_UNAVAILABLE(tvos, watchos) NS_SWIFT_NONISOLATED;
| `- note: 'keyboardDidHideNotification' has been explicitly marked unavailable here
136 |
137 | UIKIT_EXTERN NSString *const UIKeyboardFrameBeginUserInfoKey API_AVAILABLE(ios(3.2)) API_UNAVAILABLE(tvos, watchos) NS_SWIFT_NONISOLATED; // NSValue of CGRect
/Users/admin/builder/spi-builder-workspace/.dependencies/checkouts/swift-keyboard-observer/KeyboardObserver/Sources/KeyboardObserver.swift:114:25: error: 'keyboardWillShowNotification' is unavailable in tvOS
112 | UIResponder.keyboardWillHideNotification,
113 | UIResponder.keyboardDidHideNotification,
114 | UIResponder.keyboardWillShowNotification,
| `- error: 'keyboardWillShowNotification' is unavailable in tvOS
115 | UIResponder.keyboardDidShowNotification,
116 | ] {
/Applications/Xcode-27.0.0.app/Contents/Developer/Platforms/AppleTVOS.platform/Developer/SDKs/AppleTVOS27.0.sdk/System/Library/Frameworks/UIKit.framework/Headers/UIWindow.h:132:39: note: 'keyboardWillShowNotification' has been explicitly marked unavailable here
130 | // Use the various UICoordinateSpace convertRect facilities to get the frame in the desired coordinate system.
131 | // Animation key/value pairs are only available for the "will" family of notification.
132 | UIKIT_EXTERN NSNotificationName const UIKeyboardWillShowNotification API_UNAVAILABLE(tvos, watchos) NS_SWIFT_NONISOLATED;
| `- note: 'keyboardWillShowNotification' has been explicitly marked unavailable here
133 | UIKIT_EXTERN NSNotificationName const UIKeyboardDidShowNotification API_UNAVAILABLE(tvos, watchos) NS_SWIFT_NONISOLATED;
134 | UIKIT_EXTERN NSNotificationName const UIKeyboardWillHideNotification API_UNAVAILABLE(tvos, watchos) NS_SWIFT_NONISOLATED;
/Users/admin/builder/spi-builder-workspace/.dependencies/checkouts/swift-keyboard-observer/KeyboardObserver/Sources/KeyboardObserver.swift:115:25: error: 'keyboardDidShowNotification' is unavailable in tvOS
113 | UIResponder.keyboardDidHideNotification,
114 | UIResponder.keyboardWillShowNotification,
115 | UIResponder.keyboardDidShowNotification,
| `- error: 'keyboardDidShowNotification' is unavailable in tvOS
116 | ] {
117 | self.center.addObserver(
/Applications/Xcode-27.0.0.app/Contents/Developer/Platforms/AppleTVOS.platform/Developer/SDKs/AppleTVOS27.0.sdk/System/Library/Frameworks/UIKit.framework/Headers/UIWindow.h:133:39: note: 'keyboardDidShowNotification' has been explicitly marked unavailable here
131 | // Animation key/value pairs are only available for the "will" family of notification.
132 | UIKIT_EXTERN NSNotificationName const UIKeyboardWillShowNotification API_UNAVAILABLE(tvos, watchos) NS_SWIFT_NONISOLATED;
133 | UIKIT_EXTERN NSNotificationName const UIKeyboardDidShowNotification API_UNAVAILABLE(tvos, watchos) NS_SWIFT_NONISOLATED;
| `- note: 'keyboardDidShowNotification' has been explicitly marked unavailable here
134 | UIKIT_EXTERN NSNotificationName const UIKeyboardWillHideNotification API_UNAVAILABLE(tvos, watchos) NS_SWIFT_NONISOLATED;
135 | UIKIT_EXTERN NSNotificationName const UIKeyboardDidHideNotification API_UNAVAILABLE(tvos, watchos) NS_SWIFT_NONISOLATED;
/Users/admin/builder/spi-builder-workspace/.dependencies/checkouts/swift-keyboard-observer/KeyboardObserver/Sources/KeyboardObserver.swift:289:61: error: 'keyboardWillHideNotification' is unavailable in tvOS
287 |
288 | let wasHidden = isKeyboardHidden
289 | isKeyboardHidden = notification.name == UIResponder.keyboardWillHideNotification
| `- error: 'keyboardWillHideNotification' is unavailable in tvOS
290 | || notification.name == UIResponder.keyboardDidHideNotification
291 | receivedUpdatedKeyboardInfo(info, forceNotify: wasHidden != isKeyboardHidden)
/Applications/Xcode-27.0.0.app/Contents/Developer/Platforms/AppleTVOS.platform/Developer/SDKs/AppleTVOS27.0.sdk/System/Library/Frameworks/UIKit.framework/Headers/UIWindow.h:134:39: note: 'keyboardWillHideNotification' has been explicitly marked unavailable here
132 | UIKIT_EXTERN NSNotificationName const UIKeyboardWillShowNotification API_UNAVAILABLE(tvos, watchos) NS_SWIFT_NONISOLATED;
133 | UIKIT_EXTERN NSNotificationName const UIKeyboardDidShowNotification API_UNAVAILABLE(tvos, watchos) NS_SWIFT_NONISOLATED;
134 | UIKIT_EXTERN NSNotificationName const UIKeyboardWillHideNotification API_UNAVAILABLE(tvos, watchos) NS_SWIFT_NONISOLATED;
| `- note: 'keyboardWillHideNotification' has been explicitly marked unavailable here
135 | UIKIT_EXTERN NSNotificationName const UIKeyboardDidHideNotification API_UNAVAILABLE(tvos, watchos) NS_SWIFT_NONISOLATED;
136 |
/Users/admin/builder/spi-builder-workspace/.dependencies/checkouts/swift-keyboard-observer/KeyboardObserver/Sources/KeyboardObserver.swift:290:49: error: 'keyboardDidHideNotification' is unavailable in tvOS
288 | let wasHidden = isKeyboardHidden
289 | isKeyboardHidden = notification.name == UIResponder.keyboardWillHideNotification
290 | || notification.name == UIResponder.keyboardDidHideNotification
| `- error: 'keyboardDidHideNotification' is unavailable in tvOS
291 | receivedUpdatedKeyboardInfo(info, forceNotify: wasHidden != isKeyboardHidden)
292 | }
/Applications/Xcode-27.0.0.app/Contents/Developer/Platforms/AppleTVOS.platform/Developer/SDKs/AppleTVOS27.0.sdk/System/Library/Frameworks/UIKit.framework/Headers/UIWindow.h:135:39: note: 'keyboardDidHideNotification' has been explicitly marked unavailable here
133 | UIKIT_EXTERN NSNotificationName const UIKeyboardDidShowNotification API_UNAVAILABLE(tvos, watchos) NS_SWIFT_NONISOLATED;
134 | UIKIT_EXTERN NSNotificationName const UIKeyboardWillHideNotification API_UNAVAILABLE(tvos, watchos) NS_SWIFT_NONISOLATED;
135 | UIKIT_EXTERN NSNotificationName const UIKeyboardDidHideNotification API_UNAVAILABLE(tvos, watchos) NS_SWIFT_NONISOLATED;
| `- note: 'keyboardDidHideNotification' has been explicitly marked unavailable here
136 |
137 | UIKIT_EXTERN NSString *const UIKeyboardFrameBeginUserInfoKey API_AVAILABLE(ios(3.2)) API_UNAVAILABLE(tvos, watchos) NS_SWIFT_NONISOLATED; // NSValue of CGRect
/Users/admin/builder/spi-builder-workspace/.dependencies/checkouts/swift-keyboard-observer/KeyboardObserver/Sources/KeyboardObserver.swift:329:59: error: 'keyboardFrameEndUserInfoKey' is unavailable in tvOS
327 | }
328 |
329 | guard let endingFrame = (userInfo[UIResponder.keyboardFrameEndUserInfoKey] as? NSValue)?.cgRectValue else {
| `- error: 'keyboardFrameEndUserInfoKey' is unavailable in tvOS
330 | throw ParseError.missingEndingFrame
331 | }
/Applications/Xcode-27.0.0.app/Contents/Developer/Platforms/AppleTVOS.platform/Developer/SDKs/AppleTVOS27.0.sdk/System/Library/Frameworks/UIKit.framework/Headers/UIWindow.h:138:30: note: 'keyboardFrameEndUserInfoKey' has been explicitly marked unavailable here
136 |
137 | UIKIT_EXTERN NSString *const UIKeyboardFrameBeginUserInfoKey API_AVAILABLE(ios(3.2)) API_UNAVAILABLE(tvos, watchos) NS_SWIFT_NONISOLATED; // NSValue of CGRect
138 | UIKIT_EXTERN NSString *const UIKeyboardFrameEndUserInfoKey API_AVAILABLE(ios(3.2)) API_UNAVAILABLE(tvos, watchos) NS_SWIFT_NONISOLATED; // NSValue of CGRect
| `- note: 'keyboardFrameEndUserInfoKey' has been explicitly marked unavailable here
139 | UIKIT_EXTERN NSString *const UIKeyboardAnimationDurationUserInfoKey API_AVAILABLE(ios(3.0)) API_UNAVAILABLE(tvos, watchos) NS_SWIFT_NONISOLATED; // NSNumber of double
140 | UIKIT_EXTERN NSString *const UIKeyboardAnimationCurveUserInfoKey API_AVAILABLE(ios(3.0)) API_UNAVAILABLE(tvos, watchos) NS_SWIFT_NONISOLATED; // NSNumber of NSUInteger (UIViewAnimationCurve)
/Users/admin/builder/spi-builder-workspace/.dependencies/checkouts/swift-keyboard-observer/KeyboardObserver/Sources/KeyboardObserver.swift:335:65: error: 'keyboardAnimationDurationUserInfoKey' is unavailable in tvOS
333 | self.endingFrame = endingFrame
334 |
335 | guard let animationDuration = (userInfo[UIResponder.keyboardAnimationDurationUserInfoKey] as? NSNumber)?.doubleValue else {
| `- error: 'keyboardAnimationDurationUserInfoKey' is unavailable in tvOS
336 | throw ParseError.missingAnimationDuration
337 | }
/Applications/Xcode-27.0.0.app/Contents/Developer/Platforms/AppleTVOS.platform/Developer/SDKs/AppleTVOS27.0.sdk/System/Library/Frameworks/UIKit.framework/Headers/UIWindow.h:139:30: note: 'keyboardAnimationDurationUserInfoKey' has been explicitly marked unavailable here
137 | UIKIT_EXTERN NSString *const UIKeyboardFrameBeginUserInfoKey API_AVAILABLE(ios(3.2)) API_UNAVAILABLE(tvos, watchos) NS_SWIFT_NONISOLATED; // NSValue of CGRect
138 | UIKIT_EXTERN NSString *const UIKeyboardFrameEndUserInfoKey API_AVAILABLE(ios(3.2)) API_UNAVAILABLE(tvos, watchos) NS_SWIFT_NONISOLATED; // NSValue of CGRect
139 | UIKIT_EXTERN NSString *const UIKeyboardAnimationDurationUserInfoKey API_AVAILABLE(ios(3.0)) API_UNAVAILABLE(tvos, watchos) NS_SWIFT_NONISOLATED; // NSNumber of double
| `- note: 'keyboardAnimationDurationUserInfoKey' has been explicitly marked unavailable here
140 | UIKIT_EXTERN NSString *const UIKeyboardAnimationCurveUserInfoKey API_AVAILABLE(ios(3.0)) API_UNAVAILABLE(tvos, watchos) NS_SWIFT_NONISOLATED; // NSNumber of NSUInteger (UIViewAnimationCurve)
141 | UIKIT_EXTERN NSString *const UIKeyboardIsLocalUserInfoKey API_AVAILABLE(ios(9.0)) API_UNAVAILABLE(tvos, watchos) NS_SWIFT_NONISOLATED; // NSNumber of BOOL
/Users/admin/builder/spi-builder-workspace/.dependencies/checkouts/swift-keyboard-observer/KeyboardObserver/Sources/KeyboardObserver.swift:341:58: error: 'keyboardAnimationCurveUserInfoKey' is unavailable in tvOS
339 | self.animationDuration = animationDuration
340 |
341 | guard let curveValue = (userInfo[UIResponder.keyboardAnimationCurveUserInfoKey] as? NSNumber)?.intValue,
| `- error: 'keyboardAnimationCurveUserInfoKey' is unavailable in tvOS
342 | let animationCurve = UIView.AnimationCurve(rawValue: curveValue)
343 | else {
/Applications/Xcode-27.0.0.app/Contents/Developer/Platforms/AppleTVOS.platform/Developer/SDKs/AppleTVOS27.0.sdk/System/Library/Frameworks/UIKit.framework/Headers/UIWindow.h:140:30: note: 'keyboardAnimationCurveUserInfoKey' has been explicitly marked unavailable here
138 | UIKIT_EXTERN NSString *const UIKeyboardFrameEndUserInfoKey API_AVAILABLE(ios(3.2)) API_UNAVAILABLE(tvos, watchos) NS_SWIFT_NONISOLATED; // NSValue of CGRect
139 | UIKIT_EXTERN NSString *const UIKeyboardAnimationDurationUserInfoKey API_AVAILABLE(ios(3.0)) API_UNAVAILABLE(tvos, watchos) NS_SWIFT_NONISOLATED; // NSNumber of double
140 | UIKIT_EXTERN NSString *const UIKeyboardAnimationCurveUserInfoKey API_AVAILABLE(ios(3.0)) API_UNAVAILABLE(tvos, watchos) NS_SWIFT_NONISOLATED; // NSNumber of NSUInteger (UIViewAnimationCurve)
| `- note: 'keyboardAnimationCurveUserInfoKey' has been explicitly marked unavailable here
141 | UIKIT_EXTERN NSString *const UIKeyboardIsLocalUserInfoKey API_AVAILABLE(ios(9.0)) API_UNAVAILABLE(tvos, watchos) NS_SWIFT_NONISOLATED; // NSNumber of BOOL
142 |
Failed frontend command:
/Applications/Xcode-27.0.0.app/Contents/Developer/Toolchains/XcodeDefault.xctoolchain/usr/bin/swift-frontend -frontend -c -primary-file /Users/admin/builder/spi-builder-workspace/.dependencies/checkouts/swift-keyboard-observer/KeyboardObserver/Sources/KeyboardObserver.swift -emit-dependencies-path /Users/admin/builder/spi-builder-workspace/.derivedData/Build/Intermediates.noindex/KeyboardObserver.build/Debug-appletvos/KeyboardObserver-t.build/Objects-normal/arm64/KeyboardObserver.d -emit-const-values-path /Users/admin/builder/spi-builder-workspace/.derivedData/Build/Intermediates.noindex/KeyboardObserver.build/Debug-appletvos/KeyboardObserver-t.build/Objects-normal/arm64/KeyboardObserver.swiftconstvalues -emit-reference-dependencies-path /Users/admin/builder/spi-builder-workspace/.derivedData/Build/Intermediates.noindex/KeyboardObserver.build/Debug-appletvos/KeyboardObserver-t.build/Objects-normal/arm64/KeyboardObserver.swiftdeps -serialize-diagnostics-path /Users/admin/builder/spi-builder-workspace/.derivedData/Build/Intermediates.noindex/KeyboardObserver.build/Debug-appletvos/KeyboardObserver-t.build/Objects-normal/arm64/KeyboardObserver.dia -target arm64-apple-tvos15.0 -disable-cross-import-overlay-search -load-resolved-plugin /Applications/Xcode-27.0.0.app/Contents/Developer/Platforms/AppleTVOS.platform/Developer/usr/lib/swift/host/plugins/libFoundationMacros.dylib\#/Applications/Xcode-27.0.0.app/Contents/Developer/Platforms/AppleTVOS.platform/Developer/usr/bin/swift-plugin-server\#FoundationMacros -load-resolved-plugin /Applications/Xcode-27.0.0.app/Contents/Developer/Platforms/AppleTVOS.platform/Developer/usr/lib/swift/host/plugins/libObservationMacros.dylib\#/Applications/Xcode-27.0.0.app/Contents/Developer/Platforms/AppleTVOS.platform/Developer/usr/bin/swift-plugin-server\#ObservationMacros -load-resolved-plugin /Applications/Xcode-27.0.0.app/Contents/Developer/Platforms/AppleTVOS.platform/Developer/usr/lib/swift/host/plugins/libPreviewsMacros.dylib\#/Applications/Xcode-27.0.0.app/Contents/Developer/Platforms/AppleTVOS.platform/Developer/usr/bin/swift-plugin-server\#PreviewsMacros -load-resolved-plugin /Applications/Xcode-27.0.0.app/Contents/Developer/Platforms/AppleTVOS.platform/Developer/usr/lib/swift/host/plugins/libSwiftMacros.dylib\#/Applications/Xcode-27.0.0.app/Contents/Developer/Platforms/AppleTVOS.platform/Developer/usr/bin/swift-plugin-server\#SwiftMacros -load-resolved-plugin /Applications/Xcode-27.0.0.app/Contents/Developer/Platforms/AppleTVOS.platform/Developer/usr/lib/swift/host/plugins/libSwiftUIMacros.dylib\#/Applications/Xcode-27.0.0.app/Contents/Developer/Platforms/AppleTVOS.platform/Developer/usr/bin/swift-plugin-server\#SwiftUIMacros -disable-implicit-swift-modules -Xcc -fno-implicit-modules -Xcc -fno-implicit-module-maps -explicit-swift-module-map-file /Users/admin/builder/spi-builder-workspace/.derivedData/Build/Intermediates.noindex/KeyboardObserver.build/Debug-appletvos/KeyboardObserver-t.build/Objects-normal/arm64/KeyboardObserver-dependencies-1.json -Xllvm -aarch64-use-tbi -enable-objc-interop -stack-check -sdk /Applications/Xcode-27.0.0.app/Contents/Developer/Platforms/AppleTVOS.platform/Developer/SDKs/AppleTVOS27.0.sdk -I /Users/admin/builder/spi-builder-workspace/.derivedData/Build/Products/Debug-appletvos -Isystem /Applications/Xcode-27.0.0.app/Contents/Developer/Platforms/AppleTVOS.platform/Developer/usr/lib -F /Users/admin/builder/spi-builder-workspace/.derivedData/Build/Products/Debug-appletvos -F /Applications/Xcode-27.0.0.app/Contents/Developer/Platforms/AppleTVOS.platform/Developer/Library/Frameworks -F /Applications/Xcode-27.0.0.app/Contents/Developer/Platforms/AppleTVOS.platform/Developer/SDKs/AppleTVOS27.0.sdk/Developer/Library/Frameworks -module-cache-path /Users/admin/builder/spi-builder-workspace/.derivedData/Build/Intermediates.noindex/SwiftExplicitPrecompiledModules -no-color-diagnostics -Xcc -fno-color-diagnostics -enable-testing -g -debug-info-format\=dwarf -dwarf-version\=4 -suppress-warnings -profile-generate -profile-coverage-mapping -swift-version 5 -Onone -D SWIFT_PACKAGE -D DEBUG -D SWIFT_MODULE_RESOURCE_BUNDLE_UNAVAILABLE -D Xcode -serialize-debugging-options -enable-experimental-feature DebugDescriptionMacro -empty-abi-descriptor -validate-clang-modules-once -clang-build-session-file /Users/admin/builder/spi-builder-workspace/.derivedData/ModuleCache.noindex/Session.modulevalidation -Xcc -working-directory -Xcc /Users/admin/builder/spi-builder-workspace/.swiftpm/xcode -enable-anonymous-context-mangled-names -file-compilation-dir /Users/admin/builder/spi-builder-workspace/.swiftpm/xcode -Xcc -D_LIBCPP_HARDENING_MODE\=_LIBCPP_HARDENING_MODE_DEBUG -Xcc -ivfsstatcache -Xcc /Users/admin/builder/spi-builder-workspace/.derivedData/SDKStatCaches.noindex/appletvos27.0-24J360-e829b21a6f8c9b70876ba0858053c044509235ffd515576fb835ffc8f67461e5.sdkstatcache -Xcc -fmodules-prune-interval\=86400 -Xcc -fmodules-prune-after\=345600 -Xcc -I/Users/admin/builder/spi-builder-workspace/.derivedData/Build/Products/Debug-appletvos/include -Xcc -I/Users/admin/builder/spi-builder-workspace/.derivedData/Build/Intermediates.noindex/KeyboardObserver.build/Debug-appletvos/KeyboardObserver-t.build/DerivedSources-normal/arm64 -Xcc -I/Users/admin/builder/spi-builder-workspace/.derivedData/Build/Intermediates.noindex/KeyboardObserver.build/Debug-appletvos/KeyboardObserver-t.build/DerivedSources/arm64 -Xcc -I/Users/admin/builder/spi-builder-workspace/.derivedData/Build/Intermediates.noindex/KeyboardObserver.build/Debug-appletvos/KeyboardObserver-t.build/DerivedSources -Xcc -DSWIFT_PACKAGE -Xcc -DDEBUG\=1 -no-auto-bridging-header-chaining -module-name KeyboardObserver -package-name swift_keyboard_observer -const-gather-protocols-file /Users/admin/builder/spi-builder-workspace/.derivedData/Build/Intermediates.noindex/KeyboardObserver.build/Debug-appletvos/KeyboardObserver-t.build/Objects-normal/arm64/KeyboardObserver_const_extract_protocols.json -disable-clang-spi -clang-target arm64-apple-tvos27.0 -target-sdk-version 27.0 -target-sdk-name appletvos27.0 -in-process-plugin-server-path /Applications/Xcode-27.0.0.app/Contents/Developer/Toolchains/XcodeDefault.xctoolchain/usr/lib/swift/host/libSwiftInProcPluginServer.dylib -parse-as-library -o /Users/admin/builder/spi-builder-workspace/.derivedData/Build/Intermediates.noindex/KeyboardObserver.build/Debug-appletvos/KeyboardObserver-t.build/Objects-normal/arm64/KeyboardObserver.o -debug-module-path /Users/admin/builder/spi-builder-workspace/.derivedData/Build/Intermediates.noindex/KeyboardObserver.build/Debug-appletvos/KeyboardObserver-t.build/Objects-normal/arm64/KeyboardObserver.swiftmodule -index-unit-output-path /KeyboardObserver.build/Debug-appletvos/KeyboardObserver-t.build/Objects-normal/arm64/KeyboardObserver.o -index-store-path /Users/admin/builder/spi-builder-workspace/.derivedData/Index.noindex/DataStore -index-system-modules
SwiftCompile normal arm64 /Users/admin/builder/spi-builder-workspace/.dependencies/checkouts/swift-keyboard-observer/KeyboardObserver/Sources/KeyboardObserver.swift (in target 'KeyboardObserver' from project 'KeyboardObserver')
cd /Users/admin/builder/spi-builder-workspace/.swiftpm/xcode
builtin-SwiftPerFileCompile KeyboardObserver.swift
SwiftCompile normal arm64 Compiling\ AttributedText.swift,\ AttributedTextKey.swift,\ TextAttributeContainer.swift,\ BlueprintView.swift,\ ElementPreview.swift,\ Accessibility.swift,\ ContentStorage.swift,\ Element.swift,\ ElementContent.swift,\ EnvironmentAdaptingStorage.swift,\ LayoutStorage.swift /Users/admin/builder/spi-builder-workspace/BlueprintUI/Sources/AttributedText/AttributedText.swift /Users/admin/builder/spi-builder-workspace/BlueprintUI/Sources/AttributedText/AttributedTextKey.swift /Users/admin/builder/spi-builder-workspace/BlueprintUI/Sources/AttributedText/TextAttributeContainer.swift /Users/admin/builder/spi-builder-workspace/BlueprintUI/Sources/BlueprintView/BlueprintView.swift /Users/admin/builder/spi-builder-workspace/BlueprintUI/Sources/BlueprintView/ElementPreview.swift /Users/admin/builder/spi-builder-workspace/BlueprintUI/Sources/Element/Accessibility.swift /Users/admin/builder/spi-builder-workspace/BlueprintUI/Sources/Element/ContentStorage.swift /Users/admin/builder/spi-builder-workspace/BlueprintUI/Sources/Element/Element.swift /Users/admin/builder/spi-builder-workspace/BlueprintUI/Sources/Element/ElementContent.swift /Users/admin/builder/spi-builder-workspace/BlueprintUI/Sources/Element/EnvironmentAdaptingStorage.swift /Users/admin/builder/spi-builder-workspace/BlueprintUI/Sources/Element/LayoutStorage.swift (in target 'BlueprintUI' from project 'BlueprintUI')
SwiftCompile normal arm64 /Users/admin/builder/spi-builder-workspace/BlueprintUI/Sources/AttributedText/AttributedText.swift (in target 'BlueprintUI' from project 'BlueprintUI')
cd /Users/admin/builder/spi-builder-workspace/.swiftpm/xcode
builtin-SwiftPerFileCompile AttributedText.swift
SwiftCompile normal arm64 /Users/admin/builder/spi-builder-workspace/BlueprintUI/Sources/AttributedText/AttributedTextKey.swift (in target 'BlueprintUI' from project 'BlueprintUI')
cd /Users/admin/builder/spi-builder-workspace/.swiftpm/xcode
builtin-SwiftPerFileCompile AttributedTextKey.swift
SwiftCompile normal arm64 /Users/admin/builder/spi-builder-workspace/BlueprintUI/Sources/AttributedText/TextAttributeContainer.swift (in target 'BlueprintUI' from project 'BlueprintUI')
cd /Users/admin/builder/spi-builder-workspace/.swiftpm/xcode
builtin-SwiftPerFileCompile TextAttributeContainer.swift
SwiftCompile normal arm64 /Users/admin/builder/spi-builder-workspace/BlueprintUI/Sources/BlueprintView/BlueprintView.swift (in target 'BlueprintUI' from project 'BlueprintUI')
cd /Users/admin/builder/spi-builder-workspace/.swiftpm/xcode
builtin-SwiftPerFileCompile BlueprintView.swift
SwiftCompile normal arm64 /Users/admin/builder/spi-builder-workspace/BlueprintUI/Sources/BlueprintView/ElementPreview.swift (in target 'BlueprintUI' from project 'BlueprintUI')
cd /Users/admin/builder/spi-builder-workspace/.swiftpm/xcode
builtin-SwiftPerFileCompile ElementPreview.swift
SwiftCompile normal arm64 /Users/admin/builder/spi-builder-workspace/BlueprintUI/Sources/Element/Accessibility.swift (in target 'BlueprintUI' from project 'BlueprintUI')
cd /Users/admin/builder/spi-builder-workspace/.swiftpm/xcode
builtin-SwiftPerFileCompile Accessibility.swift
SwiftCompile normal arm64 /Users/admin/builder/spi-builder-workspace/BlueprintUI/Sources/Element/ContentStorage.swift (in target 'BlueprintUI' from project 'BlueprintUI')
cd /Users/admin/builder/spi-builder-workspace/.swiftpm/xcode
builtin-SwiftPerFileCompile ContentStorage.swift
SwiftCompile normal arm64 /Users/admin/builder/spi-builder-workspace/BlueprintUI/Sources/Element/Element.swift (in target 'BlueprintUI' from project 'BlueprintUI')
cd /Users/admin/builder/spi-builder-workspace/.swiftpm/xcode
builtin-SwiftPerFileCompile Element.swift
SwiftCompile normal arm64 /Users/admin/builder/spi-builder-workspace/BlueprintUI/Sources/Element/ElementContent.swift (in target 'BlueprintUI' from project 'BlueprintUI')
cd /Users/admin/builder/spi-builder-workspace/.swiftpm/xcode
builtin-SwiftPerFileCompile ElementContent.swift
SwiftCompile normal arm64 /Users/admin/builder/spi-builder-workspace/BlueprintUI/Sources/Element/EnvironmentAdaptingStorage.swift (in target 'BlueprintUI' from project 'BlueprintUI')
cd /Users/admin/builder/spi-builder-workspace/.swiftpm/xcode
builtin-SwiftPerFileCompile EnvironmentAdaptingStorage.swift
SwiftCompile normal arm64 /Users/admin/builder/spi-builder-workspace/BlueprintUI/Sources/Element/LayoutStorage.swift (in target 'BlueprintUI' from project 'BlueprintUI')
cd /Users/admin/builder/spi-builder-workspace/.swiftpm/xcode
builtin-SwiftPerFileCompile LayoutStorage.swift
SwiftCompile normal arm64 Compiling\ FocusBinding.swift,\ FocusState.swift,\ FocusTrigger.swift,\ CacheClearer.swift,\ ElementIdentifier.swift,\ ElementPath.swift,\ AnyObject+Debugging.swift,\ CATransform3D.swift,\ CGPoint.swift,\ CGRect.swift,\ CGSize+Extensions.swift /Users/admin/builder/spi-builder-workspace/BlueprintUI/Sources/Focus/FocusBinding.swift /Users/admin/builder/spi-builder-workspace/BlueprintUI/Sources/Focus/FocusState.swift /Users/admin/builder/spi-builder-workspace/BlueprintUI/Sources/Focus/FocusTrigger.swift /Users/admin/builder/spi-builder-workspace/BlueprintUI/Sources/Internal/CacheClearer.swift /Users/admin/builder/spi-builder-workspace/BlueprintUI/Sources/Internal/ElementIdentifier.swift /Users/admin/builder/spi-builder-workspace/BlueprintUI/Sources/Internal/ElementPath.swift /Users/admin/builder/spi-builder-workspace/BlueprintUI/Sources/Internal/Extensions/AnyObject+Debugging.swift /Users/admin/builder/spi-builder-workspace/BlueprintUI/Sources/Internal/Extensions/CATransform3D.swift /Users/admin/builder/spi-builder-workspace/BlueprintUI/Sources/Internal/Extensions/CGPoint.swift /Users/admin/builder/spi-builder-workspace/BlueprintUI/Sources/Internal/Extensions/CGRect.swift /Users/admin/builder/spi-builder-workspace/BlueprintUI/Sources/Internal/Extensions/CGSize+Extensions.swift (in target 'BlueprintUI' from project 'BlueprintUI')
SwiftCompile normal arm64 /Users/admin/builder/spi-builder-workspace/BlueprintUI/Sources/Focus/FocusBinding.swift (in target 'BlueprintUI' from project 'BlueprintUI')
cd /Users/admin/builder/spi-builder-workspace/.swiftpm/xcode
builtin-SwiftPerFileCompile FocusBinding.swift
SwiftCompile normal arm64 /Users/admin/builder/spi-builder-workspace/BlueprintUI/Sources/Focus/FocusState.swift (in target 'BlueprintUI' from project 'BlueprintUI')
cd /Users/admin/builder/spi-builder-workspace/.swiftpm/xcode
builtin-SwiftPerFileCompile FocusState.swift
SwiftCompile normal arm64 /Users/admin/builder/spi-builder-workspace/BlueprintUI/Sources/Focus/FocusTrigger.swift (in target 'BlueprintUI' from project 'BlueprintUI')
cd /Users/admin/builder/spi-builder-workspace/.swiftpm/xcode
builtin-SwiftPerFileCompile FocusTrigger.swift
SwiftCompile normal arm64 /Users/admin/builder/spi-builder-workspace/BlueprintUI/Sources/Internal/CacheClearer.swift (in target 'BlueprintUI' from project 'BlueprintUI')
cd /Users/admin/builder/spi-builder-workspace/.swiftpm/xcode
builtin-SwiftPerFileCompile CacheClearer.swift
SwiftCompile normal arm64 /Users/admin/builder/spi-builder-workspace/BlueprintUI/Sources/Internal/ElementIdentifier.swift (in target 'BlueprintUI' from project 'BlueprintUI')
cd /Users/admin/builder/spi-builder-workspace/.swiftpm/xcode
builtin-SwiftPerFileCompile ElementIdentifier.swift
SwiftCompile normal arm64 /Users/admin/builder/spi-builder-workspace/BlueprintUI/Sources/Internal/ElementPath.swift (in target 'BlueprintUI' from project 'BlueprintUI')
cd /Users/admin/builder/spi-builder-workspace/.swiftpm/xcode
builtin-SwiftPerFileCompile ElementPath.swift
SwiftCompile normal arm64 /Users/admin/builder/spi-builder-workspace/BlueprintUI/Sources/Internal/Extensions/AnyObject+Debugging.swift (in target 'BlueprintUI' from project 'BlueprintUI')
cd /Users/admin/builder/spi-builder-workspace/.swiftpm/xcode
builtin-SwiftPerFileCompile AnyObject+Debugging.swift
SwiftCompile normal arm64 /Users/admin/builder/spi-builder-workspace/BlueprintUI/Sources/Internal/Extensions/CATransform3D.swift (in target 'BlueprintUI' from project 'BlueprintUI')
cd /Users/admin/builder/spi-builder-workspace/.swiftpm/xcode
builtin-SwiftPerFileCompile CATransform3D.swift
SwiftCompile normal arm64 /Users/admin/builder/spi-builder-workspace/BlueprintUI/Sources/Internal/Extensions/CGPoint.swift (in target 'BlueprintUI' from project 'BlueprintUI')
cd /Users/admin/builder/spi-builder-workspace/.swiftpm/xcode
builtin-SwiftPerFileCompile CGPoint.swift
SwiftCompile normal arm64 /Users/admin/builder/spi-builder-workspace/BlueprintUI/Sources/Internal/Extensions/CGRect.swift (in target 'BlueprintUI' from project 'BlueprintUI')
cd /Users/admin/builder/spi-builder-workspace/.swiftpm/xcode
builtin-SwiftPerFileCompile CGRect.swift
SwiftCompile normal arm64 /Users/admin/builder/spi-builder-workspace/BlueprintUI/Sources/Internal/Extensions/CGSize+Extensions.swift (in target 'BlueprintUI' from project 'BlueprintUI')
cd /Users/admin/builder/spi-builder-workspace/.swiftpm/xcode
builtin-SwiftPerFileCompile CGSize+Extensions.swift
SwiftCompile normal arm64 Compiling\ CalendarKey.swift,\ DisplayScaleKey.swift,\ LayoutDirectionKey.swift,\ LocaleKey.swift,\ SafeAreaInsetsKey.swift,\ TimeZoneKey.swift,\ WindowSizeKey.swift,\ BidirectionalCollection+Blueprint.swift,\ CGSize+Blueprint.swift,\ FloatingPoint+Blueprint.swift,\ UIAccessibilityTraits+Blueprint.swift /Users/admin/builder/spi-builder-workspace/BlueprintUI/Sources/Environment/Keys/CalendarKey.swift /Users/admin/builder/spi-builder-workspace/BlueprintUI/Sources/Environment/Keys/DisplayScaleKey.swift /Users/admin/builder/spi-builder-workspace/BlueprintUI/Sources/Environment/Keys/LayoutDirectionKey.swift /Users/admin/builder/spi-builder-workspace/BlueprintUI/Sources/Environment/Keys/LocaleKey.swift /Users/admin/builder/spi-builder-workspace/BlueprintUI/Sources/Environment/Keys/SafeAreaInsetsKey.swift /Users/admin/builder/spi-builder-workspace/BlueprintUI/Sources/Environment/Keys/TimeZoneKey.swift /Users/admin/builder/spi-builder-workspace/BlueprintUI/Sources/Environment/Keys/WindowSizeKey.swift /Users/admin/builder/spi-builder-workspace/BlueprintUI/Sources/Extensions/BidirectionalCollection+Blueprint.swift /Users/admin/builder/spi-builder-workspace/BlueprintUI/Sources/Extensions/CGSize+Blueprint.swift /Users/admin/builder/spi-builder-workspace/BlueprintUI/Sources/Extensions/FloatingPoint+Blueprint.swift /Users/admin/builder/spi-builder-workspace/BlueprintUI/Sources/Extensions/UIAccessibilityTraits+Blueprint.swift (in target 'BlueprintUI' from project 'BlueprintUI')
SwiftCompile normal arm64 /Users/admin/builder/spi-builder-workspace/BlueprintUI/Sources/Environment/Keys/CalendarKey.swift (in target 'BlueprintUI' from project 'BlueprintUI')
cd /Users/admin/builder/spi-builder-workspace/.swiftpm/xcode
builtin-SwiftPerFileCompile CalendarKey.swift
SwiftCompile normal arm64 /Users/admin/builder/spi-builder-workspace/BlueprintUI/Sources/Environment/Keys/DisplayScaleKey.swift (in target 'BlueprintUI' from project 'BlueprintUI')
cd /Users/admin/builder/spi-builder-workspace/.swiftpm/xcode
builtin-SwiftPerFileCompile DisplayScaleKey.swift
SwiftCompile normal arm64 /Users/admin/builder/spi-builder-workspace/BlueprintUI/Sources/Environment/Keys/LayoutDirectionKey.swift (in target 'BlueprintUI' from project 'BlueprintUI')
cd /Users/admin/builder/spi-builder-workspace/.swiftpm/xcode
builtin-SwiftPerFileCompile LayoutDirectionKey.swift
SwiftCompile normal arm64 /Users/admin/builder/spi-builder-workspace/BlueprintUI/Sources/Environment/Keys/LocaleKey.swift (in target 'BlueprintUI' from project 'BlueprintUI')
cd /Users/admin/builder/spi-builder-workspace/.swiftpm/xcode
builtin-SwiftPerFileCompile LocaleKey.swift
SwiftCompile normal arm64 /Users/admin/builder/spi-builder-workspace/BlueprintUI/Sources/Environment/Keys/SafeAreaInsetsKey.swift (in target 'BlueprintUI' from project 'BlueprintUI')
cd /Users/admin/builder/spi-builder-workspace/.swiftpm/xcode
builtin-SwiftPerFileCompile SafeAreaInsetsKey.swift
SwiftCompile normal arm64 /Users/admin/builder/spi-builder-workspace/BlueprintUI/Sources/Environment/Keys/TimeZoneKey.swift (in target 'BlueprintUI' from project 'BlueprintUI')
cd /Users/admin/builder/spi-builder-workspace/.swiftpm/xcode
builtin-SwiftPerFileCompile TimeZoneKey.swift
SwiftCompile normal arm64 /Users/admin/builder/spi-builder-workspace/BlueprintUI/Sources/Environment/Keys/WindowSizeKey.swift (in target 'BlueprintUI' from project 'BlueprintUI')
cd /Users/admin/builder/spi-builder-workspace/.swiftpm/xcode
builtin-SwiftPerFileCompile WindowSizeKey.swift
SwiftCompile normal arm64 /Users/admin/builder/spi-builder-workspace/BlueprintUI/Sources/Extensions/BidirectionalCollection+Blueprint.swift (in target 'BlueprintUI' from project 'BlueprintUI')
cd /Users/admin/builder/spi-builder-workspace/.swiftpm/xcode
builtin-SwiftPerFileCompile BidirectionalCollection+Blueprint.swift
SwiftCompile normal arm64 /Users/admin/builder/spi-builder-workspace/BlueprintUI/Sources/Extensions/CGSize+Blueprint.swift (in target 'BlueprintUI' from project 'BlueprintUI')
cd /Users/admin/builder/spi-builder-workspace/.swiftpm/xcode
builtin-SwiftPerFileCompile CGSize+Blueprint.swift
SwiftCompile normal arm64 /Users/admin/builder/spi-builder-workspace/BlueprintUI/Sources/Extensions/FloatingPoint+Blueprint.swift (in target 'BlueprintUI' from project 'BlueprintUI')
cd /Users/admin/builder/spi-builder-workspace/.swiftpm/xcode
builtin-SwiftPerFileCompile FloatingPoint+Blueprint.swift
SwiftCompile normal arm64 /Users/admin/builder/spi-builder-workspace/BlueprintUI/Sources/Extensions/UIAccessibilityTraits+Blueprint.swift (in target 'BlueprintUI' from project 'BlueprintUI')
cd /Users/admin/builder/spi-builder-workspace/.swiftpm/xcode
builtin-SwiftPerFileCompile UIAccessibilityTraits+Blueprint.swift
SwiftCompile normal arm64 Compiling\ LazyStorage.swift,\ MeasurableStorage.swift,\ MeasureElementStorage.swift,\ PassthroughStorage.swift,\ ProxyElement.swift,\ UIViewElement.swift,\ AdaptedEnvironment.swift,\ Environment.swift,\ EnvironmentKey.swift,\ EnvironmentReader.swift,\ AccessibilityLinkKey.swift /Users/admin/builder/spi-builder-workspace/BlueprintUI/Sources/Element/LazyStorage.swift /Users/admin/builder/spi-builder-workspace/BlueprintUI/Sources/Element/MeasurableStorage.swift /Users/admin/builder/spi-builder-workspace/BlueprintUI/Sources/Element/MeasureElementStorage.swift /Users/admin/builder/spi-builder-workspace/BlueprintUI/Sources/Element/PassthroughStorage.swift /Users/admin/builder/spi-builder-workspace/BlueprintUI/Sources/Element/ProxyElement.swift /Users/admin/builder/spi-builder-workspace/BlueprintUI/Sources/Element/UIViewElement.swift /Users/admin/builder/spi-builder-workspace/BlueprintUI/Sources/Environment/AdaptedEnvironment.swift /Users/admin/builder/spi-builder-workspace/BlueprintUI/Sources/Environment/Environment.swift /Users/admin/builder/spi-builder-workspace/BlueprintUI/Sources/Environment/EnvironmentKey.swift /Users/admin/builder/spi-builder-workspace/BlueprintUI/Sources/Environment/EnvironmentReader.swift /Users/admin/builder/spi-builder-workspace/BlueprintUI/Sources/Environment/Keys/AccessibilityLinkKey.swift (in target 'BlueprintUI' from project 'BlueprintUI')
SwiftCompile normal arm64 /Users/admin/builder/spi-builder-workspace/BlueprintUI/Sources/Element/LazyStorage.swift (in target 'BlueprintUI' from project 'BlueprintUI')
cd /Users/admin/builder/spi-builder-workspace/.swiftpm/xcode
builtin-SwiftPerFileCompile LazyStorage.swift
SwiftCompile normal arm64 /Users/admin/builder/spi-builder-workspace/BlueprintUI/Sources/Element/MeasurableStorage.swift (in target 'BlueprintUI' from project 'BlueprintUI')
cd /Users/admin/builder/spi-builder-workspace/.swiftpm/xcode
builtin-SwiftPerFileCompile MeasurableStorage.swift
SwiftCompile normal arm64 /Users/admin/builder/spi-builder-workspace/BlueprintUI/Sources/Element/MeasureElementStorage.swift (in target 'BlueprintUI' from project 'BlueprintUI')
cd /Users/admin/builder/spi-builder-workspace/.swiftpm/xcode
builtin-SwiftPerFileCompile MeasureElementStorage.swift
SwiftCompile normal arm64 /Users/admin/builder/spi-builder-workspace/BlueprintUI/Sources/Element/PassthroughStorage.swift (in target 'BlueprintUI' from project 'BlueprintUI')
cd /Users/admin/builder/spi-builder-workspace/.swiftpm/xcode
builtin-SwiftPerFileCompile PassthroughStorage.swift
SwiftCompile normal arm64 /Users/admin/builder/spi-builder-workspace/BlueprintUI/Sources/Element/ProxyElement.swift (in target 'BlueprintUI' from project 'BlueprintUI')
cd /Users/admin/builder/spi-builder-workspace/.swiftpm/xcode
builtin-SwiftPerFileCompile ProxyElement.swift
SwiftCompile normal arm64 /Users/admin/builder/spi-builder-workspace/BlueprintUI/Sources/Element/UIViewElement.swift (in target 'BlueprintUI' from project 'BlueprintUI')
cd /Users/admin/builder/spi-builder-workspace/.swiftpm/xcode
builtin-SwiftPerFileCompile UIViewElement.swift
SwiftCompile normal arm64 /Users/admin/builder/spi-builder-workspace/BlueprintUI/Sources/Environment/AdaptedEnvironment.swift (in target 'BlueprintUI' from project 'BlueprintUI')
cd /Users/admin/builder/spi-builder-workspace/.swiftpm/xcode
builtin-SwiftPerFileCompile AdaptedEnvironment.swift
SwiftCompile normal arm64 /Users/admin/builder/spi-builder-workspace/BlueprintUI/Sources/Environment/Environment.swift (in target 'BlueprintUI' from project 'BlueprintUI')
cd /Users/admin/builder/spi-builder-workspace/.swiftpm/xcode
builtin-SwiftPerFileCompile Environment.swift
SwiftCompile normal arm64 /Users/admin/builder/spi-builder-workspace/BlueprintUI/Sources/Environment/EnvironmentKey.swift (in target 'BlueprintUI' from project 'BlueprintUI')
cd /Users/admin/builder/spi-builder-workspace/.swiftpm/xcode
builtin-SwiftPerFileCompile EnvironmentKey.swift
SwiftCompile normal arm64 /Users/admin/builder/spi-builder-workspace/BlueprintUI/Sources/Environment/EnvironmentReader.swift (in target 'BlueprintUI' from project 'BlueprintUI')
cd /Users/admin/builder/spi-builder-workspace/.swiftpm/xcode
builtin-SwiftPerFileCompile EnvironmentReader.swift
SwiftCompile normal arm64 /Users/admin/builder/spi-builder-workspace/BlueprintUI/Sources/Environment/Keys/AccessibilityLinkKey.swift (in target 'BlueprintUI' from project 'BlueprintUI')
cd /Users/admin/builder/spi-builder-workspace/.swiftpm/xcode
builtin-SwiftPerFileCompile AccessibilityLinkKey.swift
SwiftCompile normal arm64 Compiling\ PassthroughView.swift,\ RenderContext.swift,\ RoundingCorrectionKey.swift,\ RoundingOriginKey.swift,\ SignpostToken.swift,\ Aligned.swift,\ Alignment.swift,\ AspectRatio.swift,\ Builder.swift,\ Centered.swift,\ Column.swift /Users/admin/builder/spi-builder-workspace/BlueprintUI/Sources/Internal/PassthroughView.swift /Users/admin/builder/spi-builder-workspace/BlueprintUI/Sources/Internal/RenderContext.swift /Users/admin/builder/spi-builder-workspace/BlueprintUI/Sources/Internal/RoundingCorrectionKey.swift /Users/admin/builder/spi-builder-workspace/BlueprintUI/Sources/Internal/RoundingOriginKey.swift /Users/admin/builder/spi-builder-workspace/BlueprintUI/Sources/Internal/SignpostToken.swift /Users/admin/builder/spi-builder-workspace/BlueprintUI/Sources/Layout/Aligned.swift /Users/admin/builder/spi-builder-workspace/BlueprintUI/Sources/Layout/Alignment.swift /Users/admin/builder/spi-builder-workspace/BlueprintUI/Sources/Layout/AspectRatio.swift /Users/admin/builder/spi-builder-workspace/BlueprintUI/Sources/Layout/Builder.swift /Users/admin/builder/spi-builder-workspace/BlueprintUI/Sources/Layout/Centered.swift /Users/admin/builder/spi-builder-workspace/BlueprintUI/Sources/Layout/Column.swift (in target 'BlueprintUI' from project 'BlueprintUI')
SwiftCompile normal arm64 /Users/admin/builder/spi-builder-workspace/BlueprintUI/Sources/Internal/PassthroughView.swift (in target 'BlueprintUI' from project 'BlueprintUI')
cd /Users/admin/builder/spi-builder-workspace/.swiftpm/xcode
builtin-SwiftPerFileCompile PassthroughView.swift
SwiftCompile normal arm64 /Users/admin/builder/spi-builder-workspace/BlueprintUI/Sources/Internal/RenderContext.swift (in target 'BlueprintUI' from project 'BlueprintUI')
cd /Users/admin/builder/spi-builder-workspace/.swiftpm/xcode
builtin-SwiftPerFileCompile RenderContext.swift
SwiftCompile normal arm64 /Users/admin/builder/spi-builder-workspace/BlueprintUI/Sources/Internal/RoundingCorrectionKey.swift (in target 'BlueprintUI' from project 'BlueprintUI')
cd /Users/admin/builder/spi-builder-workspace/.swiftpm/xcode
builtin-SwiftPerFileCompile RoundingCorrectionKey.swift
SwiftCompile normal arm64 /Users/admin/builder/spi-builder-workspace/BlueprintUI/Sources/Internal/RoundingOriginKey.swift (in target 'BlueprintUI' from project 'BlueprintUI')
cd /Users/admin/builder/spi-builder-workspace/.swiftpm/xcode
builtin-SwiftPerFileCompile RoundingOriginKey.swift
SwiftCompile normal arm64 /Users/admin/builder/spi-builder-workspace/BlueprintUI/Sources/Internal/SignpostToken.swift (in target 'BlueprintUI' from project 'BlueprintUI')
cd /Users/admin/builder/spi-builder-workspace/.swiftpm/xcode
builtin-SwiftPerFileCompile SignpostToken.swift
SwiftCompile normal arm64 /Users/admin/builder/spi-builder-workspace/BlueprintUI/Sources/Layout/Aligned.swift (in target 'BlueprintUI' from project 'BlueprintUI')
cd /Users/admin/builder/spi-builder-workspace/.swiftpm/xcode
builtin-SwiftPerFileCompile Aligned.swift
SwiftCompile normal arm64 /Users/admin/builder/spi-builder-workspace/BlueprintUI/Sources/Layout/Alignment.swift (in target 'BlueprintUI' from project 'BlueprintUI')
cd /Users/admin/builder/spi-builder-workspace/.swiftpm/xcode
builtin-SwiftPerFileCompile Alignment.swift
SwiftCompile normal arm64 /Users/admin/builder/spi-builder-workspace/BlueprintUI/Sources/Layout/AspectRatio.swift (in target 'BlueprintUI' from project 'BlueprintUI')
cd /Users/admin/builder/spi-builder-workspace/.swiftpm/xcode
builtin-SwiftPerFileCompile AspectRatio.swift
SwiftCompile normal arm64 /Users/admin/builder/spi-builder-workspace/BlueprintUI/Sources/Layout/Builder.swift (in target 'BlueprintUI' from project 'BlueprintUI')
cd /Users/admin/builder/spi-builder-workspace/.swiftpm/xcode
builtin-SwiftPerFileCompile Builder.swift
SwiftCompile normal arm64 /Users/admin/builder/spi-builder-workspace/BlueprintUI/Sources/Layout/Centered.swift (in target 'BlueprintUI' from project 'BlueprintUI')
cd /Users/admin/builder/spi-builder-workspace/.swiftpm/xcode
builtin-SwiftPerFileCompile Centered.swift
SwiftCompile normal arm64 /Users/admin/builder/spi-builder-workspace/BlueprintUI/Sources/Layout/Column.swift (in target 'BlueprintUI' from project 'BlueprintUI')
cd /Users/admin/builder/spi-builder-workspace/.swiftpm/xcode
builtin-SwiftPerFileCompile Column.swift
SwiftCompile normal arm64 Compiling\ UIView.swift,\ UIViewAnimationOptions.swift,\ HintingSizeCache.swift,\ LayoutModeKey.swift,\ LayoutResultNode.swift,\ LayoutTreeNode.swift,\ Logger.swift,\ Measurer.swift,\ Metatype.swift,\ NativeViewNode.swift,\ OSLog+Blueprint.swift /Users/admin/builder/spi-builder-workspace/BlueprintUI/Sources/Internal/Extensions/UIView.swift /Users/admin/builder/spi-builder-workspace/BlueprintUI/Sources/Internal/Extensions/UIViewAnimationOptions.swift /Users/admin/builder/spi-builder-workspace/BlueprintUI/Sources/Internal/HintingSizeCache.swift /Users/admin/builder/spi-builder-workspace/BlueprintUI/Sources/Internal/LayoutModeKey.swift /Users/admin/builder/spi-builder-workspace/BlueprintUI/Sources/Internal/LayoutResultNode.swift /Users/admin/builder/spi-builder-workspace/BlueprintUI/Sources/Internal/LayoutTreeNode.swift /Users/admin/builder/spi-builder-workspace/BlueprintUI/Sources/Internal/Logger.swift /Users/admin/builder/spi-builder-workspace/BlueprintUI/Sources/Internal/Measurer.swift /Users/admin/builder/spi-builder-workspace/BlueprintUI/Sources/Internal/Metatype.swift /Users/admin/builder/spi-builder-workspace/BlueprintUI/Sources/Internal/NativeViewNode.swift /Users/admin/builder/spi-builder-workspace/BlueprintUI/Sources/Internal/OSLog+Blueprint.swift (in target 'BlueprintUI' from project 'BlueprintUI')
SwiftCompile normal arm64 /Users/admin/builder/spi-builder-workspace/BlueprintUI/Sources/Internal/Extensions/UIView.swift (in target 'BlueprintUI' from project 'BlueprintUI')
cd /Users/admin/builder/spi-builder-workspace/.swiftpm/xcode
builtin-SwiftPerFileCompile UIView.swift
SwiftCompile normal arm64 /Users/admin/builder/spi-builder-workspace/BlueprintUI/Sources/Internal/Extensions/UIViewAnimationOptions.swift (in target 'BlueprintUI' from project 'BlueprintUI')
cd /Users/admin/builder/spi-builder-workspace/.swiftpm/xcode
builtin-SwiftPerFileCompile UIViewAnimationOptions.swift
SwiftCompile normal arm64 /Users/admin/builder/spi-builder-workspace/BlueprintUI/Sources/Internal/HintingSizeCache.swift (in target 'BlueprintUI' from project 'BlueprintUI')
cd /Users/admin/builder/spi-builder-workspace/.swiftpm/xcode
builtin-SwiftPerFileCompile HintingSizeCache.swift
SwiftCompile normal arm64 /Users/admin/builder/spi-builder-workspace/BlueprintUI/Sources/Internal/LayoutModeKey.swift (in target 'BlueprintUI' from project 'BlueprintUI')
cd /Users/admin/builder/spi-builder-workspace/.swiftpm/xcode
builtin-SwiftPerFileCompile LayoutModeKey.swift
SwiftCompile normal arm64 /Users/admin/builder/spi-builder-workspace/BlueprintUI/Sources/Internal/LayoutResultNode.swift (in target 'BlueprintUI' from project 'BlueprintUI')
cd /Users/admin/builder/spi-builder-workspace/.swiftpm/xcode
builtin-SwiftPerFileCompile LayoutResultNode.swift
SwiftCompile normal arm64 /Users/admin/builder/spi-builder-workspace/BlueprintUI/Sources/Internal/LayoutTreeNode.swift (in target 'BlueprintUI' from project 'BlueprintUI')
cd /Users/admin/builder/spi-builder-workspace/.swiftpm/xcode
builtin-SwiftPerFileCompile LayoutTreeNode.swift
SwiftCompile normal arm64 /Users/admin/builder/spi-builder-workspace/BlueprintUI/Sources/Internal/Logger.swift (in target 'BlueprintUI' from project 'BlueprintUI')
cd /Users/admin/builder/spi-builder-workspace/.swiftpm/xcode
builtin-SwiftPerFileCompile Logger.swift
SwiftCompile normal arm64 /Users/admin/builder/spi-builder-workspace/BlueprintUI/Sources/Internal/Measurer.swift (in target 'BlueprintUI' from project 'BlueprintUI')
cd /Users/admin/builder/spi-builder-workspace/.swiftpm/xcode
builtin-SwiftPerFileCompile Measurer.swift
SwiftCompile normal arm64 /Users/admin/builder/spi-builder-workspace/BlueprintUI/Sources/Internal/Metatype.swift (in target 'BlueprintUI' from project 'BlueprintUI')
cd /Users/admin/builder/spi-builder-workspace/.swiftpm/xcode
builtin-SwiftPerFileCompile Metatype.swift
SwiftCompile normal arm64 /Users/admin/builder/spi-builder-workspace/BlueprintUI/Sources/Internal/NativeViewNode.swift (in target 'BlueprintUI' from project 'BlueprintUI')
cd /Users/admin/builder/spi-builder-workspace/.swiftpm/xcode
builtin-SwiftPerFileCompile NativeViewNode.swift
SwiftCompile normal arm64 /Users/admin/builder/spi-builder-workspace/BlueprintUI/Sources/Internal/OSLog+Blueprint.swift (in target 'BlueprintUI' from project 'BlueprintUI')
cd /Users/admin/builder/spi-builder-workspace/.swiftpm/xcode
builtin-SwiftPerFileCompile OSLog+Blueprint.swift
SwiftCompile normal arm64 Compiling\ LayoutWriter.swift,\ LifecycleObserver.swift,\ Opacity.swift,\ Overlay.swift,\ Row.swift,\ SingleChildLayout.swift,\ SingleTraitLayout.swift,\ Spacer.swift,\ Stack.swift,\ TintAdjustmentMode.swift /Users/admin/builder/spi-builder-workspace/BlueprintUI/Sources/Layout/LayoutWriter.swift /Users/admin/builder/spi-builder-workspace/BlueprintUI/Sources/Layout/LifecycleObserver.swift /Users/admin/builder/spi-builder-workspace/BlueprintUI/Sources/Layout/Opacity.swift /Users/admin/builder/spi-builder-workspace/BlueprintUI/Sources/Layout/Overlay.swift /Users/admin/builder/spi-builder-workspace/BlueprintUI/Sources/Layout/Row.swift /Users/admin/builder/spi-builder-workspace/BlueprintUI/Sources/Layout/SingleChildLayout.swift /Users/admin/builder/spi-builder-workspace/BlueprintUI/Sources/Layout/SingleTraitLayout.swift /Users/admin/builder/spi-builder-workspace/BlueprintUI/Sources/Layout/Spacer.swift /Users/admin/builder/spi-builder-workspace/BlueprintUI/Sources/Layout/Stack.swift /Users/admin/builder/spi-builder-workspace/BlueprintUI/Sources/Layout/TintAdjustmentMode.swift (in target 'BlueprintUI' from project 'BlueprintUI')
SwiftCompile normal arm64 /Users/admin/builder/spi-builder-workspace/BlueprintUI/Sources/Layout/LayoutWriter.swift (in target 'BlueprintUI' from project 'BlueprintUI')
cd /Users/admin/builder/spi-builder-workspace/.swiftpm/xcode
builtin-SwiftPerFileCompile LayoutWriter.swift
SwiftCompile normal arm64 /Users/admin/builder/spi-builder-workspace/BlueprintUI/Sources/Layout/LifecycleObserver.swift (in target 'BlueprintUI' from project 'BlueprintUI')
cd /Users/admin/builder/spi-builder-workspace/.swiftpm/xcode
builtin-SwiftPerFileCompile LifecycleObserver.swift
SwiftCompile normal arm64 /Users/admin/builder/spi-builder-workspace/BlueprintUI/Sources/Layout/Opacity.swift (in target 'BlueprintUI' from project 'BlueprintUI')
cd /Users/admin/builder/spi-builder-workspace/.swiftpm/xcode
builtin-SwiftPerFileCompile Opacity.swift
SwiftCompile normal arm64 /Users/admin/builder/spi-builder-workspace/BlueprintUI/Sources/Layout/Overlay.swift (in target 'BlueprintUI' from project 'BlueprintUI')
cd /Users/admin/builder/spi-builder-workspace/.swiftpm/xcode
builtin-SwiftPerFileCompile Overlay.swift
SwiftCompile normal arm64 /Users/admin/builder/spi-builder-workspace/BlueprintUI/Sources/Layout/Row.swift (in target 'BlueprintUI' from project 'BlueprintUI')
cd /Users/admin/builder/spi-builder-workspace/.swiftpm/xcode
builtin-SwiftPerFileCompile Row.swift
SwiftCompile normal arm64 /Users/admin/builder/spi-builder-workspace/BlueprintUI/Sources/Layout/SingleChildLayout.swift (in target 'BlueprintUI' from project 'BlueprintUI')
cd /Users/admin/builder/spi-builder-workspace/.swiftpm/xcode
builtin-SwiftPerFileCompile SingleChildLayout.swift
SwiftCompile normal arm64 /Users/admin/builder/spi-builder-workspace/BlueprintUI/Sources/Layout/SingleTraitLayout.swift (in target 'BlueprintUI' from project 'BlueprintUI')
cd /Users/admin/builder/spi-builder-workspace/.swiftpm/xcode
builtin-SwiftPerFileCompile SingleTraitLayout.swift
SwiftCompile normal arm64 /Users/admin/builder/spi-builder-workspace/BlueprintUI/Sources/Layout/Spacer.swift (in target 'BlueprintUI' from project 'BlueprintUI')
cd /Users/admin/builder/spi-builder-workspace/.swiftpm/xcode
builtin-SwiftPerFileCompile Spacer.swift
SwiftCompile normal arm64 /Users/admin/builder/spi-builder-workspace/BlueprintUI/Sources/Layout/Stack.swift (in target 'BlueprintUI' from project 'BlueprintUI')
cd /Users/admin/builder/spi-builder-workspace/.swiftpm/xcode
builtin-SwiftPerFileCompile Stack.swift
SwiftCompile normal arm64 /Users/admin/builder/spi-builder-workspace/BlueprintUI/Sources/Layout/TintAdjustmentMode.swift (in target 'BlueprintUI' from project 'BlueprintUI')
cd /Users/admin/builder/spi-builder-workspace/.swiftpm/xcode
builtin-SwiftPerFileCompile TintAdjustmentMode.swift
SwiftEmitModule normal arm64 Emitting\ module\ for\ BlueprintUI (in target 'BlueprintUI' from project 'BlueprintUI')
SwiftCompile normal arm64 (in target 'BlueprintUI' from project 'BlueprintUI')
cd /Users/admin/builder/spi-builder-workspace/.swiftpm/xcode
SwiftCompile normal arm64 Compiling\ Transformed.swift,\ UnitPoint.swift,\ UserInteractionEnabled.swift,\ Measurable.swift,\ SizeConstraint.swift,\ AnimationAttributes.swift,\ LayoutTransition.swift,\ LifecycleCallback.swift,\ ViewDescription.swift,\ VisibilityTransition.swift /Users/admin/builder/spi-builder-workspace/BlueprintUI/Sources/Layout/Transformed.swift /Users/admin/builder/spi-builder-workspace/BlueprintUI/Sources/Layout/UnitPoint.swift /Users/admin/builder/spi-builder-workspace/BlueprintUI/Sources/Layout/UserInteractionEnabled.swift /Users/admin/builder/spi-builder-workspace/BlueprintUI/Sources/Measuring/Measurable.swift /Users/admin/builder/spi-builder-workspace/BlueprintUI/Sources/Measuring/SizeConstraint.swift /Users/admin/builder/spi-builder-workspace/BlueprintUI/Sources/ViewDescription/AnimationAttributes.swift /Users/admin/builder/spi-builder-workspace/BlueprintUI/Sources/ViewDescription/LayoutTransition.swift /Users/admin/builder/spi-builder-workspace/BlueprintUI/Sources/ViewDescription/LifecycleCallback.swift /Users/admin/builder/spi-builder-workspace/BlueprintUI/Sources/ViewDescription/ViewDescription.swift /Users/admin/builder/spi-builder-workspace/BlueprintUI/Sources/ViewDescription/VisibilityTransition.swift (in target 'BlueprintUI' from project 'BlueprintUI')
SwiftCompile normal arm64 /Users/admin/builder/spi-builder-workspace/BlueprintUI/Sources/Layout/Transformed.swift (in target 'BlueprintUI' from project 'BlueprintUI')
cd /Users/admin/builder/spi-builder-workspace/.swiftpm/xcode
builtin-SwiftPerFileCompile Transformed.swift
SwiftCompile normal arm64 /Users/admin/builder/spi-builder-workspace/BlueprintUI/Sources/Layout/UnitPoint.swift (in target 'BlueprintUI' from project 'BlueprintUI')
cd /Users/admin/builder/spi-builder-workspace/.swiftpm/xcode
builtin-SwiftPerFileCompile UnitPoint.swift
SwiftCompile normal arm64 /Users/admin/builder/spi-builder-workspace/BlueprintUI/Sources/Layout/UserInteractionEnabled.swift (in target 'BlueprintUI' from project 'BlueprintUI')
cd /Users/admin/builder/spi-builder-workspace/.swiftpm/xcode
builtin-SwiftPerFileCompile UserInteractionEnabled.swift
SwiftCompile normal arm64 /Users/admin/builder/spi-builder-workspace/BlueprintUI/Sources/Measuring/Measurable.swift (in target 'BlueprintUI' from project 'BlueprintUI')
cd /Users/admin/builder/spi-builder-workspace/.swiftpm/xcode
builtin-SwiftPerFileCompile Measurable.swift
SwiftCompile normal arm64 /Users/admin/builder/spi-builder-workspace/BlueprintUI/Sources/Measuring/SizeConstraint.swift (in target 'BlueprintUI' from project 'BlueprintUI')
cd /Users/admin/builder/spi-builder-workspace/.swiftpm/xcode
builtin-SwiftPerFileCompile SizeConstraint.swift
SwiftCompile normal arm64 /Users/admin/builder/spi-builder-workspace/BlueprintUI/Sources/ViewDescription/AnimationAttributes.swift (in target 'BlueprintUI' from project 'BlueprintUI')
cd /Users/admin/builder/spi-builder-workspace/.swiftpm/xcode
builtin-SwiftPerFileCompile AnimationAttributes.swift
SwiftCompile normal arm64 /Users/admin/builder/spi-builder-workspace/BlueprintUI/Sources/ViewDescription/LayoutTransition.swift (in target 'BlueprintUI' from project 'BlueprintUI')
cd /Users/admin/builder/spi-builder-workspace/.swiftpm/xcode
builtin-SwiftPerFileCompile LayoutTransition.swift
SwiftCompile normal arm64 /Users/admin/builder/spi-builder-workspace/BlueprintUI/Sources/ViewDescription/LifecycleCallback.swift (in target 'BlueprintUI' from project 'BlueprintUI')
cd /Users/admin/builder/spi-builder-workspace/.swiftpm/xcode
builtin-SwiftPerFileCompile LifecycleCallback.swift
SwiftCompile normal arm64 /Users/admin/builder/spi-builder-workspace/BlueprintUI/Sources/ViewDescription/ViewDescription.swift (in target 'BlueprintUI' from project 'BlueprintUI')
cd /Users/admin/builder/spi-builder-workspace/.swiftpm/xcode
builtin-SwiftPerFileCompile ViewDescription.swift
SwiftCompile normal arm64 /Users/admin/builder/spi-builder-workspace/BlueprintUI/Sources/ViewDescription/VisibilityTransition.swift (in target 'BlueprintUI' from project 'BlueprintUI')
cd /Users/admin/builder/spi-builder-workspace/.swiftpm/xcode
builtin-SwiftPerFileCompile VisibilityTransition.swift
PruneExplicitPrecompiledModules /Users/admin/builder/spi-builder-workspace/.derivedData/SDKExplicitPrecompiledModules
PruneExplicitPrecompiledModules /Users/admin/builder/spi-builder-workspace/.derivedData/Build/Intermediates.noindex/SwiftExplicitPrecompiledModules
PruneExplicitPrecompiledModules /Users/admin/builder/spi-builder-workspace/.derivedData/Build/Intermediates.noindex/ExplicitPrecompiledModules
2026-10-24 11:51:40.449 xcodebuild[821:5133] [MT] IDERunDestination: Supported platforms for the buildables in the current scheme is empty.
** BUILD FAILED **
The following build commands failed:
SwiftCompile normal arm64 Compiling\ KeyboardObserver.swift /Users/admin/builder/spi-builder-workspace/.dependencies/checkouts/swift-keyboard-observer/KeyboardObserver/Sources/KeyboardObserver.swift (in target 'KeyboardObserver' from project 'KeyboardObserver')
SwiftCompile normal arm64 /Users/admin/builder/spi-builder-workspace/.dependencies/checkouts/swift-keyboard-observer/KeyboardObserver/Sources/KeyboardObserver.swift (in target 'KeyboardObserver' from project 'KeyboardObserver')
Building workspace BlueprintUI with scheme BlueprintUI-Package
(3 failures)
BUILD FAILURE 6.4 tvOS