The Swift Package Index logo.Swift Package Index

Build Information

Failed to build swift-nmtp, reference 0.1.0 (9613ed), with Swift 6.4 for watchOS using Xcode 27.0 on 24 Sep 2026 19:23:24 UTC.

Build Command

env DEVELOPER_DIR=/Applications/Xcode-27.0.0-Release.Candidate.app xcrun xcodebuild -IDEClonedSourcePackagesDirPathOverride=$PWD/.dependencies -skipMacroValidation -skipPackagePluginValidation -derivedDataPath $PWD/.derivedData build -scheme swift-nmtp-Package -destination generic/platform=watchOS

Build Log

SwiftDriver\ Compilation NIOHTTP1 normal arm64 com.apple.xcode.tools.swift.compiler (in target 'NIOHTTP1' from project 'swift-nio')
    cd /Users/admin/builder/spi-builder-workspace/.swiftpm/xcode
    builtin-Swift-Compilation -- /Applications/Xcode-27.0.0-Release.Candidate.app/Contents/Developer/Toolchains/XcodeDefault.xctoolchain/usr/bin/swiftc -parse-as-library -module-name NIOHTTP1 -Onone @/Users/admin/builder/spi-builder-workspace/.derivedData/Build/Intermediates.noindex/swift-nio.build/Debug-watchos/NIOHTTP1-t.build/Objects-normal/arm64/NIOHTTP1.SwiftFileList -DSWIFT_PACKAGE -DDEBUG -DSWIFT_MODULE_RESOURCE_BUNDLE_UNAVAILABLE -Xcc -fmodule-map-file\=/Users/admin/builder/spi-builder-workspace/.dependencies/checkouts/swift-atomics/Sources/_AtomicsShims/include/module.modulemap -Xcc -fmodule-map-file\=/Users/admin/builder/spi-builder-workspace/.derivedData/Build/Intermediates.noindex/GeneratedModuleMaps-watchos/CNIOLLHTTP.modulemap -Xcc -fmodule-map-file\=/Users/admin/builder/spi-builder-workspace/.derivedData/Build/Intermediates.noindex/GeneratedModuleMaps-watchos/CNIOPosix.modulemap -Xcc -fmodule-map-file\=/Users/admin/builder/spi-builder-workspace/.derivedData/Build/Intermediates.noindex/GeneratedModuleMaps-watchos/CNIOWASI.modulemap -Xcc -fmodule-map-file\=/Users/admin/builder/spi-builder-workspace/.dependencies/checkouts/swift-nio/Sources/CNIOWindows/include/module.modulemap -Xcc -fmodule-map-file\=/Users/admin/builder/spi-builder-workspace/.derivedData/Build/Intermediates.noindex/GeneratedModuleMaps-watchos/CNIOLinux.modulemap -Xcc -fmodule-map-file\=/Users/admin/builder/spi-builder-workspace/.derivedData/Build/Intermediates.noindex/GeneratedModuleMaps-watchos/CNIODarwin.modulemap -Xcc -fmodule-map-file\=/Users/admin/builder/spi-builder-workspace/.derivedData/Build/Intermediates.noindex/GeneratedModuleMaps-watchos/CNIOFreeBSD.modulemap -Xcc -fmodule-map-file\=/Users/admin/builder/spi-builder-workspace/.derivedData/Build/Intermediates.noindex/GeneratedModuleMaps-watchos/CNIOOpenBSD.modulemap -Xcc -fmodule-map-file\=/Users/admin/builder/spi-builder-workspace/.derivedData/Build/Intermediates.noindex/GeneratedModuleMaps-watchos/CNIOAtomics.modulemap -DXcode -enable-experimental-feature Lifetimes -enable-upcoming-feature MemberImportVisibility -plugin-path /Applications/Xcode-27.0.0-Release.Candidate.app/Contents/Developer/Toolchains/XcodeDefault.xctoolchain/usr/lib/swift/host/plugins/testing -enable-experimental-feature DebugDescriptionMacro -sdk /Applications/Xcode-27.0.0-Release.Candidate.app/Contents/Developer/Platforms/WatchOS.platform/Developer/SDKs/WatchOS27.0.sdk -target arm64-apple-watchos9.0 -g -module-cache-path /Users/admin/builder/spi-builder-workspace/.derivedData/ModuleCache.noindex -Xfrontend -serialize-debugging-options -profile-coverage-mapping -profile-generate -enable-testing -suppress-warnings -index-store-path /Users/admin/builder/spi-builder-workspace/.derivedData/Index.noindex/DataStore -Xcc -D_LIBCPP_HARDENING_MODE\=_LIBCPP_HARDENING_MODE_DEBUG -swift-version 6 -I /Users/admin/builder/spi-builder-workspace/.derivedData/Build/Products/Debug-watchos -Isystem /Applications/Xcode-27.0.0-Release.Candidate.app/Contents/Developer/Platforms/WatchOS.platform/Developer/usr/lib -F /Users/admin/builder/spi-builder-workspace/.derivedData/Build/Products/Debug-watchos/PackageFrameworks -F /Users/admin/builder/spi-builder-workspace/.derivedData/Build/Products/Debug-watchos -F /Applications/Xcode-27.0.0-Release.Candidate.app/Contents/Developer/Platforms/WatchOS.platform/Developer/Library/Frameworks -F /Applications/Xcode-27.0.0-Release.Candidate.app/Contents/Developer/Platforms/WatchOS.platform/Developer/SDKs/WatchOS27.0.sdk/Developer/Library/Frameworks -c -j10 -enable-batch-mode -incremental -Xcc -ivfsstatcache -Xcc /Users/admin/builder/spi-builder-workspace/.derivedData/SDKStatCaches.noindex/watchos27.0-24R360-e829b21a6f8c9b70876ba0858053c04477534ef55a1706bf4c1112bbb242f0a2.sdkstatcache -output-file-map /Users/admin/builder/spi-builder-workspace/.derivedData/Build/Intermediates.noindex/swift-nio.build/Debug-watchos/NIOHTTP1-t.build/Objects-normal/arm64/NIOHTTP1-OutputFileMap.json -save-temps -no-color-diagnostics -explicit-module-build -module-cache-path /Users/admin/builder/spi-builder-workspace/.derivedData/Build/Intermediates.noindex/SwiftExplicitPrecompiledModules -clang-scanner-module-cache-path /Users/admin/builder/spi-builder-workspace/.derivedData/ModuleCache.noindex -sdk-module-cache-path /Users/admin/builder/spi-builder-workspace/.derivedData/SDKExplicitPrecompiledModules -emit-dependencies -emit-module -emit-module-path /Users/admin/builder/spi-builder-workspace/.derivedData/Build/Intermediates.noindex/swift-nio.build/Debug-watchos/NIOHTTP1-t.build/Objects-normal/arm64/NIOHTTP1.swiftmodule -serialize-diagnostics -dependency-scan-serialize-diagnostics-path /Users/admin/builder/spi-builder-workspace/.derivedData/Build/Intermediates.noindex/swift-nio.build/Debug-watchos/NIOHTTP1-t.build/Objects-normal/arm64/NIOHTTP1-dependency-scan.dia -user-module-version 2.103.0 -validate-clang-modules-once -clang-build-session-file /Users/admin/builder/spi-builder-workspace/.derivedData/ModuleCache.noindex/Session.modulevalidation -Xcc -fmodules-prune-interval\=86400 -Xcc -fmodules-prune-after\=345600 -package-name swift_nio -emit-const-values -const-gather-protocols-list /Users/admin/builder/spi-builder-workspace/.derivedData/Build/Intermediates.noindex/swift-nio.build/Debug-watchos/NIOHTTP1-t.build/Objects-normal/arm64/NIOHTTP1_const_extract_protocols.json -Xcc -I/Users/admin/builder/spi-builder-workspace/.dependencies/checkouts/swift-atomics/Sources/_AtomicsShims/include -Xcc -I/Users/admin/builder/spi-builder-workspace/.dependencies/checkouts/swift-nio/Sources/CNIOLLHTTP/include -Xcc -I/Users/admin/builder/spi-builder-workspace/.dependencies/checkouts/swift-nio/Sources/CNIOPosix/include -Xcc -I/Users/admin/builder/spi-builder-workspace/.dependencies/checkouts/swift-nio/Sources/CNIOWASI/include -Xcc -I/Users/admin/builder/spi-builder-workspace/.dependencies/checkouts/swift-nio/Sources/CNIOWindows/include -Xcc -I/Users/admin/builder/spi-builder-workspace/.dependencies/checkouts/swift-nio/Sources/CNIOLinux/include -Xcc -I/Users/admin/builder/spi-builder-workspace/.dependencies/checkouts/swift-nio/Sources/CNIODarwin/include -Xcc -I/Users/admin/builder/spi-builder-workspace/.dependencies/checkouts/swift-nio/Sources/CNIOFreeBSD/include -Xcc -I/Users/admin/builder/spi-builder-workspace/.dependencies/checkouts/swift-nio/Sources/CNIOOpenBSD/include -Xcc -I/Users/admin/builder/spi-builder-workspace/.dependencies/checkouts/swift-nio/Sources/CNIOAtomics/include -Xcc -I/Users/admin/builder/spi-builder-workspace/.derivedData/Build/Products/Debug-watchos/include -Xcc -I/Users/admin/builder/spi-builder-workspace/.derivedData/Build/Intermediates.noindex/swift-nio.build/Debug-watchos/NIOHTTP1-t.build/DerivedSources-normal/arm64 -Xcc -I/Users/admin/builder/spi-builder-workspace/.derivedData/Build/Intermediates.noindex/swift-nio.build/Debug-watchos/NIOHTTP1-t.build/DerivedSources/arm64 -Xcc -I/Users/admin/builder/spi-builder-workspace/.derivedData/Build/Intermediates.noindex/swift-nio.build/Debug-watchos/NIOHTTP1-t.build/DerivedSources -Xcc -DSWIFT_PACKAGE -Xcc -DDEBUG\=1 -emit-objc-header -emit-objc-header-path /Users/admin/builder/spi-builder-workspace/.derivedData/Build/Intermediates.noindex/swift-nio.build/Debug-watchos/NIOHTTP1-t.build/Objects-normal/arm64/NIOHTTP1-Swift.h -working-directory /Users/admin/builder/spi-builder-workspace/.swiftpm/xcode -experimental-emit-module-separately -disable-cmo
SwiftCompile normal arm64_32 Compiling\ LineBasedFrameDecoder.swift,\ MarkedCircularBuffer+PopFirstCheckMarked.swift /Users/admin/builder/spi-builder-workspace/.dependencies/checkouts/swift-nio-extras/Sources/NIOExtras/LineBasedFrameDecoder.swift /Users/admin/builder/spi-builder-workspace/.dependencies/checkouts/swift-nio-extras/Sources/NIOExtras/MarkedCircularBuffer+PopFirstCheckMarked.swift (in target 'NIOExtras' from project 'swift-nio-extras')
SwiftCompile normal arm64_32 /Users/admin/builder/spi-builder-workspace/.dependencies/checkouts/swift-nio-extras/Sources/NIOExtras/LineBasedFrameDecoder.swift (in target 'NIOExtras' from project 'swift-nio-extras')
    cd /Users/admin/builder/spi-builder-workspace/.swiftpm/xcode
    builtin-SwiftPerFileCompile LineBasedFrameDecoder.swift
SwiftCompile normal arm64_32 /Users/admin/builder/spi-builder-workspace/.dependencies/checkouts/swift-nio-extras/Sources/NIOExtras/MarkedCircularBuffer+PopFirstCheckMarked.swift (in target 'NIOExtras' from project 'swift-nio-extras')
    cd /Users/admin/builder/spi-builder-workspace/.swiftpm/xcode
    builtin-SwiftPerFileCompile MarkedCircularBuffer+PopFirstCheckMarked.swift
Ld /Users/admin/builder/spi-builder-workspace/.derivedData/Build/Intermediates.noindex/swift-nio.build/Debug-watchos/NIOPosix-t.build/Objects-normal/arm64_32/Binary/NIOPosix.o normal arm64_32 (in target 'NIOPosix' from project 'swift-nio')
    cd /Users/admin/builder/spi-builder-workspace/.dependencies/checkouts/swift-nio
    /Applications/Xcode-27.0.0-Release.Candidate.app/Contents/Developer/Toolchains/XcodeDefault.xctoolchain/usr/bin/clang -Xlinker -reproducible -target arm64_32-apple-watchos9.0 -r -isysroot /Applications/Xcode-27.0.0-Release.Candidate.app/Contents/Developer/Platforms/WatchOS.platform/Developer/SDKs/WatchOS27.0.sdk -O0 -w -Xlinker -no_warn_duplicate_libraries -F/Users/admin/builder/spi-builder-workspace/.derivedData/Build/Intermediates.noindex/EagerLinkingTBDs/Debug-watchos -F/Users/admin/builder/spi-builder-workspace/.derivedData/Build/Products/Debug-watchos/PackageFrameworks -F/Users/admin/builder/spi-builder-workspace/.derivedData/Build/Products/Debug-watchos -iframework /Applications/Xcode-27.0.0-Release.Candidate.app/Contents/Developer/Platforms/WatchOS.platform/Developer/Library/Frameworks -iframework /Applications/Xcode-27.0.0-Release.Candidate.app/Contents/Developer/Platforms/WatchOS.platform/Developer/SDKs/WatchOS27.0.sdk/Developer/Library/Frameworks -filelist /Users/admin/builder/spi-builder-workspace/.derivedData/Build/Intermediates.noindex/swift-nio.build/Debug-watchos/NIOPosix-t.build/Objects-normal/arm64_32/NIOPosix.LinkFileList -nostdlib -Xlinker -object_path_lto -Xlinker /Users/admin/builder/spi-builder-workspace/.derivedData/Build/Intermediates.noindex/swift-nio.build/Debug-watchos/NIOPosix-t.build/Objects-normal/arm64_32/NIOPosix_lto.o -Xlinker -no_deduplicate -Xlinker -debug_variant -Xlinker -dependency_info -Xlinker /Users/admin/builder/spi-builder-workspace/.derivedData/Build/Intermediates.noindex/swift-nio.build/Debug-watchos/NIOPosix-t.build/Objects-normal/arm64_32/NIOPosix_dependency_info.dat -fobjc-link-runtime -L/Applications/Xcode-27.0.0-Release.Candidate.app/Contents/Developer/Toolchains/XcodeDefault.xctoolchain/usr/lib/swift/watchos -L/usr/lib/swift -Xlinker -add_ast_path -Xlinker /Users/admin/builder/spi-builder-workspace/.derivedData/Build/Intermediates.noindex/swift-nio.build/Debug-watchos/NIOPosix-t.build/Objects-normal/arm64_32/NIOPosix.swiftmodule -o /Users/admin/builder/spi-builder-workspace/.derivedData/Build/Intermediates.noindex/swift-nio.build/Debug-watchos/NIOPosix-t.build/Objects-normal/arm64_32/Binary/NIOPosix.o
SwiftDriverJobDiscovery normal arm64 Compiling WebSocketFrameDecoder.swift (in target 'NIOWebSocket' from project 'swift-nio')
SwiftCompile normal arm64 Compiling\ DebugInboundEventsHandler.swift,\ DebugOutboundEventsHandler.swift /Users/admin/builder/spi-builder-workspace/.dependencies/checkouts/swift-nio-extras/Sources/NIOExtras/DebugInboundEventsHandler.swift /Users/admin/builder/spi-builder-workspace/.dependencies/checkouts/swift-nio-extras/Sources/NIOExtras/DebugOutboundEventsHandler.swift (in target 'NIOExtras' from project 'swift-nio-extras')
SwiftCompile normal arm64 /Users/admin/builder/spi-builder-workspace/.dependencies/checkouts/swift-nio-extras/Sources/NIOExtras/DebugInboundEventsHandler.swift (in target 'NIOExtras' from project 'swift-nio-extras')
    cd /Users/admin/builder/spi-builder-workspace/.swiftpm/xcode
    builtin-SwiftPerFileCompile DebugInboundEventsHandler.swift
SwiftCompile normal arm64 /Users/admin/builder/spi-builder-workspace/.dependencies/checkouts/swift-nio-extras/Sources/NIOExtras/DebugOutboundEventsHandler.swift (in target 'NIOExtras' from project 'swift-nio-extras')
    cd /Users/admin/builder/spi-builder-workspace/.swiftpm/xcode
    builtin-SwiftPerFileCompile DebugOutboundEventsHandler.swift
SwiftDriverJobDiscovery normal arm64_32 Compiling WebSocketErrorCodes.swift (in target 'NIOWebSocket' from project 'swift-nio')
SwiftCompile normal arm64_32 Compiling\ QuiescingHelper.swift,\ RequestResponseHandler.swift /Users/admin/builder/spi-builder-workspace/.dependencies/checkouts/swift-nio-extras/Sources/NIOExtras/QuiescingHelper.swift /Users/admin/builder/spi-builder-workspace/.dependencies/checkouts/swift-nio-extras/Sources/NIOExtras/RequestResponseHandler.swift (in target 'NIOExtras' from project 'swift-nio-extras')
SwiftCompile normal arm64_32 /Users/admin/builder/spi-builder-workspace/.dependencies/checkouts/swift-nio-extras/Sources/NIOExtras/QuiescingHelper.swift (in target 'NIOExtras' from project 'swift-nio-extras')
    cd /Users/admin/builder/spi-builder-workspace/.swiftpm/xcode
    builtin-SwiftPerFileCompile QuiescingHelper.swift
SwiftCompile normal arm64_32 /Users/admin/builder/spi-builder-workspace/.dependencies/checkouts/swift-nio-extras/Sources/NIOExtras/RequestResponseHandler.swift (in target 'NIOExtras' from project 'swift-nio-extras')
    cd /Users/admin/builder/spi-builder-workspace/.swiftpm/xcode
    builtin-SwiftPerFileCompile RequestResponseHandler.swift
SwiftDriverJobDiscovery normal arm64_32 Compiling WebSocketProtocolErrorHandler.swift (in target 'NIOWebSocket' from project 'swift-nio')
SwiftCompile normal arm64_32 Compiling\ WritePCAPHandler.swift /Users/admin/builder/spi-builder-workspace/.dependencies/checkouts/swift-nio-extras/Sources/NIOExtras/WritePCAPHandler.swift (in target 'NIOExtras' from project 'swift-nio-extras')
SwiftCompile normal arm64_32 /Users/admin/builder/spi-builder-workspace/.dependencies/checkouts/swift-nio-extras/Sources/NIOExtras/WritePCAPHandler.swift (in target 'NIOExtras' from project 'swift-nio-extras')
    cd /Users/admin/builder/spi-builder-workspace/.swiftpm/xcode
    builtin-SwiftPerFileCompile WritePCAPHandler.swift
SwiftCompile normal arm64_32 Compiling\ DebugInboundEventsHandler.swift,\ DebugOutboundEventsHandler.swift /Users/admin/builder/spi-builder-workspace/.dependencies/checkouts/swift-nio-extras/Sources/NIOExtras/DebugInboundEventsHandler.swift /Users/admin/builder/spi-builder-workspace/.dependencies/checkouts/swift-nio-extras/Sources/NIOExtras/DebugOutboundEventsHandler.swift (in target 'NIOExtras' from project 'swift-nio-extras')
SwiftCompile normal arm64_32 /Users/admin/builder/spi-builder-workspace/.dependencies/checkouts/swift-nio-extras/Sources/NIOExtras/DebugInboundEventsHandler.swift (in target 'NIOExtras' from project 'swift-nio-extras')
    cd /Users/admin/builder/spi-builder-workspace/.swiftpm/xcode
    builtin-SwiftPerFileCompile DebugInboundEventsHandler.swift
SwiftCompile normal arm64_32 /Users/admin/builder/spi-builder-workspace/.dependencies/checkouts/swift-nio-extras/Sources/NIOExtras/DebugOutboundEventsHandler.swift (in target 'NIOExtras' from project 'swift-nio-extras')
    cd /Users/admin/builder/spi-builder-workspace/.swiftpm/xcode
    builtin-SwiftPerFileCompile DebugOutboundEventsHandler.swift
SwiftDriverJobDiscovery normal arm64 Compiling SHA1.swift (in target 'NIOWebSocket' from project 'swift-nio')
SwiftCompile normal arm64 Compiling\ RequestResponseHandlers+State.swift,\ RequestResponseWithIDHandler.swift /Users/admin/builder/spi-builder-workspace/.dependencies/checkouts/swift-nio-extras/Sources/NIOExtras/RequestResponseHandlers+State.swift /Users/admin/builder/spi-builder-workspace/.dependencies/checkouts/swift-nio-extras/Sources/NIOExtras/RequestResponseWithIDHandler.swift (in target 'NIOExtras' from project 'swift-nio-extras')
SwiftCompile normal arm64 /Users/admin/builder/spi-builder-workspace/.dependencies/checkouts/swift-nio-extras/Sources/NIOExtras/RequestResponseHandlers+State.swift (in target 'NIOExtras' from project 'swift-nio-extras')
    cd /Users/admin/builder/spi-builder-workspace/.swiftpm/xcode
    builtin-SwiftPerFileCompile RequestResponseHandlers+State.swift
SwiftCompile normal arm64 /Users/admin/builder/spi-builder-workspace/.dependencies/checkouts/swift-nio-extras/Sources/NIOExtras/RequestResponseWithIDHandler.swift (in target 'NIOExtras' from project 'swift-nio-extras')
    cd /Users/admin/builder/spi-builder-workspace/.swiftpm/xcode
    builtin-SwiftPerFileCompile RequestResponseWithIDHandler.swift
SwiftDriverJobDiscovery normal arm64 Compiling NIOWebSocketServerUpgrader.swift (in target 'NIOWebSocket' from project 'swift-nio')
SwiftCompile normal arm64 Compiling\ WritePCAPHandler.swift /Users/admin/builder/spi-builder-workspace/.dependencies/checkouts/swift-nio-extras/Sources/NIOExtras/WritePCAPHandler.swift (in target 'NIOExtras' from project 'swift-nio-extras')
SwiftCompile normal arm64 /Users/admin/builder/spi-builder-workspace/.dependencies/checkouts/swift-nio-extras/Sources/NIOExtras/WritePCAPHandler.swift (in target 'NIOExtras' from project 'swift-nio-extras')
    cd /Users/admin/builder/spi-builder-workspace/.swiftpm/xcode
    builtin-SwiftPerFileCompile WritePCAPHandler.swift
SwiftDriverJobDiscovery normal arm64_32 Compiling LineBasedFrameDecoder.swift, MarkedCircularBuffer+PopFirstCheckMarked.swift (in target 'NIOExtras' from project 'swift-nio-extras')
SwiftCompile normal arm64_32 Compiling\ JSONRPCFraming+ContentLengthHeader.swift,\ JSONRPCFraming.swift /Users/admin/builder/spi-builder-workspace/.dependencies/checkouts/swift-nio-extras/Sources/NIOExtras/JSONRPCFraming+ContentLengthHeader.swift /Users/admin/builder/spi-builder-workspace/.dependencies/checkouts/swift-nio-extras/Sources/NIOExtras/JSONRPCFraming.swift (in target 'NIOExtras' from project 'swift-nio-extras')
SwiftCompile normal arm64_32 /Users/admin/builder/spi-builder-workspace/.dependencies/checkouts/swift-nio-extras/Sources/NIOExtras/JSONRPCFraming+ContentLengthHeader.swift (in target 'NIOExtras' from project 'swift-nio-extras')
    cd /Users/admin/builder/spi-builder-workspace/.swiftpm/xcode
    builtin-SwiftPerFileCompile JSONRPCFraming+ContentLengthHeader.swift
SwiftCompile normal arm64_32 /Users/admin/builder/spi-builder-workspace/.dependencies/checkouts/swift-nio-extras/Sources/NIOExtras/JSONRPCFraming.swift (in target 'NIOExtras' from project 'swift-nio-extras')
    cd /Users/admin/builder/spi-builder-workspace/.swiftpm/xcode
    builtin-SwiftPerFileCompile JSONRPCFraming.swift
SwiftDriverJobDiscovery normal arm64_32 Compiling WebSocketFrameDecoder.swift (in target 'NIOWebSocket' from project 'swift-nio')
SwiftDriver\ Compilation NIOWebSocket normal arm64_32 com.apple.xcode.tools.swift.compiler (in target 'NIOWebSocket' from project 'swift-nio')
    cd /Users/admin/builder/spi-builder-workspace/.swiftpm/xcode
    builtin-Swift-Compilation -- /Applications/Xcode-27.0.0-Release.Candidate.app/Contents/Developer/Toolchains/XcodeDefault.xctoolchain/usr/bin/swiftc -parse-as-library -module-name NIOWebSocket -Onone @/Users/admin/builder/spi-builder-workspace/.derivedData/Build/Intermediates.noindex/swift-nio.build/Debug-watchos/NIOWebSocket-t.build/Objects-normal/arm64_32/NIOWebSocket.SwiftFileList -DSWIFT_PACKAGE -DDEBUG -DSWIFT_MODULE_RESOURCE_BUNDLE_UNAVAILABLE -Xcc -fmodule-map-file\=/Users/admin/builder/spi-builder-workspace/.dependencies/checkouts/swift-atomics/Sources/_AtomicsShims/include/module.modulemap -Xcc -fmodule-map-file\=/Users/admin/builder/spi-builder-workspace/.derivedData/Build/Intermediates.noindex/GeneratedModuleMaps-watchos/CNIOSHA1.modulemap -Xcc -fmodule-map-file\=/Users/admin/builder/spi-builder-workspace/.derivedData/Build/Intermediates.noindex/GeneratedModuleMaps-watchos/CNIOLLHTTP.modulemap -Xcc -fmodule-map-file\=/Users/admin/builder/spi-builder-workspace/.derivedData/Build/Intermediates.noindex/GeneratedModuleMaps-watchos/CNIOPosix.modulemap -Xcc -fmodule-map-file\=/Users/admin/builder/spi-builder-workspace/.derivedData/Build/Intermediates.noindex/GeneratedModuleMaps-watchos/CNIOWASI.modulemap -Xcc -fmodule-map-file\=/Users/admin/builder/spi-builder-workspace/.dependencies/checkouts/swift-nio/Sources/CNIOWindows/include/module.modulemap -Xcc -fmodule-map-file\=/Users/admin/builder/spi-builder-workspace/.derivedData/Build/Intermediates.noindex/GeneratedModuleMaps-watchos/CNIOLinux.modulemap -Xcc -fmodule-map-file\=/Users/admin/builder/spi-builder-workspace/.derivedData/Build/Intermediates.noindex/GeneratedModuleMaps-watchos/CNIODarwin.modulemap -Xcc -fmodule-map-file\=/Users/admin/builder/spi-builder-workspace/.derivedData/Build/Intermediates.noindex/GeneratedModuleMaps-watchos/CNIOFreeBSD.modulemap -Xcc -fmodule-map-file\=/Users/admin/builder/spi-builder-workspace/.derivedData/Build/Intermediates.noindex/GeneratedModuleMaps-watchos/CNIOOpenBSD.modulemap -Xcc -fmodule-map-file\=/Users/admin/builder/spi-builder-workspace/.derivedData/Build/Intermediates.noindex/GeneratedModuleMaps-watchos/CNIOAtomics.modulemap -DXcode -enable-experimental-feature Lifetimes -enable-upcoming-feature MemberImportVisibility -plugin-path /Applications/Xcode-27.0.0-Release.Candidate.app/Contents/Developer/Toolchains/XcodeDefault.xctoolchain/usr/lib/swift/host/plugins/testing -enable-experimental-feature DebugDescriptionMacro -sdk /Applications/Xcode-27.0.0-Release.Candidate.app/Contents/Developer/Platforms/WatchOS.platform/Developer/SDKs/WatchOS27.0.sdk -target arm64_32-apple-watchos9.0 -g -module-cache-path /Users/admin/builder/spi-builder-workspace/.derivedData/ModuleCache.noindex -Xfrontend -serialize-debugging-options -profile-coverage-mapping -profile-generate -enable-testing -suppress-warnings -index-store-path /Users/admin/builder/spi-builder-workspace/.derivedData/Index.noindex/DataStore -Xcc -D_LIBCPP_HARDENING_MODE\=_LIBCPP_HARDENING_MODE_DEBUG -swift-version 6 -I /Users/admin/builder/spi-builder-workspace/.derivedData/Build/Products/Debug-watchos -Isystem /Applications/Xcode-27.0.0-Release.Candidate.app/Contents/Developer/Platforms/WatchOS.platform/Developer/usr/lib -F /Users/admin/builder/spi-builder-workspace/.derivedData/Build/Products/Debug-watchos/PackageFrameworks -F /Users/admin/builder/spi-builder-workspace/.derivedData/Build/Products/Debug-watchos -F /Applications/Xcode-27.0.0-Release.Candidate.app/Contents/Developer/Platforms/WatchOS.platform/Developer/Library/Frameworks -F /Applications/Xcode-27.0.0-Release.Candidate.app/Contents/Developer/Platforms/WatchOS.platform/Developer/SDKs/WatchOS27.0.sdk/Developer/Library/Frameworks -c -j10 -enable-batch-mode -incremental -Xcc -ivfsstatcache -Xcc /Users/admin/builder/spi-builder-workspace/.derivedData/SDKStatCaches.noindex/watchos27.0-24R360-e829b21a6f8c9b70876ba0858053c04477534ef55a1706bf4c1112bbb242f0a2.sdkstatcache -output-file-map /Users/admin/builder/spi-builder-workspace/.derivedData/Build/Intermediates.noindex/swift-nio.build/Debug-watchos/NIOWebSocket-t.build/Objects-normal/arm64_32/NIOWebSocket-OutputFileMap.json -save-temps -no-color-diagnostics -explicit-module-build -module-cache-path /Users/admin/builder/spi-builder-workspace/.derivedData/Build/Intermediates.noindex/SwiftExplicitPrecompiledModules -clang-scanner-module-cache-path /Users/admin/builder/spi-builder-workspace/.derivedData/ModuleCache.noindex -sdk-module-cache-path /Users/admin/builder/spi-builder-workspace/.derivedData/SDKExplicitPrecompiledModules -emit-dependencies -emit-module -emit-module-path /Users/admin/builder/spi-builder-workspace/.derivedData/Build/Intermediates.noindex/swift-nio.build/Debug-watchos/NIOWebSocket-t.build/Objects-normal/arm64_32/NIOWebSocket.swiftmodule -serialize-diagnostics -dependency-scan-serialize-diagnostics-path /Users/admin/builder/spi-builder-workspace/.derivedData/Build/Intermediates.noindex/swift-nio.build/Debug-watchos/NIOWebSocket-t.build/Objects-normal/arm64_32/NIOWebSocket-dependency-scan.dia -user-module-version 2.103.0 -validate-clang-modules-once -clang-build-session-file /Users/admin/builder/spi-builder-workspace/.derivedData/ModuleCache.noindex/Session.modulevalidation -Xcc -fmodules-prune-interval\=86400 -Xcc -fmodules-prune-after\=345600 -package-name swift_nio -emit-const-values -const-gather-protocols-list /Users/admin/builder/spi-builder-workspace/.derivedData/Build/Intermediates.noindex/swift-nio.build/Debug-watchos/NIOWebSocket-t.build/Objects-normal/arm64_32/NIOWebSocket_const_extract_protocols.json -Xcc -I/Users/admin/builder/spi-builder-workspace/.dependencies/checkouts/swift-atomics/Sources/_AtomicsShims/include -Xcc -I/Users/admin/builder/spi-builder-workspace/.dependencies/checkouts/swift-nio/Sources/CNIOSHA1/include -Xcc -I/Users/admin/builder/spi-builder-workspace/.dependencies/checkouts/swift-nio/Sources/CNIOLLHTTP/include -Xcc -I/Users/admin/builder/spi-builder-workspace/.dependencies/checkouts/swift-nio/Sources/CNIOPosix/include -Xcc -I/Users/admin/builder/spi-builder-workspace/.dependencies/checkouts/swift-nio/Sources/CNIOWASI/include -Xcc -I/Users/admin/builder/spi-builder-workspace/.dependencies/checkouts/swift-nio/Sources/CNIOWindows/include -Xcc -I/Users/admin/builder/spi-builder-workspace/.dependencies/checkouts/swift-nio/Sources/CNIOLinux/include -Xcc -I/Users/admin/builder/spi-builder-workspace/.dependencies/checkouts/swift-nio/Sources/CNIODarwin/include -Xcc -I/Users/admin/builder/spi-builder-workspace/.dependencies/checkouts/swift-nio/Sources/CNIOFreeBSD/include -Xcc -I/Users/admin/builder/spi-builder-workspace/.dependencies/checkouts/swift-nio/Sources/CNIOOpenBSD/include -Xcc -I/Users/admin/builder/spi-builder-workspace/.dependencies/checkouts/swift-nio/Sources/CNIOAtomics/include -Xcc -I/Users/admin/builder/spi-builder-workspace/.derivedData/Build/Products/Debug-watchos/include -Xcc -I/Users/admin/builder/spi-builder-workspace/.derivedData/Build/Intermediates.noindex/swift-nio.build/Debug-watchos/NIOWebSocket-t.build/DerivedSources-normal/arm64_32 -Xcc -I/Users/admin/builder/spi-builder-workspace/.derivedData/Build/Intermediates.noindex/swift-nio.build/Debug-watchos/NIOWebSocket-t.build/DerivedSources/arm64_32 -Xcc -I/Users/admin/builder/spi-builder-workspace/.derivedData/Build/Intermediates.noindex/swift-nio.build/Debug-watchos/NIOWebSocket-t.build/DerivedSources -Xcc -DSWIFT_PACKAGE -Xcc -DDEBUG\=1 -emit-objc-header -emit-objc-header-path /Users/admin/builder/spi-builder-workspace/.derivedData/Build/Intermediates.noindex/swift-nio.build/Debug-watchos/NIOWebSocket-t.build/Objects-normal/arm64_32/NIOWebSocket-Swift.h -working-directory /Users/admin/builder/spi-builder-workspace/.swiftpm/xcode -experimental-emit-module-separately -disable-cmo
SwiftDriverJobDiscovery normal arm64 Compiling NIOWebSocketClientUpgrader.swift (in target 'NIOWebSocket' from project 'swift-nio')
SwiftCompile normal arm64 Compiling\ NIOExtrasError.swift,\ NIOLengthFieldBitLength.swift /Users/admin/builder/spi-builder-workspace/.dependencies/checkouts/swift-nio-extras/Sources/NIOExtras/NIOExtrasError.swift /Users/admin/builder/spi-builder-workspace/.dependencies/checkouts/swift-nio-extras/Sources/NIOExtras/NIOLengthFieldBitLength.swift (in target 'NIOExtras' from project 'swift-nio-extras')
SwiftCompile normal arm64 /Users/admin/builder/spi-builder-workspace/.dependencies/checkouts/swift-nio-extras/Sources/NIOExtras/NIOExtrasError.swift (in target 'NIOExtras' from project 'swift-nio-extras')
    cd /Users/admin/builder/spi-builder-workspace/.swiftpm/xcode
    builtin-SwiftPerFileCompile NIOExtrasError.swift
SwiftCompile normal arm64 /Users/admin/builder/spi-builder-workspace/.dependencies/checkouts/swift-nio-extras/Sources/NIOExtras/NIOLengthFieldBitLength.swift (in target 'NIOExtras' from project 'swift-nio-extras')
    cd /Users/admin/builder/spi-builder-workspace/.swiftpm/xcode
    builtin-SwiftPerFileCompile NIOLengthFieldBitLength.swift
SwiftCompile normal arm64 Compiling\ LengthFieldBasedFrameDecoder.swift,\ LengthFieldPrepender.swift /Users/admin/builder/spi-builder-workspace/.dependencies/checkouts/swift-nio-extras/Sources/NIOExtras/LengthFieldBasedFrameDecoder.swift /Users/admin/builder/spi-builder-workspace/.dependencies/checkouts/swift-nio-extras/Sources/NIOExtras/LengthFieldPrepender.swift (in target 'NIOExtras' from project 'swift-nio-extras')
SwiftCompile normal arm64 /Users/admin/builder/spi-builder-workspace/.dependencies/checkouts/swift-nio-extras/Sources/NIOExtras/LengthFieldBasedFrameDecoder.swift (in target 'NIOExtras' from project 'swift-nio-extras')
    cd /Users/admin/builder/spi-builder-workspace/.swiftpm/xcode
    builtin-SwiftPerFileCompile LengthFieldBasedFrameDecoder.swift
SwiftCompile normal arm64 /Users/admin/builder/spi-builder-workspace/.dependencies/checkouts/swift-nio-extras/Sources/NIOExtras/LengthFieldPrepender.swift (in target 'NIOExtras' from project 'swift-nio-extras')
    cd /Users/admin/builder/spi-builder-workspace/.swiftpm/xcode
    builtin-SwiftPerFileCompile LengthFieldPrepender.swift
SwiftDriverJobDiscovery normal arm64 Compiling WebSocketFrame.swift (in target 'NIOWebSocket' from project 'swift-nio')
SwiftDriver\ Compilation NIOWebSocket normal arm64 com.apple.xcode.tools.swift.compiler (in target 'NIOWebSocket' from project 'swift-nio')
    cd /Users/admin/builder/spi-builder-workspace/.swiftpm/xcode
    builtin-Swift-Compilation -- /Applications/Xcode-27.0.0-Release.Candidate.app/Contents/Developer/Toolchains/XcodeDefault.xctoolchain/usr/bin/swiftc -parse-as-library -module-name NIOWebSocket -Onone @/Users/admin/builder/spi-builder-workspace/.derivedData/Build/Intermediates.noindex/swift-nio.build/Debug-watchos/NIOWebSocket-t.build/Objects-normal/arm64/NIOWebSocket.SwiftFileList -DSWIFT_PACKAGE -DDEBUG -DSWIFT_MODULE_RESOURCE_BUNDLE_UNAVAILABLE -Xcc -fmodule-map-file\=/Users/admin/builder/spi-builder-workspace/.dependencies/checkouts/swift-atomics/Sources/_AtomicsShims/include/module.modulemap -Xcc -fmodule-map-file\=/Users/admin/builder/spi-builder-workspace/.derivedData/Build/Intermediates.noindex/GeneratedModuleMaps-watchos/CNIOSHA1.modulemap -Xcc -fmodule-map-file\=/Users/admin/builder/spi-builder-workspace/.derivedData/Build/Intermediates.noindex/GeneratedModuleMaps-watchos/CNIOLLHTTP.modulemap -Xcc -fmodule-map-file\=/Users/admin/builder/spi-builder-workspace/.derivedData/Build/Intermediates.noindex/GeneratedModuleMaps-watchos/CNIOPosix.modulemap -Xcc -fmodule-map-file\=/Users/admin/builder/spi-builder-workspace/.derivedData/Build/Intermediates.noindex/GeneratedModuleMaps-watchos/CNIOWASI.modulemap -Xcc -fmodule-map-file\=/Users/admin/builder/spi-builder-workspace/.dependencies/checkouts/swift-nio/Sources/CNIOWindows/include/module.modulemap -Xcc -fmodule-map-file\=/Users/admin/builder/spi-builder-workspace/.derivedData/Build/Intermediates.noindex/GeneratedModuleMaps-watchos/CNIOLinux.modulemap -Xcc -fmodule-map-file\=/Users/admin/builder/spi-builder-workspace/.derivedData/Build/Intermediates.noindex/GeneratedModuleMaps-watchos/CNIODarwin.modulemap -Xcc -fmodule-map-file\=/Users/admin/builder/spi-builder-workspace/.derivedData/Build/Intermediates.noindex/GeneratedModuleMaps-watchos/CNIOFreeBSD.modulemap -Xcc -fmodule-map-file\=/Users/admin/builder/spi-builder-workspace/.derivedData/Build/Intermediates.noindex/GeneratedModuleMaps-watchos/CNIOOpenBSD.modulemap -Xcc -fmodule-map-file\=/Users/admin/builder/spi-builder-workspace/.derivedData/Build/Intermediates.noindex/GeneratedModuleMaps-watchos/CNIOAtomics.modulemap -DXcode -enable-experimental-feature Lifetimes -enable-upcoming-feature MemberImportVisibility -plugin-path /Applications/Xcode-27.0.0-Release.Candidate.app/Contents/Developer/Toolchains/XcodeDefault.xctoolchain/usr/lib/swift/host/plugins/testing -enable-experimental-feature DebugDescriptionMacro -sdk /Applications/Xcode-27.0.0-Release.Candidate.app/Contents/Developer/Platforms/WatchOS.platform/Developer/SDKs/WatchOS27.0.sdk -target arm64-apple-watchos9.0 -g -module-cache-path /Users/admin/builder/spi-builder-workspace/.derivedData/ModuleCache.noindex -Xfrontend -serialize-debugging-options -profile-coverage-mapping -profile-generate -enable-testing -suppress-warnings -index-store-path /Users/admin/builder/spi-builder-workspace/.derivedData/Index.noindex/DataStore -Xcc -D_LIBCPP_HARDENING_MODE\=_LIBCPP_HARDENING_MODE_DEBUG -swift-version 6 -I /Users/admin/builder/spi-builder-workspace/.derivedData/Build/Products/Debug-watchos -Isystem /Applications/Xcode-27.0.0-Release.Candidate.app/Contents/Developer/Platforms/WatchOS.platform/Developer/usr/lib -F /Users/admin/builder/spi-builder-workspace/.derivedData/Build/Products/Debug-watchos/PackageFrameworks -F /Users/admin/builder/spi-builder-workspace/.derivedData/Build/Products/Debug-watchos -F /Applications/Xcode-27.0.0-Release.Candidate.app/Contents/Developer/Platforms/WatchOS.platform/Developer/Library/Frameworks -F /Applications/Xcode-27.0.0-Release.Candidate.app/Contents/Developer/Platforms/WatchOS.platform/Developer/SDKs/WatchOS27.0.sdk/Developer/Library/Frameworks -c -j10 -enable-batch-mode -incremental -Xcc -ivfsstatcache -Xcc /Users/admin/builder/spi-builder-workspace/.derivedData/SDKStatCaches.noindex/watchos27.0-24R360-e829b21a6f8c9b70876ba0858053c04477534ef55a1706bf4c1112bbb242f0a2.sdkstatcache -output-file-map /Users/admin/builder/spi-builder-workspace/.derivedData/Build/Intermediates.noindex/swift-nio.build/Debug-watchos/NIOWebSocket-t.build/Objects-normal/arm64/NIOWebSocket-OutputFileMap.json -save-temps -no-color-diagnostics -explicit-module-build -module-cache-path /Users/admin/builder/spi-builder-workspace/.derivedData/Build/Intermediates.noindex/SwiftExplicitPrecompiledModules -clang-scanner-module-cache-path /Users/admin/builder/spi-builder-workspace/.derivedData/ModuleCache.noindex -sdk-module-cache-path /Users/admin/builder/spi-builder-workspace/.derivedData/SDKExplicitPrecompiledModules -emit-dependencies -emit-module -emit-module-path /Users/admin/builder/spi-builder-workspace/.derivedData/Build/Intermediates.noindex/swift-nio.build/Debug-watchos/NIOWebSocket-t.build/Objects-normal/arm64/NIOWebSocket.swiftmodule -serialize-diagnostics -dependency-scan-serialize-diagnostics-path /Users/admin/builder/spi-builder-workspace/.derivedData/Build/Intermediates.noindex/swift-nio.build/Debug-watchos/NIOWebSocket-t.build/Objects-normal/arm64/NIOWebSocket-dependency-scan.dia -user-module-version 2.103.0 -validate-clang-modules-once -clang-build-session-file /Users/admin/builder/spi-builder-workspace/.derivedData/ModuleCache.noindex/Session.modulevalidation -Xcc -fmodules-prune-interval\=86400 -Xcc -fmodules-prune-after\=345600 -package-name swift_nio -emit-const-values -const-gather-protocols-list /Users/admin/builder/spi-builder-workspace/.derivedData/Build/Intermediates.noindex/swift-nio.build/Debug-watchos/NIOWebSocket-t.build/Objects-normal/arm64/NIOWebSocket_const_extract_protocols.json -Xcc -I/Users/admin/builder/spi-builder-workspace/.dependencies/checkouts/swift-atomics/Sources/_AtomicsShims/include -Xcc -I/Users/admin/builder/spi-builder-workspace/.dependencies/checkouts/swift-nio/Sources/CNIOSHA1/include -Xcc -I/Users/admin/builder/spi-builder-workspace/.dependencies/checkouts/swift-nio/Sources/CNIOLLHTTP/include -Xcc -I/Users/admin/builder/spi-builder-workspace/.dependencies/checkouts/swift-nio/Sources/CNIOPosix/include -Xcc -I/Users/admin/builder/spi-builder-workspace/.dependencies/checkouts/swift-nio/Sources/CNIOWASI/include -Xcc -I/Users/admin/builder/spi-builder-workspace/.dependencies/checkouts/swift-nio/Sources/CNIOWindows/include -Xcc -I/Users/admin/builder/spi-builder-workspace/.dependencies/checkouts/swift-nio/Sources/CNIOLinux/include -Xcc -I/Users/admin/builder/spi-builder-workspace/.dependencies/checkouts/swift-nio/Sources/CNIODarwin/include -Xcc -I/Users/admin/builder/spi-builder-workspace/.dependencies/checkouts/swift-nio/Sources/CNIOFreeBSD/include -Xcc -I/Users/admin/builder/spi-builder-workspace/.dependencies/checkouts/swift-nio/Sources/CNIOOpenBSD/include -Xcc -I/Users/admin/builder/spi-builder-workspace/.dependencies/checkouts/swift-nio/Sources/CNIOAtomics/include -Xcc -I/Users/admin/builder/spi-builder-workspace/.derivedData/Build/Products/Debug-watchos/include -Xcc -I/Users/admin/builder/spi-builder-workspace/.derivedData/Build/Intermediates.noindex/swift-nio.build/Debug-watchos/NIOWebSocket-t.build/DerivedSources-normal/arm64 -Xcc -I/Users/admin/builder/spi-builder-workspace/.derivedData/Build/Intermediates.noindex/swift-nio.build/Debug-watchos/NIOWebSocket-t.build/DerivedSources/arm64 -Xcc -I/Users/admin/builder/spi-builder-workspace/.derivedData/Build/Intermediates.noindex/swift-nio.build/Debug-watchos/NIOWebSocket-t.build/DerivedSources -Xcc -DSWIFT_PACKAGE -Xcc -DDEBUG\=1 -emit-objc-header -emit-objc-header-path /Users/admin/builder/spi-builder-workspace/.derivedData/Build/Intermediates.noindex/swift-nio.build/Debug-watchos/NIOWebSocket-t.build/Objects-normal/arm64/NIOWebSocket-Swift.h -working-directory /Users/admin/builder/spi-builder-workspace/.swiftpm/xcode -experimental-emit-module-separately -disable-cmo
SwiftDriverJobDiscovery normal arm64 Compiling DebugInboundEventsHandler.swift, DebugOutboundEventsHandler.swift (in target 'NIOExtras' from project 'swift-nio-extras')
SwiftCompile normal arm64_32 Compiling\ FixedLengthFrameDecoder.swift,\ HTTP1ProxyConnectHandler.swift /Users/admin/builder/spi-builder-workspace/.dependencies/checkouts/swift-nio-extras/Sources/NIOExtras/FixedLengthFrameDecoder.swift /Users/admin/builder/spi-builder-workspace/.dependencies/checkouts/swift-nio-extras/Sources/NIOExtras/HTTP1ProxyConnectHandler.swift (in target 'NIOExtras' from project 'swift-nio-extras')
SwiftCompile normal arm64_32 /Users/admin/builder/spi-builder-workspace/.dependencies/checkouts/swift-nio-extras/Sources/NIOExtras/FixedLengthFrameDecoder.swift (in target 'NIOExtras' from project 'swift-nio-extras')
    cd /Users/admin/builder/spi-builder-workspace/.swiftpm/xcode
    builtin-SwiftPerFileCompile FixedLengthFrameDecoder.swift
SwiftCompile normal arm64_32 /Users/admin/builder/spi-builder-workspace/.dependencies/checkouts/swift-nio-extras/Sources/NIOExtras/HTTP1ProxyConnectHandler.swift (in target 'NIOExtras' from project 'swift-nio-extras')
    cd /Users/admin/builder/spi-builder-workspace/.swiftpm/xcode
    builtin-SwiftPerFileCompile HTTP1ProxyConnectHandler.swift
SwiftDriverJobDiscovery normal arm64_32 Compiling DebugInboundEventsHandler.swift, DebugOutboundEventsHandler.swift (in target 'NIOExtras' from project 'swift-nio-extras')
SwiftCompile normal arm64_32 Compiling\ RequestResponseHandlers+State.swift,\ RequestResponseWithIDHandler.swift /Users/admin/builder/spi-builder-workspace/.dependencies/checkouts/swift-nio-extras/Sources/NIOExtras/RequestResponseHandlers+State.swift /Users/admin/builder/spi-builder-workspace/.dependencies/checkouts/swift-nio-extras/Sources/NIOExtras/RequestResponseWithIDHandler.swift (in target 'NIOExtras' from project 'swift-nio-extras')
SwiftCompile normal arm64_32 /Users/admin/builder/spi-builder-workspace/.dependencies/checkouts/swift-nio-extras/Sources/NIOExtras/RequestResponseHandlers+State.swift (in target 'NIOExtras' from project 'swift-nio-extras')
    cd /Users/admin/builder/spi-builder-workspace/.swiftpm/xcode
    builtin-SwiftPerFileCompile RequestResponseHandlers+State.swift
SwiftCompile normal arm64_32 /Users/admin/builder/spi-builder-workspace/.dependencies/checkouts/swift-nio-extras/Sources/NIOExtras/RequestResponseWithIDHandler.swift (in target 'NIOExtras' from project 'swift-nio-extras')
    cd /Users/admin/builder/spi-builder-workspace/.swiftpm/xcode
    builtin-SwiftPerFileCompile RequestResponseWithIDHandler.swift
SwiftDriverJobDiscovery normal arm64 Compiling RequestResponseHandlers+State.swift, RequestResponseWithIDHandler.swift (in target 'NIOExtras' from project 'swift-nio-extras')
SwiftCompile normal arm64 Compiling\ NIORequestIdentifiable.swift,\ PCAPRingBuffer.swift /Users/admin/builder/spi-builder-workspace/.dependencies/checkouts/swift-nio-extras/Sources/NIOExtras/NIORequestIdentifiable.swift /Users/admin/builder/spi-builder-workspace/.dependencies/checkouts/swift-nio-extras/Sources/NIOExtras/PCAPRingBuffer.swift (in target 'NIOExtras' from project 'swift-nio-extras')
SwiftCompile normal arm64 /Users/admin/builder/spi-builder-workspace/.dependencies/checkouts/swift-nio-extras/Sources/NIOExtras/NIORequestIdentifiable.swift (in target 'NIOExtras' from project 'swift-nio-extras')
    cd /Users/admin/builder/spi-builder-workspace/.swiftpm/xcode
    builtin-SwiftPerFileCompile NIORequestIdentifiable.swift
SwiftCompile normal arm64 /Users/admin/builder/spi-builder-workspace/.dependencies/checkouts/swift-nio-extras/Sources/NIOExtras/PCAPRingBuffer.swift (in target 'NIOExtras' from project 'swift-nio-extras')
    cd /Users/admin/builder/spi-builder-workspace/.swiftpm/xcode
    builtin-SwiftPerFileCompile PCAPRingBuffer.swift
SwiftCompile normal arm64 Compiling\ JSONRPCFraming+ContentLengthHeader.swift,\ JSONRPCFraming.swift /Users/admin/builder/spi-builder-workspace/.dependencies/checkouts/swift-nio-extras/Sources/NIOExtras/JSONRPCFraming+ContentLengthHeader.swift /Users/admin/builder/spi-builder-workspace/.dependencies/checkouts/swift-nio-extras/Sources/NIOExtras/JSONRPCFraming.swift (in target 'NIOExtras' from project 'swift-nio-extras')
SwiftCompile normal arm64 /Users/admin/builder/spi-builder-workspace/.dependencies/checkouts/swift-nio-extras/Sources/NIOExtras/JSONRPCFraming+ContentLengthHeader.swift (in target 'NIOExtras' from project 'swift-nio-extras')
    cd /Users/admin/builder/spi-builder-workspace/.swiftpm/xcode
    builtin-SwiftPerFileCompile JSONRPCFraming+ContentLengthHeader.swift
SwiftCompile normal arm64 /Users/admin/builder/spi-builder-workspace/.dependencies/checkouts/swift-nio-extras/Sources/NIOExtras/JSONRPCFraming.swift (in target 'NIOExtras' from project 'swift-nio-extras')
    cd /Users/admin/builder/spi-builder-workspace/.swiftpm/xcode
    builtin-SwiftPerFileCompile JSONRPCFraming.swift
SwiftDriverJobDiscovery normal arm64_32 Compiling QuiescingHelper.swift, RequestResponseHandler.swift (in target 'NIOExtras' from project 'swift-nio-extras')
SwiftCompile normal arm64_32 Compiling\ NIOExtrasError.swift,\ NIOLengthFieldBitLength.swift /Users/admin/builder/spi-builder-workspace/.dependencies/checkouts/swift-nio-extras/Sources/NIOExtras/NIOExtrasError.swift /Users/admin/builder/spi-builder-workspace/.dependencies/checkouts/swift-nio-extras/Sources/NIOExtras/NIOLengthFieldBitLength.swift (in target 'NIOExtras' from project 'swift-nio-extras')
SwiftCompile normal arm64_32 /Users/admin/builder/spi-builder-workspace/.dependencies/checkouts/swift-nio-extras/Sources/NIOExtras/NIOExtrasError.swift (in target 'NIOExtras' from project 'swift-nio-extras')
    cd /Users/admin/builder/spi-builder-workspace/.swiftpm/xcode
    builtin-SwiftPerFileCompile NIOExtrasError.swift
SwiftCompile normal arm64_32 /Users/admin/builder/spi-builder-workspace/.dependencies/checkouts/swift-nio-extras/Sources/NIOExtras/NIOLengthFieldBitLength.swift (in target 'NIOExtras' from project 'swift-nio-extras')
    cd /Users/admin/builder/spi-builder-workspace/.swiftpm/xcode
    builtin-SwiftPerFileCompile NIOLengthFieldBitLength.swift
SwiftDriverJobDiscovery normal arm64 Compiling NIOExtrasError.swift, NIOLengthFieldBitLength.swift (in target 'NIOExtras' from project 'swift-nio-extras')
SwiftCompile normal arm64 Compiling\ LineBasedFrameDecoder.swift,\ MarkedCircularBuffer+PopFirstCheckMarked.swift /Users/admin/builder/spi-builder-workspace/.dependencies/checkouts/swift-nio-extras/Sources/NIOExtras/LineBasedFrameDecoder.swift /Users/admin/builder/spi-builder-workspace/.dependencies/checkouts/swift-nio-extras/Sources/NIOExtras/MarkedCircularBuffer+PopFirstCheckMarked.swift (in target 'NIOExtras' from project 'swift-nio-extras')
SwiftCompile normal arm64 /Users/admin/builder/spi-builder-workspace/.dependencies/checkouts/swift-nio-extras/Sources/NIOExtras/LineBasedFrameDecoder.swift (in target 'NIOExtras' from project 'swift-nio-extras')
    cd /Users/admin/builder/spi-builder-workspace/.swiftpm/xcode
    builtin-SwiftPerFileCompile LineBasedFrameDecoder.swift
SwiftCompile normal arm64 /Users/admin/builder/spi-builder-workspace/.dependencies/checkouts/swift-nio-extras/Sources/NIOExtras/MarkedCircularBuffer+PopFirstCheckMarked.swift (in target 'NIOExtras' from project 'swift-nio-extras')
    cd /Users/admin/builder/spi-builder-workspace/.swiftpm/xcode
    builtin-SwiftPerFileCompile MarkedCircularBuffer+PopFirstCheckMarked.swift
SwiftDriverJobDiscovery normal arm64_32 Compiling JSONRPCFraming+ContentLengthHeader.swift, JSONRPCFraming.swift (in target 'NIOExtras' from project 'swift-nio-extras')
SwiftCompile normal arm64_32 Compiling\ NIORequestIdentifiable.swift,\ PCAPRingBuffer.swift /Users/admin/builder/spi-builder-workspace/.dependencies/checkouts/swift-nio-extras/Sources/NIOExtras/NIORequestIdentifiable.swift /Users/admin/builder/spi-builder-workspace/.dependencies/checkouts/swift-nio-extras/Sources/NIOExtras/PCAPRingBuffer.swift (in target 'NIOExtras' from project 'swift-nio-extras')
SwiftCompile normal arm64_32 /Users/admin/builder/spi-builder-workspace/.dependencies/checkouts/swift-nio-extras/Sources/NIOExtras/NIORequestIdentifiable.swift (in target 'NIOExtras' from project 'swift-nio-extras')
    cd /Users/admin/builder/spi-builder-workspace/.swiftpm/xcode
    builtin-SwiftPerFileCompile NIORequestIdentifiable.swift
SwiftCompile normal arm64_32 /Users/admin/builder/spi-builder-workspace/.dependencies/checkouts/swift-nio-extras/Sources/NIOExtras/PCAPRingBuffer.swift (in target 'NIOExtras' from project 'swift-nio-extras')
    cd /Users/admin/builder/spi-builder-workspace/.swiftpm/xcode
    builtin-SwiftPerFileCompile PCAPRingBuffer.swift
SwiftDriverJobDiscovery normal arm64_32 Compiling FixedLengthFrameDecoder.swift, HTTP1ProxyConnectHandler.swift (in target 'NIOExtras' from project 'swift-nio-extras')
SwiftCompile normal arm64 Compiling\ FixedLengthFrameDecoder.swift,\ HTTP1ProxyConnectHandler.swift /Users/admin/builder/spi-builder-workspace/.dependencies/checkouts/swift-nio-extras/Sources/NIOExtras/FixedLengthFrameDecoder.swift /Users/admin/builder/spi-builder-workspace/.dependencies/checkouts/swift-nio-extras/Sources/NIOExtras/HTTP1ProxyConnectHandler.swift (in target 'NIOExtras' from project 'swift-nio-extras')
SwiftCompile normal arm64 /Users/admin/builder/spi-builder-workspace/.dependencies/checkouts/swift-nio-extras/Sources/NIOExtras/FixedLengthFrameDecoder.swift (in target 'NIOExtras' from project 'swift-nio-extras')
    cd /Users/admin/builder/spi-builder-workspace/.swiftpm/xcode
    builtin-SwiftPerFileCompile FixedLengthFrameDecoder.swift
SwiftCompile normal arm64 /Users/admin/builder/spi-builder-workspace/.dependencies/checkouts/swift-nio-extras/Sources/NIOExtras/HTTP1ProxyConnectHandler.swift (in target 'NIOExtras' from project 'swift-nio-extras')
    cd /Users/admin/builder/spi-builder-workspace/.swiftpm/xcode
    builtin-SwiftPerFileCompile HTTP1ProxyConnectHandler.swift
SwiftDriverJobDiscovery normal arm64 Compiling NIORequestIdentifiable.swift, PCAPRingBuffer.swift (in target 'NIOExtras' from project 'swift-nio-extras')
SwiftCompile normal arm64 Compiling\ QuiescingHelper.swift,\ RequestResponseHandler.swift /Users/admin/builder/spi-builder-workspace/.dependencies/checkouts/swift-nio-extras/Sources/NIOExtras/QuiescingHelper.swift /Users/admin/builder/spi-builder-workspace/.dependencies/checkouts/swift-nio-extras/Sources/NIOExtras/RequestResponseHandler.swift (in target 'NIOExtras' from project 'swift-nio-extras')
SwiftCompile normal arm64 /Users/admin/builder/spi-builder-workspace/.dependencies/checkouts/swift-nio-extras/Sources/NIOExtras/QuiescingHelper.swift (in target 'NIOExtras' from project 'swift-nio-extras')
    cd /Users/admin/builder/spi-builder-workspace/.swiftpm/xcode
    builtin-SwiftPerFileCompile QuiescingHelper.swift
SwiftCompile normal arm64 /Users/admin/builder/spi-builder-workspace/.dependencies/checkouts/swift-nio-extras/Sources/NIOExtras/RequestResponseHandler.swift (in target 'NIOExtras' from project 'swift-nio-extras')
    cd /Users/admin/builder/spi-builder-workspace/.swiftpm/xcode
    builtin-SwiftPerFileCompile RequestResponseHandler.swift
SwiftDriverJobDiscovery normal arm64_32 Compiling RequestResponseHandlers+State.swift, RequestResponseWithIDHandler.swift (in target 'NIOExtras' from project 'swift-nio-extras')
SwiftCompile normal arm64_32 Compiling\ LengthFieldBasedFrameDecoder.swift,\ LengthFieldPrepender.swift /Users/admin/builder/spi-builder-workspace/.dependencies/checkouts/swift-nio-extras/Sources/NIOExtras/LengthFieldBasedFrameDecoder.swift /Users/admin/builder/spi-builder-workspace/.dependencies/checkouts/swift-nio-extras/Sources/NIOExtras/LengthFieldPrepender.swift (in target 'NIOExtras' from project 'swift-nio-extras')
SwiftCompile normal arm64_32 /Users/admin/builder/spi-builder-workspace/.dependencies/checkouts/swift-nio-extras/Sources/NIOExtras/LengthFieldBasedFrameDecoder.swift (in target 'NIOExtras' from project 'swift-nio-extras')
    cd /Users/admin/builder/spi-builder-workspace/.swiftpm/xcode
    builtin-SwiftPerFileCompile LengthFieldBasedFrameDecoder.swift
SwiftCompile normal arm64_32 /Users/admin/builder/spi-builder-workspace/.dependencies/checkouts/swift-nio-extras/Sources/NIOExtras/LengthFieldPrepender.swift (in target 'NIOExtras' from project 'swift-nio-extras')
    cd /Users/admin/builder/spi-builder-workspace/.swiftpm/xcode
    builtin-SwiftPerFileCompile LengthFieldPrepender.swift
SwiftDriverJobDiscovery normal arm64 Compiling LineBasedFrameDecoder.swift, MarkedCircularBuffer+PopFirstCheckMarked.swift (in target 'NIOExtras' from project 'swift-nio-extras')
SwiftDriverJobDiscovery normal arm64 Compiling JSONRPCFraming+ContentLengthHeader.swift, JSONRPCFraming.swift (in target 'NIOExtras' from project 'swift-nio-extras')
SwiftDriver NMTP normal arm64_32 com.apple.xcode.tools.swift.compiler (in target 'NMTP' from project 'swift-nmtp')
    cd /Users/admin/builder/spi-builder-workspace/.swiftpm/xcode
    builtin-SwiftDriver -- /Applications/Xcode-27.0.0-Release.Candidate.app/Contents/Developer/Toolchains/XcodeDefault.xctoolchain/usr/bin/swiftc -parse-as-library -module-name NMTP -Onone @/Users/admin/builder/spi-builder-workspace/.derivedData/Build/Intermediates.noindex/swift-nmtp.build/Debug-watchos/NMTP-t.build/Objects-normal/arm64_32/NMTP.SwiftFileList -DSWIFT_PACKAGE -DDEBUG -DSWIFT_MODULE_RESOURCE_BUNDLE_UNAVAILABLE -Xcc -fmodule-map-file\=/Users/admin/builder/spi-builder-workspace/.dependencies/checkouts/swift-atomics/Sources/_AtomicsShims/include/module.modulemap -Xcc -fmodule-map-file\=/Users/admin/builder/spi-builder-workspace/.derivedData/Build/Intermediates.noindex/GeneratedModuleMaps-watchos/CNIOLLHTTP.modulemap -Xcc -fmodule-map-file\=/Users/admin/builder/spi-builder-workspace/.derivedData/Build/Intermediates.noindex/GeneratedModuleMaps-watchos/CNIOPosix.modulemap -Xcc -fmodule-map-file\=/Users/admin/builder/spi-builder-workspace/.derivedData/Build/Intermediates.noindex/GeneratedModuleMaps-watchos/CNIOWASI.modulemap -Xcc -fmodule-map-file\=/Users/admin/builder/spi-builder-workspace/.dependencies/checkouts/swift-nio/Sources/CNIOWindows/include/module.modulemap -Xcc -fmodule-map-file\=/Users/admin/builder/spi-builder-workspace/.derivedData/Build/Intermediates.noindex/GeneratedModuleMaps-watchos/CNIOLinux.modulemap -Xcc -fmodule-map-file\=/Users/admin/builder/spi-builder-workspace/.derivedData/Build/Intermediates.noindex/GeneratedModuleMaps-watchos/CNIODarwin.modulemap -Xcc -fmodule-map-file\=/Users/admin/builder/spi-builder-workspace/.derivedData/Build/Intermediates.noindex/GeneratedModuleMaps-watchos/CNIOFreeBSD.modulemap -Xcc -fmodule-map-file\=/Users/admin/builder/spi-builder-workspace/.derivedData/Build/Intermediates.noindex/GeneratedModuleMaps-watchos/CNIOOpenBSD.modulemap -Xcc -fmodule-map-file\=/Users/admin/builder/spi-builder-workspace/.derivedData/Build/Intermediates.noindex/GeneratedModuleMaps-watchos/CNIOAtomics.modulemap -DXcode -plugin-path /Applications/Xcode-27.0.0-Release.Candidate.app/Contents/Developer/Toolchains/XcodeDefault.xctoolchain/usr/lib/swift/host/plugins/testing -enable-experimental-feature DebugDescriptionMacro -sdk /Applications/Xcode-27.0.0-Release.Candidate.app/Contents/Developer/Platforms/WatchOS.platform/Developer/SDKs/WatchOS27.0.sdk -target arm64_32-apple-watchos9.0 -g -module-cache-path /Users/admin/builder/spi-builder-workspace/.derivedData/ModuleCache.noindex -Xfrontend -serialize-debugging-options -profile-coverage-mapping -profile-generate -enable-testing -index-store-path /Users/admin/builder/spi-builder-workspace/.derivedData/Index.noindex/DataStore -Xcc -D_LIBCPP_HARDENING_MODE\=_LIBCPP_HARDENING_MODE_DEBUG -swift-version 6 -I /Users/admin/builder/spi-builder-workspace/.derivedData/Build/Products/Debug-watchos -Isystem /Applications/Xcode-27.0.0-Release.Candidate.app/Contents/Developer/Platforms/WatchOS.platform/Developer/usr/lib -F /Users/admin/builder/spi-builder-workspace/.derivedData/Build/Products/Debug-watchos/PackageFrameworks -F /Users/admin/builder/spi-builder-workspace/.derivedData/Build/Products/Debug-watchos -F /Applications/Xcode-27.0.0-Release.Candidate.app/Contents/Developer/Platforms/WatchOS.platform/Developer/Library/Frameworks -F /Applications/Xcode-27.0.0-Release.Candidate.app/Contents/Developer/Platforms/WatchOS.platform/Developer/SDKs/WatchOS27.0.sdk/Developer/Library/Frameworks -c -j10 -enable-batch-mode -incremental -Xcc -ivfsstatcache -Xcc /Users/admin/builder/spi-builder-workspace/.derivedData/SDKStatCaches.noindex/watchos27.0-24R360-e829b21a6f8c9b70876ba0858053c04477534ef55a1706bf4c1112bbb242f0a2.sdkstatcache -output-file-map /Users/admin/builder/spi-builder-workspace/.derivedData/Build/Intermediates.noindex/swift-nmtp.build/Debug-watchos/NMTP-t.build/Objects-normal/arm64_32/NMTP-OutputFileMap.json -save-temps -no-color-diagnostics -explicit-module-build -module-cache-path /Users/admin/builder/spi-builder-workspace/.derivedData/Build/Intermediates.noindex/SwiftExplicitPrecompiledModules -clang-scanner-module-cache-path /Users/admin/builder/spi-builder-workspace/.derivedData/ModuleCache.noindex -sdk-module-cache-path /Users/admin/builder/spi-builder-workspace/.derivedData/SDKExplicitPrecompiledModules -emit-dependencies -emit-module -emit-module-path /Users/admin/builder/spi-builder-workspace/.derivedData/Build/Intermediates.noindex/swift-nmtp.build/Debug-watchos/NMTP-t.build/Objects-normal/arm64_32/NMTP.swiftmodule -serialize-diagnostics -dependency-scan-serialize-diagnostics-path /Users/admin/builder/spi-builder-workspace/.derivedData/Build/Intermediates.noindex/swift-nmtp.build/Debug-watchos/NMTP-t.build/Objects-normal/arm64_32/NMTP-dependency-scan.dia -validate-clang-modules-once -clang-build-session-file /Users/admin/builder/spi-builder-workspace/.derivedData/ModuleCache.noindex/Session.modulevalidation -Xcc -fmodules-prune-interval\=86400 -Xcc -fmodules-prune-after\=345600 -package-name spi_builder_workspace -emit-const-values -const-gather-protocols-list /Users/admin/builder/spi-builder-workspace/.derivedData/Build/Intermediates.noindex/swift-nmtp.build/Debug-watchos/NMTP-t.build/Objects-normal/arm64_32/NMTP_const_extract_protocols.json -Xcc -I/Users/admin/builder/spi-builder-workspace/.dependencies/checkouts/swift-atomics/Sources/_AtomicsShims/include -Xcc -I/Users/admin/builder/spi-builder-workspace/.dependencies/checkouts/swift-nio/Sources/CNIOLLHTTP/include -Xcc -I/Users/admin/builder/spi-builder-workspace/.dependencies/checkouts/swift-nio/Sources/CNIOPosix/include -Xcc -I/Users/admin/builder/spi-builder-workspace/.dependencies/checkouts/swift-nio/Sources/CNIOWASI/include -Xcc -I/Users/admin/builder/spi-builder-workspace/.dependencies/checkouts/swift-nio/Sources/CNIOWindows/include -Xcc -I/Users/admin/builder/spi-builder-workspace/.dependencies/checkouts/swift-nio/Sources/CNIOLinux/include -Xcc -I/Users/admin/builder/spi-builder-workspace/.dependencies/checkouts/swift-nio/Sources/CNIODarwin/include -Xcc -I/Users/admin/builder/spi-builder-workspace/.dependencies/checkouts/swift-nio/Sources/CNIOFreeBSD/include -Xcc -I/Users/admin/builder/spi-builder-workspace/.dependencies/checkouts/swift-nio/Sources/CNIOOpenBSD/include -Xcc -I/Users/admin/builder/spi-builder-workspace/.dependencies/checkouts/swift-nio/Sources/CNIOAtomics/include -Xcc -I/Users/admin/builder/spi-builder-workspace/.derivedData/Build/Products/Debug-watchos/include -Xcc -I/Users/admin/builder/spi-builder-workspace/.derivedData/Build/Intermediates.noindex/swift-nmtp.build/Debug-watchos/NMTP-t.build/DerivedSources-normal/arm64_32 -Xcc -I/Users/admin/builder/spi-builder-workspace/.derivedData/Build/Intermediates.noindex/swift-nmtp.build/Debug-watchos/NMTP-t.build/DerivedSources/arm64_32 -Xcc -I/Users/admin/builder/spi-builder-workspace/.derivedData/Build/Intermediates.noindex/swift-nmtp.build/Debug-watchos/NMTP-t.build/DerivedSources -Xcc -DSWIFT_PACKAGE -Xcc -DDEBUG\=1 -emit-objc-header -emit-objc-header-path /Users/admin/builder/spi-builder-workspace/.derivedData/Build/Intermediates.noindex/swift-nmtp.build/Debug-watchos/NMTP-t.build/Objects-normal/arm64_32/NMTP-Swift.h -working-directory /Users/admin/builder/spi-builder-workspace/.swiftpm/xcode -experimental-emit-module-separately -disable-cmo
SwiftDriver NMTP normal arm64 com.apple.xcode.tools.swift.compiler (in target 'NMTP' from project 'swift-nmtp')
    cd /Users/admin/builder/spi-builder-workspace/.swiftpm/xcode
    builtin-SwiftDriver -- /Applications/Xcode-27.0.0-Release.Candidate.app/Contents/Developer/Toolchains/XcodeDefault.xctoolchain/usr/bin/swiftc -parse-as-library -module-name NMTP -Onone @/Users/admin/builder/spi-builder-workspace/.derivedData/Build/Intermediates.noindex/swift-nmtp.build/Debug-watchos/NMTP-t.build/Objects-normal/arm64/NMTP.SwiftFileList -DSWIFT_PACKAGE -DDEBUG -DSWIFT_MODULE_RESOURCE_BUNDLE_UNAVAILABLE -Xcc -fmodule-map-file\=/Users/admin/builder/spi-builder-workspace/.dependencies/checkouts/swift-atomics/Sources/_AtomicsShims/include/module.modulemap -Xcc -fmodule-map-file\=/Users/admin/builder/spi-builder-workspace/.derivedData/Build/Intermediates.noindex/GeneratedModuleMaps-watchos/CNIOLLHTTP.modulemap -Xcc -fmodule-map-file\=/Users/admin/builder/spi-builder-workspace/.derivedData/Build/Intermediates.noindex/GeneratedModuleMaps-watchos/CNIOPosix.modulemap -Xcc -fmodule-map-file\=/Users/admin/builder/spi-builder-workspace/.derivedData/Build/Intermediates.noindex/GeneratedModuleMaps-watchos/CNIOWASI.modulemap -Xcc -fmodule-map-file\=/Users/admin/builder/spi-builder-workspace/.dependencies/checkouts/swift-nio/Sources/CNIOWindows/include/module.modulemap -Xcc -fmodule-map-file\=/Users/admin/builder/spi-builder-workspace/.derivedData/Build/Intermediates.noindex/GeneratedModuleMaps-watchos/CNIOLinux.modulemap -Xcc -fmodule-map-file\=/Users/admin/builder/spi-builder-workspace/.derivedData/Build/Intermediates.noindex/GeneratedModuleMaps-watchos/CNIODarwin.modulemap -Xcc -fmodule-map-file\=/Users/admin/builder/spi-builder-workspace/.derivedData/Build/Intermediates.noindex/GeneratedModuleMaps-watchos/CNIOFreeBSD.modulemap -Xcc -fmodule-map-file\=/Users/admin/builder/spi-builder-workspace/.derivedData/Build/Intermediates.noindex/GeneratedModuleMaps-watchos/CNIOOpenBSD.modulemap -Xcc -fmodule-map-file\=/Users/admin/builder/spi-builder-workspace/.derivedData/Build/Intermediates.noindex/GeneratedModuleMaps-watchos/CNIOAtomics.modulemap -DXcode -plugin-path /Applications/Xcode-27.0.0-Release.Candidate.app/Contents/Developer/Toolchains/XcodeDefault.xctoolchain/usr/lib/swift/host/plugins/testing -enable-experimental-feature DebugDescriptionMacro -sdk /Applications/Xcode-27.0.0-Release.Candidate.app/Contents/Developer/Platforms/WatchOS.platform/Developer/SDKs/WatchOS27.0.sdk -target arm64-apple-watchos9.0 -g -module-cache-path /Users/admin/builder/spi-builder-workspace/.derivedData/ModuleCache.noindex -Xfrontend -serialize-debugging-options -profile-coverage-mapping -profile-generate -enable-testing -index-store-path /Users/admin/builder/spi-builder-workspace/.derivedData/Index.noindex/DataStore -Xcc -D_LIBCPP_HARDENING_MODE\=_LIBCPP_HARDENING_MODE_DEBUG -swift-version 6 -I /Users/admin/builder/spi-builder-workspace/.derivedData/Build/Products/Debug-watchos -Isystem /Applications/Xcode-27.0.0-Release.Candidate.app/Contents/Developer/Platforms/WatchOS.platform/Developer/usr/lib -F /Users/admin/builder/spi-builder-workspace/.derivedData/Build/Products/Debug-watchos/PackageFrameworks -F /Users/admin/builder/spi-builder-workspace/.derivedData/Build/Products/Debug-watchos -F /Applications/Xcode-27.0.0-Release.Candidate.app/Contents/Developer/Platforms/WatchOS.platform/Developer/Library/Frameworks -F /Applications/Xcode-27.0.0-Release.Candidate.app/Contents/Developer/Platforms/WatchOS.platform/Developer/SDKs/WatchOS27.0.sdk/Developer/Library/Frameworks -c -j10 -enable-batch-mode -incremental -Xcc -ivfsstatcache -Xcc /Users/admin/builder/spi-builder-workspace/.derivedData/SDKStatCaches.noindex/watchos27.0-24R360-e829b21a6f8c9b70876ba0858053c04477534ef55a1706bf4c1112bbb242f0a2.sdkstatcache -output-file-map /Users/admin/builder/spi-builder-workspace/.derivedData/Build/Intermediates.noindex/swift-nmtp.build/Debug-watchos/NMTP-t.build/Objects-normal/arm64/NMTP-OutputFileMap.json -save-temps -no-color-diagnostics -explicit-module-build -module-cache-path /Users/admin/builder/spi-builder-workspace/.derivedData/Build/Intermediates.noindex/SwiftExplicitPrecompiledModules -clang-scanner-module-cache-path /Users/admin/builder/spi-builder-workspace/.derivedData/ModuleCache.noindex -sdk-module-cache-path /Users/admin/builder/spi-builder-workspace/.derivedData/SDKExplicitPrecompiledModules -emit-dependencies -emit-module -emit-module-path /Users/admin/builder/spi-builder-workspace/.derivedData/Build/Intermediates.noindex/swift-nmtp.build/Debug-watchos/NMTP-t.build/Objects-normal/arm64/NMTP.swiftmodule -serialize-diagnostics -dependency-scan-serialize-diagnostics-path /Users/admin/builder/spi-builder-workspace/.derivedData/Build/Intermediates.noindex/swift-nmtp.build/Debug-watchos/NMTP-t.build/Objects-normal/arm64/NMTP-dependency-scan.dia -validate-clang-modules-once -clang-build-session-file /Users/admin/builder/spi-builder-workspace/.derivedData/ModuleCache.noindex/Session.modulevalidation -Xcc -fmodules-prune-interval\=86400 -Xcc -fmodules-prune-after\=345600 -package-name spi_builder_workspace -emit-const-values -const-gather-protocols-list /Users/admin/builder/spi-builder-workspace/.derivedData/Build/Intermediates.noindex/swift-nmtp.build/Debug-watchos/NMTP-t.build/Objects-normal/arm64/NMTP_const_extract_protocols.json -Xcc -I/Users/admin/builder/spi-builder-workspace/.dependencies/checkouts/swift-atomics/Sources/_AtomicsShims/include -Xcc -I/Users/admin/builder/spi-builder-workspace/.dependencies/checkouts/swift-nio/Sources/CNIOLLHTTP/include -Xcc -I/Users/admin/builder/spi-builder-workspace/.dependencies/checkouts/swift-nio/Sources/CNIOPosix/include -Xcc -I/Users/admin/builder/spi-builder-workspace/.dependencies/checkouts/swift-nio/Sources/CNIOWASI/include -Xcc -I/Users/admin/builder/spi-builder-workspace/.dependencies/checkouts/swift-nio/Sources/CNIOWindows/include -Xcc -I/Users/admin/builder/spi-builder-workspace/.dependencies/checkouts/swift-nio/Sources/CNIOLinux/include -Xcc -I/Users/admin/builder/spi-builder-workspace/.dependencies/checkouts/swift-nio/Sources/CNIODarwin/include -Xcc -I/Users/admin/builder/spi-builder-workspace/.dependencies/checkouts/swift-nio/Sources/CNIOFreeBSD/include -Xcc -I/Users/admin/builder/spi-builder-workspace/.dependencies/checkouts/swift-nio/Sources/CNIOOpenBSD/include -Xcc -I/Users/admin/builder/spi-builder-workspace/.dependencies/checkouts/swift-nio/Sources/CNIOAtomics/include -Xcc -I/Users/admin/builder/spi-builder-workspace/.derivedData/Build/Products/Debug-watchos/include -Xcc -I/Users/admin/builder/spi-builder-workspace/.derivedData/Build/Intermediates.noindex/swift-nmtp.build/Debug-watchos/NMTP-t.build/DerivedSources-normal/arm64 -Xcc -I/Users/admin/builder/spi-builder-workspace/.derivedData/Build/Intermediates.noindex/swift-nmtp.build/Debug-watchos/NMTP-t.build/DerivedSources/arm64 -Xcc -I/Users/admin/builder/spi-builder-workspace/.derivedData/Build/Intermediates.noindex/swift-nmtp.build/Debug-watchos/NMTP-t.build/DerivedSources -Xcc -DSWIFT_PACKAGE -Xcc -DDEBUG\=1 -emit-objc-header -emit-objc-header-path /Users/admin/builder/spi-builder-workspace/.derivedData/Build/Intermediates.noindex/swift-nmtp.build/Debug-watchos/NMTP-t.build/Objects-normal/arm64/NMTP-Swift.h -working-directory /Users/admin/builder/spi-builder-workspace/.swiftpm/xcode -experimental-emit-module-separately -disable-cmo
SwiftDriverJobDiscovery normal arm64 Compiling LengthFieldBasedFrameDecoder.swift, LengthFieldPrepender.swift (in target 'NIOExtras' from project 'swift-nio-extras')
SwiftDriverJobDiscovery normal arm64_32 Compiling NIOExtrasError.swift, NIOLengthFieldBitLength.swift (in target 'NIOExtras' from project 'swift-nio-extras')
SwiftDriverJobDiscovery normal arm64_32 Compiling NIORequestIdentifiable.swift, PCAPRingBuffer.swift (in target 'NIOExtras' from project 'swift-nio-extras')
SwiftDriverJobDiscovery normal arm64_32 Compiling WritePCAPHandler.swift (in target 'NIOExtras' from project 'swift-nio-extras')
SwiftDriverJobDiscovery normal arm64 Compiling FixedLengthFrameDecoder.swift, HTTP1ProxyConnectHandler.swift (in target 'NIOExtras' from project 'swift-nio-extras')
SwiftDriverJobDiscovery normal arm64 Compiling WritePCAPHandler.swift (in target 'NIOExtras' from project 'swift-nio-extras')
SwiftDriverJobDiscovery normal arm64 Compiling QuiescingHelper.swift, RequestResponseHandler.swift (in target 'NIOExtras' from project 'swift-nio-extras')
SwiftDriver\ Compilation NIOExtras normal arm64 com.apple.xcode.tools.swift.compiler (in target 'NIOExtras' from project 'swift-nio-extras')
    cd /Users/admin/builder/spi-builder-workspace/.swiftpm/xcode
    builtin-Swift-Compilation -- /Applications/Xcode-27.0.0-Release.Candidate.app/Contents/Developer/Toolchains/XcodeDefault.xctoolchain/usr/bin/swiftc -parse-as-library -module-name NIOExtras -Onone @/Users/admin/builder/spi-builder-workspace/.derivedData/Build/Intermediates.noindex/swift-nio-extras.build/Debug-watchos/NIOExtras-t.build/Objects-normal/arm64/NIOExtras.SwiftFileList -DSWIFT_PACKAGE -DDEBUG -DSWIFT_MODULE_RESOURCE_BUNDLE_UNAVAILABLE -Xcc -fmodule-map-file\=/Users/admin/builder/spi-builder-workspace/.dependencies/checkouts/swift-atomics/Sources/_AtomicsShims/include/module.modulemap -Xcc -fmodule-map-file\=/Users/admin/builder/spi-builder-workspace/.derivedData/Build/Intermediates.noindex/GeneratedModuleMaps-watchos/CNIOLLHTTP.modulemap -Xcc -fmodule-map-file\=/Users/admin/builder/spi-builder-workspace/.derivedData/Build/Intermediates.noindex/GeneratedModuleMaps-watchos/CNIOPosix.modulemap -Xcc -fmodule-map-file\=/Users/admin/builder/spi-builder-workspace/.derivedData/Build/Intermediates.noindex/GeneratedModuleMaps-watchos/CNIOWASI.modulemap -Xcc -fmodule-map-file\=/Users/admin/builder/spi-builder-workspace/.dependencies/checkouts/swift-nio/Sources/CNIOWindows/include/module.modulemap -Xcc -fmodule-map-file\=/Users/admin/builder/spi-builder-workspace/.derivedData/Build/Intermediates.noindex/GeneratedModuleMaps-watchos/CNIOLinux.modulemap -Xcc -fmodule-map-file\=/Users/admin/builder/spi-builder-workspace/.derivedData/Build/Intermediates.noindex/GeneratedModuleMaps-watchos/CNIODarwin.modulemap -Xcc -fmodule-map-file\=/Users/admin/builder/spi-builder-workspace/.derivedData/Build/Intermediates.noindex/GeneratedModuleMaps-watchos/CNIOFreeBSD.modulemap -Xcc -fmodule-map-file\=/Users/admin/builder/spi-builder-workspace/.derivedData/Build/Intermediates.noindex/GeneratedModuleMaps-watchos/CNIOOpenBSD.modulemap -Xcc -fmodule-map-file\=/Users/admin/builder/spi-builder-workspace/.derivedData/Build/Intermediates.noindex/GeneratedModuleMaps-watchos/CNIOAtomics.modulemap -DXcode -enable-upcoming-feature MemberImportVisibility -plugin-path /Applications/Xcode-27.0.0-Release.Candidate.app/Contents/Developer/Toolchains/XcodeDefault.xctoolchain/usr/lib/swift/host/plugins/testing -enable-experimental-feature DebugDescriptionMacro -sdk /Applications/Xcode-27.0.0-Release.Candidate.app/Contents/Developer/Platforms/WatchOS.platform/Developer/SDKs/WatchOS27.0.sdk -target arm64-apple-watchos9.0 -g -module-cache-path /Users/admin/builder/spi-builder-workspace/.derivedData/ModuleCache.noindex -Xfrontend -serialize-debugging-options -profile-coverage-mapping -profile-generate -enable-testing -suppress-warnings -index-store-path /Users/admin/builder/spi-builder-workspace/.derivedData/Index.noindex/DataStore -Xcc -D_LIBCPP_HARDENING_MODE\=_LIBCPP_HARDENING_MODE_DEBUG -swift-version 6 -I /Users/admin/builder/spi-builder-workspace/.derivedData/Build/Products/Debug-watchos -Isystem /Applications/Xcode-27.0.0-Release.Candidate.app/Contents/Developer/Platforms/WatchOS.platform/Developer/usr/lib -F /Users/admin/builder/spi-builder-workspace/.derivedData/Build/Products/Debug-watchos/PackageFrameworks -F /Users/admin/builder/spi-builder-workspace/.derivedData/Build/Products/Debug-watchos -F /Applications/Xcode-27.0.0-Release.Candidate.app/Contents/Developer/Platforms/WatchOS.platform/Developer/Library/Frameworks -F /Applications/Xcode-27.0.0-Release.Candidate.app/Contents/Developer/Platforms/WatchOS.platform/Developer/SDKs/WatchOS27.0.sdk/Developer/Library/Frameworks -c -j10 -enable-batch-mode -incremental -Xcc -ivfsstatcache -Xcc /Users/admin/builder/spi-builder-workspace/.derivedData/SDKStatCaches.noindex/watchos27.0-24R360-e829b21a6f8c9b70876ba0858053c04477534ef55a1706bf4c1112bbb242f0a2.sdkstatcache -output-file-map /Users/admin/builder/spi-builder-workspace/.derivedData/Build/Intermediates.noindex/swift-nio-extras.build/Debug-watchos/NIOExtras-t.build/Objects-normal/arm64/NIOExtras-OutputFileMap.json -save-temps -no-color-diagnostics -explicit-module-build -module-cache-path /Users/admin/builder/spi-builder-workspace/.derivedData/Build/Intermediates.noindex/SwiftExplicitPrecompiledModules -clang-scanner-module-cache-path /Users/admin/builder/spi-builder-workspace/.derivedData/ModuleCache.noindex -sdk-module-cache-path /Users/admin/builder/spi-builder-workspace/.derivedData/SDKExplicitPrecompiledModules -emit-dependencies -emit-module -emit-module-path /Users/admin/builder/spi-builder-workspace/.derivedData/Build/Intermediates.noindex/swift-nio-extras.build/Debug-watchos/NIOExtras-t.build/Objects-normal/arm64/NIOExtras.swiftmodule -serialize-diagnostics -dependency-scan-serialize-diagnostics-path /Users/admin/builder/spi-builder-workspace/.derivedData/Build/Intermediates.noindex/swift-nio-extras.build/Debug-watchos/NIOExtras-t.build/Objects-normal/arm64/NIOExtras-dependency-scan.dia -user-module-version 1.35.1 -validate-clang-modules-once -clang-build-session-file /Users/admin/builder/spi-builder-workspace/.derivedData/ModuleCache.noindex/Session.modulevalidation -Xcc -fmodules-prune-interval\=86400 -Xcc -fmodules-prune-after\=345600 -package-name swift_nio_extras -emit-const-values -const-gather-protocols-list /Users/admin/builder/spi-builder-workspace/.derivedData/Build/Intermediates.noindex/swift-nio-extras.build/Debug-watchos/NIOExtras-t.build/Objects-normal/arm64/NIOExtras_const_extract_protocols.json -Xcc -I/Users/admin/builder/spi-builder-workspace/.dependencies/checkouts/swift-atomics/Sources/_AtomicsShims/include -Xcc -I/Users/admin/builder/spi-builder-workspace/.dependencies/checkouts/swift-nio/Sources/CNIOLLHTTP/include -Xcc -I/Users/admin/builder/spi-builder-workspace/.dependencies/checkouts/swift-nio/Sources/CNIOPosix/include -Xcc -I/Users/admin/builder/spi-builder-workspace/.dependencies/checkouts/swift-nio/Sources/CNIOWASI/include -Xcc -I/Users/admin/builder/spi-builder-workspace/.dependencies/checkouts/swift-nio/Sources/CNIOWindows/include -Xcc -I/Users/admin/builder/spi-builder-workspace/.dependencies/checkouts/swift-nio/Sources/CNIOLinux/include -Xcc -I/Users/admin/builder/spi-builder-workspace/.dependencies/checkouts/swift-nio/Sources/CNIODarwin/include -Xcc -I/Users/admin/builder/spi-builder-workspace/.dependencies/checkouts/swift-nio/Sources/CNIOFreeBSD/include -Xcc -I/Users/admin/builder/spi-builder-workspace/.dependencies/checkouts/swift-nio/Sources/CNIOOpenBSD/include -Xcc -I/Users/admin/builder/spi-builder-workspace/.dependencies/checkouts/swift-nio/Sources/CNIOAtomics/include -Xcc -I/Users/admin/builder/spi-builder-workspace/.derivedData/Build/Products/Debug-watchos/include -Xcc -I/Users/admin/builder/spi-builder-workspace/.derivedData/Build/Intermediates.noindex/swift-nio-extras.build/Debug-watchos/NIOExtras-t.build/DerivedSources-normal/arm64 -Xcc -I/Users/admin/builder/spi-builder-workspace/.derivedData/Build/Intermediates.noindex/swift-nio-extras.build/Debug-watchos/NIOExtras-t.build/DerivedSources/arm64 -Xcc -I/Users/admin/builder/spi-builder-workspace/.derivedData/Build/Intermediates.noindex/swift-nio-extras.build/Debug-watchos/NIOExtras-t.build/DerivedSources -Xcc -DSWIFT_PACKAGE -Xcc -DDEBUG\=1 -emit-objc-header -emit-objc-header-path /Users/admin/builder/spi-builder-workspace/.derivedData/Build/Intermediates.noindex/swift-nio-extras.build/Debug-watchos/NIOExtras-t.build/Objects-normal/arm64/NIOExtras-Swift.h -working-directory /Users/admin/builder/spi-builder-workspace/.swiftpm/xcode -experimental-emit-module-separately -disable-cmo
SwiftEmitModule normal arm64_32 Emitting\ module\ for\ NMTP (in target 'NMTP' from project 'swift-nmtp')
/Users/admin/builder/spi-builder-workspace/Sources/NMTP/NMT/NMTServer.swift:13:23: error: 'Mutex' is only available in watchOS 11.0 or newer
  5 | // MARK: - ServerState
  6 |
  7 | final class ServerState: Sendable {
    |             `- note: add '@available' attribute to enclosing class
  8 |     private struct Box {
  9 |         var inflightCount = 0
    :
 11 |         var drainContinuation: CheckedContinuation<Void, Never>?
 12 |     }
 13 |     private let box = Mutex<Box>(Box())
    |                       `- error: 'Mutex' is only available in watchOS 11.0 or newer
 14 |
 15 |     var isShuttingDown: Bool { box.withLock { $0.isShuttingDown } }
/Users/admin/builder/spi-builder-workspace/Sources/NMTP/NMT/NMTServer.swift:13:32: error: 'init(_:)' is only available in watchOS 11.0 or newer
  5 | // MARK: - ServerState
  6 |
  7 | final class ServerState: Sendable {
    |             `- note: add '@available' attribute to enclosing class
  8 |     private struct Box {
  9 |         var inflightCount = 0
    :
 11 |         var drainContinuation: CheckedContinuation<Void, Never>?
 12 |     }
 13 |     private let box = Mutex<Box>(Box())
    |                                `- error: 'init(_:)' is only available in watchOS 11.0 or newer
 14 |
 15 |     var isShuttingDown: Bool { box.withLock { $0.isShuttingDown } }
/Users/admin/builder/spi-builder-workspace/Sources/NMTP/NMT/PendingRequests.swift:5:27: error: 'Mutex' is only available in watchOS 11.0 or newer
 2 | import Synchronization
 3 |
 4 | package final class PendingRequests: Sendable {
   |                     `- note: add '@available' attribute to enclosing class
 5 |     private let waiting = Mutex<[UUID: CheckedContinuation<Matter, Error>]>([:])
   |                           `- error: 'Mutex' is only available in watchOS 11.0 or newer
 6 |
 7 |     package init() {}
/Users/admin/builder/spi-builder-workspace/Sources/NMTP/NMT/PendingRequests.swift:5:75: error: 'init(_:)' is only available in watchOS 11.0 or newer
 2 | import Synchronization
 3 |
 4 | package final class PendingRequests: Sendable {
   |                     `- note: add '@available' attribute to enclosing class
 5 |     private let waiting = Mutex<[UUID: CheckedContinuation<Matter, Error>]>([:])
   |                                                                           `- error: 'init(_:)' is only available in watchOS 11.0 or newer
 6 |
 7 |     package init() {}
Failed frontend command:
/Applications/Xcode-27.0.0-Release.Candidate.app/Contents/Developer/Toolchains/XcodeDefault.xctoolchain/usr/bin/swift-frontend -frontend -emit-module -experimental-skip-non-inlinable-function-bodies-without-types /Users/admin/builder/spi-builder-workspace/Sources/NMTP/Extensions/Duration+TimeAmount.swift /Users/admin/builder/spi-builder-workspace/Sources/NMTP/Extensions/UUID+Bytes.swift /Users/admin/builder/spi-builder-workspace/Sources/NMTP/Matter/Matter+Coding.swift /Users/admin/builder/spi-builder-workspace/Sources/NMTP/Matter/Matter.swift /Users/admin/builder/spi-builder-workspace/Sources/NMTP/Matter/MatterPayload.swift /Users/admin/builder/spi-builder-workspace/Sources/NMTP/Matter/MatterStream.swift /Users/admin/builder/spi-builder-workspace/Sources/NMTP/Matter/MatterType.swift /Users/admin/builder/spi-builder-workspace/Sources/NMTP/NMT/HeartbeatHandler.swift /Users/admin/builder/spi-builder-workspace/Sources/NMTP/NMT/MatterDecoder.swift /Users/admin/builder/spi-builder-workspace/Sources/NMTP/NMT/MatterEncoder.swift /Users/admin/builder/spi-builder-workspace/Sources/NMTP/NMT/NMTClient.swift /Users/admin/builder/spi-builder-workspace/Sources/NMTP/NMT/NMTHandler.swift /Users/admin/builder/spi-builder-workspace/Sources/NMTP/NMT/NMTServer.swift /Users/admin/builder/spi-builder-workspace/Sources/NMTP/NMT/PendingRequests.swift /Users/admin/builder/spi-builder-workspace/Sources/NMTP/NMTPError.swift /Users/admin/builder/spi-builder-workspace/Sources/NMTP/TLS/TLSContext.swift /Users/admin/builder/spi-builder-workspace/Sources/NMTP/Transport/NMTTransport.swift /Users/admin/builder/spi-builder-workspace/Sources/NMTP/Transport/TCPTransport.swift -target arm64_32-apple-watchos9.0 -disable-cross-import-overlay-search -swift-module-cross-import Darwin /Applications/Xcode-27.0.0-Release.Candidate.app/Contents/Developer/Platforms/WatchOS.platform/Developer/SDKs/WatchOS.sdk/usr/include/Darwin.swiftcrossimport/xlocale.swiftoverlay -load-resolved-plugin /Applications/Xcode-27.0.0-Release.Candidate.app/Contents/Developer/Platforms/WatchOS.platform/Developer/usr/lib/swift/host/plugins/libFoundationMacros.dylib\#/Applications/Xcode-27.0.0-Release.Candidate.app/Contents/Developer/Platforms/WatchOS.platform/Developer/usr/bin/swift-plugin-server\#FoundationMacros -load-resolved-plugin /Applications/Xcode-27.0.0-Release.Candidate.app/Contents/Developer/Platforms/WatchOS.platform/Developer/usr/lib/swift/host/plugins/libObservationMacros.dylib\#/Applications/Xcode-27.0.0-Release.Candidate.app/Contents/Developer/Platforms/WatchOS.platform/Developer/usr/bin/swift-plugin-server\#ObservationMacros -load-resolved-plugin /Applications/Xcode-27.0.0-Release.Candidate.app/Contents/Developer/Platforms/WatchOS.platform/Developer/usr/lib/swift/host/plugins/libSwiftMacros.dylib\#/Applications/Xcode-27.0.0-Release.Candidate.app/Contents/Developer/Platforms/WatchOS.platform/Developer/usr/bin/swift-plugin-server\#SwiftMacros -disable-implicit-swift-modules -Xcc -fno-implicit-modules -Xcc -fno-implicit-module-maps -explicit-swift-module-map-file /Users/admin/builder/spi-builder-workspace/.derivedData/Build/Intermediates.noindex/swift-nmtp.build/Debug-watchos/NMTP-t.build/Objects-normal/arm64_32/NMTP-dependencies-1.json -enable-objc-interop -sdk /Applications/Xcode-27.0.0-Release.Candidate.app/Contents/Developer/Platforms/WatchOS.platform/Developer/SDKs/WatchOS27.0.sdk -I /Users/admin/builder/spi-builder-workspace/.derivedData/Build/Products/Debug-watchos -Isystem /Applications/Xcode-27.0.0-Release.Candidate.app/Contents/Developer/Platforms/WatchOS.platform/Developer/usr/lib -F /Users/admin/builder/spi-builder-workspace/.derivedData/Build/Products/Debug-watchos/PackageFrameworks -F /Users/admin/builder/spi-builder-workspace/.derivedData/Build/Products/Debug-watchos -F /Applications/Xcode-27.0.0-Release.Candidate.app/Contents/Developer/Platforms/WatchOS.platform/Developer/Library/Frameworks -F /Applications/Xcode-27.0.0-Release.Candidate.app/Contents/Developer/Platforms/WatchOS.platform/Developer/SDKs/WatchOS27.0.sdk/Developer/Library/Frameworks -module-cache-path /Users/admin/builder/spi-builder-workspace/.derivedData/Build/Intermediates.noindex/SwiftExplicitPrecompiledModules -no-color-diagnostics -Xcc -fno-color-diagnostics -enable-testing -g -debug-info-format\=dwarf -dwarf-version\=4 -profile-generate -profile-coverage-mapping -swift-version 6 -Onone -D SWIFT_PACKAGE -D DEBUG -D SWIFT_MODULE_RESOURCE_BUNDLE_UNAVAILABLE -D Xcode -serialize-debugging-options -enable-experimental-feature DebugDescriptionMacro -empty-abi-descriptor -validate-clang-modules-once -clang-build-session-file /Users/admin/builder/spi-builder-workspace/.derivedData/ModuleCache.noindex/Session.modulevalidation -Xcc -working-directory -Xcc /Users/admin/builder/spi-builder-workspace/.swiftpm/xcode -enable-anonymous-context-mangled-names -file-compilation-dir /Users/admin/builder/spi-builder-workspace/.swiftpm/xcode -Xcc -fmodule-map-file\=/Users/admin/builder/spi-builder-workspace/.dependencies/checkouts/swift-atomics/Sources/_AtomicsShims/include/module.modulemap -Xcc -fmodule-map-file\=/Users/admin/builder/spi-builder-workspace/.derivedData/Build/Intermediates.noindex/GeneratedModuleMaps-watchos/CNIOLLHTTP.modulemap -Xcc -fmodule-map-file\=/Users/admin/builder/spi-builder-workspace/.derivedData/Build/Intermediates.noindex/GeneratedModuleMaps-watchos/CNIOPosix.modulemap -Xcc -fmodule-map-file\=/Users/admin/builder/spi-builder-workspace/.derivedData/Build/Intermediates.noindex/GeneratedModuleMaps-watchos/CNIOWASI.modulemap -Xcc -fmodule-map-file\=/Users/admin/builder/spi-builder-workspace/.dependencies/checkouts/swift-nio/Sources/CNIOWindows/include/module.modulemap -Xcc -fmodule-map-file\=/Users/admin/builder/spi-builder-workspace/.derivedData/Build/Intermediates.noindex/GeneratedModuleMaps-watchos/CNIOLinux.modulemap -Xcc -fmodule-map-file\=/Users/admin/builder/spi-builder-workspace/.derivedData/Build/Intermediates.noindex/GeneratedModuleMaps-watchos/CNIODarwin.modulemap -Xcc -fmodule-map-file\=/Users/admin/builder/spi-builder-workspace/.derivedData/Build/Intermediates.noindex/GeneratedModuleMaps-watchos/CNIOFreeBSD.modulemap -Xcc -fmodule-map-file\=/Users/admin/builder/spi-builder-workspace/.derivedData/Build/Intermediates.noindex/GeneratedModuleMaps-watchos/CNIOOpenBSD.modulemap -Xcc -fmodule-map-file\=/Users/admin/builder/spi-builder-workspace/.derivedData/Build/Intermediates.noindex/GeneratedModuleMaps-watchos/CNIOAtomics.modulemap -Xcc -D_LIBCPP_HARDENING_MODE\=_LIBCPP_HARDENING_MODE_DEBUG -Xcc -ivfsstatcache -Xcc /Users/admin/builder/spi-builder-workspace/.derivedData/SDKStatCaches.noindex/watchos27.0-24R360-e829b21a6f8c9b70876ba0858053c04477534ef55a1706bf4c1112bbb242f0a2.sdkstatcache -Xcc -fmodules-prune-interval\=86400 -Xcc -fmodules-prune-after\=345600 -Xcc -I/Users/admin/builder/spi-builder-workspace/.dependencies/checkouts/swift-atomics/Sources/_AtomicsShims/include -Xcc -I/Users/admin/builder/spi-builder-workspace/.dependencies/checkouts/swift-nio/Sources/CNIOLLHTTP/include -Xcc -I/Users/admin/builder/spi-builder-workspace/.dependencies/checkouts/swift-nio/Sources/CNIOPosix/include -Xcc -I/Users/admin/builder/spi-builder-workspace/.dependencies/checkouts/swift-nio/Sources/CNIOWASI/include -Xcc -I/Users/admin/builder/spi-builder-workspace/.dependencies/checkouts/swift-nio/Sources/CNIOWindows/include -Xcc -I/Users/admin/builder/spi-builder-workspace/.dependencies/checkouts/swift-nio/Sources/CNIOLinux/include -Xcc -I/Users/admin/builder/spi-builder-workspace/.dependencies/checkouts/swift-nio/Sources/CNIODarwin/include -Xcc -I/Users/admin/builder/spi-builder-workspace/.dependencies/checkouts/swift-nio/Sources/CNIOFreeBSD/include -Xcc -I/Users/admin/builder/spi-builder-workspace/.dependencies/checkouts/swift-nio/Sources/CNIOOpenBSD/include -Xcc -I/Users/admin/builder/spi-builder-workspace/.dependencies/checkouts/swift-nio/Sources/CNIOAtomics/include -Xcc -I/Users/admin/builder/spi-builder-workspace/.derivedData/Build/Products/Debug-watchos/include -Xcc -I/Users/admin/builder/spi-builder-workspace/.derivedData/Build/Intermediates.noindex/swift-nmtp.build/Debug-watchos/NMTP-t.build/DerivedSources-normal/arm64_32 -Xcc -I/Users/admin/builder/spi-builder-workspace/.derivedData/Build/Intermediates.noindex/swift-nmtp.build/Debug-watchos/NMTP-t.build/DerivedSources/arm64_32 -Xcc -I/Users/admin/builder/spi-builder-workspace/.derivedData/Build/Intermediates.noindex/swift-nmtp.build/Debug-watchos/NMTP-t.build/DerivedSources -Xcc -DSWIFT_PACKAGE -Xcc -DDEBUG\=1 -no-auto-bridging-header-chaining -module-name NMTP -package-name spi_builder_workspace -const-gather-protocols-file /Users/admin/builder/spi-builder-workspace/.derivedData/Build/Intermediates.noindex/swift-nmtp.build/Debug-watchos/NMTP-t.build/Objects-normal/arm64_32/NMTP_const_extract_protocols.json -disable-clang-spi -clang-target arm64_32-apple-watchos27.0 -target-sdk-version 27.0 -target-sdk-name watchos27.0 -in-process-plugin-server-path /Applications/Xcode-27.0.0-Release.Candidate.app/Contents/Developer/Toolchains/XcodeDefault.xctoolchain/usr/lib/swift/host/libSwiftInProcPluginServer.dylib -emit-module-doc-path /Users/admin/builder/spi-builder-workspace/.derivedData/Build/Intermediates.noindex/swift-nmtp.build/Debug-watchos/NMTP-t.build/Objects-normal/arm64_32/NMTP.swiftdoc -emit-module-source-info-path /Users/admin/builder/spi-builder-workspace/.derivedData/Build/Intermediates.noindex/swift-nmtp.build/Debug-watchos/NMTP-t.build/Objects-normal/arm64_32/NMTP.swiftsourceinfo -emit-objc-header-path /Users/admin/builder/spi-builder-workspace/.derivedData/Build/Intermediates.noindex/swift-nmtp.build/Debug-watchos/NMTP-t.build/Objects-normal/arm64_32/NMTP-Swift.h -serialize-diagnostics-path /Users/admin/builder/spi-builder-workspace/.derivedData/Build/Intermediates.noindex/swift-nmtp.build/Debug-watchos/NMTP-t.build/Objects-normal/arm64_32/NMTP-primary-emit-module.dia -emit-dependencies-path /Users/admin/builder/spi-builder-workspace/.derivedData/Build/Intermediates.noindex/swift-nmtp.build/Debug-watchos/NMTP-t.build/Objects-normal/arm64_32/NMTP-primary-emit-module.d -parse-as-library -o /Users/admin/builder/spi-builder-workspace/.derivedData/Build/Intermediates.noindex/swift-nmtp.build/Debug-watchos/NMTP-t.build/Objects-normal/arm64_32/NMTP.swiftmodule -emit-abi-descriptor-path /Users/admin/builder/spi-builder-workspace/.derivedData/Build/Intermediates.noindex/swift-nmtp.build/Debug-watchos/NMTP-t.build/Objects-normal/arm64_32/NMTP.abi.json
SwiftCompile normal arm64_32 (in target 'NMTP' from project 'swift-nmtp')
    cd /Users/admin/builder/spi-builder-workspace/.swiftpm/xcode

SwiftCompile normal arm64_32 Compiling\ NMTPError.swift,\ TLSContext.swift /Users/admin/builder/spi-builder-workspace/Sources/NMTP/NMTPError.swift /Users/admin/builder/spi-builder-workspace/Sources/NMTP/TLS/TLSContext.swift (in target 'NMTP' from project 'swift-nmtp')
SwiftCompile normal arm64_32 /Users/admin/builder/spi-builder-workspace/Sources/NMTP/NMTPError.swift (in target 'NMTP' from project 'swift-nmtp')
    cd /Users/admin/builder/spi-builder-workspace/.swiftpm/xcode
    builtin-SwiftPerFileCompile NMTPError.swift
SwiftCompile normal arm64_32 /Users/admin/builder/spi-builder-workspace/Sources/NMTP/TLS/TLSContext.swift (in target 'NMTP' from project 'swift-nmtp')
    cd /Users/admin/builder/spi-builder-workspace/.swiftpm/xcode
    builtin-SwiftPerFileCompile TLSContext.swift
SwiftCompile normal arm64_32 Compiling\ NMTTransport.swift /Users/admin/builder/spi-builder-workspace/Sources/NMTP/Transport/NMTTransport.swift (in target 'NMTP' from project 'swift-nmtp')
SwiftCompile normal arm64_32 /Users/admin/builder/spi-builder-workspace/Sources/NMTP/Transport/NMTTransport.swift (in target 'NMTP' from project 'swift-nmtp')
    cd /Users/admin/builder/spi-builder-workspace/.swiftpm/xcode
    builtin-SwiftPerFileCompile NMTTransport.swift
SwiftCompile normal arm64_32 Compiling\ MatterPayload.swift,\ MatterStream.swift /Users/admin/builder/spi-builder-workspace/Sources/NMTP/Matter/MatterPayload.swift /Users/admin/builder/spi-builder-workspace/Sources/NMTP/Matter/MatterStream.swift (in target 'NMTP' from project 'swift-nmtp')
SwiftCompile normal arm64_32 /Users/admin/builder/spi-builder-workspace/Sources/NMTP/Matter/MatterPayload.swift (in target 'NMTP' from project 'swift-nmtp')
    cd /Users/admin/builder/spi-builder-workspace/.swiftpm/xcode
    builtin-SwiftPerFileCompile MatterPayload.swift
SwiftCompile normal arm64_32 /Users/admin/builder/spi-builder-workspace/Sources/NMTP/Matter/MatterStream.swift (in target 'NMTP' from project 'swift-nmtp')
    cd /Users/admin/builder/spi-builder-workspace/.swiftpm/xcode
    builtin-SwiftPerFileCompile MatterStream.swift
SwiftCompile normal arm64_32 Compiling\ NMTClient.swift,\ NMTHandler.swift /Users/admin/builder/spi-builder-workspace/Sources/NMTP/NMT/NMTClient.swift /Users/admin/builder/spi-builder-workspace/Sources/NMTP/NMT/NMTHandler.swift (in target 'NMTP' from project 'swift-nmtp')
SwiftCompile normal arm64_32 /Users/admin/builder/spi-builder-workspace/Sources/NMTP/NMT/NMTClient.swift (in target 'NMTP' from project 'swift-nmtp')
    cd /Users/admin/builder/spi-builder-workspace/.swiftpm/xcode
    builtin-SwiftPerFileCompile NMTClient.swift
SwiftCompile normal arm64_32 /Users/admin/builder/spi-builder-workspace/Sources/NMTP/NMT/NMTHandler.swift (in target 'NMTP' from project 'swift-nmtp')
    cd /Users/admin/builder/spi-builder-workspace/.swiftpm/xcode
    builtin-SwiftPerFileCompile NMTHandler.swift
SwiftCompile normal arm64_32 Compiling\ MatterDecoder.swift,\ MatterEncoder.swift /Users/admin/builder/spi-builder-workspace/Sources/NMTP/NMT/MatterDecoder.swift /Users/admin/builder/spi-builder-workspace/Sources/NMTP/NMT/MatterEncoder.swift (in target 'NMTP' from project 'swift-nmtp')
SwiftCompile normal arm64_32 /Users/admin/builder/spi-builder-workspace/Sources/NMTP/NMT/MatterDecoder.swift (in target 'NMTP' from project 'swift-nmtp')
    cd /Users/admin/builder/spi-builder-workspace/.swiftpm/xcode
    builtin-SwiftPerFileCompile MatterDecoder.swift
SwiftCompile normal arm64_32 /Users/admin/builder/spi-builder-workspace/Sources/NMTP/NMT/MatterEncoder.swift (in target 'NMTP' from project 'swift-nmtp')
    cd /Users/admin/builder/spi-builder-workspace/.swiftpm/xcode
    builtin-SwiftPerFileCompile MatterEncoder.swift
SwiftCompile normal arm64_32 Compiling\ MatterType.swift,\ HeartbeatHandler.swift /Users/admin/builder/spi-builder-workspace/Sources/NMTP/Matter/MatterType.swift /Users/admin/builder/spi-builder-workspace/Sources/NMTP/NMT/HeartbeatHandler.swift (in target 'NMTP' from project 'swift-nmtp')
SwiftCompile normal arm64_32 /Users/admin/builder/spi-builder-workspace/Sources/NMTP/Matter/MatterType.swift (in target 'NMTP' from project 'swift-nmtp')
    cd /Users/admin/builder/spi-builder-workspace/.swiftpm/xcode
    builtin-SwiftPerFileCompile MatterType.swift
SwiftCompile normal arm64_32 /Users/admin/builder/spi-builder-workspace/Sources/NMTP/NMT/HeartbeatHandler.swift (in target 'NMTP' from project 'swift-nmtp')
    cd /Users/admin/builder/spi-builder-workspace/.swiftpm/xcode
    builtin-SwiftPerFileCompile HeartbeatHandler.swift
SwiftCompile normal arm64_32 Compiling\ NMTServer.swift,\ PendingRequests.swift /Users/admin/builder/spi-builder-workspace/Sources/NMTP/NMT/NMTServer.swift /Users/admin/builder/spi-builder-workspace/Sources/NMTP/NMT/PendingRequests.swift (in target 'NMTP' from project 'swift-nmtp')
/Users/admin/builder/spi-builder-workspace/Sources/NMTP/NMT/NMTServer.swift:13:23: error: 'Mutex' is only available in watchOS 11.0 or newer
  5 | // MARK: - ServerState
  6 |
  7 | final class ServerState: Sendable {
    |             `- note: add '@available' attribute to enclosing class
  8 |     private struct Box {
  9 |         var inflightCount = 0
    :
 11 |         var drainContinuation: CheckedContinuation<Void, Never>?
 12 |     }
 13 |     private let box = Mutex<Box>(Box())
    |                       `- error: 'Mutex' is only available in watchOS 11.0 or newer
 14 |
 15 |     var isShuttingDown: Bool { box.withLock { $0.isShuttingDown } }
/Users/admin/builder/spi-builder-workspace/Sources/NMTP/NMT/NMTServer.swift:13:32: error: 'init(_:)' is only available in watchOS 11.0 or newer
  5 | // MARK: - ServerState
  6 |
  7 | final class ServerState: Sendable {
    |             `- note: add '@available' attribute to enclosing class
  8 |     private struct Box {
  9 |         var inflightCount = 0
    :
 11 |         var drainContinuation: CheckedContinuation<Void, Never>?
 12 |     }
 13 |     private let box = Mutex<Box>(Box())
    |                                `- error: 'init(_:)' is only available in watchOS 11.0 or newer
 14 |
 15 |     var isShuttingDown: Bool { box.withLock { $0.isShuttingDown } }
/Users/admin/builder/spi-builder-workspace/Sources/NMTP/NMT/NMTServer.swift:15:36: error: 'withLock' is only available in watchOS 11.0 or newer
  5 | // MARK: - ServerState
  6 |
  7 | final class ServerState: Sendable {
    |             `- note: add '@available' attribute to enclosing class
  8 |     private struct Box {
  9 |         var inflightCount = 0
    :
 13 |     private let box = Mutex<Box>(Box())
 14 |
 15 |     var isShuttingDown: Bool { box.withLock { $0.isShuttingDown } }
    |         |                          |- error: 'withLock' is only available in watchOS 11.0 or newer
    |         |                          `- note: add 'if #available' version check
    |         `- note: add '@available' attribute to enclosing property
 16 |
 17 |     func beginShutdown() { box.withLock { $0.isShuttingDown = true } }
/Users/admin/builder/spi-builder-workspace/Sources/NMTP/NMT/NMTServer.swift:17:32: error: 'withLock' is only available in watchOS 11.0 or newer
  5 | // MARK: - ServerState
  6 |
  7 | final class ServerState: Sendable {
    |             `- note: add '@available' attribute to enclosing class
  8 |     private struct Box {
  9 |         var inflightCount = 0
    :
 15 |     var isShuttingDown: Bool { box.withLock { $0.isShuttingDown } }
 16 |
 17 |     func beginShutdown() { box.withLock { $0.isShuttingDown = true } }
    |          |                     |- error: 'withLock' is only available in watchOS 11.0 or newer
    |          |                     `- note: add 'if #available' version check
    |          `- note: add '@available' attribute to enclosing instance method
 18 |
 19 |     func incrementInflight() { box.withLock { $0.inflightCount += 1 } }
/Users/admin/builder/spi-builder-workspace/Sources/NMTP/NMT/NMTServer.swift:19:36: error: 'withLock' is only available in watchOS 11.0 or newer
  5 | // MARK: - ServerState
  6 |
  7 | final class ServerState: Sendable {
    |             `- note: add '@available' attribute to enclosing class
  8 |     private struct Box {
  9 |         var inflightCount = 0
    :
 17 |     func beginShutdown() { box.withLock { $0.isShuttingDown = true } }
 18 |
 19 |     func incrementInflight() { box.withLock { $0.inflightCount += 1 } }
    |          |                         |- error: 'withLock' is only available in watchOS 11.0 or newer
    |          |                         `- note: add 'if #available' version check
    |          `- note: add '@available' attribute to enclosing instance method
 20 |
 21 |     func decrementInflight() {
/Users/admin/builder/spi-builder-workspace/Sources/NMTP/NMT/NMTServer.swift:22:13: error: 'withLock' is only available in watchOS 11.0 or newer
  5 | // MARK: - ServerState
  6 |
  7 | final class ServerState: Sendable {
    |             `- note: add '@available' attribute to enclosing class
  8 |     private struct Box {
  9 |         var inflightCount = 0
    :
 19 |     func incrementInflight() { box.withLock { $0.inflightCount += 1 } }
 20 |
 21 |     func decrementInflight() {
    |          `- note: add '@available' attribute to enclosing instance method
 22 |         box.withLock { b in
    |             |- error: 'withLock' is only available in watchOS 11.0 or newer
    |             `- note: add 'if #available' version check
 23 |             b.inflightCount -= 1
 24 |             if b.inflightCount == 0, let cont = b.drainContinuation {
/Users/admin/builder/spi-builder-workspace/Sources/NMTP/NMT/NMTServer.swift:33:17: error: 'withLock' is only available in watchOS 11.0 or newer
  5 | // MARK: - ServerState
  6 |
  7 | final class ServerState: Sendable {
    |             `- note: add '@available' attribute to enclosing class
  8 |     private struct Box {
  9 |         var inflightCount = 0
    :
 29 |     }
 30 |
 31 |     func drain() async {
    |          `- note: add '@available' attribute to enclosing instance method
 32 |         await withCheckedContinuation { continuation in
 33 |             box.withLock { b in
    |                 |- error: 'withLock' is only available in watchOS 11.0 or newer
    |                 `- note: add 'if #available' version check
 34 |                 if b.inflightCount == 0 {
 35 |                     continuation.resume()
/Users/admin/builder/spi-builder-workspace/Sources/NMTP/NMT/PendingRequests.swift:5:27: error: 'Mutex' is only available in watchOS 11.0 or newer
 2 | import Synchronization
 3 |
 4 | package final class PendingRequests: Sendable {
   |                     `- note: add '@available' attribute to enclosing class
 5 |     private let waiting = Mutex<[UUID: CheckedContinuation<Matter, Error>]>([:])
   |                           `- error: 'Mutex' is only available in watchOS 11.0 or newer
 6 |
 7 |     package init() {}
/Users/admin/builder/spi-builder-workspace/Sources/NMTP/NMT/PendingRequests.swift:5:75: error: 'init(_:)' is only available in watchOS 11.0 or newer
 2 | import Synchronization
 3 |
 4 | package final class PendingRequests: Sendable {
   |                     `- note: add '@available' attribute to enclosing class
 5 |     private let waiting = Mutex<[UUID: CheckedContinuation<Matter, Error>]>([:])
   |                                                                           `- error: 'init(_:)' is only available in watchOS 11.0 or newer
 6 |
 7 |     package init() {}
/Users/admin/builder/spi-builder-workspace/Sources/NMTP/NMT/PendingRequests.swift:10:17: error: 'withLock' is only available in watchOS 11.0 or newer
 2 | import Synchronization
 3 |
 4 | package final class PendingRequests: Sendable {
   |                     `- note: add '@available' attribute to enclosing class
 5 |     private let waiting = Mutex<[UUID: CheckedContinuation<Matter, Error>]>([:])
 6 |
 7 |     package init() {}
 8 |
 9 |     package func register(id: UUID, continuation: CheckedContinuation<Matter, Error>) {
   |                  `- note: add '@available' attribute to enclosing instance method
10 |         waiting.withLock { $0[id] = continuation }
   |                 |- error: 'withLock' is only available in watchOS 11.0 or newer
   |                 `- note: add 'if #available' version check
11 |     }
12 |
/Users/admin/builder/spi-builder-workspace/Sources/NMTP/NMT/PendingRequests.swift:15:36: error: 'withLock' is only available in watchOS 11.0 or newer
 2 | import Synchronization
 3 |
 4 | package final class PendingRequests: Sendable {
   |                     `- note: add '@available' attribute to enclosing class
 5 |     private let waiting = Mutex<[UUID: CheckedContinuation<Matter, Error>]>([:])
 6 |
   :
12 |
13 |     @discardableResult
14 |     package func fulfill(_ matter: Matter) -> Bool {
   |                  `- note: add '@available' attribute to enclosing instance method
15 |         let continuation = waiting.withLock { $0.removeValue(forKey: matter.matterID) }
   |                                    |- error: 'withLock' is only available in watchOS 11.0 or newer
   |                                    `- note: add 'if #available' version check
16 |         continuation?.resume(returning: matter)
17 |         return continuation != nil
/Users/admin/builder/spi-builder-workspace/Sources/NMTP/NMT/PendingRequests.swift:21:36: error: 'withLock' is only available in watchOS 11.0 or newer
 2 | import Synchronization
 3 |
 4 | package final class PendingRequests: Sendable {
   |                     `- note: add '@available' attribute to enclosing class
 5 |     private let waiting = Mutex<[UUID: CheckedContinuation<Matter, Error>]>([:])
 6 |
   :
18 |     }
19 |
20 |     package func fail(id: UUID, error: Error) {
   |                  `- note: add '@available' attribute to enclosing instance method
21 |         let continuation = waiting.withLock { $0.removeValue(forKey: id) }
   |                                    |- error: 'withLock' is only available in watchOS 11.0 or newer
   |                                    `- note: add 'if #available' version check
22 |         continuation?.resume(throwing: error)
23 |     }
SwiftCompile normal arm64_32 /Users/admin/builder/spi-builder-workspace/Sources/NMTP/NMT/NMTServer.swift (in target 'NMTP' from project 'swift-nmtp')
    cd /Users/admin/builder/spi-builder-workspace/.swiftpm/xcode
    builtin-SwiftPerFileCompile NMTServer.swift
SwiftCompile normal arm64_32 /Users/admin/builder/spi-builder-workspace/Sources/NMTP/NMT/PendingRequests.swift (in target 'NMTP' from project 'swift-nmtp')
    cd /Users/admin/builder/spi-builder-workspace/.swiftpm/xcode
    builtin-SwiftPerFileCompile PendingRequests.swift
SwiftEmitModule normal arm64 Emitting\ module\ for\ NMTP (in target 'NMTP' from project 'swift-nmtp')
SwiftCompile normal arm64 (in target 'NMTP' from project 'swift-nmtp')
    cd /Users/admin/builder/spi-builder-workspace/.swiftpm/xcode

SwiftDriverJobDiscovery normal arm64_32 Compiling LengthFieldBasedFrameDecoder.swift, LengthFieldPrepender.swift (in target 'NIOExtras' from project 'swift-nio-extras')
SwiftCompile normal arm64 Compiling\ NMTServer.swift,\ PendingRequests.swift /Users/admin/builder/spi-builder-workspace/Sources/NMTP/NMT/NMTServer.swift /Users/admin/builder/spi-builder-workspace/Sources/NMTP/NMT/PendingRequests.swift (in target 'NMTP' from project 'swift-nmtp')
SwiftCompile normal arm64 /Users/admin/builder/spi-builder-workspace/Sources/NMTP/NMT/NMTServer.swift (in target 'NMTP' from project 'swift-nmtp')
    cd /Users/admin/builder/spi-builder-workspace/.swiftpm/xcode
    builtin-SwiftPerFileCompile NMTServer.swift
SwiftCompile normal arm64 /Users/admin/builder/spi-builder-workspace/Sources/NMTP/NMT/PendingRequests.swift (in target 'NMTP' from project 'swift-nmtp')
    cd /Users/admin/builder/spi-builder-workspace/.swiftpm/xcode
    builtin-SwiftPerFileCompile PendingRequests.swift
SwiftDriverJobDiscovery normal arm64_32 Compiling NMTPError.swift, TLSContext.swift (in target 'NMTP' from project 'swift-nmtp')
SwiftCompile normal arm64 Compiling\ TCPTransport.swift /Users/admin/builder/spi-builder-workspace/Sources/NMTP/Transport/TCPTransport.swift (in target 'NMTP' from project 'swift-nmtp')
SwiftCompile normal arm64 /Users/admin/builder/spi-builder-workspace/Sources/NMTP/Transport/TCPTransport.swift (in target 'NMTP' from project 'swift-nmtp')
    cd /Users/admin/builder/spi-builder-workspace/.swiftpm/xcode
    builtin-SwiftPerFileCompile TCPTransport.swift
PruneExplicitPrecompiledModules /Users/admin/builder/spi-builder-workspace/.derivedData/Build/Intermediates.noindex/ExplicitPrecompiledModules
PruneExplicitPrecompiledModules /Users/admin/builder/spi-builder-workspace/.derivedData/Build/Intermediates.noindex/SwiftExplicitPrecompiledModules
PruneExplicitPrecompiledModules /Users/admin/builder/spi-builder-workspace/.derivedData/SDKExplicitPrecompiledModules
2026-09-24 15:22:52.277 xcodebuild[1279:6853] [MT] IDERunDestination: Supported platforms for the buildables in the current scheme is empty.
** BUILD FAILED **
The following build commands failed:
	SwiftEmitModule normal arm64_32 Emitting\ module\ for\ NMTP (in target 'NMTP' from project 'swift-nmtp')
	SwiftCompile normal arm64_32 (in target 'NMTP' from project 'swift-nmtp')
	Building workspace swift-nmtp with scheme swift-nmtp-Package
(3 failures)
Command line invocation:
    /Applications/Xcode-27.0.0-Release.Candidate.app/Contents/Developer/usr/bin/xcodebuild -IDEClonedSourcePackagesDirPathOverride=/Users/admin/builder/spi-builder-workspace/.dependencies -resolvePackageDependencies
Resolve Package Graph
Resolved source packages:
  swift-nio-ssl: https://github.com/apple/swift-nio-ssl.git @ 2.37.5
  swift-http-types: https://github.com/apple/swift-http-types.git @ 1.8.0
  swift-nmtp: /Users/admin/builder/spi-builder-workspace
  swift-http-structured-headers: https://github.com/apple/swift-http-structured-headers.git @ 1.7.0
  swift-collections: https://github.com/apple/swift-collections.git @ 1.7.0
  swift-system: https://github.com/apple/swift-system.git @ 1.8.1
  swift-crypto: https://github.com/apple/swift-crypto.git @ 5.0.0
  swift-service-lifecycle: https://github.com/swift-server/swift-service-lifecycle.git @ 2.12.0
  swift-async-algorithms: https://github.com/apple/swift-async-algorithms.git @ 1.1.6
  swift-asn1: https://github.com/apple/swift-asn1.git @ 1.7.3
  swift-nio-extras: https://github.com/apple/swift-nio-extras.git @ 1.35.1
  swift-numerics: https://github.com/apple/swift-numerics.git @ 1.1.1
  swift-nio: https://github.com/apple/swift-nio.git @ 2.103.0
  swift-log: https://github.com/apple/swift-log.git @ 1.15.1
  swift-certificates: https://github.com/apple/swift-certificates.git @ 1.21.0
  swift-algorithms: https://github.com/apple/swift-algorithms.git @ 1.2.1
  swift-nio-http2: https://github.com/apple/swift-nio-http2.git @ 1.46.0
  swift-atomics: https://github.com/apple/swift-atomics.git @ 1.3.1
resolved source packages: swift-nio-ssl, swift-http-types, swift-nmtp, swift-http-structured-headers, swift-collections, swift-system, swift-crypto, swift-service-lifecycle, swift-async-algorithms, swift-asn1, swift-nio-extras, swift-numerics, swift-nio, swift-log, swift-certificates, swift-algorithms, swift-nio-http2, swift-atomics
2026-09-24 15:23:16.437 xcodebuild[2024:10757] [MT] IDERunDestination: Supported platforms for the buildables in the current scheme is empty.
{
  "dependencies" : [
    {
      "identity" : "swift-nio",
      "requirement" : {
        "range" : [
          {
            "lower_bound" : "2.40.0",
            "upper_bound" : "3.0.0"
          }
        ]
      },
      "type" : "sourceControl",
      "url" : "https://github.com/apple/swift-nio.git"
    },
    {
      "identity" : "swift-nio-extras",
      "requirement" : {
        "range" : [
          {
            "lower_bound" : "1.10.0",
            "upper_bound" : "2.0.0"
          }
        ]
      },
      "type" : "sourceControl",
      "url" : "https://github.com/apple/swift-nio-extras.git"
    },
    {
      "identity" : "swift-log",
      "requirement" : {
        "range" : [
          {
            "lower_bound" : "1.5.0",
            "upper_bound" : "2.0.0"
          }
        ]
      },
      "type" : "sourceControl",
      "url" : "https://github.com/apple/swift-log.git"
    }
  ],
  "manifest_display_name" : "swift-nmtp",
  "name" : "swift-nmtp",
  "path" : "/Users/admin/builder/spi-builder-workspace",
  "platforms" : [
    {
      "name" : "macos",
      "version" : "15.0"
    }
  ],
  "products" : [
    {
      "name" : "NMTP",
      "targets" : [
        "NMTP"
      ],
      "type" : {
        "library" : [
          "automatic"
        ]
      }
    },
    {
      "name" : "NMTPWebSocket",
      "targets" : [
        "NMTPWebSocket"
      ],
      "type" : {
        "library" : [
          "automatic"
        ]
      }
    },
    {
      "name" : "NMTPeer",
      "targets" : [
        "NMTPeer"
      ],
      "type" : {
        "library" : [
          "automatic"
        ]
      }
    }
  ],
  "targets" : [
    {
      "c99name" : "NMTPeerTests",
      "module_type" : "SwiftTarget",
      "name" : "NMTPeerTests",
      "path" : "Tests/NMTPeerTests",
      "product_dependencies" : [
        "NIO"
      ],
      "sources" : [
        "PeerConnectTests.swift",
        "PeerDispatcherFactoryTests.swift",
        "PeerDispatcherTests.swift",
        "PeerListenerTests.swift"
      ],
      "target_dependencies" : [
        "NMTPeer",
        "NMTP"
      ],
      "type" : "test"
    },
    {
      "c99name" : "NMTPeer",
      "module_type" : "SwiftTarget",
      "name" : "NMTPeer",
      "path" : "Sources/NMTPeer",
      "product_dependencies" : [
        "NIO"
      ],
      "product_memberships" : [
        "NMTPeer"
      ],
      "sources" : [
        "Peer.swift",
        "PeerDispatcher.swift",
        "PeerDispatcherListener.swift",
        "PeerInboundHandler.swift",
        "PeerListener.swift",
        "PeerMessage.swift",
        "PeerStream.swift"
      ],
      "target_dependencies" : [
        "NMTP"
      ],
      "type" : "library"
    },
    {
      "c99name" : "NMTPWebSocketTests",
      "module_type" : "SwiftTarget",
      "name" : "NMTPWebSocketTests",
      "path" : "Tests/NMTPWebSocketTests",
      "product_dependencies" : [
        "NIO",
        "NIOWebSocket"
      ],
      "sources" : [
        "WebSocketTransportTests.swift"
      ],
      "target_dependencies" : [
        "NMTPWebSocket"
      ],
      "type" : "test"
    },
    {
      "c99name" : "NMTPWebSocket",
      "module_type" : "SwiftTarget",
      "name" : "NMTPWebSocket",
      "path" : "Sources/NMTPWebSocket",
      "product_dependencies" : [
        "NIO",
        "NIOHTTP1",
        "NIOWebSocket"
      ],
      "product_memberships" : [
        "NMTPWebSocket"
      ],
      "sources" : [
        "NMTWebSocketFrameHandler.swift",
        "WebSocketTransport.swift"
      ],
      "target_dependencies" : [
        "NMTP"
      ],
      "type" : "library"
    },
    {
      "c99name" : "NMTPTests",
      "module_type" : "SwiftTarget",
      "name" : "NMTPTests",
      "path" : "Tests/NMTPTests",
      "product_dependencies" : [
        "NIO"
      ],
      "sources" : [
        "MatterStreamTests.swift",
        "MatterTests.swift",
        "NMTIntegrationTests.swift",
        "NMTPErrorTests.swift",
        "NMTTransportTests.swift",
        "TLSContextTests.swift",
        "TestHelpers.swift"
      ],
      "target_dependencies" : [
        "NMTP"
      ],
      "type" : "test"
    },
    {
      "c99name" : "NMTP",
      "module_type" : "SwiftTarget",
      "name" : "NMTP",
      "path" : "Sources/NMTP",
      "product_dependencies" : [
        "NIO",
        "NIOExtras",
        "Logging"
      ],
      "product_memberships" : [
        "NMTP",
        "NMTPWebSocket",
        "NMTPeer"
      ],
      "sources" : [
        "Extensions/Duration+TimeAmount.swift",
        "Extensions/UUID+Bytes.swift",
        "Matter/Matter+Coding.swift",
        "Matter/Matter.swift",
        "Matter/MatterPayload.swift",
        "Matter/MatterStream.swift",
        "Matter/MatterType.swift",
        "NMT/HeartbeatHandler.swift",
        "NMT/MatterDecoder.swift",
        "NMT/MatterEncoder.swift",
        "NMT/NMTClient.swift",
        "NMT/NMTHandler.swift",
        "NMT/NMTServer.swift",
        "NMT/PendingRequests.swift",
        "NMTPError.swift",
        "TLS/TLSContext.swift",
        "Transport/NMTTransport.swift",
        "Transport/TCPTransport.swift"
      ],
      "type" : "library"
    }
  ],
  "tools_version" : "6.0"
}
{
  "workspace" : {
    "name" : "swift-nmtp",
    "schemes" : [
      "NMTP",
      "NMTPeer",
      "NMTPWebSocket",
      "swift-nmtp-Package"
    ]
  }
}
2026-09-24 15:23:18.783 xcodebuild[2032:10827] [MT] IDERunDestination: Supported platforms for the buildables in the current scheme is empty.
Running build ...
env DEVELOPER_DIR=/Applications/Xcode-27.0.0-Release.Candidate.app xcrun xcodebuild -IDEClonedSourcePackagesDirPathOverride=$PWD/.dependencies -skipMacroValidation -skipPackagePluginValidation -derivedDataPath $PWD/.derivedData build -scheme swift-nmtp-Package -destination generic/platform=watchOS
Command line invocation:
    /Applications/Xcode-27.0.0-Release.Candidate.app/Contents/Developer/usr/bin/xcodebuild -IDEClonedSourcePackagesDirPathOverride=/Users/admin/builder/spi-builder-workspace/.dependencies -skipMacroValidation -skipPackagePluginValidation -derivedDataPath /Users/admin/builder/spi-builder-workspace/.derivedData build -scheme swift-nmtp-Package -destination generic/platform=watchOS
Resolve Package Graph
Resolved source packages:
  swift-asn1: https://github.com/apple/swift-asn1.git @ 1.7.3
  swift-nio-ssl: https://github.com/apple/swift-nio-ssl.git @ 2.37.5
  swift-certificates: https://github.com/apple/swift-certificates.git @ 1.21.0
  swift-nio-extras: https://github.com/apple/swift-nio-extras.git @ 1.35.1
  swift-log: https://github.com/apple/swift-log.git @ 1.15.1
  swift-nmtp: /Users/admin/builder/spi-builder-workspace
  swift-numerics: https://github.com/apple/swift-numerics.git @ 1.1.1
  swift-http-types: https://github.com/apple/swift-http-types.git @ 1.8.0
  swift-crypto: https://github.com/apple/swift-crypto.git @ 5.0.0
  swift-service-lifecycle: https://github.com/swift-server/swift-service-lifecycle.git @ 2.12.0
  swift-atomics: https://github.com/apple/swift-atomics.git @ 1.3.1
  swift-http-structured-headers: https://github.com/apple/swift-http-structured-headers.git @ 1.7.0
  swift-async-algorithms: https://github.com/apple/swift-async-algorithms.git @ 1.1.6
  swift-system: https://github.com/apple/swift-system.git @ 1.8.1
  swift-nio: https://github.com/apple/swift-nio.git @ 2.103.0
  swift-nio-http2: https://github.com/apple/swift-nio-http2.git @ 1.46.0
  swift-collections: https://github.com/apple/swift-collections.git @ 1.7.0
  swift-algorithms: https://github.com/apple/swift-algorithms.git @ 1.2.1
ComputePackagePrebuildTargetDependencyGraph
Prepare packages
CreateBuildRequest
SendProjectDescription
CreateBuildOperation
ComputeTargetDependencyGraph
note: Building targets in dependency order
note: Target dependency graph (41 targets)
    Target 'NMTPeer-product' in project 'swift-nmtp'
        ➜ Explicit dependency on target 'NMTPeer' in project 'swift-nmtp'
        ➜ Explicit dependency on target 'NMTP' in project 'swift-nmtp'
        ➜ Explicit dependency on target 'NIO-product' in project 'swift-nio'
        ➜ Explicit dependency on target 'NIOExtras-product' in project 'swift-nio-extras'
        ➜ Explicit dependency on target 'Logging-product' in project 'swift-log'
    Target 'NMTPeer' in project 'swift-nmtp'
        ➜ Explicit dependency on target 'NMTP' in project 'swift-nmtp'
        ➜ Explicit dependency on target 'NIO-product' in project 'swift-nio'
        ➜ Explicit dependency on target 'NIOExtras-product' in project 'swift-nio-extras'
        ➜ Explicit dependency on target 'Logging-product' in project 'swift-log'
    Target 'NMTPWebSocket-product' in project 'swift-nmtp'
        ➜ Explicit dependency on target 'NMTPWebSocket' in project 'swift-nmtp'
        ➜ Explicit dependency on target 'NMTP' in project 'swift-nmtp'
        ➜ Explicit dependency on target 'NIO-product' in project 'swift-nio'
        ➜ Explicit dependency on target 'NIOExtras-product' in project 'swift-nio-extras'
        ➜ Explicit dependency on target 'Logging-product' in project 'swift-log'
        ➜ Explicit dependency on target 'NIOHTTP1-product' in project 'swift-nio'
        ➜ Explicit dependency on target 'NIOWebSocket-product' in project 'swift-nio'
    Target 'NMTPWebSocket' in project 'swift-nmtp'
        ➜ Explicit dependency on target 'NMTP' in project 'swift-nmtp'
        ➜ Explicit dependency on target 'NIO-product' in project 'swift-nio'
        ➜ Explicit dependency on target 'NIOExtras-product' in project 'swift-nio-extras'
        ➜ Explicit dependency on target 'Logging-product' in project 'swift-log'
        ➜ Explicit dependency on target 'NIOHTTP1-product' in project 'swift-nio'
        ➜ Explicit dependency on target 'NIOWebSocket-product' in project 'swift-nio'
    Target 'NIOWebSocket-product' in project 'swift-nio'
        ➜ Explicit dependency on target 'NIOWebSocket' in project 'swift-nio'
        ➜ Explicit dependency on target 'CNIOAtomics' in project 'swift-nio'
        ➜ Explicit dependency on target 'NIOConcurrencyHelpers' in project 'swift-nio'
        ➜ Explicit dependency on target '_NIOBase64' in project 'swift-nio'
        ➜ Explicit dependency on target 'CNIOOpenBSD' in project 'swift-nio'
        ➜ Explicit dependency on target 'CNIOFreeBSD' in project 'swift-nio'
        ➜ Explicit dependency on target 'CNIODarwin' in project 'swift-nio'
        ➜ Explicit dependency on target 'CNIOLinux' in project 'swift-nio'
        ➜ Explicit dependency on target 'CNIOWindows' in project 'swift-nio'
        ➜ Explicit dependency on target 'CNIOWASI' in project 'swift-nio'
        ➜ Explicit dependency on target '_NIODataStructures' in project 'swift-nio'
        ➜ Explicit dependency on target 'NIOCore' in project 'swift-nio'
        ➜ Explicit dependency on target 'NIOEmbedded' in project 'swift-nio'
        ➜ Explicit dependency on target 'CNIOPosix' in project 'swift-nio'
        ➜ Explicit dependency on target 'NIOPosix' in project 'swift-nio'
        ➜ Explicit dependency on target 'NIO' in project 'swift-nio'
        ➜ Explicit dependency on target 'CNIOLLHTTP' in project 'swift-nio'
        ➜ Explicit dependency on target 'NIOHTTP1' in project 'swift-nio'
        ➜ Explicit dependency on target 'CNIOSHA1' in project 'swift-nio'
        ➜ Explicit dependency on target 'DequeModule-product' in project 'swift-collections'
        ➜ Explicit dependency on target 'Atomics-product' in project 'swift-atomics'
    Target 'NIOWebSocket' in project 'swift-nio'
        ➜ Explicit dependency on target 'CNIOAtomics' in project 'swift-nio'
        ➜ Explicit dependency on target 'NIOConcurrencyHelpers' in project 'swift-nio'
        ➜ Explicit dependency on target '_NIOBase64' in project 'swift-nio'
        ➜ Explicit dependency on target 'CNIOOpenBSD' in project 'swift-nio'
        ➜ Explicit dependency on target 'CNIOFreeBSD' in project 'swift-nio'
        ➜ Explicit dependency on target 'CNIODarwin' in project 'swift-nio'
        ➜ Explicit dependency on target 'CNIOLinux' in project 'swift-nio'
        ➜ Explicit dependency on target 'CNIOWindows' in project 'swift-nio'
        ➜ Explicit dependency on target 'CNIOWASI' in project 'swift-nio'
        ➜ Explicit dependency on target '_NIODataStructures' in project 'swift-nio'
        ➜ Explicit dependency on target 'NIOCore' in project 'swift-nio'
        ➜ Explicit dependency on target 'NIOEmbedded' in project 'swift-nio'
        ➜ Explicit dependency on target 'CNIOPosix' in project 'swift-nio'
        ➜ Explicit dependency on target 'NIOPosix' in project 'swift-nio'
        ➜ Explicit dependency on target 'NIO' in project 'swift-nio'
        ➜ Explicit dependency on target 'CNIOLLHTTP' in project 'swift-nio'
        ➜ Explicit dependency on target 'NIOHTTP1' in project 'swift-nio'
        ➜ Explicit dependency on target 'CNIOSHA1' in project 'swift-nio'
        ➜ Explicit dependency on target 'DequeModule-product' in project 'swift-collections'
        ➜ Explicit dependency on target 'Atomics-product' in project 'swift-atomics'
    Target 'CNIOSHA1' in project 'swift-nio' (no dependencies)
    Target 'NMTP-product' in project 'swift-nmtp'
        ➜ Explicit dependency on target 'NMTP' in project 'swift-nmtp'
        ➜ Explicit dependency on target 'NIO-product' in project 'swift-nio'
        ➜ Explicit dependency on target 'NIOExtras-product' in project 'swift-nio-extras'
        ➜ Explicit dependency on target 'Logging-product' in project 'swift-log'
    Target 'NMTP' in project 'swift-nmtp'
        ➜ Explicit dependency on target 'NIO-product' in project 'swift-nio'
        ➜ Explicit dependency on target 'NIOExtras-product' in project 'swift-nio-extras'
        ➜ Explicit dependency on target 'Logging-product' in project 'swift-log'
    Target 'Logging-product' in project 'swift-log'
        ➜ Explicit dependency on target 'Logging' in project 'swift-log'
    Target 'Logging' in project 'swift-log' (no dependencies)
    Target 'NIOExtras-product' in project 'swift-nio-extras'
        ➜ Explicit dependency on target 'NIOExtras' in project 'swift-nio-extras'
        ➜ Explicit dependency on target 'NIO-product' in project 'swift-nio'
        ➜ Explicit dependency on target 'NIOCore-product' in project 'swift-nio'
        ➜ Explicit dependency on target 'NIOHTTP1-product' in project 'swift-nio'
    Target 'NIOExtras' in project 'swift-nio-extras'
        ➜ Explicit dependency on target 'NIO-product' in project 'swift-nio'
        ➜ Explicit dependency on target 'NIOCore-product' in project 'swift-nio'
        ➜ Explicit dependency on target 'NIOHTTP1-product' in project 'swift-nio'
    Target 'NIOHTTP1-product' in project 'swift-nio'
        ➜ Explicit dependency on target 'NIOHTTP1' in project 'swift-nio'
        ➜ Explicit dependency on target 'CNIOAtomics' in project 'swift-nio'
        ➜ Explicit dependency on target 'NIOConcurrencyHelpers' in project 'swift-nio'
        ➜ Explicit dependency on target '_NIOBase64' in project 'swift-nio'
        ➜ Explicit dependency on target 'CNIOOpenBSD' in project 'swift-nio'
        ➜ Explicit dependency on target 'CNIOFreeBSD' in project 'swift-nio'
        ➜ Explicit dependency on target 'CNIODarwin' in project 'swift-nio'
        ➜ Explicit dependency on target 'CNIOLinux' in project 'swift-nio'
        ➜ Explicit dependency on target 'CNIOWindows' in project 'swift-nio'
        ➜ Explicit dependency on target 'CNIOWASI' in project 'swift-nio'
        ➜ Explicit dependency on target '_NIODataStructures' in project 'swift-nio'
        ➜ Explicit dependency on target 'NIOCore' in project 'swift-nio'
        ➜ Explicit dependency on target 'NIOEmbedded' in project 'swift-nio'
        ➜ Explicit dependency on target 'CNIOPosix' in project 'swift-nio'
        ➜ Explicit dependency on target 'NIOPosix' in project 'swift-nio'
        ➜ Explicit dependency on target 'NIO' in project 'swift-nio'
        ➜ Explicit dependency on target 'CNIOLLHTTP' in project 'swift-nio'
        ➜ Explicit dependency on target 'DequeModule-product' in project 'swift-collections'
        ➜ Explicit dependency on target 'Atomics-product' in project 'swift-atomics'
    Target 'NIOHTTP1' in project 'swift-nio'
        ➜ Explicit dependency on target 'CNIOAtomics' in project 'swift-nio'
        ➜ Explicit dependency on target 'NIOConcurrencyHelpers' in project 'swift-nio'
        ➜ Explicit dependency on target '_NIOBase64' in project 'swift-nio'
        ➜ Explicit dependency on target 'CNIOOpenBSD' in project 'swift-nio'
        ➜ Explicit dependency on target 'CNIOFreeBSD' in project 'swift-nio'
        ➜ Explicit dependency on target 'CNIODarwin' in project 'swift-nio'
        ➜ Explicit dependency on target 'CNIOLinux' in project 'swift-nio'
        ➜ Explicit dependency on target 'CNIOWindows' in project 'swift-nio'
        ➜ Explicit dependency on target 'CNIOWASI' in project 'swift-nio'
        ➜ Explicit dependency on target '_NIODataStructures' in project 'swift-nio'
        ➜ Explicit dependency on target 'NIOCore' in project 'swift-nio'
        ➜ Explicit dependency on target 'NIOEmbedded' in project 'swift-nio'
        ➜ Explicit dependency on target 'CNIOPosix' in project 'swift-nio'
        ➜ Explicit dependency on target 'NIOPosix' in project 'swift-nio'
        ➜ Explicit dependency on target 'NIO' in project 'swift-nio'
        ➜ Explicit dependency on target 'CNIOLLHTTP' in project 'swift-nio'
        ➜ Explicit dependency on target 'DequeModule-product' in project 'swift-collections'
        ➜ Explicit dependency on target 'Atomics-product' in project 'swift-atomics'
    Target 'CNIOLLHTTP' in project 'swift-nio' (no dependencies)
    Target 'NIOCore-product' in project 'swift-nio'
        ➜ Explicit dependency on target 'NIOCore' in project 'swift-nio'
        ➜ Explicit dependency on target 'CNIOAtomics' in project 'swift-nio'
        ➜ Explicit dependency on target 'NIOConcurrencyHelpers' in project 'swift-nio'
        ➜ Explicit dependency on target '_NIOBase64' in project 'swift-nio'
        ➜ Explicit dependency on target 'CNIOOpenBSD' in project 'swift-nio'
        ➜ Explicit dependency on target 'CNIOFreeBSD' in project 'swift-nio'
        ➜ Explicit dependency on target 'CNIODarwin' in project 'swift-nio'
        ➜ Explicit dependency on target 'CNIOLinux' in project 'swift-nio'
        ➜ Explicit dependency on target 'CNIOWindows' in project 'swift-nio'
        ➜ Explicit dependency on target 'CNIOWASI' in project 'swift-nio'
        ➜ Explicit dependency on target '_NIODataStructures' in project 'swift-nio'
        ➜ Explicit dependency on target 'DequeModule-product' in project 'swift-collections'
        ➜ Explicit dependency on target 'Atomics-product' in project 'swift-atomics'
    Target 'NIO-product' in project 'swift-nio'
        ➜ Explicit dependency on target 'NIO' in project 'swift-nio'
        ➜ Explicit dependency on target 'CNIOAtomics' in project 'swift-nio'
        ➜ Explicit dependency on target 'NIOConcurrencyHelpers' in project 'swift-nio'
        ➜ Explicit dependency on target '_NIOBase64' in project 'swift-nio'
        ➜ Explicit dependency on target 'CNIOOpenBSD' in project 'swift-nio'
        ➜ Explicit dependency on target 'CNIOFreeBSD' in project 'swift-nio'
        ➜ Explicit dependency on target 'CNIODarwin' in project 'swift-nio'
        ➜ Explicit dependency on target 'CNIOLinux' in project 'swift-nio'
        ➜ Explicit dependency on target 'CNIOWindows' in project 'swift-nio'
        ➜ Explicit dependency on target 'CNIOWASI' in project 'swift-nio'
        ➜ Explicit dependency on target '_NIODataStructures' in project 'swift-nio'
        ➜ Explicit dependency on target 'NIOCore' in project 'swift-nio'
        ➜ Explicit dependency on target 'NIOEmbedded' in project 'swift-nio'
        ➜ Explicit dependency on target 'CNIOPosix' in project 'swift-nio'
        ➜ Explicit dependency on target 'NIOPosix' in project 'swift-nio'
        ➜ Explicit dependency on target 'DequeModule-product' in project 'swift-collections'
        ➜ Explicit dependency on target 'Atomics-product' in project 'swift-atomics'
    Target 'NIO' in project 'swift-nio'
        ➜ Explicit dependency on target 'CNIOAtomics' in project 'swift-nio'
        ➜ Explicit dependency on target 'NIOConcurrencyHelpers' in project 'swift-nio'
        ➜ Explicit dependency on target '_NIOBase64' in project 'swift-nio'
        ➜ Explicit dependency on target 'CNIOOpenBSD' in project 'swift-nio'
        ➜ Explicit dependency on target 'CNIOFreeBSD' in project 'swift-nio'
        ➜ Explicit dependency on target 'CNIODarwin' in project 'swift-nio'
        ➜ Explicit dependency on target 'CNIOLinux' in project 'swift-nio'
        ➜ Explicit dependency on target 'CNIOWindows' in project 'swift-nio'
        ➜ Explicit dependency on target 'CNIOWASI' in project 'swift-nio'
        ➜ Explicit dependency on target '_NIODataStructures' in project 'swift-nio'
        ➜ Explicit dependency on target 'NIOCore' in project 'swift-nio'
        ➜ Explicit dependency on target 'NIOEmbedded' in project 'swift-nio'
        ➜ Explicit dependency on target 'CNIOPosix' in project 'swift-nio'
        ➜ Explicit dependency on target 'NIOPosix' in project 'swift-nio'
        ➜ Explicit dependency on target 'DequeModule-product' in project 'swift-collections'
        ➜ Explicit dependency on target 'Atomics-product' in project 'swift-atomics'
    Target 'NIOPosix' in project 'swift-nio'
        ➜ Explicit dependency on target 'swift-nio_NIOPosix' in project 'swift-nio'
        ➜ Explicit dependency on target 'CNIOOpenBSD' in project 'swift-nio'
        ➜ Explicit dependency on target 'CNIOLinux' in project 'swift-nio'
        ➜ Explicit dependency on target 'CNIODarwin' in project 'swift-nio'
        ➜ Explicit dependency on target 'CNIOWindows' in project 'swift-nio'
        ➜ Explicit dependency on target 'CNIOAtomics' in project 'swift-nio'
        ➜ Explicit dependency on target 'NIOConcurrencyHelpers' in project 'swift-nio'
        ➜ Explicit dependency on target '_NIOBase64' in project 'swift-nio'
        ➜ Explicit dependency on target 'CNIOFreeBSD' in project 'swift-nio'
        ➜ Explicit dependency on target 'CNIOWASI' in project 'swift-nio'
        ➜ Explicit dependency on target '_NIODataStructures' in project 'swift-nio'
        ➜ Explicit dependency on target 'NIOCore' in project 'swift-nio'
        ➜ Explicit dependency on target 'CNIOPosix' in project 'swift-nio'
        ➜ Explicit dependency on target 'DequeModule-product' in project 'swift-collections'
        ➜ Explicit dependency on target 'Atomics-product' in project 'swift-atomics'
    Target 'swift-nio_NIOPosix' in project 'swift-nio' (no dependencies)
    Target 'CNIOPosix' in project 'swift-nio' (no dependencies)
    Target 'NIOEmbedded' in project 'swift-nio'
        ➜ Explicit dependency on target 'CNIOAtomics' in project 'swift-nio'
        ➜ Explicit dependency on target 'NIOConcurrencyHelpers' in project 'swift-nio'
        ➜ Explicit dependency on target '_NIOBase64' in project 'swift-nio'
        ➜ Explicit dependency on target 'CNIOOpenBSD' in project 'swift-nio'
        ➜ Explicit dependency on target 'CNIOFreeBSD' in project 'swift-nio'
        ➜ Explicit dependency on target 'CNIODarwin' in project 'swift-nio'
        ➜ Explicit dependency on target 'CNIOLinux' in project 'swift-nio'
        ➜ Explicit dependency on target 'CNIOWindows' in project 'swift-nio'
        ➜ Explicit dependency on target 'CNIOWASI' in project 'swift-nio'
        ➜ Explicit dependency on target '_NIODataStructures' in project 'swift-nio'
        ➜ Explicit dependency on target 'NIOCore' in project 'swift-nio'
        ➜ Explicit dependency on target 'DequeModule-product' in project 'swift-collections'
        ➜ Explicit dependency on target 'Atomics-product' in project 'swift-atomics'
    Target 'NIOCore' in project 'swift-nio'
        ➜ Explicit dependency on target 'CNIOAtomics' in project 'swift-nio'
        ➜ Explicit dependency on target 'NIOConcurrencyHelpers' in project 'swift-nio'
        ➜ Explicit dependency on target '_NIOBase64' in project 'swift-nio'
        ➜ Explicit dependency on target 'CNIOOpenBSD' in project 'swift-nio'
        ➜ Explicit dependency on target 'CNIOFreeBSD' in project 'swift-nio'
        ➜ Explicit dependency on target 'CNIODarwin' in project 'swift-nio'
        ➜ Explicit dependency on target 'CNIOLinux' in project 'swift-nio'
        ➜ Explicit dependency on target 'CNIOWindows' in project 'swift-nio'
        ➜ Explicit dependency on target 'CNIOWASI' in project 'swift-nio'
        ➜ Explicit dependency on target '_NIODataStructures' in project 'swift-nio'
        ➜ Explicit dependency on target 'DequeModule-product' in project 'swift-collections'
        ➜ Explicit dependency on target 'Atomics-product' in project 'swift-atomics'
    Target 'Atomics-product' in project 'swift-atomics'
        ➜ Explicit dependency on target 'Atomics' in project 'swift-atomics'
        ➜ Explicit dependency on target '_AtomicsShims' in project 'swift-atomics'
    Target 'Atomics' in project 'swift-atomics'
        ➜ Explicit dependency on target '_AtomicsShims' in project 'swift-atomics'
    Target '_AtomicsShims' in project 'swift-atomics' (no dependencies)
    Target 'DequeModule-product' in project 'swift-collections'
        ➜ Explicit dependency on target 'DequeModule' in project 'swift-collections'
        ➜ Explicit dependency on target 'InternalCollectionsUtilities' in project 'swift-collections'
        ➜ Explicit dependency on target 'SpanPreview' in project 'swift-collections'
    Target 'DequeModule' in project 'swift-collections'
        ➜ Explicit dependency on target 'InternalCollectionsUtilities' in project 'swift-collections'
        ➜ Explicit dependency on target 'SpanPreview' in project 'swift-collections'
    Target 'SpanPreview' in project 'swift-collections'
        ➜ Explicit dependency on target 'InternalCollectionsUtilities' in project 'swift-collections'
    Target 'InternalCollectionsUtilities' in project 'swift-collections' (no dependencies)
    Target '_NIODataStructures' in project 'swift-nio' (no dependencies)
    Target 'CNIOWASI' in project 'swift-nio' (no dependencies)
    Target 'CNIOWindows' in project 'swift-nio' (no dependencies)
    Target 'CNIOLinux' in project 'swift-nio' (no dependencies)
    Target 'CNIODarwin' in project 'swift-nio' (no dependencies)
    Target 'CNIOFreeBSD' in project 'swift-nio' (no dependencies)
    Target 'CNIOOpenBSD' in project 'swift-nio' (no dependencies)
    Target '_NIOBase64' in project 'swift-nio' (no dependencies)
    Target 'NIOConcurrencyHelpers' in project 'swift-nio'
        ➜ Explicit dependency on target 'CNIOAtomics' in project 'swift-nio'
    Target 'CNIOAtomics' in project 'swift-nio' (no dependencies)
GatherProvisioningInputs
CreateBuildDescription
ClangStatCache /Applications/Xcode-27.0.0-Release.Candidate.app/Contents/Developer/Toolchains/XcodeDefault.xctoolchain/usr/bin/clang-stat-cache /Applications/Xcode-27.0.0-Release.Candidate.app/Contents/Developer/Platforms/WatchOS.platform/Developer/SDKs/WatchOS27.0.sdk /Users/admin/builder/spi-builder-workspace/.derivedData/SDKStatCaches.noindex/watchos27.0-24R360-e829b21a6f8c9b70876ba0858053c04477534ef55a1706bf4c1112bbb242f0a2.sdkstatcache
    cd /Users/admin/builder/spi-builder-workspace/.swiftpm/xcode
    /Applications/Xcode-27.0.0-Release.Candidate.app/Contents/Developer/Toolchains/XcodeDefault.xctoolchain/usr/bin/clang-stat-cache /Applications/Xcode-27.0.0-Release.Candidate.app/Contents/Developer/Platforms/WatchOS.platform/Developer/SDKs/WatchOS27.0.sdk -o /Users/admin/builder/spi-builder-workspace/.derivedData/SDKStatCaches.noindex/watchos27.0-24R360-e829b21a6f8c9b70876ba0858053c04477534ef55a1706bf4c1112bbb242f0a2.sdkstatcache
SwiftDriver NMTP normal arm64_32 com.apple.xcode.tools.swift.compiler (in target 'NMTP' from project 'swift-nmtp')
    cd /Users/admin/builder/spi-builder-workspace/.swiftpm/xcode
    builtin-SwiftDriver -- /Applications/Xcode-27.0.0-Release.Candidate.app/Contents/Developer/Toolchains/XcodeDefault.xctoolchain/usr/bin/swiftc -parse-as-library -module-name NMTP -Onone @/Users/admin/builder/spi-builder-workspace/.derivedData/Build/Intermediates.noindex/swift-nmtp.build/Debug-watchos/NMTP-t.build/Objects-normal/arm64_32/NMTP.SwiftFileList -DSWIFT_PACKAGE -DDEBUG -DSWIFT_MODULE_RESOURCE_BUNDLE_UNAVAILABLE -Xcc -fmodule-map-file\=/Users/admin/builder/spi-builder-workspace/.dependencies/checkouts/swift-atomics/Sources/_AtomicsShims/include/module.modulemap -Xcc -fmodule-map-file\=/Users/admin/builder/spi-builder-workspace/.derivedData/Build/Intermediates.noindex/GeneratedModuleMaps-watchos/CNIOLLHTTP.modulemap -Xcc -fmodule-map-file\=/Users/admin/builder/spi-builder-workspace/.derivedData/Build/Intermediates.noindex/GeneratedModuleMaps-watchos/CNIOPosix.modulemap -Xcc -fmodule-map-file\=/Users/admin/builder/spi-builder-workspace/.derivedData/Build/Intermediates.noindex/GeneratedModuleMaps-watchos/CNIOWASI.modulemap -Xcc -fmodule-map-file\=/Users/admin/builder/spi-builder-workspace/.dependencies/checkouts/swift-nio/Sources/CNIOWindows/include/module.modulemap -Xcc -fmodule-map-file\=/Users/admin/builder/spi-builder-workspace/.derivedData/Build/Intermediates.noindex/GeneratedModuleMaps-watchos/CNIOLinux.modulemap -Xcc -fmodule-map-file\=/Users/admin/builder/spi-builder-workspace/.derivedData/Build/Intermediates.noindex/GeneratedModuleMaps-watchos/CNIODarwin.modulemap -Xcc -fmodule-map-file\=/Users/admin/builder/spi-builder-workspace/.derivedData/Build/Intermediates.noindex/GeneratedModuleMaps-watchos/CNIOFreeBSD.modulemap -Xcc -fmodule-map-file\=/Users/admin/builder/spi-builder-workspace/.derivedData/Build/Intermediates.noindex/GeneratedModuleMaps-watchos/CNIOOpenBSD.modulemap -Xcc -fmodule-map-file\=/Users/admin/builder/spi-builder-workspace/.derivedData/Build/Intermediates.noindex/GeneratedModuleMaps-watchos/CNIOAtomics.modulemap -DXcode -plugin-path /Applications/Xcode-27.0.0-Release.Candidate.app/Contents/Developer/Toolchains/XcodeDefault.xctoolchain/usr/lib/swift/host/plugins/testing -enable-experimental-feature DebugDescriptionMacro -sdk /Applications/Xcode-27.0.0-Release.Candidate.app/Contents/Developer/Platforms/WatchOS.platform/Developer/SDKs/WatchOS27.0.sdk -target arm64_32-apple-watchos9.0 -g -module-cache-path /Users/admin/builder/spi-builder-workspace/.derivedData/ModuleCache.noindex -Xfrontend -serialize-debugging-options -profile-coverage-mapping -profile-generate -enable-testing -index-store-path /Users/admin/builder/spi-builder-workspace/.derivedData/Index.noindex/DataStore -Xcc -D_LIBCPP_HARDENING_MODE\=_LIBCPP_HARDENING_MODE_DEBUG -swift-version 6 -I /Users/admin/builder/spi-builder-workspace/.derivedData/Build/Products/Debug-watchos -Isystem /Applications/Xcode-27.0.0-Release.Candidate.app/Contents/Developer/Platforms/WatchOS.platform/Developer/usr/lib -F /Users/admin/builder/spi-builder-workspace/.derivedData/Build/Products/Debug-watchos/PackageFrameworks -F /Users/admin/builder/spi-builder-workspace/.derivedData/Build/Products/Debug-watchos -F /Applications/Xcode-27.0.0-Release.Candidate.app/Contents/Developer/Platforms/WatchOS.platform/Developer/Library/Frameworks -F /Applications/Xcode-27.0.0-Release.Candidate.app/Contents/Developer/Platforms/WatchOS.platform/Developer/SDKs/WatchOS27.0.sdk/Developer/Library/Frameworks -c -j10 -enable-batch-mode -incremental -Xcc -ivfsstatcache -Xcc /Users/admin/builder/spi-builder-workspace/.derivedData/SDKStatCaches.noindex/watchos27.0-24R360-e829b21a6f8c9b70876ba0858053c04477534ef55a1706bf4c1112bbb242f0a2.sdkstatcache -output-file-map /Users/admin/builder/spi-builder-workspace/.derivedData/Build/Intermediates.noindex/swift-nmtp.build/Debug-watchos/NMTP-t.build/Objects-normal/arm64_32/NMTP-OutputFileMap.json -save-temps -no-color-diagnostics -explicit-module-build -module-cache-path /Users/admin/builder/spi-builder-workspace/.derivedData/Build/Intermediates.noindex/SwiftExplicitPrecompiledModules -clang-scanner-module-cache-path /Users/admin/builder/spi-builder-workspace/.derivedData/ModuleCache.noindex -sdk-module-cache-path /Users/admin/builder/spi-builder-workspace/.derivedData/SDKExplicitPrecompiledModules -emit-dependencies -emit-module -emit-module-path /Users/admin/builder/spi-builder-workspace/.derivedData/Build/Intermediates.noindex/swift-nmtp.build/Debug-watchos/NMTP-t.build/Objects-normal/arm64_32/NMTP.swiftmodule -serialize-diagnostics -dependency-scan-serialize-diagnostics-path /Users/admin/builder/spi-builder-workspace/.derivedData/Build/Intermediates.noindex/swift-nmtp.build/Debug-watchos/NMTP-t.build/Objects-normal/arm64_32/NMTP-dependency-scan.dia -validate-clang-modules-once -clang-build-session-file /Users/admin/builder/spi-builder-workspace/.derivedData/ModuleCache.noindex/Session.modulevalidation -Xcc -fmodules-prune-interval\=86400 -Xcc -fmodules-prune-after\=345600 -package-name spi_builder_workspace -emit-const-values -const-gather-protocols-list /Users/admin/builder/spi-builder-workspace/.derivedData/Build/Intermediates.noindex/swift-nmtp.build/Debug-watchos/NMTP-t.build/Objects-normal/arm64_32/NMTP_const_extract_protocols.json -Xcc -I/Users/admin/builder/spi-builder-workspace/.dependencies/checkouts/swift-atomics/Sources/_AtomicsShims/include -Xcc -I/Users/admin/builder/spi-builder-workspace/.dependencies/checkouts/swift-nio/Sources/CNIOLLHTTP/include -Xcc -I/Users/admin/builder/spi-builder-workspace/.dependencies/checkouts/swift-nio/Sources/CNIOPosix/include -Xcc -I/Users/admin/builder/spi-builder-workspace/.dependencies/checkouts/swift-nio/Sources/CNIOWASI/include -Xcc -I/Users/admin/builder/spi-builder-workspace/.dependencies/checkouts/swift-nio/Sources/CNIOWindows/include -Xcc -I/Users/admin/builder/spi-builder-workspace/.dependencies/checkouts/swift-nio/Sources/CNIOLinux/include -Xcc -I/Users/admin/builder/spi-builder-workspace/.dependencies/checkouts/swift-nio/Sources/CNIODarwin/include -Xcc -I/Users/admin/builder/spi-builder-workspace/.dependencies/checkouts/swift-nio/Sources/CNIOFreeBSD/include -Xcc -I/Users/admin/builder/spi-builder-workspace/.dependencies/checkouts/swift-nio/Sources/CNIOOpenBSD/include -Xcc -I/Users/admin/builder/spi-builder-workspace/.dependencies/checkouts/swift-nio/Sources/CNIOAtomics/include -Xcc -I/Users/admin/builder/spi-builder-workspace/.derivedData/Build/Products/Debug-watchos/include -Xcc -I/Users/admin/builder/spi-builder-workspace/.derivedData/Build/Intermediates.noindex/swift-nmtp.build/Debug-watchos/NMTP-t.build/DerivedSources-normal/arm64_32 -Xcc -I/Users/admin/builder/spi-builder-workspace/.derivedData/Build/Intermediates.noindex/swift-nmtp.build/Debug-watchos/NMTP-t.build/DerivedSources/arm64_32 -Xcc -I/Users/admin/builder/spi-builder-workspace/.derivedData/Build/Intermediates.noindex/swift-nmtp.build/Debug-watchos/NMTP-t.build/DerivedSources -Xcc -DSWIFT_PACKAGE -Xcc -DDEBUG\=1 -emit-objc-header -emit-objc-header-path /Users/admin/builder/spi-builder-workspace/.derivedData/Build/Intermediates.noindex/swift-nmtp.build/Debug-watchos/NMTP-t.build/Objects-normal/arm64_32/NMTP-Swift.h -working-directory /Users/admin/builder/spi-builder-workspace/.swiftpm/xcode -experimental-emit-module-separately -disable-cmo
SwiftDriver NMTP normal arm64 com.apple.xcode.tools.swift.compiler (in target 'NMTP' from project 'swift-nmtp')
    cd /Users/admin/builder/spi-builder-workspace/.swiftpm/xcode
    builtin-SwiftDriver -- /Applications/Xcode-27.0.0-Release.Candidate.app/Contents/Developer/Toolchains/XcodeDefault.xctoolchain/usr/bin/swiftc -parse-as-library -module-name NMTP -Onone @/Users/admin/builder/spi-builder-workspace/.derivedData/Build/Intermediates.noindex/swift-nmtp.build/Debug-watchos/NMTP-t.build/Objects-normal/arm64/NMTP.SwiftFileList -DSWIFT_PACKAGE -DDEBUG -DSWIFT_MODULE_RESOURCE_BUNDLE_UNAVAILABLE -Xcc -fmodule-map-file\=/Users/admin/builder/spi-builder-workspace/.dependencies/checkouts/swift-atomics/Sources/_AtomicsShims/include/module.modulemap -Xcc -fmodule-map-file\=/Users/admin/builder/spi-builder-workspace/.derivedData/Build/Intermediates.noindex/GeneratedModuleMaps-watchos/CNIOLLHTTP.modulemap -Xcc -fmodule-map-file\=/Users/admin/builder/spi-builder-workspace/.derivedData/Build/Intermediates.noindex/GeneratedModuleMaps-watchos/CNIOPosix.modulemap -Xcc -fmodule-map-file\=/Users/admin/builder/spi-builder-workspace/.derivedData/Build/Intermediates.noindex/GeneratedModuleMaps-watchos/CNIOWASI.modulemap -Xcc -fmodule-map-file\=/Users/admin/builder/spi-builder-workspace/.dependencies/checkouts/swift-nio/Sources/CNIOWindows/include/module.modulemap -Xcc -fmodule-map-file\=/Users/admin/builder/spi-builder-workspace/.derivedData/Build/Intermediates.noindex/GeneratedModuleMaps-watchos/CNIOLinux.modulemap -Xcc -fmodule-map-file\=/Users/admin/builder/spi-builder-workspace/.derivedData/Build/Intermediates.noindex/GeneratedModuleMaps-watchos/CNIODarwin.modulemap -Xcc -fmodule-map-file\=/Users/admin/builder/spi-builder-workspace/.derivedData/Build/Intermediates.noindex/GeneratedModuleMaps-watchos/CNIOFreeBSD.modulemap -Xcc -fmodule-map-file\=/Users/admin/builder/spi-builder-workspace/.derivedData/Build/Intermediates.noindex/GeneratedModuleMaps-watchos/CNIOOpenBSD.modulemap -Xcc -fmodule-map-file\=/Users/admin/builder/spi-builder-workspace/.derivedData/Build/Intermediates.noindex/GeneratedModuleMaps-watchos/CNIOAtomics.modulemap -DXcode -plugin-path /Applications/Xcode-27.0.0-Release.Candidate.app/Contents/Developer/Toolchains/XcodeDefault.xctoolchain/usr/lib/swift/host/plugins/testing -enable-experimental-feature DebugDescriptionMacro -sdk /Applications/Xcode-27.0.0-Release.Candidate.app/Contents/Developer/Platforms/WatchOS.platform/Developer/SDKs/WatchOS27.0.sdk -target arm64-apple-watchos9.0 -g -module-cache-path /Users/admin/builder/spi-builder-workspace/.derivedData/ModuleCache.noindex -Xfrontend -serialize-debugging-options -profile-coverage-mapping -profile-generate -enable-testing -index-store-path /Users/admin/builder/spi-builder-workspace/.derivedData/Index.noindex/DataStore -Xcc -D_LIBCPP_HARDENING_MODE\=_LIBCPP_HARDENING_MODE_DEBUG -swift-version 6 -I /Users/admin/builder/spi-builder-workspace/.derivedData/Build/Products/Debug-watchos -Isystem /Applications/Xcode-27.0.0-Release.Candidate.app/Contents/Developer/Platforms/WatchOS.platform/Developer/usr/lib -F /Users/admin/builder/spi-builder-workspace/.derivedData/Build/Products/Debug-watchos/PackageFrameworks -F /Users/admin/builder/spi-builder-workspace/.derivedData/Build/Products/Debug-watchos -F /Applications/Xcode-27.0.0-Release.Candidate.app/Contents/Developer/Platforms/WatchOS.platform/Developer/Library/Frameworks -F /Applications/Xcode-27.0.0-Release.Candidate.app/Contents/Developer/Platforms/WatchOS.platform/Developer/SDKs/WatchOS27.0.sdk/Developer/Library/Frameworks -c -j10 -enable-batch-mode -incremental -Xcc -ivfsstatcache -Xcc /Users/admin/builder/spi-builder-workspace/.derivedData/SDKStatCaches.noindex/watchos27.0-24R360-e829b21a6f8c9b70876ba0858053c04477534ef55a1706bf4c1112bbb242f0a2.sdkstatcache -output-file-map /Users/admin/builder/spi-builder-workspace/.derivedData/Build/Intermediates.noindex/swift-nmtp.build/Debug-watchos/NMTP-t.build/Objects-normal/arm64/NMTP-OutputFileMap.json -save-temps -no-color-diagnostics -explicit-module-build -module-cache-path /Users/admin/builder/spi-builder-workspace/.derivedData/Build/Intermediates.noindex/SwiftExplicitPrecompiledModules -clang-scanner-module-cache-path /Users/admin/builder/spi-builder-workspace/.derivedData/ModuleCache.noindex -sdk-module-cache-path /Users/admin/builder/spi-builder-workspace/.derivedData/SDKExplicitPrecompiledModules -emit-dependencies -emit-module -emit-module-path /Users/admin/builder/spi-builder-workspace/.derivedData/Build/Intermediates.noindex/swift-nmtp.build/Debug-watchos/NMTP-t.build/Objects-normal/arm64/NMTP.swiftmodule -serialize-diagnostics -dependency-scan-serialize-diagnostics-path /Users/admin/builder/spi-builder-workspace/.derivedData/Build/Intermediates.noindex/swift-nmtp.build/Debug-watchos/NMTP-t.build/Objects-normal/arm64/NMTP-dependency-scan.dia -validate-clang-modules-once -clang-build-session-file /Users/admin/builder/spi-builder-workspace/.derivedData/ModuleCache.noindex/Session.modulevalidation -Xcc -fmodules-prune-interval\=86400 -Xcc -fmodules-prune-after\=345600 -package-name spi_builder_workspace -emit-const-values -const-gather-protocols-list /Users/admin/builder/spi-builder-workspace/.derivedData/Build/Intermediates.noindex/swift-nmtp.build/Debug-watchos/NMTP-t.build/Objects-normal/arm64/NMTP_const_extract_protocols.json -Xcc -I/Users/admin/builder/spi-builder-workspace/.dependencies/checkouts/swift-atomics/Sources/_AtomicsShims/include -Xcc -I/Users/admin/builder/spi-builder-workspace/.dependencies/checkouts/swift-nio/Sources/CNIOLLHTTP/include -Xcc -I/Users/admin/builder/spi-builder-workspace/.dependencies/checkouts/swift-nio/Sources/CNIOPosix/include -Xcc -I/Users/admin/builder/spi-builder-workspace/.dependencies/checkouts/swift-nio/Sources/CNIOWASI/include -Xcc -I/Users/admin/builder/spi-builder-workspace/.dependencies/checkouts/swift-nio/Sources/CNIOWindows/include -Xcc -I/Users/admin/builder/spi-builder-workspace/.dependencies/checkouts/swift-nio/Sources/CNIOLinux/include -Xcc -I/Users/admin/builder/spi-builder-workspace/.dependencies/checkouts/swift-nio/Sources/CNIODarwin/include -Xcc -I/Users/admin/builder/spi-builder-workspace/.dependencies/checkouts/swift-nio/Sources/CNIOFreeBSD/include -Xcc -I/Users/admin/builder/spi-builder-workspace/.dependencies/checkouts/swift-nio/Sources/CNIOOpenBSD/include -Xcc -I/Users/admin/builder/spi-builder-workspace/.dependencies/checkouts/swift-nio/Sources/CNIOAtomics/include -Xcc -I/Users/admin/builder/spi-builder-workspace/.derivedData/Build/Products/Debug-watchos/include -Xcc -I/Users/admin/builder/spi-builder-workspace/.derivedData/Build/Intermediates.noindex/swift-nmtp.build/Debug-watchos/NMTP-t.build/DerivedSources-normal/arm64 -Xcc -I/Users/admin/builder/spi-builder-workspace/.derivedData/Build/Intermediates.noindex/swift-nmtp.build/Debug-watchos/NMTP-t.build/DerivedSources/arm64 -Xcc -I/Users/admin/builder/spi-builder-workspace/.derivedData/Build/Intermediates.noindex/swift-nmtp.build/Debug-watchos/NMTP-t.build/DerivedSources -Xcc -DSWIFT_PACKAGE -Xcc -DDEBUG\=1 -emit-objc-header -emit-objc-header-path /Users/admin/builder/spi-builder-workspace/.derivedData/Build/Intermediates.noindex/swift-nmtp.build/Debug-watchos/NMTP-t.build/Objects-normal/arm64/NMTP-Swift.h -working-directory /Users/admin/builder/spi-builder-workspace/.swiftpm/xcode -experimental-emit-module-separately -disable-cmo
SwiftDriver NIOPosix normal arm64 com.apple.xcode.tools.swift.compiler (in target 'NIOPosix' from project 'swift-nio')
    cd /Users/admin/builder/spi-builder-workspace/.swiftpm/xcode
    builtin-SwiftDriver -- /Applications/Xcode-27.0.0-Release.Candidate.app/Contents/Developer/Toolchains/XcodeDefault.xctoolchain/usr/bin/swiftc -parse-as-library -module-name NIOPosix -Onone @/Users/admin/builder/spi-builder-workspace/.derivedData/Build/Intermediates.noindex/swift-nio.build/Debug-watchos/NIOPosix-t.build/Objects-normal/arm64/NIOPosix.SwiftFileList -DSWIFT_PACKAGE -DDEBUG -DSWIFT_MODULE_RESOURCE_BUNDLE_AVAILABLE -Xcc -fmodule-map-file\=/Users/admin/builder/spi-builder-workspace/.dependencies/checkouts/swift-atomics/Sources/_AtomicsShims/include/module.modulemap -Xcc -fmodule-map-file\=/Users/admin/builder/spi-builder-workspace/.derivedData/Build/Intermediates.noindex/GeneratedModuleMaps-watchos/CNIOPosix.modulemap -Xcc -fmodule-map-file\=/Users/admin/builder/spi-builder-workspace/.derivedData/Build/Intermediates.noindex/GeneratedModuleMaps-watchos/CNIOWASI.modulemap -Xcc -fmodule-map-file\=/Users/admin/builder/spi-builder-workspace/.derivedData/Build/Intermediates.noindex/GeneratedModuleMaps-watchos/CNIOFreeBSD.modulemap -Xcc -fmodule-map-file\=/Users/admin/builder/spi-builder-workspace/.derivedData/Build/Intermediates.noindex/GeneratedModuleMaps-watchos/CNIOAtomics.modulemap -Xcc -fmodule-map-file\=/Users/admin/builder/spi-builder-workspace/.dependencies/checkouts/swift-nio/Sources/CNIOWindows/include/module.modulemap -Xcc -fmodule-map-file\=/Users/admin/builder/spi-builder-workspace/.derivedData/Build/Intermediates.noindex/GeneratedModuleMaps-watchos/CNIODarwin.modulemap -Xcc -fmodule-map-file\=/Users/admin/builder/spi-builder-workspace/.derivedData/Build/Intermediates.noindex/GeneratedModuleMaps-watchos/CNIOLinux.modulemap -Xcc -fmodule-map-file\=/Users/admin/builder/spi-builder-workspace/.derivedData/Build/Intermediates.noindex/GeneratedModuleMaps-watchos/CNIOOpenBSD.modulemap -DXcode -enable-experimental-feature Lifetimes -enable-upcoming-feature MemberImportVisibility -plugin-path /Applications/Xcode-27.0.0-Release.Candidate.app/Contents/Developer/Toolchains/XcodeDefault.xctoolchain/usr/lib/swift/host/plugins/testing -enable-experimental-feature DebugDescriptionMacro -sdk /Applications/Xcode-27.0.0-Release.Candidate.app/Contents/Developer/Platforms/WatchOS.platform/Developer/SDKs/WatchOS27.0.sdk -target arm64-apple-watchos9.0 -g -module-cache-path /Users/admin/builder/spi-builder-workspace/.derivedData/ModuleCache.noindex -Xfrontend -serialize-debugging-options -profile-coverage-mapping -profile-generate -enable-testing -suppress-warnings -index-store-path /Users/admin/builder/spi-builder-workspace/.derivedData/Index.noindex/DataStore -Xcc -D_LIBCPP_HARDENING_MODE\=_LIBCPP_HARDENING_MODE_DEBUG -swift-version 6 -I /Users/admin/builder/spi-builder-workspace/.derivedData/Build/Products/Debug-watchos -Isystem /Applications/Xcode-27.0.0-Release.Candidate.app/Contents/Developer/Platforms/WatchOS.platform/Developer/usr/lib -F /Users/admin/builder/spi-builder-workspace/.derivedData/Build/Products/Debug-watchos/PackageFrameworks -F /Users/admin/builder/spi-builder-workspace/.derivedData/Build/Products/Debug-watchos -F /Applications/Xcode-27.0.0-Release.Candidate.app/Contents/Developer/Platforms/WatchOS.platform/Developer/Library/Frameworks -F /Applications/Xcode-27.0.0-Release.Candidate.app/Contents/Developer/Platforms/WatchOS.platform/Developer/SDKs/WatchOS27.0.sdk/Developer/Library/Frameworks -c -j10 -enable-batch-mode -incremental -Xcc -ivfsstatcache -Xcc /Users/admin/builder/spi-builder-workspace/.derivedData/SDKStatCaches.noindex/watchos27.0-24R360-e829b21a6f8c9b70876ba0858053c04477534ef55a1706bf4c1112bbb242f0a2.sdkstatcache -output-file-map /Users/admin/builder/spi-builder-workspace/.derivedData/Build/Intermediates.noindex/swift-nio.build/Debug-watchos/NIOPosix-t.build/Objects-normal/arm64/NIOPosix-OutputFileMap.json -save-temps -no-color-diagnostics -explicit-module-build -module-cache-path /Users/admin/builder/spi-builder-workspace/.derivedData/Build/Intermediates.noindex/SwiftExplicitPrecompiledModules -clang-scanner-module-cache-path /Users/admin/builder/spi-builder-workspace/.derivedData/ModuleCache.noindex -sdk-module-cache-path /Users/admin/builder/spi-builder-workspace/.derivedData/SDKExplicitPrecompiledModules -emit-dependencies -emit-module -emit-module-path /Users/admin/builder/spi-builder-workspace/.derivedData/Build/Intermediates.noindex/swift-nio.build/Debug-watchos/NIOPosix-t.build/Objects-normal/arm64/NIOPosix.swiftmodule -serialize-diagnostics -dependency-scan-serialize-diagnostics-path /Users/admin/builder/spi-builder-workspace/.derivedData/Build/Intermediates.noindex/swift-nio.build/Debug-watchos/NIOPosix-t.build/Objects-normal/arm64/NIOPosix-dependency-scan.dia -user-module-version 2.103.0 -validate-clang-modules-once -clang-build-session-file /Users/admin/builder/spi-builder-workspace/.derivedData/ModuleCache.noindex/Session.modulevalidation -Xcc -fmodules-prune-interval\=86400 -Xcc -fmodules-prune-after\=345600 -package-name swift_nio -emit-const-values -const-gather-protocols-list /Users/admin/builder/spi-builder-workspace/.derivedData/Build/Intermediates.noindex/swift-nio.build/Debug-watchos/NIOPosix-t.build/Objects-normal/arm64/NIOPosix_const_extract_protocols.json -Xcc -I/Users/admin/builder/spi-builder-workspace/.dependencies/checkouts/swift-atomics/Sources/_AtomicsShims/include -Xcc -I/Users/admin/builder/spi-builder-workspace/.dependencies/checkouts/swift-nio/Sources/CNIOPosix/include -Xcc -I/Users/admin/builder/spi-builder-workspace/.dependencies/checkouts/swift-nio/Sources/CNIOWASI/include -Xcc -I/Users/admin/builder/spi-builder-workspace/.dependencies/checkouts/swift-nio/Sources/CNIOFreeBSD/include -Xcc -I/Users/admin/builder/spi-builder-workspace/.dependencies/checkouts/swift-nio/Sources/CNIOAtomics/include -Xcc -I/Users/admin/builder/spi-builder-workspace/.dependencies/checkouts/swift-nio/Sources/CNIOWindows/include -Xcc -I/Users/admin/builder/spi-builder-workspace/.dependencies/checkouts/swift-nio/Sources/CNIODarwin/include -Xcc -I/Users/admin/builder/spi-builder-workspace/.dependencies/checkouts/swift-nio/Sources/CNIOLinux/include -Xcc -I/Users/admin/builder/spi-builder-workspace/.dependencies/checkouts/swift-nio/Sources/CNIOOpenBSD/include -Xcc -I/Users/admin/builder/spi-builder-workspace/.derivedData/Build/Products/Debug-watchos/include -Xcc -I/Users/admin/builder/spi-builder-workspace/.derivedData/Build/Intermediates.noindex/swift-nio.build/Debug-watchos/NIOPosix-t.build/DerivedSources-normal/arm64 -Xcc -I/Users/admin/builder/spi-builder-workspace/.derivedData/Build/Intermediates.noindex/swift-nio.build/Debug-watchos/NIOPosix-t.build/DerivedSources/arm64 -Xcc -I/Users/admin/builder/spi-builder-workspace/.derivedData/Build/Intermediates.noindex/swift-nio.build/Debug-watchos/NIOPosix-t.build/DerivedSources -Xcc -DSWIFT_PACKAGE -Xcc -DDEBUG\=1 -emit-objc-header -emit-objc-header-path /Users/admin/builder/spi-builder-workspace/.derivedData/Build/Intermediates.noindex/swift-nio.build/Debug-watchos/NIOPosix-t.build/Objects-normal/arm64/NIOPosix-Swift.h -working-directory /Users/admin/builder/spi-builder-workspace/.swiftpm/xcode -experimental-emit-module-separately -disable-cmo
SwiftDriver NIOExtras normal arm64_32 com.apple.xcode.tools.swift.compiler (in target 'NIOExtras' from project 'swift-nio-extras')
    cd /Users/admin/builder/spi-builder-workspace/.swiftpm/xcode
    builtin-SwiftDriver -- /Applications/Xcode-27.0.0-Release.Candidate.app/Contents/Developer/Toolchains/XcodeDefault.xctoolchain/usr/bin/swiftc -parse-as-library -module-name NIOExtras -Onone @/Users/admin/builder/spi-builder-workspace/.derivedData/Build/Intermediates.noindex/swift-nio-extras.build/Debug-watchos/NIOExtras-t.build/Objects-normal/arm64_32/NIOExtras.SwiftFileList -DSWIFT_PACKAGE -DDEBUG -DSWIFT_MODULE_RESOURCE_BUNDLE_UNAVAILABLE -Xcc -fmodule-map-file\=/Users/admin/builder/spi-builder-workspace/.dependencies/checkouts/swift-atomics/Sources/_AtomicsShims/include/module.modulemap -Xcc -fmodule-map-file\=/Users/admin/builder/spi-builder-workspace/.derivedData/Build/Intermediates.noindex/GeneratedModuleMaps-watchos/CNIOLLHTTP.modulemap -Xcc -fmodule-map-file\=/Users/admin/builder/spi-builder-workspace/.derivedData/Build/Intermediates.noindex/GeneratedModuleMaps-watchos/CNIOPosix.modulemap -Xcc -fmodule-map-file\=/Users/admin/builder/spi-builder-workspace/.derivedData/Build/Intermediates.noindex/GeneratedModuleMaps-watchos/CNIOWASI.modulemap -Xcc -fmodule-map-file\=/Users/admin/builder/spi-builder-workspace/.dependencies/checkouts/swift-nio/Sources/CNIOWindows/include/module.modulemap -Xcc -fmodule-map-file\=/Users/admin/builder/spi-builder-workspace/.derivedData/Build/Intermediates.noindex/GeneratedModuleMaps-watchos/CNIOLinux.modulemap -Xcc -fmodule-map-file\=/Users/admin/builder/spi-builder-workspace/.derivedData/Build/Intermediates.noindex/GeneratedModuleMaps-watchos/CNIODarwin.modulemap -Xcc -fmodule-map-file\=/Users/admin/builder/spi-builder-workspace/.derivedData/Build/Intermediates.noindex/GeneratedModuleMaps-watchos/CNIOFreeBSD.modulemap -Xcc -fmodule-map-file\=/Users/admin/builder/spi-builder-workspace/.derivedData/Build/Intermediates.noindex/GeneratedModuleMaps-watchos/CNIOOpenBSD.modulemap -Xcc -fmodule-map-file\=/Users/admin/builder/spi-builder-workspace/.derivedData/Build/Intermediates.noindex/GeneratedModuleMaps-watchos/CNIOAtomics.modulemap -DXcode -enable-upcoming-feature MemberImportVisibility -plugin-path /Applications/Xcode-27.0.0-Release.Candidate.app/Contents/Developer/Toolchains/XcodeDefault.xctoolchain/usr/lib/swift/host/plugins/testing -enable-experimental-feature DebugDescriptionMacro -sdk /Applications/Xcode-27.0.0-Release.Candidate.app/Contents/Developer/Platforms/WatchOS.platform/Developer/SDKs/WatchOS27.0.sdk -target arm64_32-apple-watchos9.0 -g -module-cache-path /Users/admin/builder/spi-builder-workspace/.derivedData/ModuleCache.noindex -Xfrontend -serialize-debugging-options -profile-coverage-mapping -profile-generate -enable-testing -suppress-warnings -index-store-path /Users/admin/builder/spi-builder-workspace/.derivedData/Index.noindex/DataStore -Xcc -D_LIBCPP_HARDENING_MODE\=_LIBCPP_HARDENING_MODE_DEBUG -swift-version 6 -I /Users/admin/builder/spi-builder-workspace/.derivedData/Build/Products/Debug-watchos -Isystem /Applications/Xcode-27.0.0-Release.Candidate.app/Contents/Developer/Platforms/WatchOS.platform/Developer/usr/lib -F /Users/admin/builder/spi-builder-workspace/.derivedData/Build/Products/Debug-watchos/PackageFrameworks -F /Users/admin/builder/spi-builder-workspace/.derivedData/Build/Products/Debug-watchos -F /Applications/Xcode-27.0.0-Release.Candidate.app/Contents/Developer/Platforms/WatchOS.platform/Developer/Library/Frameworks -F /Applications/Xcode-27.0.0-Release.Candidate.app/Contents/Developer/Platforms/WatchOS.platform/Developer/SDKs/WatchOS27.0.sdk/Developer/Library/Frameworks -c -j10 -enable-batch-mode -incremental -Xcc -ivfsstatcache -Xcc /Users/admin/builder/spi-builder-workspace/.derivedData/SDKStatCaches.noindex/watchos27.0-24R360-e829b21a6f8c9b70876ba0858053c04477534ef55a1706bf4c1112bbb242f0a2.sdkstatcache -output-file-map /Users/admin/builder/spi-builder-workspace/.derivedData/Build/Intermediates.noindex/swift-nio-extras.build/Debug-watchos/NIOExtras-t.build/Objects-normal/arm64_32/NIOExtras-OutputFileMap.json -save-temps -no-color-diagnostics -explicit-module-build -module-cache-path /Users/admin/builder/spi-builder-workspace/.derivedData/Build/Intermediates.noindex/SwiftExplicitPrecompiledModules -clang-scanner-module-cache-path /Users/admin/builder/spi-builder-workspace/.derivedData/ModuleCache.noindex -sdk-module-cache-path /Users/admin/builder/spi-builder-workspace/.derivedData/SDKExplicitPrecompiledModules -emit-dependencies -emit-module -emit-module-path /Users/admin/builder/spi-builder-workspace/.derivedData/Build/Intermediates.noindex/swift-nio-extras.build/Debug-watchos/NIOExtras-t.build/Objects-normal/arm64_32/NIOExtras.swiftmodule -serialize-diagnostics -dependency-scan-serialize-diagnostics-path /Users/admin/builder/spi-builder-workspace/.derivedData/Build/Intermediates.noindex/swift-nio-extras.build/Debug-watchos/NIOExtras-t.build/Objects-normal/arm64_32/NIOExtras-dependency-scan.dia -user-module-version 1.35.1 -validate-clang-modules-once -clang-build-session-file /Users/admin/builder/spi-builder-workspace/.derivedData/ModuleCache.noindex/Session.modulevalidation -Xcc -fmodules-prune-interval\=86400 -Xcc -fmodules-prune-after\=345600 -package-name swift_nio_extras -emit-const-values -const-gather-protocols-list /Users/admin/builder/spi-builder-workspace/.derivedData/Build/Intermediates.noindex/swift-nio-extras.build/Debug-watchos/NIOExtras-t.build/Objects-normal/arm64_32/NIOExtras_const_extract_protocols.json -Xcc -I/Users/admin/builder/spi-builder-workspace/.dependencies/checkouts/swift-atomics/Sources/_AtomicsShims/include -Xcc -I/Users/admin/builder/spi-builder-workspace/.dependencies/checkouts/swift-nio/Sources/CNIOLLHTTP/include -Xcc -I/Users/admin/builder/spi-builder-workspace/.dependencies/checkouts/swift-nio/Sources/CNIOPosix/include -Xcc -I/Users/admin/builder/spi-builder-workspace/.dependencies/checkouts/swift-nio/Sources/CNIOWASI/include -Xcc -I/Users/admin/builder/spi-builder-workspace/.dependencies/checkouts/swift-nio/Sources/CNIOWindows/include -Xcc -I/Users/admin/builder/spi-builder-workspace/.dependencies/checkouts/swift-nio/Sources/CNIOLinux/include -Xcc -I/Users/admin/builder/spi-builder-workspace/.dependencies/checkouts/swift-nio/Sources/CNIODarwin/include -Xcc -I/Users/admin/builder/spi-builder-workspace/.dependencies/checkouts/swift-nio/Sources/CNIOFreeBSD/include -Xcc -I/Users/admin/builder/spi-builder-workspace/.dependencies/checkouts/swift-nio/Sources/CNIOOpenBSD/include -Xcc -I/Users/admin/builder/spi-builder-workspace/.dependencies/checkouts/swift-nio/Sources/CNIOAtomics/include -Xcc -I/Users/admin/builder/spi-builder-workspace/.derivedData/Build/Products/Debug-watchos/include -Xcc -I/Users/admin/builder/spi-builder-workspace/.derivedData/Build/Intermediates.noindex/swift-nio-extras.build/Debug-watchos/NIOExtras-t.build/DerivedSources-normal/arm64_32 -Xcc -I/Users/admin/builder/spi-builder-workspace/.derivedData/Build/Intermediates.noindex/swift-nio-extras.build/Debug-watchos/NIOExtras-t.build/DerivedSources/arm64_32 -Xcc -I/Users/admin/builder/spi-builder-workspace/.derivedData/Build/Intermediates.noindex/swift-nio-extras.build/Debug-watchos/NIOExtras-t.build/DerivedSources -Xcc -DSWIFT_PACKAGE -Xcc -DDEBUG\=1 -emit-objc-header -emit-objc-header-path /Users/admin/builder/spi-builder-workspace/.derivedData/Build/Intermediates.noindex/swift-nio-extras.build/Debug-watchos/NIOExtras-t.build/Objects-normal/arm64_32/NIOExtras-Swift.h -working-directory /Users/admin/builder/spi-builder-workspace/.swiftpm/xcode -experimental-emit-module-separately -disable-cmo
SwiftCompile normal arm64 Compiling\ MatterType.swift,\ HeartbeatHandler.swift /Users/admin/builder/spi-builder-workspace/Sources/NMTP/Matter/MatterType.swift /Users/admin/builder/spi-builder-workspace/Sources/NMTP/NMT/HeartbeatHandler.swift (in target 'NMTP' from project 'swift-nmtp')
SwiftCompile normal arm64 /Users/admin/builder/spi-builder-workspace/Sources/NMTP/Matter/MatterType.swift (in target 'NMTP' from project 'swift-nmtp')
    cd /Users/admin/builder/spi-builder-workspace/.swiftpm/xcode
    builtin-SwiftPerFileCompile MatterType.swift
SwiftCompile normal arm64 /Users/admin/builder/spi-builder-workspace/Sources/NMTP/NMT/HeartbeatHandler.swift (in target 'NMTP' from project 'swift-nmtp')
    cd /Users/admin/builder/spi-builder-workspace/.swiftpm/xcode
    builtin-SwiftPerFileCompile HeartbeatHandler.swift
SwiftCompile normal arm64 Compiling\ Matter+Coding.swift,\ Matter.swift /Users/admin/builder/spi-builder-workspace/Sources/NMTP/Matter/Matter+Coding.swift /Users/admin/builder/spi-builder-workspace/Sources/NMTP/Matter/Matter.swift (in target 'NMTP' from project 'swift-nmtp')
SwiftCompile normal arm64 /Users/admin/builder/spi-builder-workspace/Sources/NMTP/Matter/Matter+Coding.swift (in target 'NMTP' from project 'swift-nmtp')
    cd /Users/admin/builder/spi-builder-workspace/.swiftpm/xcode
    builtin-SwiftPerFileCompile Matter+Coding.swift
SwiftCompile normal arm64 /Users/admin/builder/spi-builder-workspace/Sources/NMTP/Matter/Matter.swift (in target 'NMTP' from project 'swift-nmtp')
    cd /Users/admin/builder/spi-builder-workspace/.swiftpm/xcode
    builtin-SwiftPerFileCompile Matter.swift
SwiftCompile normal arm64 Compiling\ MatterDecoder.swift,\ MatterEncoder.swift /Users/admin/builder/spi-builder-workspace/Sources/NMTP/NMT/MatterDecoder.swift /Users/admin/builder/spi-builder-workspace/Sources/NMTP/NMT/MatterEncoder.swift (in target 'NMTP' from project 'swift-nmtp')
SwiftCompile normal arm64 /Users/admin/builder/spi-builder-workspace/Sources/NMTP/NMT/MatterDecoder.swift (in target 'NMTP' from project 'swift-nmtp')
    cd /Users/admin/builder/spi-builder-workspace/.swiftpm/xcode
    builtin-SwiftPerFileCompile MatterDecoder.swift
SwiftCompile normal arm64 /Users/admin/builder/spi-builder-workspace/Sources/NMTP/NMT/MatterEncoder.swift (in target 'NMTP' from project 'swift-nmtp')
    cd /Users/admin/builder/spi-builder-workspace/.swiftpm/xcode
    builtin-SwiftPerFileCompile MatterEncoder.swift
SwiftCompile normal arm64 Compiling\ NMTServer.swift,\ PendingRequests.swift /Users/admin/builder/spi-builder-workspace/Sources/NMTP/NMT/NMTServer.swift /Users/admin/builder/spi-builder-workspace/Sources/NMTP/NMT/PendingRequests.swift (in target 'NMTP' from project 'swift-nmtp')
/Users/admin/builder/spi-builder-workspace/Sources/NMTP/NMT/NMTServer.swift:13:23: error: 'Mutex' is only available in watchOS 11.0 or newer
  5 | // MARK: - ServerState
  6 |
  7 | final class ServerState: Sendable {
    |             `- note: add '@available' attribute to enclosing class
  8 |     private struct Box {
  9 |         var inflightCount = 0
    :
 11 |         var drainContinuation: CheckedContinuation<Void, Never>?
 12 |     }
 13 |     private let box = Mutex<Box>(Box())
    |                       `- error: 'Mutex' is only available in watchOS 11.0 or newer
 14 |
 15 |     var isShuttingDown: Bool { box.withLock { $0.isShuttingDown } }
/Users/admin/builder/spi-builder-workspace/Sources/NMTP/NMT/NMTServer.swift:13:32: error: 'init(_:)' is only available in watchOS 11.0 or newer
  5 | // MARK: - ServerState
  6 |
  7 | final class ServerState: Sendable {
    |             `- note: add '@available' attribute to enclosing class
  8 |     private struct Box {
  9 |         var inflightCount = 0
    :
 11 |         var drainContinuation: CheckedContinuation<Void, Never>?
 12 |     }
 13 |     private let box = Mutex<Box>(Box())
    |                                `- error: 'init(_:)' is only available in watchOS 11.0 or newer
 14 |
 15 |     var isShuttingDown: Bool { box.withLock { $0.isShuttingDown } }
/Users/admin/builder/spi-builder-workspace/Sources/NMTP/NMT/NMTServer.swift:15:36: error: 'withLock' is only available in watchOS 11.0 or newer
  5 | // MARK: - ServerState
  6 |
  7 | final class ServerState: Sendable {
    |             `- note: add '@available' attribute to enclosing class
  8 |     private struct Box {
  9 |         var inflightCount = 0
    :
 13 |     private let box = Mutex<Box>(Box())
 14 |
 15 |     var isShuttingDown: Bool { box.withLock { $0.isShuttingDown } }
    |         |                          |- error: 'withLock' is only available in watchOS 11.0 or newer
    |         |                          `- note: add 'if #available' version check
    |         `- note: add '@available' attribute to enclosing property
 16 |
 17 |     func beginShutdown() { box.withLock { $0.isShuttingDown = true } }
/Users/admin/builder/spi-builder-workspace/Sources/NMTP/NMT/NMTServer.swift:17:32: error: 'withLock' is only available in watchOS 11.0 or newer
  5 | // MARK: - ServerState
  6 |
  7 | final class ServerState: Sendable {
    |             `- note: add '@available' attribute to enclosing class
  8 |     private struct Box {
  9 |         var inflightCount = 0
    :
 15 |     var isShuttingDown: Bool { box.withLock { $0.isShuttingDown } }
 16 |
 17 |     func beginShutdown() { box.withLock { $0.isShuttingDown = true } }
    |          |                     |- error: 'withLock' is only available in watchOS 11.0 or newer
    |          |                     `- note: add 'if #available' version check
    |          `- note: add '@available' attribute to enclosing instance method
 18 |
 19 |     func incrementInflight() { box.withLock { $0.inflightCount += 1 } }
/Users/admin/builder/spi-builder-workspace/Sources/NMTP/NMT/NMTServer.swift:19:36: error: 'withLock' is only available in watchOS 11.0 or newer
  5 | // MARK: - ServerState
  6 |
  7 | final class ServerState: Sendable {
    |             `- note: add '@available' attribute to enclosing class
  8 |     private struct Box {
  9 |         var inflightCount = 0
    :
 17 |     func beginShutdown() { box.withLock { $0.isShuttingDown = true } }
 18 |
 19 |     func incrementInflight() { box.withLock { $0.inflightCount += 1 } }
    |          |                         |- error: 'withLock' is only available in watchOS 11.0 or newer
    |          |                         `- note: add 'if #available' version check
    |          `- note: add '@available' attribute to enclosing instance method
 20 |
 21 |     func decrementInflight() {
/Users/admin/builder/spi-builder-workspace/Sources/NMTP/NMT/NMTServer.swift:22:13: error: 'withLock' is only available in watchOS 11.0 or newer
  5 | // MARK: - ServerState
  6 |
  7 | final class ServerState: Sendable {
    |             `- note: add '@available' attribute to enclosing class
  8 |     private struct Box {
  9 |         var inflightCount = 0
    :
 19 |     func incrementInflight() { box.withLock { $0.inflightCount += 1 } }
 20 |
 21 |     func decrementInflight() {
    |          `- note: add '@available' attribute to enclosing instance method
 22 |         box.withLock { b in
    |             |- error: 'withLock' is only available in watchOS 11.0 or newer
    |             `- note: add 'if #available' version check
 23 |             b.inflightCount -= 1
 24 |             if b.inflightCount == 0, let cont = b.drainContinuation {
/Users/admin/builder/spi-builder-workspace/Sources/NMTP/NMT/NMTServer.swift:33:17: error: 'withLock' is only available in watchOS 11.0 or newer
  5 | // MARK: - ServerState
  6 |
  7 | final class ServerState: Sendable {
    |             `- note: add '@available' attribute to enclosing class
  8 |     private struct Box {
  9 |         var inflightCount = 0
    :
 29 |     }
 30 |
 31 |     func drain() async {
    |          `- note: add '@available' attribute to enclosing instance method
 32 |         await withCheckedContinuation { continuation in
 33 |             box.withLock { b in
    |                 |- error: 'withLock' is only available in watchOS 11.0 or newer
    |                 `- note: add 'if #available' version check
 34 |                 if b.inflightCount == 0 {
 35 |                     continuation.resume()
/Users/admin/builder/spi-builder-workspace/Sources/NMTP/NMT/PendingRequests.swift:5:27: error: 'Mutex' is only available in watchOS 11.0 or newer
 2 | import Synchronization
 3 |
 4 | package final class PendingRequests: Sendable {
   |                     `- note: add '@available' attribute to enclosing class
 5 |     private let waiting = Mutex<[UUID: CheckedContinuation<Matter, Error>]>([:])
   |                           `- error: 'Mutex' is only available in watchOS 11.0 or newer
 6 |
 7 |     package init() {}
/Users/admin/builder/spi-builder-workspace/Sources/NMTP/NMT/PendingRequests.swift:5:75: error: 'init(_:)' is only available in watchOS 11.0 or newer
 2 | import Synchronization
 3 |
 4 | package final class PendingRequests: Sendable {
   |                     `- note: add '@available' attribute to enclosing class
 5 |     private let waiting = Mutex<[UUID: CheckedContinuation<Matter, Error>]>([:])
   |                                                                           `- error: 'init(_:)' is only available in watchOS 11.0 or newer
 6 |
 7 |     package init() {}
/Users/admin/builder/spi-builder-workspace/Sources/NMTP/NMT/PendingRequests.swift:10:17: error: 'withLock' is only available in watchOS 11.0 or newer
 2 | import Synchronization
 3 |
 4 | package final class PendingRequests: Sendable {
   |                     `- note: add '@available' attribute to enclosing class
 5 |     private let waiting = Mutex<[UUID: CheckedContinuation<Matter, Error>]>([:])
 6 |
 7 |     package init() {}
 8 |
 9 |     package func register(id: UUID, continuation: CheckedContinuation<Matter, Error>) {
   |                  `- note: add '@available' attribute to enclosing instance method
10 |         waiting.withLock { $0[id] = continuation }
   |                 |- error: 'withLock' is only available in watchOS 11.0 or newer
   |                 `- note: add 'if #available' version check
11 |     }
12 |
/Users/admin/builder/spi-builder-workspace/Sources/NMTP/NMT/PendingRequests.swift:15:36: error: 'withLock' is only available in watchOS 11.0 or newer
 2 | import Synchronization
 3 |
 4 | package final class PendingRequests: Sendable {
   |                     `- note: add '@available' attribute to enclosing class
 5 |     private let waiting = Mutex<[UUID: CheckedContinuation<Matter, Error>]>([:])
 6 |
   :
12 |
13 |     @discardableResult
14 |     package func fulfill(_ matter: Matter) -> Bool {
   |                  `- note: add '@available' attribute to enclosing instance method
15 |         let continuation = waiting.withLock { $0.removeValue(forKey: matter.matterID) }
   |                                    |- error: 'withLock' is only available in watchOS 11.0 or newer
   |                                    `- note: add 'if #available' version check
16 |         continuation?.resume(returning: matter)
17 |         return continuation != nil
/Users/admin/builder/spi-builder-workspace/Sources/NMTP/NMT/PendingRequests.swift:21:36: error: 'withLock' is only available in watchOS 11.0 or newer
 2 | import Synchronization
 3 |
 4 | package final class PendingRequests: Sendable {
   |                     `- note: add '@available' attribute to enclosing class
 5 |     private let waiting = Mutex<[UUID: CheckedContinuation<Matter, Error>]>([:])
 6 |
   :
18 |     }
19 |
20 |     package func fail(id: UUID, error: Error) {
   |                  `- note: add '@available' attribute to enclosing instance method
21 |         let continuation = waiting.withLock { $0.removeValue(forKey: id) }
   |                                    |- error: 'withLock' is only available in watchOS 11.0 or newer
   |                                    `- note: add 'if #available' version check
22 |         continuation?.resume(throwing: error)
23 |     }
/Users/admin/builder/spi-builder-workspace/Sources/NMTP/NMT/PendingRequests.swift:26:27: error: 'withLock' is only available in watchOS 11.0 or newer
 2 | import Synchronization
 3 |
 4 | package final class PendingRequests: Sendable {
   |                     `- note: add '@available' attribute to enclosing class
 5 |     private let waiting = Mutex<[UUID: CheckedContinuation<Matter, Error>]>([:])
 6 |
   :
23 |     }
24 |
25 |     package func failAll(error: Error) {
   |                  `- note: add '@available' attribute to enclosing instance method
26 |         let all = waiting.withLock { dict -> [CheckedContinuation<Matter, Error>] in
   |                           |- error: 'withLock' is only available in watchOS 11.0 or newer
   |                           `- note: add 'if #available' version check
27 |             let values = Array(dict.values)
28 |             dict.removeAll()
SwiftCompile normal arm64 /Users/admin/builder/spi-builder-workspace/Sources/NMTP/NMT/NMTServer.swift (in target 'NMTP' from project 'swift-nmtp')
    cd /Users/admin/builder/spi-builder-workspace/.swiftpm/xcode
    builtin-SwiftPerFileCompile NMTServer.swift
SwiftCompile normal arm64 /Users/admin/builder/spi-builder-workspace/Sources/NMTP/NMT/PendingRequests.swift (in target 'NMTP' from project 'swift-nmtp')
    cd /Users/admin/builder/spi-builder-workspace/.swiftpm/xcode
    builtin-SwiftPerFileCompile PendingRequests.swift
SwiftCompile normal arm64 Compiling\ MatterPayload.swift,\ MatterStream.swift /Users/admin/builder/spi-builder-workspace/Sources/NMTP/Matter/MatterPayload.swift /Users/admin/builder/spi-builder-workspace/Sources/NMTP/Matter/MatterStream.swift (in target 'NMTP' from project 'swift-nmtp')
SwiftCompile normal arm64 /Users/admin/builder/spi-builder-workspace/Sources/NMTP/Matter/MatterPayload.swift (in target 'NMTP' from project 'swift-nmtp')
    cd /Users/admin/builder/spi-builder-workspace/.swiftpm/xcode
    builtin-SwiftPerFileCompile MatterPayload.swift
SwiftCompile normal arm64 /Users/admin/builder/spi-builder-workspace/Sources/NMTP/Matter/MatterStream.swift (in target 'NMTP' from project 'swift-nmtp')
    cd /Users/admin/builder/spi-builder-workspace/.swiftpm/xcode
    builtin-SwiftPerFileCompile MatterStream.swift
SwiftCompile normal arm64 Compiling\ Duration+TimeAmount.swift,\ UUID+Bytes.swift /Users/admin/builder/spi-builder-workspace/Sources/NMTP/Extensions/Duration+TimeAmount.swift /Users/admin/builder/spi-builder-workspace/Sources/NMTP/Extensions/UUID+Bytes.swift (in target 'NMTP' from project 'swift-nmtp')
SwiftCompile normal arm64 /Users/admin/builder/spi-builder-workspace/Sources/NMTP/Extensions/Duration+TimeAmount.swift (in target 'NMTP' from project 'swift-nmtp')
    cd /Users/admin/builder/spi-builder-workspace/.swiftpm/xcode
    builtin-SwiftPerFileCompile Duration+TimeAmount.swift
SwiftCompile normal arm64 /Users/admin/builder/spi-builder-workspace/Sources/NMTP/Extensions/UUID+Bytes.swift (in target 'NMTP' from project 'swift-nmtp')
    cd /Users/admin/builder/spi-builder-workspace/.swiftpm/xcode
    builtin-SwiftPerFileCompile UUID+Bytes.swift
SwiftCompile normal arm64 Compiling\ NMTClient.swift,\ NMTHandler.swift /Users/admin/builder/spi-builder-workspace/Sources/NMTP/NMT/NMTClient.swift /Users/admin/builder/spi-builder-workspace/Sources/NMTP/NMT/NMTHandler.swift (in target 'NMTP' from project 'swift-nmtp')
/Users/admin/builder/spi-builder-workspace/Sources/NMTP/NMT/PendingRequests.swift:5:27: error: 'Mutex' is only available in watchOS 11.0 or newer
 2 | import Synchronization
 3 |
 4 | package final class PendingRequests: Sendable {
   |                     `- note: add '@available' attribute to enclosing class
 5 |     private let waiting = Mutex<[UUID: CheckedContinuation<Matter, Error>]>([:])
   |                           `- error: 'Mutex' is only available in watchOS 11.0 or newer
 6 |
 7 |     package init() {}
SwiftCompile normal arm64 /Users/admin/builder/spi-builder-workspace/Sources/NMTP/NMT/NMTClient.swift (in target 'NMTP' from project 'swift-nmtp')
    cd /Users/admin/builder/spi-builder-workspace/.swiftpm/xcode
    builtin-SwiftPerFileCompile NMTClient.swift
SwiftCompile normal arm64 /Users/admin/builder/spi-builder-workspace/Sources/NMTP/NMT/NMTHandler.swift (in target 'NMTP' from project 'swift-nmtp')
    cd /Users/admin/builder/spi-builder-workspace/.swiftpm/xcode
    builtin-SwiftPerFileCompile NMTHandler.swift
SwiftCompile normal arm64 Compiling\ NMTPError.swift,\ TLSContext.swift /Users/admin/builder/spi-builder-workspace/Sources/NMTP/NMTPError.swift /Users/admin/builder/spi-builder-workspace/Sources/NMTP/TLS/TLSContext.swift (in target 'NMTP' from project 'swift-nmtp')
SwiftCompile normal arm64 /Users/admin/builder/spi-builder-workspace/Sources/NMTP/NMTPError.swift (in target 'NMTP' from project 'swift-nmtp')
    cd /Users/admin/builder/spi-builder-workspace/.swiftpm/xcode
    builtin-SwiftPerFileCompile NMTPError.swift
SwiftCompile normal arm64 /Users/admin/builder/spi-builder-workspace/Sources/NMTP/TLS/TLSContext.swift (in target 'NMTP' from project 'swift-nmtp')
    cd /Users/admin/builder/spi-builder-workspace/.swiftpm/xcode
    builtin-SwiftPerFileCompile TLSContext.swift
SwiftEmitModule normal arm64_32 Emitting\ module\ for\ NMTP (in target 'NMTP' from project 'swift-nmtp')
/Users/admin/builder/spi-builder-workspace/Sources/NMTP/NMT/NMTServer.swift:13:23: error: 'Mutex' is only available in watchOS 11.0 or newer
  5 | // MARK: - ServerState
  6 |
  7 | final class ServerState: Sendable {
    |             `- note: add '@available' attribute to enclosing class
  8 |     private struct Box {
  9 |         var inflightCount = 0
    :
 11 |         var drainContinuation: CheckedContinuation<Void, Never>?
 12 |     }
 13 |     private let box = Mutex<Box>(Box())
    |                       `- error: 'Mutex' is only available in watchOS 11.0 or newer
 14 |
 15 |     var isShuttingDown: Bool { box.withLock { $0.isShuttingDown } }
/Users/admin/builder/spi-builder-workspace/Sources/NMTP/NMT/NMTServer.swift:13:32: error: 'init(_:)' is only available in watchOS 11.0 or newer
  5 | // MARK: - ServerState
  6 |
  7 | final class ServerState: Sendable {
    |             `- note: add '@available' attribute to enclosing class
  8 |     private struct Box {
  9 |         var inflightCount = 0
    :
 11 |         var drainContinuation: CheckedContinuation<Void, Never>?
 12 |     }
 13 |     private let box = Mutex<Box>(Box())
    |                                `- error: 'init(_:)' is only available in watchOS 11.0 or newer
 14 |
 15 |     var isShuttingDown: Bool { box.withLock { $0.isShuttingDown } }
/Users/admin/builder/spi-builder-workspace/Sources/NMTP/NMT/PendingRequests.swift:5:27: error: 'Mutex' is only available in watchOS 11.0 or newer
 2 | import Synchronization
 3 |
 4 | package final class PendingRequests: Sendable {
   |                     `- note: add '@available' attribute to enclosing class
 5 |     private let waiting = Mutex<[UUID: CheckedContinuation<Matter, Error>]>([:])
   |                           `- error: 'Mutex' is only available in watchOS 11.0 or newer
 6 |
 7 |     package init() {}
/Users/admin/builder/spi-builder-workspace/Sources/NMTP/NMT/PendingRequests.swift:5:75: error: 'init(_:)' is only available in watchOS 11.0 or newer
 2 | import Synchronization
 3 |
 4 | package final class PendingRequests: Sendable {
   |                     `- note: add '@available' attribute to enclosing class
 5 |     private let waiting = Mutex<[UUID: CheckedContinuation<Matter, Error>]>([:])
   |                                                                           `- error: 'init(_:)' is only available in watchOS 11.0 or newer
 6 |
 7 |     package init() {}
Failed frontend command:
/Applications/Xcode-27.0.0-Release.Candidate.app/Contents/Developer/Toolchains/XcodeDefault.xctoolchain/usr/bin/swift-frontend -frontend -emit-module -experimental-skip-non-inlinable-function-bodies-without-types /Users/admin/builder/spi-builder-workspace/Sources/NMTP/Extensions/Duration+TimeAmount.swift /Users/admin/builder/spi-builder-workspace/Sources/NMTP/Extensions/UUID+Bytes.swift /Users/admin/builder/spi-builder-workspace/Sources/NMTP/Matter/Matter+Coding.swift /Users/admin/builder/spi-builder-workspace/Sources/NMTP/Matter/Matter.swift /Users/admin/builder/spi-builder-workspace/Sources/NMTP/Matter/MatterPayload.swift /Users/admin/builder/spi-builder-workspace/Sources/NMTP/Matter/MatterStream.swift /Users/admin/builder/spi-builder-workspace/Sources/NMTP/Matter/MatterType.swift /Users/admin/builder/spi-builder-workspace/Sources/NMTP/NMT/HeartbeatHandler.swift /Users/admin/builder/spi-builder-workspace/Sources/NMTP/NMT/MatterDecoder.swift /Users/admin/builder/spi-builder-workspace/Sources/NMTP/NMT/MatterEncoder.swift /Users/admin/builder/spi-builder-workspace/Sources/NMTP/NMT/NMTClient.swift /Users/admin/builder/spi-builder-workspace/Sources/NMTP/NMT/NMTHandler.swift /Users/admin/builder/spi-builder-workspace/Sources/NMTP/NMT/NMTServer.swift /Users/admin/builder/spi-builder-workspace/Sources/NMTP/NMT/PendingRequests.swift /Users/admin/builder/spi-builder-workspace/Sources/NMTP/NMTPError.swift /Users/admin/builder/spi-builder-workspace/Sources/NMTP/TLS/TLSContext.swift /Users/admin/builder/spi-builder-workspace/Sources/NMTP/Transport/NMTTransport.swift /Users/admin/builder/spi-builder-workspace/Sources/NMTP/Transport/TCPTransport.swift -target arm64_32-apple-watchos9.0 -disable-cross-import-overlay-search -swift-module-cross-import Darwin /Applications/Xcode-27.0.0-Release.Candidate.app/Contents/Developer/Platforms/WatchOS.platform/Developer/SDKs/WatchOS.sdk/usr/include/Darwin.swiftcrossimport/xlocale.swiftoverlay -load-resolved-plugin /Applications/Xcode-27.0.0-Release.Candidate.app/Contents/Developer/Platforms/WatchOS.platform/Developer/usr/lib/swift/host/plugins/libFoundationMacros.dylib\#/Applications/Xcode-27.0.0-Release.Candidate.app/Contents/Developer/Platforms/WatchOS.platform/Developer/usr/bin/swift-plugin-server\#FoundationMacros -load-resolved-plugin /Applications/Xcode-27.0.0-Release.Candidate.app/Contents/Developer/Platforms/WatchOS.platform/Developer/usr/lib/swift/host/plugins/libObservationMacros.dylib\#/Applications/Xcode-27.0.0-Release.Candidate.app/Contents/Developer/Platforms/WatchOS.platform/Developer/usr/bin/swift-plugin-server\#ObservationMacros -load-resolved-plugin /Applications/Xcode-27.0.0-Release.Candidate.app/Contents/Developer/Platforms/WatchOS.platform/Developer/usr/lib/swift/host/plugins/libSwiftMacros.dylib\#/Applications/Xcode-27.0.0-Release.Candidate.app/Contents/Developer/Platforms/WatchOS.platform/Developer/usr/bin/swift-plugin-server\#SwiftMacros -disable-implicit-swift-modules -Xcc -fno-implicit-modules -Xcc -fno-implicit-module-maps -explicit-swift-module-map-file /Users/admin/builder/spi-builder-workspace/.derivedData/Build/Intermediates.noindex/swift-nmtp.build/Debug-watchos/NMTP-t.build/Objects-normal/arm64_32/NMTP-dependencies-1.json -enable-objc-interop -sdk /Applications/Xcode-27.0.0-Release.Candidate.app/Contents/Developer/Platforms/WatchOS.platform/Developer/SDKs/WatchOS27.0.sdk -I /Users/admin/builder/spi-builder-workspace/.derivedData/Build/Products/Debug-watchos -Isystem /Applications/Xcode-27.0.0-Release.Candidate.app/Contents/Developer/Platforms/WatchOS.platform/Developer/usr/lib -F /Users/admin/builder/spi-builder-workspace/.derivedData/Build/Products/Debug-watchos/PackageFrameworks -F /Users/admin/builder/spi-builder-workspace/.derivedData/Build/Products/Debug-watchos -F /Applications/Xcode-27.0.0-Release.Candidate.app/Contents/Developer/Platforms/WatchOS.platform/Developer/Library/Frameworks -F /Applications/Xcode-27.0.0-Release.Candidate.app/Contents/Developer/Platforms/WatchOS.platform/Developer/SDKs/WatchOS27.0.sdk/Developer/Library/Frameworks -module-cache-path /Users/admin/builder/spi-builder-workspace/.derivedData/Build/Intermediates.noindex/SwiftExplicitPrecompiledModules -no-color-diagnostics -Xcc -fno-color-diagnostics -enable-testing -g -debug-info-format\=dwarf -dwarf-version\=4 -profile-generate -profile-coverage-mapping -swift-version 6 -Onone -D SWIFT_PACKAGE -D DEBUG -D SWIFT_MODULE_RESOURCE_BUNDLE_UNAVAILABLE -D Xcode -serialize-debugging-options -enable-experimental-feature DebugDescriptionMacro -empty-abi-descriptor -validate-clang-modules-once -clang-build-session-file /Users/admin/builder/spi-builder-workspace/.derivedData/ModuleCache.noindex/Session.modulevalidation -Xcc -working-directory -Xcc /Users/admin/builder/spi-builder-workspace/.swiftpm/xcode -enable-anonymous-context-mangled-names -file-compilation-dir /Users/admin/builder/spi-builder-workspace/.swiftpm/xcode -Xcc -fmodule-map-file\=/Users/admin/builder/spi-builder-workspace/.dependencies/checkouts/swift-atomics/Sources/_AtomicsShims/include/module.modulemap -Xcc -fmodule-map-file\=/Users/admin/builder/spi-builder-workspace/.derivedData/Build/Intermediates.noindex/GeneratedModuleMaps-watchos/CNIOLLHTTP.modulemap -Xcc -fmodule-map-file\=/Users/admin/builder/spi-builder-workspace/.derivedData/Build/Intermediates.noindex/GeneratedModuleMaps-watchos/CNIOPosix.modulemap -Xcc -fmodule-map-file\=/Users/admin/builder/spi-builder-workspace/.derivedData/Build/Intermediates.noindex/GeneratedModuleMaps-watchos/CNIOWASI.modulemap -Xcc -fmodule-map-file\=/Users/admin/builder/spi-builder-workspace/.dependencies/checkouts/swift-nio/Sources/CNIOWindows/include/module.modulemap -Xcc -fmodule-map-file\=/Users/admin/builder/spi-builder-workspace/.derivedData/Build/Intermediates.noindex/GeneratedModuleMaps-watchos/CNIOLinux.modulemap -Xcc -fmodule-map-file\=/Users/admin/builder/spi-builder-workspace/.derivedData/Build/Intermediates.noindex/GeneratedModuleMaps-watchos/CNIODarwin.modulemap -Xcc -fmodule-map-file\=/Users/admin/builder/spi-builder-workspace/.derivedData/Build/Intermediates.noindex/GeneratedModuleMaps-watchos/CNIOFreeBSD.modulemap -Xcc -fmodule-map-file\=/Users/admin/builder/spi-builder-workspace/.derivedData/Build/Intermediates.noindex/GeneratedModuleMaps-watchos/CNIOOpenBSD.modulemap -Xcc -fmodule-map-file\=/Users/admin/builder/spi-builder-workspace/.derivedData/Build/Intermediates.noindex/GeneratedModuleMaps-watchos/CNIOAtomics.modulemap -Xcc -D_LIBCPP_HARDENING_MODE\=_LIBCPP_HARDENING_MODE_DEBUG -Xcc -ivfsstatcache -Xcc /Users/admin/builder/spi-builder-workspace/.derivedData/SDKStatCaches.noindex/watchos27.0-24R360-e829b21a6f8c9b70876ba0858053c04477534ef55a1706bf4c1112bbb242f0a2.sdkstatcache -Xcc -fmodules-prune-interval\=86400 -Xcc -fmodules-prune-after\=345600 -Xcc -I/Users/admin/builder/spi-builder-workspace/.dependencies/checkouts/swift-atomics/Sources/_AtomicsShims/include -Xcc -I/Users/admin/builder/spi-builder-workspace/.dependencies/checkouts/swift-nio/Sources/CNIOLLHTTP/include -Xcc -I/Users/admin/builder/spi-builder-workspace/.dependencies/checkouts/swift-nio/Sources/CNIOPosix/include -Xcc -I/Users/admin/builder/spi-builder-workspace/.dependencies/checkouts/swift-nio/Sources/CNIOWASI/include -Xcc -I/Users/admin/builder/spi-builder-workspace/.dependencies/checkouts/swift-nio/Sources/CNIOWindows/include -Xcc -I/Users/admin/builder/spi-builder-workspace/.dependencies/checkouts/swift-nio/Sources/CNIOLinux/include -Xcc -I/Users/admin/builder/spi-builder-workspace/.dependencies/checkouts/swift-nio/Sources/CNIODarwin/include -Xcc -I/Users/admin/builder/spi-builder-workspace/.dependencies/checkouts/swift-nio/Sources/CNIOFreeBSD/include -Xcc -I/Users/admin/builder/spi-builder-workspace/.dependencies/checkouts/swift-nio/Sources/CNIOOpenBSD/include -Xcc -I/Users/admin/builder/spi-builder-workspace/.dependencies/checkouts/swift-nio/Sources/CNIOAtomics/include -Xcc -I/Users/admin/builder/spi-builder-workspace/.derivedData/Build/Products/Debug-watchos/include -Xcc -I/Users/admin/builder/spi-builder-workspace/.derivedData/Build/Intermediates.noindex/swift-nmtp.build/Debug-watchos/NMTP-t.build/DerivedSources-normal/arm64_32 -Xcc -I/Users/admin/builder/spi-builder-workspace/.derivedData/Build/Intermediates.noindex/swift-nmtp.build/Debug-watchos/NMTP-t.build/DerivedSources/arm64_32 -Xcc -I/Users/admin/builder/spi-builder-workspace/.derivedData/Build/Intermediates.noindex/swift-nmtp.build/Debug-watchos/NMTP-t.build/DerivedSources -Xcc -DSWIFT_PACKAGE -Xcc -DDEBUG\=1 -no-auto-bridging-header-chaining -module-name NMTP -package-name spi_builder_workspace -const-gather-protocols-file /Users/admin/builder/spi-builder-workspace/.derivedData/Build/Intermediates.noindex/swift-nmtp.build/Debug-watchos/NMTP-t.build/Objects-normal/arm64_32/NMTP_const_extract_protocols.json -disable-clang-spi -clang-target arm64_32-apple-watchos27.0 -target-sdk-version 27.0 -target-sdk-name watchos27.0 -in-process-plugin-server-path /Applications/Xcode-27.0.0-Release.Candidate.app/Contents/Developer/Toolchains/XcodeDefault.xctoolchain/usr/lib/swift/host/libSwiftInProcPluginServer.dylib -emit-module-doc-path /Users/admin/builder/spi-builder-workspace/.derivedData/Build/Intermediates.noindex/swift-nmtp.build/Debug-watchos/NMTP-t.build/Objects-normal/arm64_32/NMTP.swiftdoc -emit-module-source-info-path /Users/admin/builder/spi-builder-workspace/.derivedData/Build/Intermediates.noindex/swift-nmtp.build/Debug-watchos/NMTP-t.build/Objects-normal/arm64_32/NMTP.swiftsourceinfo -emit-objc-header-path /Users/admin/builder/spi-builder-workspace/.derivedData/Build/Intermediates.noindex/swift-nmtp.build/Debug-watchos/NMTP-t.build/Objects-normal/arm64_32/NMTP-Swift.h -serialize-diagnostics-path /Users/admin/builder/spi-builder-workspace/.derivedData/Build/Intermediates.noindex/swift-nmtp.build/Debug-watchos/NMTP-t.build/Objects-normal/arm64_32/NMTP-primary-emit-module.dia -emit-dependencies-path /Users/admin/builder/spi-builder-workspace/.derivedData/Build/Intermediates.noindex/swift-nmtp.build/Debug-watchos/NMTP-t.build/Objects-normal/arm64_32/NMTP-primary-emit-module.d -parse-as-library -o /Users/admin/builder/spi-builder-workspace/.derivedData/Build/Intermediates.noindex/swift-nmtp.build/Debug-watchos/NMTP-t.build/Objects-normal/arm64_32/NMTP.swiftmodule -emit-abi-descriptor-path /Users/admin/builder/spi-builder-workspace/.derivedData/Build/Intermediates.noindex/swift-nmtp.build/Debug-watchos/NMTP-t.build/Objects-normal/arm64_32/NMTP.abi.json
SwiftCompile normal arm64_32 (in target 'NMTP' from project 'swift-nmtp')
    cd /Users/admin/builder/spi-builder-workspace/.swiftpm/xcode

SwiftEmitModule normal arm64 Emitting\ module\ for\ NMTP (in target 'NMTP' from project 'swift-nmtp')
SwiftCompile normal arm64 (in target 'NMTP' from project 'swift-nmtp')
    cd /Users/admin/builder/spi-builder-workspace/.swiftpm/xcode

SwiftEmitModule normal arm64 Emitting\ module\ for\ NIOPosix (in target 'NIOPosix' from project 'swift-nio')
SwiftCompile normal arm64 (in target 'NIOPosix' from project 'swift-nio')
    cd /Users/admin/builder/spi-builder-workspace/.swiftpm/xcode

SwiftDriverJobDiscovery normal arm64 Compiling NMTPError.swift, TLSContext.swift (in target 'NMTP' from project 'swift-nmtp')
SwiftCompile normal arm64 Compiling\ TCPTransport.swift /Users/admin/builder/spi-builder-workspace/Sources/NMTP/Transport/TCPTransport.swift (in target 'NMTP' from project 'swift-nmtp')
SwiftCompile normal arm64 /Users/admin/builder/spi-builder-workspace/Sources/NMTP/Transport/TCPTransport.swift (in target 'NMTP' from project 'swift-nmtp')
    cd /Users/admin/builder/spi-builder-workspace/.swiftpm/xcode
    builtin-SwiftPerFileCompile TCPTransport.swift
PruneExplicitPrecompiledModules /Users/admin/builder/spi-builder-workspace/.derivedData/Build/Intermediates.noindex/SwiftExplicitPrecompiledModules
PruneExplicitPrecompiledModules /Users/admin/builder/spi-builder-workspace/.derivedData/Build/Intermediates.noindex/ExplicitPrecompiledModules
PruneExplicitPrecompiledModules /Users/admin/builder/spi-builder-workspace/.derivedData/SDKExplicitPrecompiledModules
2026-09-24 15:23:20.871 xcodebuild[2033:10852] [MT] IDERunDestination: Supported platforms for the buildables in the current scheme is empty.
** BUILD FAILED **
The following build commands failed:
	SwiftEmitModule normal arm64_32 Emitting\ module\ for\ NMTP (in target 'NMTP' from project 'swift-nmtp')
	SwiftCompile normal arm64_32 (in target 'NMTP' from project 'swift-nmtp')
	Building workspace swift-nmtp with scheme swift-nmtp-Package
(3 failures)
BUILD FAILURE 6.4 watchOS