The Swift Package Index logo.Swift Package Index

Build Information

Failed to build ScrollUI, reference 3.1.0 (f03744), with Swift 6.4 for macOS (SPM) on 22 Sep 2026 03:17:30 UTC.

Build Command

env DEVELOPER_DIR=/Applications/Xcode-27.0.0-Release.Candidate.app xcrun swift build --arch arm64

Build Log

========================================
RunAll
========================================
Builder version: 5.1.0
Interrupt handler set up.
========================================
Checkout
========================================
Clone URL: https://github.com/SwiftyJoeyy/ScrollUI.git
Reference: 3.1.0
Initialized empty Git repository in /Users/admin/builder/spi-builder-workspace/.git/
From https://github.com/SwiftyJoeyy/ScrollUI
 * tag               3.1.0      -> FETCH_HEAD
HEAD is now at f037440 Merge pull request #8 from SwiftyJoeyy/improvements
Cloned https://github.com/SwiftyJoeyy/ScrollUI.git
Revision (git rev-parse @):
f037440eccc4cb461d0b57850157b1bd0d19bb5c
SPI manifest file found: $PWD/.spi.yml
SUCCESS checkout https://github.com/SwiftyJoeyy/ScrollUI.git at 3.1.0
========================================
Build
========================================
Selected platform:         macosSpm
Swift version:             6.4
Building package at path:  $PWD
https://github.com/SwiftyJoeyy/ScrollUI.git
Running build ...
env DEVELOPER_DIR=/Applications/Xcode-27.0.0-Release.Candidate.app xcrun swift build --arch arm64
Building for debugging...
[Pre-planning 1 / 96]
[Planning deferred tasks]
[25 / 42]
[26 / 43] SwiftUIIntrospect
[36 / 132]
[39 / 132]
[47 / 132]
[49 / 132]
[50 / 132]
[55 / 132]
[57 / 132]
[59 / 132]
[62 / 132]
[67 / 132]
[70 / 132]
[72 / 132]
[73 / 132]
[86 / 132]
[88 / 132]
[90 / 132]
[94 / 132]
[99 / 132]
[100 / 132]
[104 / 132]
[115 / 132] SwiftUIIntrospect
[116 / 132] SwiftUIIntrospect
[122 / 133] SwiftUIIntrospect
[124 / 133] ScrollUI
[134 / 220]
[137 / 220]
[145 / 220]
[147 / 220]
[148 / 220]
[153 / 220]
[156 / 220]
[159 / 220]
[165 / 220]
[168 / 220]
[170 / 220]
[171 / 220]
[184 / 220]
[187 / 220]
[189 / 220]
[192 / 220]
[197 / 220]
[198 / 220]
[202 / 220]
Fetching https://github.com/siteline/SwiftUI-Introspect
[1/12890] Fetching swiftui-introspect
Fetched https://github.com/siteline/SwiftUI-Introspect (1.63s)
Computing version for https://github.com/siteline/SwiftUI-Introspect
warning: 'swiftui-introspect': /Package@swift-6.0.swift:5:15: warning: 'init(name:defaultLocalization:platforms:pkgConfig:providers:products:dependencies:targets:swiftLanguageVersions:cLanguageStandard:cxxLanguageStandard:)' is deprecated: replaced by 'init(name:defaultLocalization:platforms:pkgConfig:providers:products:dependencies:targets:swiftLanguageModes:cLanguageStandard:cxxLanguageStandard:)' [#DeprecatedDeclaration]
 3 | import PackageDescription
 4 |
 5 | let package = Package(
   |               |- warning: 'init(name:defaultLocalization:platforms:pkgConfig:providers:products:dependencies:targets:swiftLanguageVersions:cLanguageStandard:cxxLanguageStandard:)' is deprecated: replaced by 'init(name:defaultLocalization:platforms:pkgConfig:providers:products:dependencies:targets:swiftLanguageModes:cLanguageStandard:cxxLanguageStandard:)' [#DeprecatedDeclaration]
   |               `- note: use 'init(name:defaultLocalization:platforms:pkgConfig:providers:products:dependencies:targets:swiftLanguageModes:cLanguageStandard:cxxLanguageStandard:)' instead
 6 |     name: "swiftui-introspect",
 7 |     platforms: [
[#DeprecatedDeclaration]: <https://docs.swift.org/compiler/documentation/diagnostics/deprecated-declaration>
Computed https://github.com/siteline/SwiftUI-Introspect at 1.3.0 (2.27s)
Creating working copy for https://github.com/siteline/SwiftUI-Introspect
Working copy of https://github.com/siteline/SwiftUI-Introspect resolved at 1.3.0
warning: 'swiftui-introspect': /Users/admin/builder/spi-builder-workspace/.build/checkouts/SwiftUI-Introspect/Package@swift-6.0.swift:5:15: warning: 'init(name:defaultLocalization:platforms:pkgConfig:providers:products:dependencies:targets:swiftLanguageVersions:cLanguageStandard:cxxLanguageStandard:)' is deprecated: replaced by 'init(name:defaultLocalization:platforms:pkgConfig:providers:products:dependencies:targets:swiftLanguageModes:cLanguageStandard:cxxLanguageStandard:)' [#DeprecatedDeclaration]
 3 | import PackageDescription
 4 |
 5 | let package = Package(
   |               |- warning: 'init(name:defaultLocalization:platforms:pkgConfig:providers:products:dependencies:targets:swiftLanguageVersions:cLanguageStandard:cxxLanguageStandard:)' is deprecated: replaced by 'init(name:defaultLocalization:platforms:pkgConfig:providers:products:dependencies:targets:swiftLanguageModes:cLanguageStandard:cxxLanguageStandard:)' [#DeprecatedDeclaration]
   |               `- note: use 'init(name:defaultLocalization:platforms:pkgConfig:providers:products:dependencies:targets:swiftLanguageModes:cLanguageStandard:cxxLanguageStandard:)' instead
 6 |     name: "swiftui-introspect",
 7 |     platforms: [
[#DeprecatedDeclaration]: <https://docs.swift.org/compiler/documentation/diagnostics/deprecated-declaration>
error: SwiftCompile normal arm64 failed with a nonzero exit code. Command line:     cd /Users/admin/builder

/Users/admin/builder/spi-builder-workspace/Sources/ScrollUI/ScrollViewStyle.swift:14:33: error: cannot find type 'UIScrollViewDelegate' in scope
12 |     /// The associated type for the coordinator,
13 |     /// which must conform to ``UIScrollViewDelegate`` and ``ObservableObject``.
14 |     associatedtype Coordinator: UIScrollViewDelegate & ObservableObject
   |                                 `- error: cannot find type 'UIScrollViewDelegate' in scope
15 |
16 |     /// The coordinator instance responsible for handling scroll events.
/Users/admin/builder/spi-builder-workspace/Sources/ScrollUI/DefaultScrollViewStyle/DefaultScrollViewStyle.swift:28:40: error: cannot find type 'UIScrollView' in scope
26 |     ///
27 |     /// - Parameter uiScrollView: The ``UIScrollView`` instance being updated.
28 |     public func update(_ uiScrollView: UIScrollView) {
   |                                        `- error: cannot find type 'UIScrollView' in scope
29 |         coordinator.context.geometry.contentSize = uiScrollView.contentSize
30 |     }
/Users/admin/builder/spi-builder-workspace/Sources/ScrollUI/ScrollViewStyle.swift:22:33: error: cannot find type 'UIScrollView' in scope
20 |     ///
21 |     /// - Parameter uiScrollView: The ``UIScrollView`` to update.
22 |     func update(_ uiScrollView: UIScrollView)
   |                                 `- error: cannot find type 'UIScrollView' in scope
23 | }
24 |
/Users/admin/builder/spi-builder-workspace/Sources/ScrollUI/DefaultScrollViewStyle/DefaultScrollViewStyleCoordinator.swift:29:47: error: cannot find type 'UIScrollViewDelegate' in scope
27 |
28 | // MARK: - UIScrollViewDelegate
29 | extension DefaultScrollViewStyle.Coordinator: UIScrollViewDelegate {
   |                                               `- error: cannot find type 'UIScrollViewDelegate' in scope
30 |     /// Called when the scroll view's content offset changes.
31 |     public func scrollViewDidScroll(_ scrollView: UIScrollView) {
/Users/admin/builder/spi-builder-workspace/Sources/ScrollUI/DefaultScrollViewStyle/DefaultScrollViewStyleCoordinator.swift:31:51: error: cannot find type 'UIScrollView' in scope
29 | extension DefaultScrollViewStyle.Coordinator: UIScrollViewDelegate {
30 |     /// Called when the scroll view's content offset changes.
31 |     public func scrollViewDidScroll(_ scrollView: UIScrollView) {
   |                                                   `- error: cannot find type 'UIScrollView' in scope
32 |         context.geometry.contentOffset = scrollView.contentOffset
33 |     }
/Users/admin/builder/spi-builder-workspace/Sources/ScrollUI/DefaultScrollViewStyle/DefaultScrollViewStyleCoordinator.swift:36:66: error: cannot find type 'UIScrollView' in scope
34 |
35 |     /// Called when the scroll view finishes animating to a new position.
36 |     public func scrollViewDidEndScrollingAnimation(_ scrollView: UIScrollView) {
   |                                                                  `- error: cannot find type 'UIScrollView' in scope
37 |         state = .animating
38 |     }
/Users/admin/builder/spi-builder-workspace/Sources/ScrollUI/DefaultScrollViewStyle/DefaultScrollViewStyleCoordinator.swift:41:63: error: cannot find type 'UIScrollView' in scope
39 |
40 |     /// Called when the user stops interacting with the scroll view and it begins decelerating.
41 |     public func scrollViewWillBeginDecelerating(_ scrollView: UIScrollView) {
   |                                                               `- error: cannot find type 'UIScrollView' in scope
42 |         state = .decelerating
43 |     }
/Users/admin/builder/spi-builder-workspace/Sources/ScrollUI/DefaultScrollViewStyle/DefaultScrollViewStyleCoordinator.swift:46:60: error: cannot find type 'UIScrollView' in scope
44 |
45 |     /// Called when the scroll view finishes decelerating and comes to a stop.
46 |     public func scrollViewDidEndDecelerating(_ scrollView: UIScrollView) {
   |                                                            `- error: cannot find type 'UIScrollView' in scope
47 |         state = .idle
48 |     }
/Users/admin/builder/spi-builder-workspace/Sources/ScrollUI/DefaultScrollViewStyle/DefaultScrollViewStyleCoordinator.swift:54:23: error: cannot find type 'UIScrollView' in scope
52 |     /// If the scroll view is not going to decelerate, it transitions to the idle state.
53 |     public func scrollViewDidEndDragging(
54 |         _ scrollView: UIScrollView,
   |                       `- error: cannot find type 'UIScrollView' in scope
55 |         willDecelerate decelerate: Bool
56 |     ) {
/Users/admin/builder/spi-builder-workspace/Sources/ScrollUI/DefaultScrollViewStyle/DefaultScrollViewStyleCoordinator.swift:62:59: error: cannot find type 'UIScrollView' in scope
60 |
61 |     /// Called when the user starts dragging the scroll view.
62 |     public func scrollViewWillBeginDragging(_ scrollView: UIScrollView) {
   |                                                           `- error: cannot find type 'UIScrollView' in scope
63 |         state = .interacting
64 |     }
/Users/admin/builder/spi-builder-workspace/Sources/ScrollUI/ScrollViewStyle.swift:29:40: error: cannot find type 'UIScrollView' in scope
27 |     ///
28 |     /// - Parameter uiScrollView: The ``UIScrollView`` to update.
29 |     public func update(_ uiScrollView: UIScrollView) { }
   |                                        `- error: cannot find type 'UIScrollView' in scope
30 | }
31 |
Failed frontend command:
/Applications/Xcode-27.0.0-Release.Candidate.app/Contents/Developer/Toolchains/XcodeDefault.xctoolchain/usr/bin/swift-frontend -frontend -emit-module -experimental-skip-non-inlinable-function-bodies-without-types /Users/admin/builder/spi-builder-workspace/Sources/ScrollUI/DefaultScrollViewStyle/DefaultScrollViewStyle.swift /Users/admin/builder/spi-builder-workspace/Sources/ScrollUI/DefaultScrollViewStyle/DefaultScrollViewStyleCoordinator.swift /Users/admin/builder/spi-builder-workspace/Sources/ScrollUI/DefaultScrollViewStyle/ScrollGeometryChangeViewModifier.swift /Users/admin/builder/spi-builder-workspace/Sources/ScrollUI/DefaultScrollViewStyle/ScrollStateChangeViewModifier.swift /Users/admin/builder/spi-builder-workspace/Sources/ScrollUI/ScrollContext.swift /Users/admin/builder/spi-builder-workspace/Sources/ScrollUI/ScrollState.swift /Users/admin/builder/spi-builder-workspace/Sources/ScrollUI/ScrollViewStyle.swift /Users/admin/builder/spi-builder-workspace/Sources/ScrollUI/ScrollViewStyleModifier.swift -target arm64-apple-macos12.0 -disable-cross-import-overlay-search -load-resolved-plugin /Applications/Xcode-27.0.0-Release.Candidate.app/Contents/Developer/Platforms/MacOSX.platform/Developer/usr/lib/swift/host/plugins/libFoundationMacros.dylib\#/Applications/Xcode-27.0.0-Release.Candidate.app/Contents/Developer/Platforms/MacOSX.platform/Developer/usr/bin/swift-plugin-server\#FoundationMacros -load-resolved-plugin /Applications/Xcode-27.0.0-Release.Candidate.app/Contents/Developer/Platforms/MacOSX.platform/Developer/usr/lib/swift/host/plugins/libObservationMacros.dylib\#/Applications/Xcode-27.0.0-Release.Candidate.app/Contents/Developer/Platforms/MacOSX.platform/Developer/usr/bin/swift-plugin-server\#ObservationMacros -load-resolved-plugin /Applications/Xcode-27.0.0-Release.Candidate.app/Contents/Developer/Platforms/MacOSX.platform/Developer/usr/lib/swift/host/plugins/libPreviewsMacros.dylib\#/Applications/Xcode-27.0.0-Release.Candidate.app/Contents/Developer/Platforms/MacOSX.platform/Developer/usr/bin/swift-plugin-server\#PreviewsMacros -load-resolved-plugin /Applications/Xcode-27.0.0-Release.Candidate.app/Contents/Developer/Platforms/MacOSX.platform/Developer/usr/lib/swift/host/plugins/libSwiftMacros.dylib\#/Applications/Xcode-27.0.0-Release.Candidate.app/Contents/Developer/Platforms/MacOSX.platform/Developer/usr/bin/swift-plugin-server\#SwiftMacros -load-resolved-plugin /Applications/Xcode-27.0.0-Release.Candidate.app/Contents/Developer/Platforms/MacOSX.platform/Developer/usr/lib/swift/host/plugins/libSwiftUIMacros.dylib\#/Applications/Xcode-27.0.0-Release.Candidate.app/Contents/Developer/Platforms/MacOSX.platform/Developer/usr/bin/swift-plugin-server\#SwiftUIMacros -disable-implicit-swift-modules -Xcc -fno-implicit-modules -Xcc -fno-implicit-module-maps -explicit-swift-module-map-file /Users/admin/builder/spi-builder-workspace/.build/out/Intermediates.noindex/ScrollUI.build/Debug/ScrollUI-t.build/Objects-normal/arm64/ScrollUI-dependencies-1.json -Xllvm -aarch64-use-tbi -enable-objc-interop -stack-check -sdk /Applications/Xcode-27.0.0-Release.Candidate.app/Contents/Developer/Platforms/MacOSX.platform/Developer/SDKs/MacOSX27.0.sdk -I /Users/admin/builder/spi-builder-workspace/.build/out/Products/Debug -Isystem /Applications/Xcode-27.0.0-Release.Candidate.app/Contents/Developer/Platforms/MacOSX.platform/Developer/usr/lib -F /Users/admin/builder/spi-builder-workspace/.build/out/Products/Debug/PackageFrameworks -F /Users/admin/builder/spi-builder-workspace/.build/out/Products/Debug -F /Applications/Xcode-27.0.0-Release.Candidate.app/Contents/Developer/Platforms/MacOSX.platform/Developer/Library/Frameworks -module-cache-path /Users/admin/builder/spi-builder-workspace/.build/out/Intermediates.noindex/SwiftExplicitPrecompiledModules -color-diagnostics -Xcc -fcolor-diagnostics -enable-testing -g -debug-info-format\=dwarf -dwarf-version\=4 -swift-version 5 -Onone -D SWIFT_PACKAGE -D DEBUG -D SWIFT_MODULE_RESOURCE_BUNDLE_UNAVAILABLE -D Xcode -serialize-debugging-options -enable-experimental-feature DebugDescriptionMacro -empty-abi-descriptor -validate-clang-modules-once -clang-build-session-file /Users/admin/builder/spi-builder-workspace/.build/out/ModuleCache.noindex/Session.modulevalidation -Xcc -working-directory -Xcc /Users/admin/builder -enable-anonymous-context-mangled-names -file-compilation-dir /Users/admin/builder -Xcc -D_LIBCPP_HARDENING_MODE\=_LIBCPP_HARDENING_MODE_DEBUG -Xcc -ivfsstatcache -Xcc /Users/admin/builder/spi-builder-workspace/.build/out/SDKStatCaches.noindex/macosx27.0-26A425-80c5bbf1d171475443272936d42f90a36a22442a12e9d48fe1a705f55a1adfc4.sdkstatcache -Xcc -fmodules-prune-interval\=86400 -Xcc -fmodules-prune-after\=345600 -Xcc -I/Users/admin/builder/spi-builder-workspace/.build/out/Products/Debug/include -Xcc -I/Users/admin/builder/spi-builder-workspace/.build/out/Intermediates.noindex/ScrollUI.build/Debug/ScrollUI-t.build/DerivedSources-normal/arm64 -Xcc -I/Users/admin/builder/spi-builder-workspace/.build/out/Intermediates.noindex/ScrollUI.build/Debug/ScrollUI-t.build/DerivedSources/arm64 -Xcc -I/Users/admin/builder/spi-builder-workspace/.build/out/Intermediates.noindex/ScrollUI.build/Debug/ScrollUI-t.build/DerivedSources -Xcc -DSWIFT_PACKAGE -Xcc -DDEBUG\=1 -no-auto-bridging-header-chaining -module-name ScrollUI -const-gather-protocols-file /Users/admin/builder/spi-builder-workspace/.build/out/Intermediates.noindex/ScrollUI.build/Debug/ScrollUI-t.build/Objects-normal/arm64/ScrollUI_const_extract_protocols.json -disable-clang-spi -clang-target arm64-apple-macos27.0 -target-sdk-version 27.0 -target-sdk-name macosx27.0 -in-process-plugin-server-path /Applications/Xcode-27.0.0-Release.Candidate.app/Contents/Developer/Toolchains/XcodeDefault.xctoolchain/usr/lib/swift/host/libSwiftInProcPluginServer.dylib -emit-module-doc-path /Users/admin/builder/spi-builder-workspace/.build/out/Intermediates.noindex/ScrollUI.build/Debug/ScrollUI-t.build/Objects-normal/arm64/ScrollUI.swiftdoc -emit-module-source-info-path /Users/admin/builder/spi-builder-workspace/.build/out/Intermediates.noindex/ScrollUI.build/Debug/ScrollUI-t.build/Objects-normal/arm64/ScrollUI.swiftsourceinfo -emit-objc-header-path /Users/admin/builder/spi-builder-workspace/.build/out/Intermediates.noindex/ScrollUI.build/Debug/ScrollUI-t.build/Objects-normal/arm64/ScrollUI-Swift.h -serialize-diagnostics-path /Users/admin/builder/spi-builder-workspace/.build/out/Intermediates.noindex/ScrollUI.build/Debug/ScrollUI-t.build/Objects-normal/arm64/ScrollUI-primary-emit-module.dia -emit-dependencies-path /Users/admin/builder/spi-builder-workspace/.build/out/Intermediates.noindex/ScrollUI.build/Debug/ScrollUI-t.build/Objects-normal/arm64/ScrollUI-primary-emit-module.d -parse-as-library -o /Users/admin/builder/spi-builder-workspace/.build/out/Intermediates.noindex/ScrollUI.build/Debug/ScrollUI-t.build/Objects-normal/arm64/ScrollUI.swiftmodule -emit-abi-descriptor-path /Users/admin/builder/spi-builder-workspace/.build/out/Intermediates.noindex/ScrollUI.build/Debug/ScrollUI-t.build/Objects-normal/arm64/ScrollUI.abi.json
error: Build failed
BUILD FAILURE 6.4 macosSpm