The Swift Package Index logo.Swift Package Index

Build Information

Failed to build MaverickModels, reference 2.2.1 (7890b0), with Swift 6.4 for Linux on 17 Sep 2026 02:54:46 UTC.

Build Command

bash -c docker run --pull=always --rm -v "checkouts-53886770-0":/host -w "$PWD" -e JAVA_HOME="/root/.sdkman/candidates/java/current" -e SPI_BUILD="1" -e SPI_PROCESSING="1" registry.gitlab.com/saguaro1/spi-images:basic-6.4-latest swift build --triple x86_64-unknown-linux-gnu 2>&1

Build Log

========================================
RunAll
========================================
Builder version: 5.1.0
Interrupt handler set up.
========================================
Checkout
========================================
Clone URL: https://github.com/jsorge/maverick-models.git
Reference: 2.2.1
Initialized empty Git repository in /host/spi-builder-workspace/.git/
hint: Using 'master' as the name for the initial branch. This default branch name
hint: is subject to change. To configure the initial branch name to use in all
hint: of your new repositories, which will suppress this warning, call:
hint:
hint: 	git config --global init.defaultBranch <name>
hint:
hint: Names commonly chosen instead of 'master' are 'main', 'trunk' and
hint: 'development'. The just-created branch can be renamed via this command:
hint:
hint: 	git branch -m <name>
From https://github.com/jsorge/maverick-models
 * tag               2.2.1      -> FETCH_HEAD
HEAD is now at 7890b08 Move version checks to the package manifest
Cloned https://github.com/jsorge/maverick-models.git
Revision (git rev-parse @):
7890b087fcca0dc7d3b57f7dcb412e2f0e91eef6
SUCCESS checkout https://github.com/jsorge/maverick-models.git at 2.2.1
========================================
Build
========================================
Selected platform:         linux
Swift version:             6.4
Building package at path:  $PWD
https://github.com/jsorge/maverick-models.git
Running build ...
bash -c docker run --pull=always --rm -v "checkouts-53886770-0":/host -w "$PWD" -e JAVA_HOME="/root/.sdkman/candidates/java/current" -e SPI_BUILD="1" -e SPI_PROCESSING="1" registry.gitlab.com/saguaro1/spi-images:basic-6.4-latest swift build --triple x86_64-unknown-linux-gnu 2>&1
basic-6.4-latest: Pulling from saguaro1/spi-images
Digest: sha256:c77fcce225e223ac0fafed844619173fc6de8d62dd560eeb28db3182af6a282b
Status: Image is up to date for registry.gitlab.com/saguaro1/spi-images:basic-6.4-latest
Fetching https://github.com/dduan/Pathos.git
[1/5004] Fetching pathos
Fetched https://github.com/dduan/Pathos.git (0.60s)
Computing version for https://github.com/dduan/Pathos.git
Computed https://github.com/dduan/Pathos.git at 0.4.2 (0.79s)
Creating working copy for https://github.com/dduan/Pathos.git
Working copy of https://github.com/dduan/Pathos.git resolved at 0.4.2
Building for debugging...
[Pre-planning 1 / 156]
[44 / 59] Pathos
[45 / 59] Pathos
[52 / 69] MaverickModels
[57 / 69] Pathos
[59 / 70] Pathos
error: SwiftCompile normal x86_64 /host/spi-builder-workspace/Sources/MaverickModels/TextBundleReader.swift failed with a nonzero exit code. Command line:     cd /host
    builtin-SwiftPerFileCompile TextBundleReader.swift
/host/spi-builder-workspace/Sources/MaverickModels/TextBundleReader.swift:21:44: error: missing argument for parameter 'as' in call
19 |         let textPath = path + Path("text.md")
20 |
21 |         let markdown = textPath.readString()
   |                                            `- error: missing argument for parameter 'as' in call
22 |
23 |         guard
/host/spi-builder-workspace/.build/checkouts/Pathos/Sources/Pathos/Path.swift:276:17: note: 'readString(as:)' declared here
274 |     ///
275 |     /// - Returns: The file's content decoded using `encoding`.
276 |     public func readString<Encoding>(as encoding: Encoding.Type) throws -> String
    |                 `- note: 'readString(as:)' declared here
277 |         where Encoding: _UnicodeEncoding
278 |     {
/host/spi-builder-workspace/Sources/MaverickModels/TextBundleReader.swift:21:33: error: generic parameter 'Encoding' could not be inferred
19 |         let textPath = path + Path("text.md")
20 |
21 |         let markdown = textPath.readString()
   |                                 `- error: generic parameter 'Encoding' could not be inferred
22 |
23 |         guard
/host/spi-builder-workspace/.build/checkouts/Pathos/Sources/Pathos/Path.swift:276:17: note: in call to function 'readString(as:)'
274 |     ///
275 |     /// - Returns: The file's content decoded using `encoding`.
276 |     public func readString<Encoding>(as encoding: Encoding.Type) throws -> String
    |                 `- note: in call to function 'readString(as:)'
277 |         where Encoding: _UnicodeEncoding
278 |     {
/host/spi-builder-workspace/Sources/MaverickModels/TextBundleReader.swift:24:50: error: missing argument for parameter 'as' in call
22 |
23 |         guard
24 |             let bundleData = infoPath.readString().data(using: .utf8),
   |                                                  `- error: missing argument for parameter 'as' in call
25 |             let bundleInfo = BundleInfo(json: bundleData),
26 |             let frontMatter = bundleInfo.frontMatter else
/host/spi-builder-workspace/.build/checkouts/Pathos/Sources/Pathos/Path.swift:276:17: note: 'readString(as:)' declared here
274 |     ///
275 |     /// - Returns: The file's content decoded using `encoding`.
276 |     public func readString<Encoding>(as encoding: Encoding.Type) throws -> String
    |                 `- note: 'readString(as:)' declared here
277 |         where Encoding: _UnicodeEncoding
278 |     {
/host/spi-builder-workspace/Sources/MaverickModels/TextBundleReader.swift:24:39: error: generic parameter 'Encoding' could not be inferred
22 |
23 |         guard
24 |             let bundleData = infoPath.readString().data(using: .utf8),
   |                                       `- error: generic parameter 'Encoding' could not be inferred
25 |             let bundleInfo = BundleInfo(json: bundleData),
26 |             let frontMatter = bundleInfo.frontMatter else
/host/spi-builder-workspace/.build/checkouts/Pathos/Sources/Pathos/Path.swift:276:17: note: in call to function 'readString(as:)'
274 |     ///
275 |     /// - Returns: The file's content decoded using `encoding`.
276 |     public func readString<Encoding>(as encoding: Encoding.Type) throws -> String
    |                 `- note: in call to function 'readString(as:)'
277 |         where Encoding: _UnicodeEncoding
278 |     {
Failed frontend command:
/usr/bin/swift-frontend -frontend -c /host/spi-builder-workspace/Sources/MaverickModels/BundleInfo.swift /host/spi-builder-workspace/Sources/MaverickModels/FrontMatter.swift /host/spi-builder-workspace/Sources/MaverickModels/Page.swift /host/spi-builder-workspace/Sources/MaverickModels/Post.swift /host/spi-builder-workspace/Sources/MaverickModels/PostList.swift /host/spi-builder-workspace/Sources/MaverickModels/PostPath.swift /host/spi-builder-workspace/Sources/MaverickModels/SiteConfig.swift -primary-file /host/spi-builder-workspace/Sources/MaverickModels/TextBundleReader.swift -emit-dependencies-path /host/spi-builder-workspace/.build/out/Intermediates.noindex/MaverickModels.build/Debug-linux-x86_64/MaverickModels-t.build/Objects-normal/x86_64/TextBundleReader.d -emit-const-values-path /host/spi-builder-workspace/.build/out/Intermediates.noindex/MaverickModels.build/Debug-linux-x86_64/MaverickModels-t.build/Objects-normal/x86_64/TextBundleReader.swiftconstvalues -emit-reference-dependencies-path /host/spi-builder-workspace/.build/out/Intermediates.noindex/MaverickModels.build/Debug-linux-x86_64/MaverickModels-t.build/Objects-normal/x86_64/TextBundleReader.swiftdeps -serialize-diagnostics-path /host/spi-builder-workspace/.build/out/Intermediates.noindex/MaverickModels.build/Debug-linux-x86_64/MaverickModels-t.build/Objects-normal/x86_64/TextBundleReader.dia -target x86_64-unknown-linux-gnu -disable-objc-interop -I /host/spi-builder-workspace/.build/out/Products/Debug-linux-x86_64 -module-cache-path /host/spi-builder-workspace/.build/out/ModuleCache.noindex -color-diagnostics -Xcc -fcolor-diagnostics -enable-testing -g -debug-info-format\=dwarf -dwarf-version\=4 -swift-version 5 -Onone -D SWIFT_PACKAGE -D DEBUG -D SWIFT_MODULE_RESOURCE_BUNDLE_UNAVAILABLE -D Xcode -serialize-debugging-options -enable-experimental-feature DebugDescriptionMacro -empty-abi-descriptor -external-plugin-path /usr/lib/swift/host/plugins/testing\#/usr/bin/swift-plugin-server -validate-clang-modules-once -clang-build-session-file /host/spi-builder-workspace/.build/out/ModuleCache.noindex/Session.modulevalidation -Xcc -working-directory -Xcc /host -enable-anonymous-context-mangled-names -file-compilation-dir /host -Xcc -fmodule-map-file\=/host/spi-builder-workspace/.build/checkouts/Pathos/Sources/WindowsHelpers/include/module.modulemap -Xcc -fmodule-map-file\=/host/spi-builder-workspace/.build/out/Intermediates.noindex/GeneratedModuleMaps-linux-x86_64/LinuxHelpers.modulemap -Xcc -fno-omit-frame-pointer -Xcc -D_LIBCPP_HARDENING_MODE\=_LIBCPP_HARDENING_MODE_DEBUG -Xcc -fmodules-prune-interval\=86400 -Xcc -fmodules-prune-after\=345600 -Xcc -I/host/spi-builder-workspace/.build/checkouts/Pathos/Sources/WindowsHelpers/include -Xcc -I/host/spi-builder-workspace/.build/checkouts/Pathos/Sources/LinuxHelpers/include -Xcc -I/host/spi-builder-workspace/.build/out/Products/Debug-linux-x86_64/include -Xcc -I/host/spi-builder-workspace/.build/out/Intermediates.noindex/MaverickModels.build/Debug-linux-x86_64/MaverickModels-t.build/DerivedSources-normal/x86_64 -Xcc -I/host/spi-builder-workspace/.build/out/Intermediates.noindex/MaverickModels.build/Debug-linux-x86_64/MaverickModels-t.build/DerivedSources/x86_64 -Xcc -I/host/spi-builder-workspace/.build/out/Intermediates.noindex/MaverickModels.build/Debug-linux-x86_64/MaverickModels-t.build/DerivedSources -Xcc -DSWIFT_PACKAGE -Xcc -DDEBUG\=1 -no-auto-bridging-header-chaining -module-name MaverickModels -const-gather-protocols-file /host/spi-builder-workspace/.build/out/Intermediates.noindex/MaverickModels.build/Debug-linux-x86_64/MaverickModels-t.build/Objects-normal/x86_64/MaverickModels_const_extract_protocols.json -in-process-plugin-server-path /usr/lib/swift/host/libSwiftInProcPluginServer.so -plugin-path /usr/lib/swift/host/plugins -plugin-path /usr/local/lib/swift/host/plugins -parse-as-library -o /host/spi-builder-workspace/.build/out/Intermediates.noindex/MaverickModels.build/Debug-linux-x86_64/MaverickModels-t.build/Objects-normal/x86_64/TextBundleReader.o -index-unit-output-path /MaverickModels.build/Debug-linux-x86_64/MaverickModels-t.build/Objects-normal/x86_64/TextBundleReader.o -index-store-path /host/spi-builder-workspace/.build/out -index-system-modules
error: Build failed
BUILD FAILURE 6.4 linux