The Swift Package Index logo.Swift Package Index

Build Information

Failed to build snap-template, reference main (1e77e1), with Swift 6.4 for watchOS using Xcode 27.0 on 21 Sep 2026 10:29:37 UTC.

Build Command

env DEVELOPER_DIR=/Applications/Xcode-27.0.0-Release.Candidate.app xcrun xcodebuild -IDEClonedSourcePackagesDirPathOverride=$PWD/.dependencies -skipMacroValidation -skipPackagePluginValidation -derivedDataPath $PWD/.derivedData build -scheme snap-template -destination generic/platform=watchOS

Build Log

SwiftDriver SnapStyleBase normal arm64 com.apple.xcode.tools.swift.compiler (in target 'SnapStyleBase' from project 'snap-style')
    cd /Users/admin/builder/spi-builder-workspace/.swiftpm/xcode
    builtin-SwiftDriver -- /Applications/Xcode-27.0.0-Release.Candidate.app/Contents/Developer/Toolchains/XcodeDefault.xctoolchain/usr/bin/swiftc -parse-as-library -module-name SnapStyleBase -Onone @/Users/admin/builder/spi-builder-workspace/.derivedData/Build/Intermediates.noindex/snap-style.build/Debug-watchos/SnapStyleBase-t.build/Objects-normal/arm64/SnapStyleBase.SwiftFileList -DSWIFT_PACKAGE -DDEBUG -DSWIFT_MODULE_RESOURCE_BUNDLE_UNAVAILABLE -DXcode -plugin-path /Applications/Xcode-27.0.0-Release.Candidate.app/Contents/Developer/Toolchains/XcodeDefault.xctoolchain/usr/lib/swift/host/plugins/testing -enable-experimental-feature DebugDescriptionMacro -sdk /Applications/Xcode-27.0.0-Release.Candidate.app/Contents/Developer/Platforms/WatchOS.platform/Developer/SDKs/WatchOS27.0.sdk -target arm64-apple-watchos10.0 -g -module-cache-path /Users/admin/builder/spi-builder-workspace/.derivedData/ModuleCache.noindex -Xfrontend -serialize-debugging-options -enable-testing -suppress-warnings -index-store-path /Users/admin/builder/spi-builder-workspace/.derivedData/Index.noindex/DataStore -Xcc -D_LIBCPP_HARDENING_MODE\=_LIBCPP_HARDENING_MODE_DEBUG -swift-version 6 -I /Users/admin/builder/spi-builder-workspace/.derivedData/Build/Products/Debug-watchos -Isystem /Applications/Xcode-27.0.0-Release.Candidate.app/Contents/Developer/Platforms/WatchOS.platform/Developer/usr/lib -F /Users/admin/builder/spi-builder-workspace/.derivedData/Build/Products/Debug-watchos/PackageFrameworks -F /Users/admin/builder/spi-builder-workspace/.derivedData/Build/Products/Debug-watchos -F /Applications/Xcode-27.0.0-Release.Candidate.app/Contents/Developer/Platforms/WatchOS.platform/Developer/Library/Frameworks -F /Applications/Xcode-27.0.0-Release.Candidate.app/Contents/Developer/Platforms/WatchOS.platform/Developer/SDKs/WatchOS27.0.sdk/Developer/Library/Frameworks -c -j10 -enable-batch-mode -incremental -Xcc -ivfsstatcache -Xcc /Users/admin/builder/spi-builder-workspace/.derivedData/SDKStatCaches.noindex/watchos27.0-24R360-e829b21a6f8c9b70876ba0858053c04477534ef55a1706bf4c1112bbb242f0a2.sdkstatcache -output-file-map /Users/admin/builder/spi-builder-workspace/.derivedData/Build/Intermediates.noindex/snap-style.build/Debug-watchos/SnapStyleBase-t.build/Objects-normal/arm64/SnapStyleBase-OutputFileMap.json -save-temps -no-color-diagnostics -explicit-module-build -module-cache-path /Users/admin/builder/spi-builder-workspace/.derivedData/Build/Intermediates.noindex/SwiftExplicitPrecompiledModules -clang-scanner-module-cache-path /Users/admin/builder/spi-builder-workspace/.derivedData/ModuleCache.noindex -sdk-module-cache-path /Users/admin/builder/spi-builder-workspace/.derivedData/SDKExplicitPrecompiledModules -emit-dependencies -emit-module -emit-module-path /Users/admin/builder/spi-builder-workspace/.derivedData/Build/Intermediates.noindex/snap-style.build/Debug-watchos/SnapStyleBase-t.build/Objects-normal/arm64/SnapStyleBase.swiftmodule -serialize-diagnostics -dependency-scan-serialize-diagnostics-path /Users/admin/builder/spi-builder-workspace/.derivedData/Build/Intermediates.noindex/snap-style.build/Debug-watchos/SnapStyleBase-t.build/Objects-normal/arm64/SnapStyleBase-dependency-scan.dia -validate-clang-modules-once -clang-build-session-file /Users/admin/builder/spi-builder-workspace/.derivedData/ModuleCache.noindex/Session.modulevalidation -Xcc -fmodules-prune-interval\=86400 -Xcc -fmodules-prune-after\=345600 -package-name snap_style -emit-const-values -const-gather-protocols-list /Users/admin/builder/spi-builder-workspace/.derivedData/Build/Intermediates.noindex/snap-style.build/Debug-watchos/SnapStyleBase-t.build/Objects-normal/arm64/SnapStyleBase_const_extract_protocols.json -Xcc -I/Users/admin/builder/spi-builder-workspace/.derivedData/Build/Products/Debug-watchos/include -Xcc -I/Users/admin/builder/spi-builder-workspace/.derivedData/Build/Intermediates.noindex/snap-style.build/Debug-watchos/SnapStyleBase-t.build/DerivedSources-normal/arm64 -Xcc -I/Users/admin/builder/spi-builder-workspace/.derivedData/Build/Intermediates.noindex/snap-style.build/Debug-watchos/SnapStyleBase-t.build/DerivedSources/arm64 -Xcc -I/Users/admin/builder/spi-builder-workspace/.derivedData/Build/Intermediates.noindex/snap-style.build/Debug-watchos/SnapStyleBase-t.build/DerivedSources -Xcc -DSWIFT_PACKAGE -Xcc -DDEBUG\=1 -emit-objc-header -emit-objc-header-path /Users/admin/builder/spi-builder-workspace/.derivedData/Build/Intermediates.noindex/snap-style.build/Debug-watchos/SnapStyleBase-t.build/Objects-normal/arm64/SnapStyleBase-Swift.h -working-directory /Users/admin/builder/spi-builder-workspace/.swiftpm/xcode -experimental-emit-module-separately -disable-cmo
SwiftDriver SnapNavigation normal arm64_32 com.apple.xcode.tools.swift.compiler (in target 'SnapNavigation' from project 'snap-navigation')
    cd /Users/admin/builder/spi-builder-workspace/.swiftpm/xcode
    builtin-SwiftDriver -- /Applications/Xcode-27.0.0-Release.Candidate.app/Contents/Developer/Toolchains/XcodeDefault.xctoolchain/usr/bin/swiftc -parse-as-library -module-name SnapNavigation -Onone @/Users/admin/builder/spi-builder-workspace/.derivedData/Build/Intermediates.noindex/snap-navigation.build/Debug-watchos/SnapNavigation-t.build/Objects-normal/arm64_32/SnapNavigation.SwiftFileList -DSWIFT_PACKAGE -DDEBUG -DSWIFT_MODULE_RESOURCE_BUNDLE_UNAVAILABLE -DXcode -plugin-path /Applications/Xcode-27.0.0-Release.Candidate.app/Contents/Developer/Toolchains/XcodeDefault.xctoolchain/usr/lib/swift/host/plugins/testing -enable-experimental-feature DebugDescriptionMacro -sdk /Applications/Xcode-27.0.0-Release.Candidate.app/Contents/Developer/Platforms/WatchOS.platform/Developer/SDKs/WatchOS27.0.sdk -target arm64_32-apple-watchos11.0 -g -module-cache-path /Users/admin/builder/spi-builder-workspace/.derivedData/ModuleCache.noindex -Xfrontend -serialize-debugging-options -enable-testing -suppress-warnings -index-store-path /Users/admin/builder/spi-builder-workspace/.derivedData/Index.noindex/DataStore -Xcc -D_LIBCPP_HARDENING_MODE\=_LIBCPP_HARDENING_MODE_DEBUG -swift-version 6 -I /Users/admin/builder/spi-builder-workspace/.derivedData/Build/Products/Debug-watchos -Isystem /Applications/Xcode-27.0.0-Release.Candidate.app/Contents/Developer/Platforms/WatchOS.platform/Developer/usr/lib -F /Users/admin/builder/spi-builder-workspace/.derivedData/Build/Products/Debug-watchos/PackageFrameworks -F /Users/admin/builder/spi-builder-workspace/.derivedData/Build/Products/Debug-watchos -F /Applications/Xcode-27.0.0-Release.Candidate.app/Contents/Developer/Platforms/WatchOS.platform/Developer/Library/Frameworks -F /Applications/Xcode-27.0.0-Release.Candidate.app/Contents/Developer/Platforms/WatchOS.platform/Developer/SDKs/WatchOS27.0.sdk/Developer/Library/Frameworks -c -j10 -enable-batch-mode -incremental -Xcc -ivfsstatcache -Xcc /Users/admin/builder/spi-builder-workspace/.derivedData/SDKStatCaches.noindex/watchos27.0-24R360-e829b21a6f8c9b70876ba0858053c04477534ef55a1706bf4c1112bbb242f0a2.sdkstatcache -output-file-map /Users/admin/builder/spi-builder-workspace/.derivedData/Build/Intermediates.noindex/snap-navigation.build/Debug-watchos/SnapNavigation-t.build/Objects-normal/arm64_32/SnapNavigation-OutputFileMap.json -save-temps -no-color-diagnostics -explicit-module-build -module-cache-path /Users/admin/builder/spi-builder-workspace/.derivedData/Build/Intermediates.noindex/SwiftExplicitPrecompiledModules -clang-scanner-module-cache-path /Users/admin/builder/spi-builder-workspace/.derivedData/ModuleCache.noindex -sdk-module-cache-path /Users/admin/builder/spi-builder-workspace/.derivedData/SDKExplicitPrecompiledModules -emit-dependencies -emit-module -emit-module-path /Users/admin/builder/spi-builder-workspace/.derivedData/Build/Intermediates.noindex/snap-navigation.build/Debug-watchos/SnapNavigation-t.build/Objects-normal/arm64_32/SnapNavigation.swiftmodule -serialize-diagnostics -dependency-scan-serialize-diagnostics-path /Users/admin/builder/spi-builder-workspace/.derivedData/Build/Intermediates.noindex/snap-navigation.build/Debug-watchos/SnapNavigation-t.build/Objects-normal/arm64_32/SnapNavigation-dependency-scan.dia -validate-clang-modules-once -clang-build-session-file /Users/admin/builder/spi-builder-workspace/.derivedData/ModuleCache.noindex/Session.modulevalidation -Xcc -fmodules-prune-interval\=86400 -Xcc -fmodules-prune-after\=345600 -package-name snap_navigation -emit-const-values -const-gather-protocols-list /Users/admin/builder/spi-builder-workspace/.derivedData/Build/Intermediates.noindex/snap-navigation.build/Debug-watchos/SnapNavigation-t.build/Objects-normal/arm64_32/SnapNavigation_const_extract_protocols.json -Xcc -I/Users/admin/builder/spi-builder-workspace/.derivedData/Build/Products/Debug-watchos/include -Xcc -I/Users/admin/builder/spi-builder-workspace/.derivedData/Build/Intermediates.noindex/snap-navigation.build/Debug-watchos/SnapNavigation-t.build/DerivedSources-normal/arm64_32 -Xcc -I/Users/admin/builder/spi-builder-workspace/.derivedData/Build/Intermediates.noindex/snap-navigation.build/Debug-watchos/SnapNavigation-t.build/DerivedSources/arm64_32 -Xcc -I/Users/admin/builder/spi-builder-workspace/.derivedData/Build/Intermediates.noindex/snap-navigation.build/Debug-watchos/SnapNavigation-t.build/DerivedSources -Xcc -DSWIFT_PACKAGE -Xcc -DDEBUG\=1 -emit-objc-header -emit-objc-header-path /Users/admin/builder/spi-builder-workspace/.derivedData/Build/Intermediates.noindex/snap-navigation.build/Debug-watchos/SnapNavigation-t.build/Objects-normal/arm64_32/SnapNavigation-Swift.h -working-directory /Users/admin/builder/spi-builder-workspace/.swiftpm/xcode -experimental-emit-module-separately -disable-cmo
SwiftDriver SnapNavigation normal arm64 com.apple.xcode.tools.swift.compiler (in target 'SnapNavigation' from project 'snap-navigation')
    cd /Users/admin/builder/spi-builder-workspace/.swiftpm/xcode
    builtin-SwiftDriver -- /Applications/Xcode-27.0.0-Release.Candidate.app/Contents/Developer/Toolchains/XcodeDefault.xctoolchain/usr/bin/swiftc -parse-as-library -module-name SnapNavigation -Onone @/Users/admin/builder/spi-builder-workspace/.derivedData/Build/Intermediates.noindex/snap-navigation.build/Debug-watchos/SnapNavigation-t.build/Objects-normal/arm64/SnapNavigation.SwiftFileList -DSWIFT_PACKAGE -DDEBUG -DSWIFT_MODULE_RESOURCE_BUNDLE_UNAVAILABLE -DXcode -plugin-path /Applications/Xcode-27.0.0-Release.Candidate.app/Contents/Developer/Toolchains/XcodeDefault.xctoolchain/usr/lib/swift/host/plugins/testing -enable-experimental-feature DebugDescriptionMacro -sdk /Applications/Xcode-27.0.0-Release.Candidate.app/Contents/Developer/Platforms/WatchOS.platform/Developer/SDKs/WatchOS27.0.sdk -target arm64-apple-watchos11.0 -g -module-cache-path /Users/admin/builder/spi-builder-workspace/.derivedData/ModuleCache.noindex -Xfrontend -serialize-debugging-options -enable-testing -suppress-warnings -index-store-path /Users/admin/builder/spi-builder-workspace/.derivedData/Index.noindex/DataStore -Xcc -D_LIBCPP_HARDENING_MODE\=_LIBCPP_HARDENING_MODE_DEBUG -swift-version 6 -I /Users/admin/builder/spi-builder-workspace/.derivedData/Build/Products/Debug-watchos -Isystem /Applications/Xcode-27.0.0-Release.Candidate.app/Contents/Developer/Platforms/WatchOS.platform/Developer/usr/lib -F /Users/admin/builder/spi-builder-workspace/.derivedData/Build/Products/Debug-watchos/PackageFrameworks -F /Users/admin/builder/spi-builder-workspace/.derivedData/Build/Products/Debug-watchos -F /Applications/Xcode-27.0.0-Release.Candidate.app/Contents/Developer/Platforms/WatchOS.platform/Developer/Library/Frameworks -F /Applications/Xcode-27.0.0-Release.Candidate.app/Contents/Developer/Platforms/WatchOS.platform/Developer/SDKs/WatchOS27.0.sdk/Developer/Library/Frameworks -c -j10 -enable-batch-mode -incremental -Xcc -ivfsstatcache -Xcc /Users/admin/builder/spi-builder-workspace/.derivedData/SDKStatCaches.noindex/watchos27.0-24R360-e829b21a6f8c9b70876ba0858053c04477534ef55a1706bf4c1112bbb242f0a2.sdkstatcache -output-file-map /Users/admin/builder/spi-builder-workspace/.derivedData/Build/Intermediates.noindex/snap-navigation.build/Debug-watchos/SnapNavigation-t.build/Objects-normal/arm64/SnapNavigation-OutputFileMap.json -save-temps -no-color-diagnostics -explicit-module-build -module-cache-path /Users/admin/builder/spi-builder-workspace/.derivedData/Build/Intermediates.noindex/SwiftExplicitPrecompiledModules -clang-scanner-module-cache-path /Users/admin/builder/spi-builder-workspace/.derivedData/ModuleCache.noindex -sdk-module-cache-path /Users/admin/builder/spi-builder-workspace/.derivedData/SDKExplicitPrecompiledModules -emit-dependencies -emit-module -emit-module-path /Users/admin/builder/spi-builder-workspace/.derivedData/Build/Intermediates.noindex/snap-navigation.build/Debug-watchos/SnapNavigation-t.build/Objects-normal/arm64/SnapNavigation.swiftmodule -serialize-diagnostics -dependency-scan-serialize-diagnostics-path /Users/admin/builder/spi-builder-workspace/.derivedData/Build/Intermediates.noindex/snap-navigation.build/Debug-watchos/SnapNavigation-t.build/Objects-normal/arm64/SnapNavigation-dependency-scan.dia -validate-clang-modules-once -clang-build-session-file /Users/admin/builder/spi-builder-workspace/.derivedData/ModuleCache.noindex/Session.modulevalidation -Xcc -fmodules-prune-interval\=86400 -Xcc -fmodules-prune-after\=345600 -package-name snap_navigation -emit-const-values -const-gather-protocols-list /Users/admin/builder/spi-builder-workspace/.derivedData/Build/Intermediates.noindex/snap-navigation.build/Debug-watchos/SnapNavigation-t.build/Objects-normal/arm64/SnapNavigation_const_extract_protocols.json -Xcc -I/Users/admin/builder/spi-builder-workspace/.derivedData/Build/Products/Debug-watchos/include -Xcc -I/Users/admin/builder/spi-builder-workspace/.derivedData/Build/Intermediates.noindex/snap-navigation.build/Debug-watchos/SnapNavigation-t.build/DerivedSources-normal/arm64 -Xcc -I/Users/admin/builder/spi-builder-workspace/.derivedData/Build/Intermediates.noindex/snap-navigation.build/Debug-watchos/SnapNavigation-t.build/DerivedSources/arm64 -Xcc -I/Users/admin/builder/spi-builder-workspace/.derivedData/Build/Intermediates.noindex/snap-navigation.build/Debug-watchos/SnapNavigation-t.build/DerivedSources -Xcc -DSWIFT_PACKAGE -Xcc -DDEBUG\=1 -emit-objc-header -emit-objc-header-path /Users/admin/builder/spi-builder-workspace/.derivedData/Build/Intermediates.noindex/snap-navigation.build/Debug-watchos/SnapNavigation-t.build/Objects-normal/arm64/SnapNavigation-Swift.h -working-directory /Users/admin/builder/spi-builder-workspace/.swiftpm/xcode -experimental-emit-module-separately -disable-cmo
SwiftDriverJobDiscovery normal arm64 Compiling AnyInsettableShape.swift, CGRect+Inset.swift (in target 'SnapFoundation' from project 'snap-foundation')
SwiftDriver SnapDependencies normal arm64_32 com.apple.xcode.tools.swift.compiler (in target 'SnapDependencies' from project 'snap-dependencies')
    cd /Users/admin/builder/spi-builder-workspace/.swiftpm/xcode
    builtin-SwiftDriver -- /Applications/Xcode-27.0.0-Release.Candidate.app/Contents/Developer/Toolchains/XcodeDefault.xctoolchain/usr/bin/swiftc -parse-as-library -module-name SnapDependencies -Onone @/Users/admin/builder/spi-builder-workspace/.derivedData/Build/Intermediates.noindex/snap-dependencies.build/Debug-watchos/SnapDependencies-t.build/Objects-normal/arm64_32/SnapDependencies.SwiftFileList -DSWIFT_PACKAGE -DDEBUG -DSWIFT_MODULE_RESOURCE_BUNDLE_UNAVAILABLE -DXcode -plugin-path /Applications/Xcode-27.0.0-Release.Candidate.app/Contents/Developer/Toolchains/XcodeDefault.xctoolchain/usr/lib/swift/host/plugins/testing -enable-experimental-feature DebugDescriptionMacro -sdk /Applications/Xcode-27.0.0-Release.Candidate.app/Contents/Developer/Platforms/WatchOS.platform/Developer/SDKs/WatchOS27.0.sdk -target arm64_32-apple-watchos11.0 -g -module-cache-path /Users/admin/builder/spi-builder-workspace/.derivedData/ModuleCache.noindex -Xfrontend -serialize-debugging-options -enable-testing -suppress-warnings -index-store-path /Users/admin/builder/spi-builder-workspace/.derivedData/Index.noindex/DataStore -Xcc -D_LIBCPP_HARDENING_MODE\=_LIBCPP_HARDENING_MODE_DEBUG -swift-version 6 -I /Users/admin/builder/spi-builder-workspace/.derivedData/Build/Products/Debug-watchos -Isystem /Applications/Xcode-27.0.0-Release.Candidate.app/Contents/Developer/Platforms/WatchOS.platform/Developer/usr/lib -F /Users/admin/builder/spi-builder-workspace/.derivedData/Build/Products/Debug-watchos/PackageFrameworks -F /Users/admin/builder/spi-builder-workspace/.derivedData/Build/Products/Debug-watchos -F /Applications/Xcode-27.0.0-Release.Candidate.app/Contents/Developer/Platforms/WatchOS.platform/Developer/Library/Frameworks -F /Applications/Xcode-27.0.0-Release.Candidate.app/Contents/Developer/Platforms/WatchOS.platform/Developer/SDKs/WatchOS27.0.sdk/Developer/Library/Frameworks -c -j10 -enable-batch-mode -incremental -Xcc -ivfsstatcache -Xcc /Users/admin/builder/spi-builder-workspace/.derivedData/SDKStatCaches.noindex/watchos27.0-24R360-e829b21a6f8c9b70876ba0858053c04477534ef55a1706bf4c1112bbb242f0a2.sdkstatcache -output-file-map /Users/admin/builder/spi-builder-workspace/.derivedData/Build/Intermediates.noindex/snap-dependencies.build/Debug-watchos/SnapDependencies-t.build/Objects-normal/arm64_32/SnapDependencies-OutputFileMap.json -save-temps -no-color-diagnostics -explicit-module-build -module-cache-path /Users/admin/builder/spi-builder-workspace/.derivedData/Build/Intermediates.noindex/SwiftExplicitPrecompiledModules -clang-scanner-module-cache-path /Users/admin/builder/spi-builder-workspace/.derivedData/ModuleCache.noindex -sdk-module-cache-path /Users/admin/builder/spi-builder-workspace/.derivedData/SDKExplicitPrecompiledModules -emit-dependencies -emit-module -emit-module-path /Users/admin/builder/spi-builder-workspace/.derivedData/Build/Intermediates.noindex/snap-dependencies.build/Debug-watchos/SnapDependencies-t.build/Objects-normal/arm64_32/SnapDependencies.swiftmodule -serialize-diagnostics -dependency-scan-serialize-diagnostics-path /Users/admin/builder/spi-builder-workspace/.derivedData/Build/Intermediates.noindex/snap-dependencies.build/Debug-watchos/SnapDependencies-t.build/Objects-normal/arm64_32/SnapDependencies-dependency-scan.dia -validate-clang-modules-once -clang-build-session-file /Users/admin/builder/spi-builder-workspace/.derivedData/ModuleCache.noindex/Session.modulevalidation -Xcc -fmodules-prune-interval\=86400 -Xcc -fmodules-prune-after\=345600 -package-name snap_dependencies -emit-const-values -const-gather-protocols-list /Users/admin/builder/spi-builder-workspace/.derivedData/Build/Intermediates.noindex/snap-dependencies.build/Debug-watchos/SnapDependencies-t.build/Objects-normal/arm64_32/SnapDependencies_const_extract_protocols.json -Xcc -I/Users/admin/builder/spi-builder-workspace/.derivedData/Build/Products/Debug-watchos/include -Xcc -I/Users/admin/builder/spi-builder-workspace/.derivedData/Build/Intermediates.noindex/snap-dependencies.build/Debug-watchos/SnapDependencies-t.build/DerivedSources-normal/arm64_32 -Xcc -I/Users/admin/builder/spi-builder-workspace/.derivedData/Build/Intermediates.noindex/snap-dependencies.build/Debug-watchos/SnapDependencies-t.build/DerivedSources/arm64_32 -Xcc -I/Users/admin/builder/spi-builder-workspace/.derivedData/Build/Intermediates.noindex/snap-dependencies.build/Debug-watchos/SnapDependencies-t.build/DerivedSources -Xcc -DSWIFT_PACKAGE -Xcc -DDEBUG\=1 -emit-objc-header -emit-objc-header-path /Users/admin/builder/spi-builder-workspace/.derivedData/Build/Intermediates.noindex/snap-dependencies.build/Debug-watchos/SnapDependencies-t.build/Objects-normal/arm64_32/SnapDependencies-Swift.h -working-directory /Users/admin/builder/spi-builder-workspace/.swiftpm/xcode -experimental-emit-module-separately -disable-cmo
SwiftDriver SnapDependencies normal arm64 com.apple.xcode.tools.swift.compiler (in target 'SnapDependencies' from project 'snap-dependencies')
    cd /Users/admin/builder/spi-builder-workspace/.swiftpm/xcode
    builtin-SwiftDriver -- /Applications/Xcode-27.0.0-Release.Candidate.app/Contents/Developer/Toolchains/XcodeDefault.xctoolchain/usr/bin/swiftc -parse-as-library -module-name SnapDependencies -Onone @/Users/admin/builder/spi-builder-workspace/.derivedData/Build/Intermediates.noindex/snap-dependencies.build/Debug-watchos/SnapDependencies-t.build/Objects-normal/arm64/SnapDependencies.SwiftFileList -DSWIFT_PACKAGE -DDEBUG -DSWIFT_MODULE_RESOURCE_BUNDLE_UNAVAILABLE -DXcode -plugin-path /Applications/Xcode-27.0.0-Release.Candidate.app/Contents/Developer/Toolchains/XcodeDefault.xctoolchain/usr/lib/swift/host/plugins/testing -enable-experimental-feature DebugDescriptionMacro -sdk /Applications/Xcode-27.0.0-Release.Candidate.app/Contents/Developer/Platforms/WatchOS.platform/Developer/SDKs/WatchOS27.0.sdk -target arm64-apple-watchos11.0 -g -module-cache-path /Users/admin/builder/spi-builder-workspace/.derivedData/ModuleCache.noindex -Xfrontend -serialize-debugging-options -enable-testing -suppress-warnings -index-store-path /Users/admin/builder/spi-builder-workspace/.derivedData/Index.noindex/DataStore -Xcc -D_LIBCPP_HARDENING_MODE\=_LIBCPP_HARDENING_MODE_DEBUG -swift-version 6 -I /Users/admin/builder/spi-builder-workspace/.derivedData/Build/Products/Debug-watchos -Isystem /Applications/Xcode-27.0.0-Release.Candidate.app/Contents/Developer/Platforms/WatchOS.platform/Developer/usr/lib -F /Users/admin/builder/spi-builder-workspace/.derivedData/Build/Products/Debug-watchos/PackageFrameworks -F /Users/admin/builder/spi-builder-workspace/.derivedData/Build/Products/Debug-watchos -F /Applications/Xcode-27.0.0-Release.Candidate.app/Contents/Developer/Platforms/WatchOS.platform/Developer/Library/Frameworks -F /Applications/Xcode-27.0.0-Release.Candidate.app/Contents/Developer/Platforms/WatchOS.platform/Developer/SDKs/WatchOS27.0.sdk/Developer/Library/Frameworks -c -j10 -enable-batch-mode -incremental -Xcc -ivfsstatcache -Xcc /Users/admin/builder/spi-builder-workspace/.derivedData/SDKStatCaches.noindex/watchos27.0-24R360-e829b21a6f8c9b70876ba0858053c04477534ef55a1706bf4c1112bbb242f0a2.sdkstatcache -output-file-map /Users/admin/builder/spi-builder-workspace/.derivedData/Build/Intermediates.noindex/snap-dependencies.build/Debug-watchos/SnapDependencies-t.build/Objects-normal/arm64/SnapDependencies-OutputFileMap.json -save-temps -no-color-diagnostics -explicit-module-build -module-cache-path /Users/admin/builder/spi-builder-workspace/.derivedData/Build/Intermediates.noindex/SwiftExplicitPrecompiledModules -clang-scanner-module-cache-path /Users/admin/builder/spi-builder-workspace/.derivedData/ModuleCache.noindex -sdk-module-cache-path /Users/admin/builder/spi-builder-workspace/.derivedData/SDKExplicitPrecompiledModules -emit-dependencies -emit-module -emit-module-path /Users/admin/builder/spi-builder-workspace/.derivedData/Build/Intermediates.noindex/snap-dependencies.build/Debug-watchos/SnapDependencies-t.build/Objects-normal/arm64/SnapDependencies.swiftmodule -serialize-diagnostics -dependency-scan-serialize-diagnostics-path /Users/admin/builder/spi-builder-workspace/.derivedData/Build/Intermediates.noindex/snap-dependencies.build/Debug-watchos/SnapDependencies-t.build/Objects-normal/arm64/SnapDependencies-dependency-scan.dia -validate-clang-modules-once -clang-build-session-file /Users/admin/builder/spi-builder-workspace/.derivedData/ModuleCache.noindex/Session.modulevalidation -Xcc -fmodules-prune-interval\=86400 -Xcc -fmodules-prune-after\=345600 -package-name snap_dependencies -emit-const-values -const-gather-protocols-list /Users/admin/builder/spi-builder-workspace/.derivedData/Build/Intermediates.noindex/snap-dependencies.build/Debug-watchos/SnapDependencies-t.build/Objects-normal/arm64/SnapDependencies_const_extract_protocols.json -Xcc -I/Users/admin/builder/spi-builder-workspace/.derivedData/Build/Products/Debug-watchos/include -Xcc -I/Users/admin/builder/spi-builder-workspace/.derivedData/Build/Intermediates.noindex/snap-dependencies.build/Debug-watchos/SnapDependencies-t.build/DerivedSources-normal/arm64 -Xcc -I/Users/admin/builder/spi-builder-workspace/.derivedData/Build/Intermediates.noindex/snap-dependencies.build/Debug-watchos/SnapDependencies-t.build/DerivedSources/arm64 -Xcc -I/Users/admin/builder/spi-builder-workspace/.derivedData/Build/Intermediates.noindex/snap-dependencies.build/Debug-watchos/SnapDependencies-t.build/DerivedSources -Xcc -DSWIFT_PACKAGE -Xcc -DDEBUG\=1 -emit-objc-header -emit-objc-header-path /Users/admin/builder/spi-builder-workspace/.derivedData/Build/Intermediates.noindex/snap-dependencies.build/Debug-watchos/SnapDependencies-t.build/Objects-normal/arm64/SnapDependencies-Swift.h -working-directory /Users/admin/builder/spi-builder-workspace/.swiftpm/xcode -experimental-emit-module-separately -disable-cmo
SwiftDriver SnapCore normal arm64 com.apple.xcode.tools.swift.compiler (in target 'SnapCore' from project 'snap-core')
    cd /Users/admin/builder/spi-builder-workspace/.swiftpm/xcode
    builtin-SwiftDriver -- /Applications/Xcode-27.0.0-Release.Candidate.app/Contents/Developer/Toolchains/XcodeDefault.xctoolchain/usr/bin/swiftc -parse-as-library -module-name SnapCore -Onone @/Users/admin/builder/spi-builder-workspace/.derivedData/Build/Intermediates.noindex/snap-core.build/Debug-watchos/SnapCore-t.build/Objects-normal/arm64/SnapCore.SwiftFileList -DSWIFT_PACKAGE -DDEBUG -DSWIFT_MODULE_RESOURCE_BUNDLE_UNAVAILABLE -DXcode -plugin-path /Applications/Xcode-27.0.0-Release.Candidate.app/Contents/Developer/Toolchains/XcodeDefault.xctoolchain/usr/lib/swift/host/plugins/testing -enable-experimental-feature DebugDescriptionMacro -sdk /Applications/Xcode-27.0.0-Release.Candidate.app/Contents/Developer/Platforms/WatchOS.platform/Developer/SDKs/WatchOS27.0.sdk -target arm64-apple-watchos10.0 -g -module-cache-path /Users/admin/builder/spi-builder-workspace/.derivedData/ModuleCache.noindex -Xfrontend -serialize-debugging-options -enable-testing -suppress-warnings -index-store-path /Users/admin/builder/spi-builder-workspace/.derivedData/Index.noindex/DataStore -Xcc -D_LIBCPP_HARDENING_MODE\=_LIBCPP_HARDENING_MODE_DEBUG -swift-version 6 -I /Users/admin/builder/spi-builder-workspace/.derivedData/Build/Products/Debug-watchos -Isystem /Applications/Xcode-27.0.0-Release.Candidate.app/Contents/Developer/Platforms/WatchOS.platform/Developer/usr/lib -F /Users/admin/builder/spi-builder-workspace/.derivedData/Build/Products/Debug-watchos/PackageFrameworks -F /Users/admin/builder/spi-builder-workspace/.derivedData/Build/Products/Debug-watchos -F /Applications/Xcode-27.0.0-Release.Candidate.app/Contents/Developer/Platforms/WatchOS.platform/Developer/Library/Frameworks -F /Applications/Xcode-27.0.0-Release.Candidate.app/Contents/Developer/Platforms/WatchOS.platform/Developer/SDKs/WatchOS27.0.sdk/Developer/Library/Frameworks -c -j10 -enable-batch-mode -incremental -Xcc -ivfsstatcache -Xcc /Users/admin/builder/spi-builder-workspace/.derivedData/SDKStatCaches.noindex/watchos27.0-24R360-e829b21a6f8c9b70876ba0858053c04477534ef55a1706bf4c1112bbb242f0a2.sdkstatcache -output-file-map /Users/admin/builder/spi-builder-workspace/.derivedData/Build/Intermediates.noindex/snap-core.build/Debug-watchos/SnapCore-t.build/Objects-normal/arm64/SnapCore-OutputFileMap.json -save-temps -no-color-diagnostics -explicit-module-build -module-cache-path /Users/admin/builder/spi-builder-workspace/.derivedData/Build/Intermediates.noindex/SwiftExplicitPrecompiledModules -clang-scanner-module-cache-path /Users/admin/builder/spi-builder-workspace/.derivedData/ModuleCache.noindex -sdk-module-cache-path /Users/admin/builder/spi-builder-workspace/.derivedData/SDKExplicitPrecompiledModules -emit-dependencies -emit-module -emit-module-path /Users/admin/builder/spi-builder-workspace/.derivedData/Build/Intermediates.noindex/snap-core.build/Debug-watchos/SnapCore-t.build/Objects-normal/arm64/SnapCore.swiftmodule -serialize-diagnostics -dependency-scan-serialize-diagnostics-path /Users/admin/builder/spi-builder-workspace/.derivedData/Build/Intermediates.noindex/snap-core.build/Debug-watchos/SnapCore-t.build/Objects-normal/arm64/SnapCore-dependency-scan.dia -validate-clang-modules-once -clang-build-session-file /Users/admin/builder/spi-builder-workspace/.derivedData/ModuleCache.noindex/Session.modulevalidation -Xcc -fmodules-prune-interval\=86400 -Xcc -fmodules-prune-after\=345600 -package-name snap_core -emit-const-values -const-gather-protocols-list /Users/admin/builder/spi-builder-workspace/.derivedData/Build/Intermediates.noindex/snap-core.build/Debug-watchos/SnapCore-t.build/Objects-normal/arm64/SnapCore_const_extract_protocols.json -Xcc -I/Users/admin/builder/spi-builder-workspace/.derivedData/Build/Products/Debug-watchos/include -Xcc -I/Users/admin/builder/spi-builder-workspace/.derivedData/Build/Intermediates.noindex/snap-core.build/Debug-watchos/SnapCore-t.build/DerivedSources-normal/arm64 -Xcc -I/Users/admin/builder/spi-builder-workspace/.derivedData/Build/Intermediates.noindex/snap-core.build/Debug-watchos/SnapCore-t.build/DerivedSources/arm64 -Xcc -I/Users/admin/builder/spi-builder-workspace/.derivedData/Build/Intermediates.noindex/snap-core.build/Debug-watchos/SnapCore-t.build/DerivedSources -Xcc -DSWIFT_PACKAGE -Xcc -DDEBUG\=1 -emit-objc-header -emit-objc-header-path /Users/admin/builder/spi-builder-workspace/.derivedData/Build/Intermediates.noindex/snap-core.build/Debug-watchos/SnapCore-t.build/Objects-normal/arm64/SnapCore-Swift.h -working-directory /Users/admin/builder/spi-builder-workspace/.swiftpm/xcode -experimental-emit-module-separately -disable-cmo
SwiftDriverJobDiscovery normal arm64 Compiling FontDesign+CaseIterable.swift, FontDesign+Description.swift (in target 'SnapFoundation' from project 'snap-foundation')
SwiftDriver SnapCore normal arm64_32 com.apple.xcode.tools.swift.compiler (in target 'SnapCore' from project 'snap-core')
    cd /Users/admin/builder/spi-builder-workspace/.swiftpm/xcode
    builtin-SwiftDriver -- /Applications/Xcode-27.0.0-Release.Candidate.app/Contents/Developer/Toolchains/XcodeDefault.xctoolchain/usr/bin/swiftc -parse-as-library -module-name SnapCore -Onone @/Users/admin/builder/spi-builder-workspace/.derivedData/Build/Intermediates.noindex/snap-core.build/Debug-watchos/SnapCore-t.build/Objects-normal/arm64_32/SnapCore.SwiftFileList -DSWIFT_PACKAGE -DDEBUG -DSWIFT_MODULE_RESOURCE_BUNDLE_UNAVAILABLE -DXcode -plugin-path /Applications/Xcode-27.0.0-Release.Candidate.app/Contents/Developer/Toolchains/XcodeDefault.xctoolchain/usr/lib/swift/host/plugins/testing -enable-experimental-feature DebugDescriptionMacro -sdk /Applications/Xcode-27.0.0-Release.Candidate.app/Contents/Developer/Platforms/WatchOS.platform/Developer/SDKs/WatchOS27.0.sdk -target arm64_32-apple-watchos10.0 -g -module-cache-path /Users/admin/builder/spi-builder-workspace/.derivedData/ModuleCache.noindex -Xfrontend -serialize-debugging-options -enable-testing -suppress-warnings -index-store-path /Users/admin/builder/spi-builder-workspace/.derivedData/Index.noindex/DataStore -Xcc -D_LIBCPP_HARDENING_MODE\=_LIBCPP_HARDENING_MODE_DEBUG -swift-version 6 -I /Users/admin/builder/spi-builder-workspace/.derivedData/Build/Products/Debug-watchos -Isystem /Applications/Xcode-27.0.0-Release.Candidate.app/Contents/Developer/Platforms/WatchOS.platform/Developer/usr/lib -F /Users/admin/builder/spi-builder-workspace/.derivedData/Build/Products/Debug-watchos/PackageFrameworks -F /Users/admin/builder/spi-builder-workspace/.derivedData/Build/Products/Debug-watchos -F /Applications/Xcode-27.0.0-Release.Candidate.app/Contents/Developer/Platforms/WatchOS.platform/Developer/Library/Frameworks -F /Applications/Xcode-27.0.0-Release.Candidate.app/Contents/Developer/Platforms/WatchOS.platform/Developer/SDKs/WatchOS27.0.sdk/Developer/Library/Frameworks -c -j10 -enable-batch-mode -incremental -Xcc -ivfsstatcache -Xcc /Users/admin/builder/spi-builder-workspace/.derivedData/SDKStatCaches.noindex/watchos27.0-24R360-e829b21a6f8c9b70876ba0858053c04477534ef55a1706bf4c1112bbb242f0a2.sdkstatcache -output-file-map /Users/admin/builder/spi-builder-workspace/.derivedData/Build/Intermediates.noindex/snap-core.build/Debug-watchos/SnapCore-t.build/Objects-normal/arm64_32/SnapCore-OutputFileMap.json -save-temps -no-color-diagnostics -explicit-module-build -module-cache-path /Users/admin/builder/spi-builder-workspace/.derivedData/Build/Intermediates.noindex/SwiftExplicitPrecompiledModules -clang-scanner-module-cache-path /Users/admin/builder/spi-builder-workspace/.derivedData/ModuleCache.noindex -sdk-module-cache-path /Users/admin/builder/spi-builder-workspace/.derivedData/SDKExplicitPrecompiledModules -emit-dependencies -emit-module -emit-module-path /Users/admin/builder/spi-builder-workspace/.derivedData/Build/Intermediates.noindex/snap-core.build/Debug-watchos/SnapCore-t.build/Objects-normal/arm64_32/SnapCore.swiftmodule -serialize-diagnostics -dependency-scan-serialize-diagnostics-path /Users/admin/builder/spi-builder-workspace/.derivedData/Build/Intermediates.noindex/snap-core.build/Debug-watchos/SnapCore-t.build/Objects-normal/arm64_32/SnapCore-dependency-scan.dia -validate-clang-modules-once -clang-build-session-file /Users/admin/builder/spi-builder-workspace/.derivedData/ModuleCache.noindex/Session.modulevalidation -Xcc -fmodules-prune-interval\=86400 -Xcc -fmodules-prune-after\=345600 -package-name snap_core -emit-const-values -const-gather-protocols-list /Users/admin/builder/spi-builder-workspace/.derivedData/Build/Intermediates.noindex/snap-core.build/Debug-watchos/SnapCore-t.build/Objects-normal/arm64_32/SnapCore_const_extract_protocols.json -Xcc -I/Users/admin/builder/spi-builder-workspace/.derivedData/Build/Products/Debug-watchos/include -Xcc -I/Users/admin/builder/spi-builder-workspace/.derivedData/Build/Intermediates.noindex/snap-core.build/Debug-watchos/SnapCore-t.build/DerivedSources-normal/arm64_32 -Xcc -I/Users/admin/builder/spi-builder-workspace/.derivedData/Build/Intermediates.noindex/snap-core.build/Debug-watchos/SnapCore-t.build/DerivedSources/arm64_32 -Xcc -I/Users/admin/builder/spi-builder-workspace/.derivedData/Build/Intermediates.noindex/snap-core.build/Debug-watchos/SnapCore-t.build/DerivedSources -Xcc -DSWIFT_PACKAGE -Xcc -DDEBUG\=1 -emit-objc-header -emit-objc-header-path /Users/admin/builder/spi-builder-workspace/.derivedData/Build/Intermediates.noindex/snap-core.build/Debug-watchos/SnapCore-t.build/Objects-normal/arm64_32/SnapCore-Swift.h -working-directory /Users/admin/builder/spi-builder-workspace/.swiftpm/xcode -experimental-emit-module-separately -disable-cmo
SwiftDriverJobDiscovery normal arm64 Compiling OSLog+Logger.swift, ProcessInfo+isPreview.swift (in target 'SnapFoundation' from project 'snap-foundation')
SwiftDriverJobDiscovery normal arm64 Compiling Font.Weight+UIFont.Weight.swift, Font.Width+UIFont.Width.swift (in target 'SnapFoundation' from project 'snap-foundation')
SwiftDriver\ Compilation SnapFoundation normal arm64 com.apple.xcode.tools.swift.compiler (in target 'SnapFoundation' from project 'snap-foundation')
    cd /Users/admin/builder/spi-builder-workspace/.swiftpm/xcode
    builtin-Swift-Compilation -- /Applications/Xcode-27.0.0-Release.Candidate.app/Contents/Developer/Toolchains/XcodeDefault.xctoolchain/usr/bin/swiftc -parse-as-library -module-name SnapFoundation -Onone @/Users/admin/builder/spi-builder-workspace/.derivedData/Build/Intermediates.noindex/snap-foundation.build/Debug-watchos/SnapFoundation-t.build/Objects-normal/arm64/SnapFoundation.SwiftFileList -DSWIFT_PACKAGE -DDEBUG -DSWIFT_MODULE_RESOURCE_BUNDLE_UNAVAILABLE -DXcode -plugin-path /Applications/Xcode-27.0.0-Release.Candidate.app/Contents/Developer/Toolchains/XcodeDefault.xctoolchain/usr/lib/swift/host/plugins/testing -enable-experimental-feature DebugDescriptionMacro -sdk /Applications/Xcode-27.0.0-Release.Candidate.app/Contents/Developer/Platforms/WatchOS.platform/Developer/SDKs/WatchOS27.0.sdk -target arm64-apple-watchos9.0 -g -module-cache-path /Users/admin/builder/spi-builder-workspace/.derivedData/ModuleCache.noindex -Xfrontend -serialize-debugging-options -enable-testing -suppress-warnings -index-store-path /Users/admin/builder/spi-builder-workspace/.derivedData/Index.noindex/DataStore -Xcc -D_LIBCPP_HARDENING_MODE\=_LIBCPP_HARDENING_MODE_DEBUG -swift-version 6 -I /Users/admin/builder/spi-builder-workspace/.derivedData/Build/Products/Debug-watchos -Isystem /Applications/Xcode-27.0.0-Release.Candidate.app/Contents/Developer/Platforms/WatchOS.platform/Developer/usr/lib -F /Users/admin/builder/spi-builder-workspace/.derivedData/Build/Products/Debug-watchos -F /Applications/Xcode-27.0.0-Release.Candidate.app/Contents/Developer/Platforms/WatchOS.platform/Developer/Library/Frameworks -F /Applications/Xcode-27.0.0-Release.Candidate.app/Contents/Developer/Platforms/WatchOS.platform/Developer/SDKs/WatchOS27.0.sdk/Developer/Library/Frameworks -c -j10 -enable-batch-mode -incremental -Xcc -ivfsstatcache -Xcc /Users/admin/builder/spi-builder-workspace/.derivedData/SDKStatCaches.noindex/watchos27.0-24R360-e829b21a6f8c9b70876ba0858053c04477534ef55a1706bf4c1112bbb242f0a2.sdkstatcache -output-file-map /Users/admin/builder/spi-builder-workspace/.derivedData/Build/Intermediates.noindex/snap-foundation.build/Debug-watchos/SnapFoundation-t.build/Objects-normal/arm64/SnapFoundation-OutputFileMap.json -save-temps -no-color-diagnostics -explicit-module-build -module-cache-path /Users/admin/builder/spi-builder-workspace/.derivedData/Build/Intermediates.noindex/SwiftExplicitPrecompiledModules -clang-scanner-module-cache-path /Users/admin/builder/spi-builder-workspace/.derivedData/ModuleCache.noindex -sdk-module-cache-path /Users/admin/builder/spi-builder-workspace/.derivedData/SDKExplicitPrecompiledModules -emit-dependencies -emit-module -emit-module-path /Users/admin/builder/spi-builder-workspace/.derivedData/Build/Intermediates.noindex/snap-foundation.build/Debug-watchos/SnapFoundation-t.build/Objects-normal/arm64/SnapFoundation.swiftmodule -serialize-diagnostics -dependency-scan-serialize-diagnostics-path /Users/admin/builder/spi-builder-workspace/.derivedData/Build/Intermediates.noindex/snap-foundation.build/Debug-watchos/SnapFoundation-t.build/Objects-normal/arm64/SnapFoundation-dependency-scan.dia -validate-clang-modules-once -clang-build-session-file /Users/admin/builder/spi-builder-workspace/.derivedData/ModuleCache.noindex/Session.modulevalidation -Xcc -fmodules-prune-interval\=86400 -Xcc -fmodules-prune-after\=345600 -package-name snap_foundation -emit-const-values -const-gather-protocols-list /Users/admin/builder/spi-builder-workspace/.derivedData/Build/Intermediates.noindex/snap-foundation.build/Debug-watchos/SnapFoundation-t.build/Objects-normal/arm64/SnapFoundation_const_extract_protocols.json -Xcc -I/Users/admin/builder/spi-builder-workspace/.derivedData/Build/Products/Debug-watchos/include -Xcc -I/Users/admin/builder/spi-builder-workspace/.derivedData/Build/Intermediates.noindex/snap-foundation.build/Debug-watchos/SnapFoundation-t.build/DerivedSources-normal/arm64 -Xcc -I/Users/admin/builder/spi-builder-workspace/.derivedData/Build/Intermediates.noindex/snap-foundation.build/Debug-watchos/SnapFoundation-t.build/DerivedSources/arm64 -Xcc -I/Users/admin/builder/spi-builder-workspace/.derivedData/Build/Intermediates.noindex/snap-foundation.build/Debug-watchos/SnapFoundation-t.build/DerivedSources -Xcc -DSWIFT_PACKAGE -Xcc -DDEBUG\=1 -emit-objc-header -emit-objc-header-path /Users/admin/builder/spi-builder-workspace/.derivedData/Build/Intermediates.noindex/snap-foundation.build/Debug-watchos/SnapFoundation-t.build/Objects-normal/arm64/SnapFoundation-Swift.h -working-directory /Users/admin/builder/spi-builder-workspace/.swiftpm/xcode -experimental-emit-module-separately -disable-cmo
Ld /Users/admin/builder/spi-builder-workspace/.derivedData/Build/Intermediates.noindex/snap-foundation.build/Debug-watchos/SnapFoundation-t.build/Objects-normal/arm64/Binary/SnapFoundation.o normal arm64 (in target 'SnapFoundation' from project 'snap-foundation')
    cd /Users/admin/builder/spi-builder-workspace/.dependencies/checkouts/snap-foundation
    /Applications/Xcode-27.0.0-Release.Candidate.app/Contents/Developer/Toolchains/XcodeDefault.xctoolchain/usr/bin/clang -Xlinker -reproducible -target arm64-apple-watchos9.0 -r -isysroot /Applications/Xcode-27.0.0-Release.Candidate.app/Contents/Developer/Platforms/WatchOS.platform/Developer/SDKs/WatchOS27.0.sdk -O0 -w -Xlinker -no_warn_duplicate_libraries -F/Users/admin/builder/spi-builder-workspace/.derivedData/Build/Intermediates.noindex/EagerLinkingTBDs/Debug-watchos -F/Users/admin/builder/spi-builder-workspace/.derivedData/Build/Products/Debug-watchos -iframework /Applications/Xcode-27.0.0-Release.Candidate.app/Contents/Developer/Platforms/WatchOS.platform/Developer/Library/Frameworks -iframework /Applications/Xcode-27.0.0-Release.Candidate.app/Contents/Developer/Platforms/WatchOS.platform/Developer/SDKs/WatchOS27.0.sdk/Developer/Library/Frameworks -filelist /Users/admin/builder/spi-builder-workspace/.derivedData/Build/Intermediates.noindex/snap-foundation.build/Debug-watchos/SnapFoundation-t.build/Objects-normal/arm64/SnapFoundation.LinkFileList -nostdlib -Xlinker -object_path_lto -Xlinker /Users/admin/builder/spi-builder-workspace/.derivedData/Build/Intermediates.noindex/snap-foundation.build/Debug-watchos/SnapFoundation-t.build/Objects-normal/arm64/SnapFoundation_lto.o -Xlinker -no_deduplicate -Xlinker -dependency_info -Xlinker /Users/admin/builder/spi-builder-workspace/.derivedData/Build/Intermediates.noindex/snap-foundation.build/Debug-watchos/SnapFoundation-t.build/Objects-normal/arm64/SnapFoundation_dependency_info.dat -fobjc-link-runtime -L/Applications/Xcode-27.0.0-Release.Candidate.app/Contents/Developer/Toolchains/XcodeDefault.xctoolchain/usr/lib/swift/watchos -L/usr/lib/swift -Xlinker -add_ast_path -Xlinker /Users/admin/builder/spi-builder-workspace/.derivedData/Build/Intermediates.noindex/snap-foundation.build/Debug-watchos/SnapFoundation-t.build/Objects-normal/arm64/SnapFoundation.swiftmodule -o /Users/admin/builder/spi-builder-workspace/.derivedData/Build/Intermediates.noindex/snap-foundation.build/Debug-watchos/SnapFoundation-t.build/Objects-normal/arm64/Binary/SnapFoundation.o
SwiftDriverJobDiscovery normal arm64_32 Compiling CGFloat+Rounding.swift, CGSize+Adjusted.swift, CGSize+Description.swift (in target 'SnapFoundation' from project 'snap-foundation')
SwiftDriver\ Compilation SnapFoundation normal arm64_32 com.apple.xcode.tools.swift.compiler (in target 'SnapFoundation' from project 'snap-foundation')
    cd /Users/admin/builder/spi-builder-workspace/.swiftpm/xcode
    builtin-Swift-Compilation -- /Applications/Xcode-27.0.0-Release.Candidate.app/Contents/Developer/Toolchains/XcodeDefault.xctoolchain/usr/bin/swiftc -parse-as-library -module-name SnapFoundation -Onone @/Users/admin/builder/spi-builder-workspace/.derivedData/Build/Intermediates.noindex/snap-foundation.build/Debug-watchos/SnapFoundation-t.build/Objects-normal/arm64_32/SnapFoundation.SwiftFileList -DSWIFT_PACKAGE -DDEBUG -DSWIFT_MODULE_RESOURCE_BUNDLE_UNAVAILABLE -DXcode -plugin-path /Applications/Xcode-27.0.0-Release.Candidate.app/Contents/Developer/Toolchains/XcodeDefault.xctoolchain/usr/lib/swift/host/plugins/testing -enable-experimental-feature DebugDescriptionMacro -sdk /Applications/Xcode-27.0.0-Release.Candidate.app/Contents/Developer/Platforms/WatchOS.platform/Developer/SDKs/WatchOS27.0.sdk -target arm64_32-apple-watchos9.0 -g -module-cache-path /Users/admin/builder/spi-builder-workspace/.derivedData/ModuleCache.noindex -Xfrontend -serialize-debugging-options -enable-testing -suppress-warnings -index-store-path /Users/admin/builder/spi-builder-workspace/.derivedData/Index.noindex/DataStore -Xcc -D_LIBCPP_HARDENING_MODE\=_LIBCPP_HARDENING_MODE_DEBUG -swift-version 6 -I /Users/admin/builder/spi-builder-workspace/.derivedData/Build/Products/Debug-watchos -Isystem /Applications/Xcode-27.0.0-Release.Candidate.app/Contents/Developer/Platforms/WatchOS.platform/Developer/usr/lib -F /Users/admin/builder/spi-builder-workspace/.derivedData/Build/Products/Debug-watchos -F /Applications/Xcode-27.0.0-Release.Candidate.app/Contents/Developer/Platforms/WatchOS.platform/Developer/Library/Frameworks -F /Applications/Xcode-27.0.0-Release.Candidate.app/Contents/Developer/Platforms/WatchOS.platform/Developer/SDKs/WatchOS27.0.sdk/Developer/Library/Frameworks -c -j10 -enable-batch-mode -incremental -Xcc -ivfsstatcache -Xcc /Users/admin/builder/spi-builder-workspace/.derivedData/SDKStatCaches.noindex/watchos27.0-24R360-e829b21a6f8c9b70876ba0858053c04477534ef55a1706bf4c1112bbb242f0a2.sdkstatcache -output-file-map /Users/admin/builder/spi-builder-workspace/.derivedData/Build/Intermediates.noindex/snap-foundation.build/Debug-watchos/SnapFoundation-t.build/Objects-normal/arm64_32/SnapFoundation-OutputFileMap.json -save-temps -no-color-diagnostics -explicit-module-build -module-cache-path /Users/admin/builder/spi-builder-workspace/.derivedData/Build/Intermediates.noindex/SwiftExplicitPrecompiledModules -clang-scanner-module-cache-path /Users/admin/builder/spi-builder-workspace/.derivedData/ModuleCache.noindex -sdk-module-cache-path /Users/admin/builder/spi-builder-workspace/.derivedData/SDKExplicitPrecompiledModules -emit-dependencies -emit-module -emit-module-path /Users/admin/builder/spi-builder-workspace/.derivedData/Build/Intermediates.noindex/snap-foundation.build/Debug-watchos/SnapFoundation-t.build/Objects-normal/arm64_32/SnapFoundation.swiftmodule -serialize-diagnostics -dependency-scan-serialize-diagnostics-path /Users/admin/builder/spi-builder-workspace/.derivedData/Build/Intermediates.noindex/snap-foundation.build/Debug-watchos/SnapFoundation-t.build/Objects-normal/arm64_32/SnapFoundation-dependency-scan.dia -validate-clang-modules-once -clang-build-session-file /Users/admin/builder/spi-builder-workspace/.derivedData/ModuleCache.noindex/Session.modulevalidation -Xcc -fmodules-prune-interval\=86400 -Xcc -fmodules-prune-after\=345600 -package-name snap_foundation -emit-const-values -const-gather-protocols-list /Users/admin/builder/spi-builder-workspace/.derivedData/Build/Intermediates.noindex/snap-foundation.build/Debug-watchos/SnapFoundation-t.build/Objects-normal/arm64_32/SnapFoundation_const_extract_protocols.json -Xcc -I/Users/admin/builder/spi-builder-workspace/.derivedData/Build/Products/Debug-watchos/include -Xcc -I/Users/admin/builder/spi-builder-workspace/.derivedData/Build/Intermediates.noindex/snap-foundation.build/Debug-watchos/SnapFoundation-t.build/DerivedSources-normal/arm64_32 -Xcc -I/Users/admin/builder/spi-builder-workspace/.derivedData/Build/Intermediates.noindex/snap-foundation.build/Debug-watchos/SnapFoundation-t.build/DerivedSources/arm64_32 -Xcc -I/Users/admin/builder/spi-builder-workspace/.derivedData/Build/Intermediates.noindex/snap-foundation.build/Debug-watchos/SnapFoundation-t.build/DerivedSources -Xcc -DSWIFT_PACKAGE -Xcc -DDEBUG\=1 -emit-objc-header -emit-objc-header-path /Users/admin/builder/spi-builder-workspace/.derivedData/Build/Intermediates.noindex/snap-foundation.build/Debug-watchos/SnapFoundation-t.build/Objects-normal/arm64_32/SnapFoundation-Swift.h -working-directory /Users/admin/builder/spi-builder-workspace/.swiftpm/xcode -experimental-emit-module-separately -disable-cmo
Ld /Users/admin/builder/spi-builder-workspace/.derivedData/Build/Intermediates.noindex/snap-foundation.build/Debug-watchos/SnapFoundation-t.build/Objects-normal/arm64_32/Binary/SnapFoundation.o normal arm64_32 (in target 'SnapFoundation' from project 'snap-foundation')
    cd /Users/admin/builder/spi-builder-workspace/.dependencies/checkouts/snap-foundation
    /Applications/Xcode-27.0.0-Release.Candidate.app/Contents/Developer/Toolchains/XcodeDefault.xctoolchain/usr/bin/clang -Xlinker -reproducible -target arm64_32-apple-watchos9.0 -r -isysroot /Applications/Xcode-27.0.0-Release.Candidate.app/Contents/Developer/Platforms/WatchOS.platform/Developer/SDKs/WatchOS27.0.sdk -O0 -w -Xlinker -no_warn_duplicate_libraries -F/Users/admin/builder/spi-builder-workspace/.derivedData/Build/Intermediates.noindex/EagerLinkingTBDs/Debug-watchos -F/Users/admin/builder/spi-builder-workspace/.derivedData/Build/Products/Debug-watchos -iframework /Applications/Xcode-27.0.0-Release.Candidate.app/Contents/Developer/Platforms/WatchOS.platform/Developer/Library/Frameworks -iframework /Applications/Xcode-27.0.0-Release.Candidate.app/Contents/Developer/Platforms/WatchOS.platform/Developer/SDKs/WatchOS27.0.sdk/Developer/Library/Frameworks -filelist /Users/admin/builder/spi-builder-workspace/.derivedData/Build/Intermediates.noindex/snap-foundation.build/Debug-watchos/SnapFoundation-t.build/Objects-normal/arm64_32/SnapFoundation.LinkFileList -nostdlib -Xlinker -object_path_lto -Xlinker /Users/admin/builder/spi-builder-workspace/.derivedData/Build/Intermediates.noindex/snap-foundation.build/Debug-watchos/SnapFoundation-t.build/Objects-normal/arm64_32/SnapFoundation_lto.o -Xlinker -no_deduplicate -Xlinker -dependency_info -Xlinker /Users/admin/builder/spi-builder-workspace/.derivedData/Build/Intermediates.noindex/snap-foundation.build/Debug-watchos/SnapFoundation-t.build/Objects-normal/arm64_32/SnapFoundation_dependency_info.dat -fobjc-link-runtime -L/Applications/Xcode-27.0.0-Release.Candidate.app/Contents/Developer/Toolchains/XcodeDefault.xctoolchain/usr/lib/swift/watchos -L/usr/lib/swift -Xlinker -add_ast_path -Xlinker /Users/admin/builder/spi-builder-workspace/.derivedData/Build/Intermediates.noindex/snap-foundation.build/Debug-watchos/SnapFoundation-t.build/Objects-normal/arm64_32/SnapFoundation.swiftmodule -o /Users/admin/builder/spi-builder-workspace/.derivedData/Build/Intermediates.noindex/snap-foundation.build/Debug-watchos/SnapFoundation-t.build/Objects-normal/arm64_32/Binary/SnapFoundation.o
CreateUniversalBinary /Users/admin/builder/spi-builder-workspace/.derivedData/Build/Products/Debug-watchos/SnapFoundation.o normal arm64\ arm64_32 (in target 'SnapFoundation' from project 'snap-foundation')
    cd /Users/admin/builder/spi-builder-workspace/.dependencies/checkouts/snap-foundation
    /Applications/Xcode-27.0.0-Release.Candidate.app/Contents/Developer/Toolchains/XcodeDefault.xctoolchain/usr/bin/lipo -create /Users/admin/builder/spi-builder-workspace/.derivedData/Build/Intermediates.noindex/snap-foundation.build/Debug-watchos/SnapFoundation-t.build/Objects-normal/arm64/Binary/SnapFoundation.o /Users/admin/builder/spi-builder-workspace/.derivedData/Build/Intermediates.noindex/snap-foundation.build/Debug-watchos/SnapFoundation-t.build/Objects-normal/arm64_32/Binary/SnapFoundation.o -output /Users/admin/builder/spi-builder-workspace/.derivedData/Build/Products/Debug-watchos/SnapFoundation.o
ExtractAppIntentsMetadata (in target 'SnapFoundation' from project 'snap-foundation')
    cd /Users/admin/builder/spi-builder-workspace/.dependencies/checkouts/snap-foundation
    /Applications/Xcode-27.0.0-Release.Candidate.app/Contents/Developer/Toolchains/XcodeDefault.xctoolchain/usr/bin/appintentsmetadataprocessor --toolchain-dir /var/run/com.apple.security.cryptexd/mnt/com.apple.MobileAsset.MetalToolchain-v27.1.266.1.dgsCmI/Metal.xctoolchain --module-name SnapFoundation --sdk-root /Applications/Xcode-27.0.0-Release.Candidate.app/Contents/Developer/Platforms/WatchOS.platform/Developer/SDKs/WatchOS27.0.sdk --xcode-version 27A266a --platform-family watchOS --deployment-target 9.0 --bundle-identifier snap-foundation.SnapFoundation --output /Users/admin/builder/spi-builder-workspace/.derivedData/Build/Products/Debug-watchos/SnapFoundation.appintents --target-triple arm64-apple-watchos9.0 --target-triple arm64_32-apple-watchos9.0 --binary-file /Users/admin/builder/spi-builder-workspace/.derivedData/Build/Products/Debug-watchos/SnapFoundation.o --dependency-file /Users/admin/builder/spi-builder-workspace/.derivedData/Build/Intermediates.noindex/snap-foundation.build/Debug-watchos/SnapFoundation-t.build/Objects-normal/arm64/SnapFoundation_dependency_info.dat --dependency-file /Users/admin/builder/spi-builder-workspace/.derivedData/Build/Intermediates.noindex/snap-foundation.build/Debug-watchos/SnapFoundation-t.build/Objects-normal/arm64_32/SnapFoundation_dependency_info.dat --stringsdata-file /Users/admin/builder/spi-builder-workspace/.derivedData/Build/Intermediates.noindex/snap-foundation.build/Debug-watchos/SnapFoundation-t.build/Objects-normal/arm64/ExtractedAppShortcutsMetadata.stringsdata --stringsdata-file /Users/admin/builder/spi-builder-workspace/.derivedData/Build/Intermediates.noindex/snap-foundation.build/Debug-watchos/SnapFoundation-t.build/Objects-normal/arm64_32/ExtractedAppShortcutsMetadata.stringsdata --source-file-list /Users/admin/builder/spi-builder-workspace/.derivedData/Build/Intermediates.noindex/snap-foundation.build/Debug-watchos/SnapFoundation-t.build/Objects-normal/arm64/SnapFoundation.SwiftFileList --source-file-list /Users/admin/builder/spi-builder-workspace/.derivedData/Build/Intermediates.noindex/snap-foundation.build/Debug-watchos/SnapFoundation-t.build/Objects-normal/arm64_32/SnapFoundation.SwiftFileList --metadata-file-list /Users/admin/builder/spi-builder-workspace/.derivedData/Build/Intermediates.noindex/snap-foundation.build/Debug-watchos/SnapFoundation-t.build/SnapFoundation.DependencyMetadataFileList --static-metadata-file-list /Users/admin/builder/spi-builder-workspace/.derivedData/Build/Intermediates.noindex/snap-foundation.build/Debug-watchos/SnapFoundation-t.build/SnapFoundation.DependencyStaticMetadataFileList --swift-const-vals-list /Users/admin/builder/spi-builder-workspace/.derivedData/Build/Intermediates.noindex/snap-foundation.build/Debug-watchos/SnapFoundation-t.build/Objects-normal/arm64/SnapFoundation.SwiftConstValuesFileList --swift-const-vals-list /Users/admin/builder/spi-builder-workspace/.derivedData/Build/Intermediates.noindex/snap-foundation.build/Debug-watchos/SnapFoundation-t.build/Objects-normal/arm64_32/SnapFoundation.SwiftConstValuesFileList --force --compile-time-extraction --deployment-aware-processing --no-app-shortcuts-localization
2026-09-21 06:29:29.999 appintentsmetadataprocessor[1079:6390] Starting appintentsmetadataprocessor export
2026-09-21 06:29:30.103 appintentsmetadataprocessor[1079:6390] Extracted no relevant App Intents symbols, skipping writing output
SwiftCompile normal arm64 Compiling\ Logger.swift /Users/admin/builder/spi-builder-workspace/.dependencies/checkouts/snap-dependencies/Sources/SnapDependencies/Helper/Logger.swift (in target 'SnapDependencies' from project 'snap-dependencies')
SwiftCompile normal arm64 /Users/admin/builder/spi-builder-workspace/.dependencies/checkouts/snap-dependencies/Sources/SnapDependencies/Helper/Logger.swift (in target 'SnapDependencies' from project 'snap-dependencies')
    cd /Users/admin/builder/spi-builder-workspace/.swiftpm/xcode
    builtin-SwiftPerFileCompile Logger.swift
SwiftCompile normal arm64 Compiling\ Dependencies+Container+Key.swift /Users/admin/builder/spi-builder-workspace/.dependencies/checkouts/snap-dependencies/Sources/SnapDependencies/Dependencies+Container+Key.swift (in target 'SnapDependencies' from project 'snap-dependencies')
SwiftCompile normal arm64 /Users/admin/builder/spi-builder-workspace/.dependencies/checkouts/snap-dependencies/Sources/SnapDependencies/Dependencies+Container+Key.swift (in target 'SnapDependencies' from project 'snap-dependencies')
    cd /Users/admin/builder/spi-builder-workspace/.swiftpm/xcode
    builtin-SwiftPerFileCompile Dependencies+Container+Key.swift
SwiftEmitModule normal arm64 Emitting\ module\ for\ SnapDependencies (in target 'SnapDependencies' from project 'snap-dependencies')
SwiftCompile normal arm64 (in target 'SnapDependencies' from project 'snap-dependencies')
    cd /Users/admin/builder/spi-builder-workspace/.swiftpm/xcode

SwiftCompile normal arm64 Compiling\ Dependency+PropertyWrapper.swift /Users/admin/builder/spi-builder-workspace/.dependencies/checkouts/snap-dependencies/Sources/SnapDependencies/Dependency+PropertyWrapper.swift (in target 'SnapDependencies' from project 'snap-dependencies')
SwiftCompile normal arm64 /Users/admin/builder/spi-builder-workspace/.dependencies/checkouts/snap-dependencies/Sources/SnapDependencies/Dependency+PropertyWrapper.swift (in target 'SnapDependencies' from project 'snap-dependencies')
    cd /Users/admin/builder/spi-builder-workspace/.swiftpm/xcode
    builtin-SwiftPerFileCompile Dependency+PropertyWrapper.swift
SwiftEmitModule normal arm64_32 Emitting\ module\ for\ SnapDependencies (in target 'SnapDependencies' from project 'snap-dependencies')
SwiftCompile normal arm64_32 (in target 'SnapDependencies' from project 'snap-dependencies')
    cd /Users/admin/builder/spi-builder-workspace/.swiftpm/xcode

SwiftDriverJobDiscovery normal arm64 Compiling Logger.swift (in target 'SnapDependencies' from project 'snap-dependencies')
SwiftCompile normal arm64_32 Compiling\ Logger.swift /Users/admin/builder/spi-builder-workspace/.dependencies/checkouts/snap-dependencies/Sources/SnapDependencies/Helper/Logger.swift (in target 'SnapDependencies' from project 'snap-dependencies')
SwiftCompile normal arm64_32 /Users/admin/builder/spi-builder-workspace/.dependencies/checkouts/snap-dependencies/Sources/SnapDependencies/Helper/Logger.swift (in target 'SnapDependencies' from project 'snap-dependencies')
    cd /Users/admin/builder/spi-builder-workspace/.swiftpm/xcode
    builtin-SwiftPerFileCompile Logger.swift
SwiftDriverJobDiscovery normal arm64 Compiling Dependencies+Container+Key.swift (in target 'SnapDependencies' from project 'snap-dependencies')
SwiftCompile normal arm64_32 Compiling\ DependencyForwardingFactory.swift /Users/admin/builder/spi-builder-workspace/.dependencies/checkouts/snap-dependencies/Sources/SnapDependencies/DependencyForwardingFactory.swift (in target 'SnapDependencies' from project 'snap-dependencies')
SwiftCompile normal arm64_32 /Users/admin/builder/spi-builder-workspace/.dependencies/checkouts/snap-dependencies/Sources/SnapDependencies/DependencyForwardingFactory.swift (in target 'SnapDependencies' from project 'snap-dependencies')
    cd /Users/admin/builder/spi-builder-workspace/.swiftpm/xcode
    builtin-SwiftPerFileCompile DependencyForwardingFactory.swift
SwiftDriverJobDiscovery normal arm64 Emitting module for SnapDependencies (in target 'SnapDependencies' from project 'snap-dependencies')
SwiftCompile normal arm64_32 Compiling\ Dependencies.swift /Users/admin/builder/spi-builder-workspace/.dependencies/checkouts/snap-dependencies/Sources/SnapDependencies/Dependencies.swift (in target 'SnapDependencies' from project 'snap-dependencies')
SwiftCompile normal arm64_32 /Users/admin/builder/spi-builder-workspace/.dependencies/checkouts/snap-dependencies/Sources/SnapDependencies/Dependencies.swift (in target 'SnapDependencies' from project 'snap-dependencies')
    cd /Users/admin/builder/spi-builder-workspace/.swiftpm/xcode
    builtin-SwiftPerFileCompile Dependencies.swift
SwiftDriverJobDiscovery normal arm64 Compiling Dependency+PropertyWrapper.swift (in target 'SnapDependencies' from project 'snap-dependencies')
SwiftDriver\ Compilation\ Requirements SnapDependencies normal arm64 com.apple.xcode.tools.swift.compiler (in target 'SnapDependencies' from project 'snap-dependencies')
    cd /Users/admin/builder/spi-builder-workspace/.swiftpm/xcode
    builtin-Swift-Compilation-Requirements -- /Applications/Xcode-27.0.0-Release.Candidate.app/Contents/Developer/Toolchains/XcodeDefault.xctoolchain/usr/bin/swiftc -parse-as-library -module-name SnapDependencies -Onone @/Users/admin/builder/spi-builder-workspace/.derivedData/Build/Intermediates.noindex/snap-dependencies.build/Debug-watchos/SnapDependencies-t.build/Objects-normal/arm64/SnapDependencies.SwiftFileList -DSWIFT_PACKAGE -DDEBUG -DSWIFT_MODULE_RESOURCE_BUNDLE_UNAVAILABLE -DXcode -plugin-path /Applications/Xcode-27.0.0-Release.Candidate.app/Contents/Developer/Toolchains/XcodeDefault.xctoolchain/usr/lib/swift/host/plugins/testing -enable-experimental-feature DebugDescriptionMacro -sdk /Applications/Xcode-27.0.0-Release.Candidate.app/Contents/Developer/Platforms/WatchOS.platform/Developer/SDKs/WatchOS27.0.sdk -target arm64-apple-watchos11.0 -g -module-cache-path /Users/admin/builder/spi-builder-workspace/.derivedData/ModuleCache.noindex -Xfrontend -serialize-debugging-options -enable-testing -suppress-warnings -index-store-path /Users/admin/builder/spi-builder-workspace/.derivedData/Index.noindex/DataStore -Xcc -D_LIBCPP_HARDENING_MODE\=_LIBCPP_HARDENING_MODE_DEBUG -swift-version 6 -I /Users/admin/builder/spi-builder-workspace/.derivedData/Build/Products/Debug-watchos -Isystem /Applications/Xcode-27.0.0-Release.Candidate.app/Contents/Developer/Platforms/WatchOS.platform/Developer/usr/lib -F /Users/admin/builder/spi-builder-workspace/.derivedData/Build/Products/Debug-watchos/PackageFrameworks -F /Users/admin/builder/spi-builder-workspace/.derivedData/Build/Products/Debug-watchos -F /Applications/Xcode-27.0.0-Release.Candidate.app/Contents/Developer/Platforms/WatchOS.platform/Developer/Library/Frameworks -F /Applications/Xcode-27.0.0-Release.Candidate.app/Contents/Developer/Platforms/WatchOS.platform/Developer/SDKs/WatchOS27.0.sdk/Developer/Library/Frameworks -c -j10 -enable-batch-mode -incremental -Xcc -ivfsstatcache -Xcc /Users/admin/builder/spi-builder-workspace/.derivedData/SDKStatCaches.noindex/watchos27.0-24R360-e829b21a6f8c9b70876ba0858053c04477534ef55a1706bf4c1112bbb242f0a2.sdkstatcache -output-file-map /Users/admin/builder/spi-builder-workspace/.derivedData/Build/Intermediates.noindex/snap-dependencies.build/Debug-watchos/SnapDependencies-t.build/Objects-normal/arm64/SnapDependencies-OutputFileMap.json -save-temps -no-color-diagnostics -explicit-module-build -module-cache-path /Users/admin/builder/spi-builder-workspace/.derivedData/Build/Intermediates.noindex/SwiftExplicitPrecompiledModules -clang-scanner-module-cache-path /Users/admin/builder/spi-builder-workspace/.derivedData/ModuleCache.noindex -sdk-module-cache-path /Users/admin/builder/spi-builder-workspace/.derivedData/SDKExplicitPrecompiledModules -emit-dependencies -emit-module -emit-module-path /Users/admin/builder/spi-builder-workspace/.derivedData/Build/Intermediates.noindex/snap-dependencies.build/Debug-watchos/SnapDependencies-t.build/Objects-normal/arm64/SnapDependencies.swiftmodule -serialize-diagnostics -dependency-scan-serialize-diagnostics-path /Users/admin/builder/spi-builder-workspace/.derivedData/Build/Intermediates.noindex/snap-dependencies.build/Debug-watchos/SnapDependencies-t.build/Objects-normal/arm64/SnapDependencies-dependency-scan.dia -validate-clang-modules-once -clang-build-session-file /Users/admin/builder/spi-builder-workspace/.derivedData/ModuleCache.noindex/Session.modulevalidation -Xcc -fmodules-prune-interval\=86400 -Xcc -fmodules-prune-after\=345600 -package-name snap_dependencies -emit-const-values -const-gather-protocols-list /Users/admin/builder/spi-builder-workspace/.derivedData/Build/Intermediates.noindex/snap-dependencies.build/Debug-watchos/SnapDependencies-t.build/Objects-normal/arm64/SnapDependencies_const_extract_protocols.json -Xcc -I/Users/admin/builder/spi-builder-workspace/.derivedData/Build/Products/Debug-watchos/include -Xcc -I/Users/admin/builder/spi-builder-workspace/.derivedData/Build/Intermediates.noindex/snap-dependencies.build/Debug-watchos/SnapDependencies-t.build/DerivedSources-normal/arm64 -Xcc -I/Users/admin/builder/spi-builder-workspace/.derivedData/Build/Intermediates.noindex/snap-dependencies.build/Debug-watchos/SnapDependencies-t.build/DerivedSources/arm64 -Xcc -I/Users/admin/builder/spi-builder-workspace/.derivedData/Build/Intermediates.noindex/snap-dependencies.build/Debug-watchos/SnapDependencies-t.build/DerivedSources -Xcc -DSWIFT_PACKAGE -Xcc -DDEBUG\=1 -emit-objc-header -emit-objc-header-path /Users/admin/builder/spi-builder-workspace/.derivedData/Build/Intermediates.noindex/snap-dependencies.build/Debug-watchos/SnapDependencies-t.build/Objects-normal/arm64/SnapDependencies-Swift.h -working-directory /Users/admin/builder/spi-builder-workspace/.swiftpm/xcode -experimental-emit-module-separately -disable-cmo
SwiftDriverJobDiscovery normal arm64_32 Compiling Logger.swift (in target 'SnapDependencies' from project 'snap-dependencies')
SwiftCompile normal arm64_32 Compiling\ Dependencies+Container.swift /Users/admin/builder/spi-builder-workspace/.dependencies/checkouts/snap-dependencies/Sources/SnapDependencies/Dependencies+Container.swift (in target 'SnapDependencies' from project 'snap-dependencies')
SwiftCompile normal arm64_32 /Users/admin/builder/spi-builder-workspace/.dependencies/checkouts/snap-dependencies/Sources/SnapDependencies/Dependencies+Container.swift (in target 'SnapDependencies' from project 'snap-dependencies')
    cd /Users/admin/builder/spi-builder-workspace/.swiftpm/xcode
    builtin-SwiftPerFileCompile Dependencies+Container.swift
SwiftDriverJobDiscovery normal arm64_32 Compiling DependencyForwardingFactory.swift (in target 'SnapDependencies' from project 'snap-dependencies')
Copy /Users/admin/builder/spi-builder-workspace/.derivedData/Build/Products/Debug-watchos/SnapDependencies.swiftmodule/arm64-apple-watchos.swiftmodule /Users/admin/builder/spi-builder-workspace/.derivedData/Build/Intermediates.noindex/snap-dependencies.build/Debug-watchos/SnapDependencies-t.build/Objects-normal/arm64/SnapDependencies.swiftmodule (in target 'SnapDependencies' from project 'snap-dependencies')
    cd /Users/admin/builder/spi-builder-workspace/.dependencies/checkouts/snap-dependencies
    builtin-copy -exclude .DS_Store -exclude CVS -exclude .svn -exclude .git -exclude .hg -resolve-src-symlinks -rename /Users/admin/builder/spi-builder-workspace/.derivedData/Build/Intermediates.noindex/snap-dependencies.build/Debug-watchos/SnapDependencies-t.build/Objects-normal/arm64/SnapDependencies.swiftmodule /Users/admin/builder/spi-builder-workspace/.derivedData/Build/Products/Debug-watchos/SnapDependencies.swiftmodule/arm64-apple-watchos.swiftmodule
Copy /Users/admin/builder/spi-builder-workspace/.derivedData/Build/Products/Debug-watchos/SnapDependencies.swiftmodule/arm64-apple-watchos.swiftdoc /Users/admin/builder/spi-builder-workspace/.derivedData/Build/Intermediates.noindex/snap-dependencies.build/Debug-watchos/SnapDependencies-t.build/Objects-normal/arm64/SnapDependencies.swiftdoc (in target 'SnapDependencies' from project 'snap-dependencies')
    cd /Users/admin/builder/spi-builder-workspace/.dependencies/checkouts/snap-dependencies
    builtin-copy -exclude .DS_Store -exclude CVS -exclude .svn -exclude .git -exclude .hg -resolve-src-symlinks -rename /Users/admin/builder/spi-builder-workspace/.derivedData/Build/Intermediates.noindex/snap-dependencies.build/Debug-watchos/SnapDependencies-t.build/Objects-normal/arm64/SnapDependencies.swiftdoc /Users/admin/builder/spi-builder-workspace/.derivedData/Build/Products/Debug-watchos/SnapDependencies.swiftmodule/arm64-apple-watchos.swiftdoc
Copy /Users/admin/builder/spi-builder-workspace/.derivedData/Build/Products/Debug-watchos/SnapDependencies.swiftmodule/arm64-apple-watchos.abi.json /Users/admin/builder/spi-builder-workspace/.derivedData/Build/Intermediates.noindex/snap-dependencies.build/Debug-watchos/SnapDependencies-t.build/Objects-normal/arm64/SnapDependencies.abi.json (in target 'SnapDependencies' from project 'snap-dependencies')
    cd /Users/admin/builder/spi-builder-workspace/.dependencies/checkouts/snap-dependencies
    builtin-copy -exclude .DS_Store -exclude CVS -exclude .svn -exclude .git -exclude .hg -resolve-src-symlinks -rename /Users/admin/builder/spi-builder-workspace/.derivedData/Build/Intermediates.noindex/snap-dependencies.build/Debug-watchos/SnapDependencies-t.build/Objects-normal/arm64/SnapDependencies.abi.json /Users/admin/builder/spi-builder-workspace/.derivedData/Build/Products/Debug-watchos/SnapDependencies.swiftmodule/arm64-apple-watchos.abi.json
Copy /Users/admin/builder/spi-builder-workspace/.derivedData/Build/Products/Debug-watchos/SnapDependencies.swiftmodule/Project/arm64-apple-watchos.swiftsourceinfo /Users/admin/builder/spi-builder-workspace/.derivedData/Build/Intermediates.noindex/snap-dependencies.build/Debug-watchos/SnapDependencies-t.build/Objects-normal/arm64/SnapDependencies.swiftsourceinfo (in target 'SnapDependencies' from project 'snap-dependencies')
    cd /Users/admin/builder/spi-builder-workspace/.dependencies/checkouts/snap-dependencies
    builtin-copy -exclude .DS_Store -exclude CVS -exclude .svn -exclude .git -exclude .hg -resolve-src-symlinks -rename /Users/admin/builder/spi-builder-workspace/.derivedData/Build/Intermediates.noindex/snap-dependencies.build/Debug-watchos/SnapDependencies-t.build/Objects-normal/arm64/SnapDependencies.swiftsourceinfo /Users/admin/builder/spi-builder-workspace/.derivedData/Build/Products/Debug-watchos/SnapDependencies.swiftmodule/Project/arm64-apple-watchos.swiftsourceinfo
SwiftCompile normal arm64_32 Compiling\ Dependencies+Context.swift /Users/admin/builder/spi-builder-workspace/.dependencies/checkouts/snap-dependencies/Sources/SnapDependencies/Dependencies+Context.swift (in target 'SnapDependencies' from project 'snap-dependencies')
SwiftCompile normal arm64_32 /Users/admin/builder/spi-builder-workspace/.dependencies/checkouts/snap-dependencies/Sources/SnapDependencies/Dependencies+Context.swift (in target 'SnapDependencies' from project 'snap-dependencies')
    cd /Users/admin/builder/spi-builder-workspace/.swiftpm/xcode
    builtin-SwiftPerFileCompile Dependencies+Context.swift
SwiftCompile normal arm64 Compiling\ DependencyForwardingFactory.swift /Users/admin/builder/spi-builder-workspace/.dependencies/checkouts/snap-dependencies/Sources/SnapDependencies/DependencyForwardingFactory.swift (in target 'SnapDependencies' from project 'snap-dependencies')
SwiftCompile normal arm64 /Users/admin/builder/spi-builder-workspace/.dependencies/checkouts/snap-dependencies/Sources/SnapDependencies/DependencyForwardingFactory.swift (in target 'SnapDependencies' from project 'snap-dependencies')
    cd /Users/admin/builder/spi-builder-workspace/.swiftpm/xcode
    builtin-SwiftPerFileCompile DependencyForwardingFactory.swift
SwiftCompile normal arm64_32 Compiling\ Dependency+PropertyWrapper.swift /Users/admin/builder/spi-builder-workspace/.dependencies/checkouts/snap-dependencies/Sources/SnapDependencies/Dependency+PropertyWrapper.swift (in target 'SnapDependencies' from project 'snap-dependencies')
SwiftCompile normal arm64_32 /Users/admin/builder/spi-builder-workspace/.dependencies/checkouts/snap-dependencies/Sources/SnapDependencies/Dependency+PropertyWrapper.swift (in target 'SnapDependencies' from project 'snap-dependencies')
    cd /Users/admin/builder/spi-builder-workspace/.swiftpm/xcode
    builtin-SwiftPerFileCompile Dependency+PropertyWrapper.swift
SwiftDriverJobDiscovery normal arm64_32 Emitting module for SnapDependencies (in target 'SnapDependencies' from project 'snap-dependencies')
SwiftEmitModule normal arm64 Emitting\ module\ for\ SnapNavigation (in target 'SnapNavigation' from project 'snap-navigation')
SwiftCompile normal arm64 (in target 'SnapNavigation' from project 'snap-navigation')
    cd /Users/admin/builder/spi-builder-workspace/.swiftpm/xcode

SwiftEmitModule normal arm64_32 Emitting\ module\ for\ SnapNavigation (in target 'SnapNavigation' from project 'snap-navigation')
SwiftCompile normal arm64_32 (in target 'SnapNavigation' from project 'snap-navigation')
    cd /Users/admin/builder/spi-builder-workspace/.swiftpm/xcode

SwiftDriver\ Compilation\ Requirements SnapDependencies normal arm64_32 com.apple.xcode.tools.swift.compiler (in target 'SnapDependencies' from project 'snap-dependencies')
    cd /Users/admin/builder/spi-builder-workspace/.swiftpm/xcode
    builtin-Swift-Compilation-Requirements -- /Applications/Xcode-27.0.0-Release.Candidate.app/Contents/Developer/Toolchains/XcodeDefault.xctoolchain/usr/bin/swiftc -parse-as-library -module-name SnapDependencies -Onone @/Users/admin/builder/spi-builder-workspace/.derivedData/Build/Intermediates.noindex/snap-dependencies.build/Debug-watchos/SnapDependencies-t.build/Objects-normal/arm64_32/SnapDependencies.SwiftFileList -DSWIFT_PACKAGE -DDEBUG -DSWIFT_MODULE_RESOURCE_BUNDLE_UNAVAILABLE -DXcode -plugin-path /Applications/Xcode-27.0.0-Release.Candidate.app/Contents/Developer/Toolchains/XcodeDefault.xctoolchain/usr/lib/swift/host/plugins/testing -enable-experimental-feature DebugDescriptionMacro -sdk /Applications/Xcode-27.0.0-Release.Candidate.app/Contents/Developer/Platforms/WatchOS.platform/Developer/SDKs/WatchOS27.0.sdk -target arm64_32-apple-watchos11.0 -g -module-cache-path /Users/admin/builder/spi-builder-workspace/.derivedData/ModuleCache.noindex -Xfrontend -serialize-debugging-options -enable-testing -suppress-warnings -index-store-path /Users/admin/builder/spi-builder-workspace/.derivedData/Index.noindex/DataStore -Xcc -D_LIBCPP_HARDENING_MODE\=_LIBCPP_HARDENING_MODE_DEBUG -swift-version 6 -I /Users/admin/builder/spi-builder-workspace/.derivedData/Build/Products/Debug-watchos -Isystem /Applications/Xcode-27.0.0-Release.Candidate.app/Contents/Developer/Platforms/WatchOS.platform/Developer/usr/lib -F /Users/admin/builder/spi-builder-workspace/.derivedData/Build/Products/Debug-watchos/PackageFrameworks -F /Users/admin/builder/spi-builder-workspace/.derivedData/Build/Products/Debug-watchos -F /Applications/Xcode-27.0.0-Release.Candidate.app/Contents/Developer/Platforms/WatchOS.platform/Developer/Library/Frameworks -F /Applications/Xcode-27.0.0-Release.Candidate.app/Contents/Developer/Platforms/WatchOS.platform/Developer/SDKs/WatchOS27.0.sdk/Developer/Library/Frameworks -c -j10 -enable-batch-mode -incremental -Xcc -ivfsstatcache -Xcc /Users/admin/builder/spi-builder-workspace/.derivedData/SDKStatCaches.noindex/watchos27.0-24R360-e829b21a6f8c9b70876ba0858053c04477534ef55a1706bf4c1112bbb242f0a2.sdkstatcache -output-file-map /Users/admin/builder/spi-builder-workspace/.derivedData/Build/Intermediates.noindex/snap-dependencies.build/Debug-watchos/SnapDependencies-t.build/Objects-normal/arm64_32/SnapDependencies-OutputFileMap.json -save-temps -no-color-diagnostics -explicit-module-build -module-cache-path /Users/admin/builder/spi-builder-workspace/.derivedData/Build/Intermediates.noindex/SwiftExplicitPrecompiledModules -clang-scanner-module-cache-path /Users/admin/builder/spi-builder-workspace/.derivedData/ModuleCache.noindex -sdk-module-cache-path /Users/admin/builder/spi-builder-workspace/.derivedData/SDKExplicitPrecompiledModules -emit-dependencies -emit-module -emit-module-path /Users/admin/builder/spi-builder-workspace/.derivedData/Build/Intermediates.noindex/snap-dependencies.build/Debug-watchos/SnapDependencies-t.build/Objects-normal/arm64_32/SnapDependencies.swiftmodule -serialize-diagnostics -dependency-scan-serialize-diagnostics-path /Users/admin/builder/spi-builder-workspace/.derivedData/Build/Intermediates.noindex/snap-dependencies.build/Debug-watchos/SnapDependencies-t.build/Objects-normal/arm64_32/SnapDependencies-dependency-scan.dia -validate-clang-modules-once -clang-build-session-file /Users/admin/builder/spi-builder-workspace/.derivedData/ModuleCache.noindex/Session.modulevalidation -Xcc -fmodules-prune-interval\=86400 -Xcc -fmodules-prune-after\=345600 -package-name snap_dependencies -emit-const-values -const-gather-protocols-list /Users/admin/builder/spi-builder-workspace/.derivedData/Build/Intermediates.noindex/snap-dependencies.build/Debug-watchos/SnapDependencies-t.build/Objects-normal/arm64_32/SnapDependencies_const_extract_protocols.json -Xcc -I/Users/admin/builder/spi-builder-workspace/.derivedData/Build/Products/Debug-watchos/include -Xcc -I/Users/admin/builder/spi-builder-workspace/.derivedData/Build/Intermediates.noindex/snap-dependencies.build/Debug-watchos/SnapDependencies-t.build/DerivedSources-normal/arm64_32 -Xcc -I/Users/admin/builder/spi-builder-workspace/.derivedData/Build/Intermediates.noindex/snap-dependencies.build/Debug-watchos/SnapDependencies-t.build/DerivedSources/arm64_32 -Xcc -I/Users/admin/builder/spi-builder-workspace/.derivedData/Build/Intermediates.noindex/snap-dependencies.build/Debug-watchos/SnapDependencies-t.build/DerivedSources -Xcc -DSWIFT_PACKAGE -Xcc -DDEBUG\=1 -emit-objc-header -emit-objc-header-path /Users/admin/builder/spi-builder-workspace/.derivedData/Build/Intermediates.noindex/snap-dependencies.build/Debug-watchos/SnapDependencies-t.build/Objects-normal/arm64_32/SnapDependencies-Swift.h -working-directory /Users/admin/builder/spi-builder-workspace/.swiftpm/xcode -experimental-emit-module-separately -disable-cmo
SwiftCompile normal arm64_32 Compiling\ SnapNavigationDestination.swift,\ SnapNavigationPreview.swift /Users/admin/builder/spi-builder-workspace/.dependencies/checkouts/snap-navigation/Sources/SnapNavigation/SnapNavigationDestination.swift /Users/admin/builder/spi-builder-workspace/.dependencies/checkouts/snap-navigation/Sources/SnapNavigation/SnapNavigationPreview.swift (in target 'SnapNavigation' from project 'snap-navigation')
/Users/admin/builder/spi-builder-workspace/.dependencies/checkouts/snap-navigation/Sources/SnapNavigation/SnapNavigationPreview.swift:12:20: error: 'openWindow' is unavailable in watchOS
10 | public struct SnapNavigationPreview<NavigationProvider: SnapNavigationProvider, WindowContent: View>: View {
11 |
12 |     @Environment(\.openWindow) private var openWindow
   |                    `- error: 'openWindow' is unavailable in watchOS
13 |
14 |     internal typealias WindowManager = SnapNavigation.WindowManager<NavigationProvider>
SwiftUI.EnvironmentValues.openWindow:2:12: note: 'openWindow' has been explicitly marked unavailable here
1 | struct EnvironmentValues {
2 | public var openWindow: OpenWindowAction { get }}
  |            `- note: 'openWindow' has been explicitly marked unavailable here
3 |
Failed frontend command:
/Applications/Xcode-27.0.0-Release.Candidate.app/Contents/Developer/Toolchains/XcodeDefault.xctoolchain/usr/bin/swift-frontend -frontend -c /Users/admin/builder/spi-builder-workspace/.dependencies/checkouts/snap-navigation/Sources/SnapNavigation/Environment.swift /Users/admin/builder/spi-builder-workspace/.dependencies/checkouts/snap-navigation/Sources/SnapNavigation/Internals/Constants.swift /Users/admin/builder/spi-builder-workspace/.dependencies/checkouts/snap-navigation/Sources/SnapNavigation/Internals/Helper/Logger.swift /Users/admin/builder/spi-builder-workspace/.dependencies/checkouts/snap-navigation/Sources/SnapNavigation/Internals/ModalPresentationModifier.swift /Users/admin/builder/spi-builder-workspace/.dependencies/checkouts/snap-navigation/Sources/SnapNavigation/Internals/NavigationManager+State.swift /Users/admin/builder/spi-builder-workspace/.dependencies/checkouts/snap-navigation/Sources/SnapNavigation/Internals/NavigationManager.swift /Users/admin/builder/spi-builder-workspace/.dependencies/checkouts/snap-navigation/Sources/SnapNavigation/Internals/NavigationStyleViews/SingleView.swift /Users/admin/builder/spi-builder-workspace/.dependencies/checkouts/snap-navigation/Sources/SnapNavigation/Internals/NavigationStyleViews/TabView.swift /Users/admin/builder/spi-builder-workspace/.dependencies/checkouts/snap-navigation/Sources/SnapNavigation/Internals/NavigationStyleViews/Views/SceneView.swift /Users/admin/builder/spi-builder-workspace/.dependencies/checkouts/snap-navigation/Sources/SnapNavigation/Internals/NavigationStyleViews/Views/SnapNavigationDestinationScreen.swift /Users/admin/builder/spi-builder-workspace/.dependencies/checkouts/snap-navigation/Sources/SnapNavigation/Internals/Route.swift /Users/admin/builder/spi-builder-workspace/.dependencies/checkouts/snap-navigation/Sources/SnapNavigation/Internals/Scene.swift /Users/admin/builder/spi-builder-workspace/.dependencies/checkouts/snap-navigation/Sources/SnapNavigation/Internals/SnapNavigation.swift /Users/admin/builder/spi-builder-workspace/.dependencies/checkouts/snap-navigation/Sources/SnapNavigation/Internals/SnapNavigationProvider+Route.swift /Users/admin/builder/spi-builder-workspace/.dependencies/checkouts/snap-navigation/Sources/SnapNavigation/Internals/Views/ContainerView.swift /Users/admin/builder/spi-builder-workspace/.dependencies/checkouts/snap-navigation/Sources/SnapNavigation/Internals/Views/WindowView.swift /Users/admin/builder/spi-builder-workspace/.dependencies/checkouts/snap-navigation/Sources/SnapNavigation/Internals/WindowManager.swift /Users/admin/builder/spi-builder-workspace/.dependencies/checkouts/snap-navigation/Sources/SnapNavigation/SnapNavigationApp.swift -primary-file /Users/admin/builder/spi-builder-workspace/.dependencies/checkouts/snap-navigation/Sources/SnapNavigation/SnapNavigationDestination.swift -primary-file /Users/admin/builder/spi-builder-workspace/.dependencies/checkouts/snap-navigation/Sources/SnapNavigation/SnapNavigationPreview.swift /Users/admin/builder/spi-builder-workspace/.dependencies/checkouts/snap-navigation/Sources/SnapNavigation/SnapNavigationProvider.swift /Users/admin/builder/spi-builder-workspace/.dependencies/checkouts/snap-navigation/Sources/SnapNavigation/Types/NavigationStyle.swift /Users/admin/builder/spi-builder-workspace/.dependencies/checkouts/snap-navigation/Sources/SnapNavigation/Types/Navigator+Action.swift /Users/admin/builder/spi-builder-workspace/.dependencies/checkouts/snap-navigation/Sources/SnapNavigation/Types/PresentationStyle.swift /Users/admin/builder/spi-builder-workspace/.dependencies/checkouts/snap-navigation/Sources/SnapNavigation/Types/SnapNavigation+isPresenting.swift /Users/admin/builder/spi-builder-workspace/.dependencies/checkouts/snap-navigation/Sources/SnapNavigation/Types/Window.swift -emit-dependencies-path /Users/admin/builder/spi-builder-workspace/.derivedData/Build/Intermediates.noindex/snap-navigation.build/Debug-watchos/SnapNavigation-t.build/Objects-normal/arm64_32/SnapNavigationDestination.d -emit-const-values-path /Users/admin/builder/spi-builder-workspace/.derivedData/Build/Intermediates.noindex/snap-navigation.build/Debug-watchos/SnapNavigation-t.build/Objects-normal/arm64_32/SnapNavigationDestination.swiftconstvalues -emit-reference-dependencies-path /Users/admin/builder/spi-builder-workspace/.derivedData/Build/Intermediates.noindex/snap-navigation.build/Debug-watchos/SnapNavigation-t.build/Objects-normal/arm64_32/SnapNavigationDestination.swiftdeps -serialize-diagnostics-path /Users/admin/builder/spi-builder-workspace/.derivedData/Build/Intermediates.noindex/snap-navigation.build/Debug-watchos/SnapNavigation-t.build/Objects-normal/arm64_32/SnapNavigationDestination.dia -emit-dependencies-path /Users/admin/builder/spi-builder-workspace/.derivedData/Build/Intermediates.noindex/snap-navigation.build/Debug-watchos/SnapNavigation-t.build/Objects-normal/arm64_32/SnapNavigationPreview.d -emit-const-values-path /Users/admin/builder/spi-builder-workspace/.derivedData/Build/Intermediates.noindex/snap-navigation.build/Debug-watchos/SnapNavigation-t.build/Objects-normal/arm64_32/SnapNavigationPreview.swiftconstvalues -emit-reference-dependencies-path /Users/admin/builder/spi-builder-workspace/.derivedData/Build/Intermediates.noindex/snap-navigation.build/Debug-watchos/SnapNavigation-t.build/Objects-normal/arm64_32/SnapNavigationPreview.swiftdeps -serialize-diagnostics-path /Users/admin/builder/spi-builder-workspace/.derivedData/Build/Intermediates.noindex/snap-navigation.build/Debug-watchos/SnapNavigation-t.build/Objects-normal/arm64_32/SnapNavigationPreview.dia -target arm64_32-apple-watchos11.0 -disable-cross-import-overlay-search -load-resolved-plugin /Applications/Xcode-27.0.0-Release.Candidate.app/Contents/Developer/Platforms/WatchOS.platform/Developer/usr/lib/swift/host/plugins/libFoundationMacros.dylib\#/Applications/Xcode-27.0.0-Release.Candidate.app/Contents/Developer/Platforms/WatchOS.platform/Developer/usr/bin/swift-plugin-server\#FoundationMacros -load-resolved-plugin /Applications/Xcode-27.0.0-Release.Candidate.app/Contents/Developer/Platforms/WatchOS.platform/Developer/usr/lib/swift/host/plugins/libObservationMacros.dylib\#/Applications/Xcode-27.0.0-Release.Candidate.app/Contents/Developer/Platforms/WatchOS.platform/Developer/usr/bin/swift-plugin-server\#ObservationMacros -load-resolved-plugin /Applications/Xcode-27.0.0-Release.Candidate.app/Contents/Developer/Platforms/WatchOS.platform/Developer/usr/lib/swift/host/plugins/libPreviewsMacros.dylib\#/Applications/Xcode-27.0.0-Release.Candidate.app/Contents/Developer/Platforms/WatchOS.platform/Developer/usr/bin/swift-plugin-server\#PreviewsMacros -load-resolved-plugin /Applications/Xcode-27.0.0-Release.Candidate.app/Contents/Developer/Platforms/WatchOS.platform/Developer/usr/lib/swift/host/plugins/libSwiftMacros.dylib\#/Applications/Xcode-27.0.0-Release.Candidate.app/Contents/Developer/Platforms/WatchOS.platform/Developer/usr/bin/swift-plugin-server\#SwiftMacros -load-resolved-plugin /Applications/Xcode-27.0.0-Release.Candidate.app/Contents/Developer/Platforms/WatchOS.platform/Developer/usr/lib/swift/host/plugins/libSwiftUIMacros.dylib\#/Applications/Xcode-27.0.0-Release.Candidate.app/Contents/Developer/Platforms/WatchOS.platform/Developer/usr/bin/swift-plugin-server\#SwiftUIMacros -disable-implicit-swift-modules -Xcc -fno-implicit-modules -Xcc -fno-implicit-module-maps -explicit-swift-module-map-file /Users/admin/builder/spi-builder-workspace/.derivedData/Build/Intermediates.noindex/snap-navigation.build/Debug-watchos/SnapNavigation-t.build/Objects-normal/arm64_32/SnapNavigation-dependencies-2.json -enable-objc-interop -sdk /Applications/Xcode-27.0.0-Release.Candidate.app/Contents/Developer/Platforms/WatchOS.platform/Developer/SDKs/WatchOS27.0.sdk -I /Users/admin/builder/spi-builder-workspace/.derivedData/Build/Products/Debug-watchos -Isystem /Applications/Xcode-27.0.0-Release.Candidate.app/Contents/Developer/Platforms/WatchOS.platform/Developer/usr/lib -F /Users/admin/builder/spi-builder-workspace/.derivedData/Build/Products/Debug-watchos/PackageFrameworks -F /Users/admin/builder/spi-builder-workspace/.derivedData/Build/Products/Debug-watchos -F /Applications/Xcode-27.0.0-Release.Candidate.app/Contents/Developer/Platforms/WatchOS.platform/Developer/Library/Frameworks -F /Applications/Xcode-27.0.0-Release.Candidate.app/Contents/Developer/Platforms/WatchOS.platform/Developer/SDKs/WatchOS27.0.sdk/Developer/Library/Frameworks -module-cache-path /Users/admin/builder/spi-builder-workspace/.derivedData/Build/Intermediates.noindex/SwiftExplicitPrecompiledModules -no-color-diagnostics -Xcc -fno-color-diagnostics -enable-testing -g -debug-info-format\=dwarf -dwarf-version\=5 -suppress-warnings -swift-version 6 -Onone -D SWIFT_PACKAGE -D DEBUG -D SWIFT_MODULE_RESOURCE_BUNDLE_UNAVAILABLE -D Xcode -serialize-debugging-options -enable-experimental-feature DebugDescriptionMacro -empty-abi-descriptor -validate-clang-modules-once -clang-build-session-file /Users/admin/builder/spi-builder-workspace/.derivedData/ModuleCache.noindex/Session.modulevalidation -Xcc -working-directory -Xcc /Users/admin/builder/spi-builder-workspace/.swiftpm/xcode -enable-anonymous-context-mangled-names -file-compilation-dir /Users/admin/builder/spi-builder-workspace/.swiftpm/xcode -Xcc -D_LIBCPP_HARDENING_MODE\=_LIBCPP_HARDENING_MODE_DEBUG -Xcc -ivfsstatcache -Xcc /Users/admin/builder/spi-builder-workspace/.derivedData/SDKStatCaches.noindex/watchos27.0-24R360-e829b21a6f8c9b70876ba0858053c04477534ef55a1706bf4c1112bbb242f0a2.sdkstatcache -Xcc -fmodules-prune-interval\=86400 -Xcc -fmodules-prune-after\=345600 -Xcc -I/Users/admin/builder/spi-builder-workspace/.derivedData/Build/Products/Debug-watchos/include -Xcc -I/Users/admin/builder/spi-builder-workspace/.derivedData/Build/Intermediates.noindex/snap-navigation.build/Debug-watchos/SnapNavigation-t.build/DerivedSources-normal/arm64_32 -Xcc -I/Users/admin/builder/spi-builder-workspace/.derivedData/Build/Intermediates.noindex/snap-navigation.build/Debug-watchos/SnapNavigation-t.build/DerivedSources/arm64_32 -Xcc -I/Users/admin/builder/spi-builder-workspace/.derivedData/Build/Intermediates.noindex/snap-navigation.build/Debug-watchos/SnapNavigation-t.build/DerivedSources -Xcc -DSWIFT_PACKAGE -Xcc -DDEBUG\=1 -no-auto-bridging-header-chaining -module-name SnapNavigation -package-name snap_navigation -const-gather-protocols-file /Users/admin/builder/spi-builder-workspace/.derivedData/Build/Intermediates.noindex/snap-navigation.build/Debug-watchos/SnapNavigation-t.build/Objects-normal/arm64_32/SnapNavigation_const_extract_protocols.json -disable-clang-spi -clang-target arm64_32-apple-watchos27.0 -target-sdk-version 27.0 -target-sdk-name watchos27.0 -in-process-plugin-server-path /Applications/Xcode-27.0.0-Release.Candidate.app/Contents/Developer/Toolchains/XcodeDefault.xctoolchain/usr/lib/swift/host/libSwiftInProcPluginServer.dylib -parse-as-library -o /Users/admin/builder/spi-builder-workspace/.derivedData/Build/Intermediates.noindex/snap-navigation.build/Debug-watchos/SnapNavigation-t.build/Objects-normal/arm64_32/SnapNavigationDestination.o -o /Users/admin/builder/spi-builder-workspace/.derivedData/Build/Intermediates.noindex/snap-navigation.build/Debug-watchos/SnapNavigation-t.build/Objects-normal/arm64_32/SnapNavigationPreview.o -debug-module-path /Users/admin/builder/spi-builder-workspace/.derivedData/Build/Intermediates.noindex/snap-navigation.build/Debug-watchos/SnapNavigation-t.build/Objects-normal/arm64_32/SnapNavigation.swiftmodule -index-unit-output-path /snap-navigation.build/Debug-watchos/SnapNavigation-t.build/Objects-normal/arm64_32/SnapNavigationDestination.o -index-unit-output-path /snap-navigation.build/Debug-watchos/SnapNavigation-t.build/Objects-normal/arm64_32/SnapNavigationPreview.o -index-store-path /Users/admin/builder/spi-builder-workspace/.derivedData/Index.noindex/DataStore -index-system-modules
SwiftCompile normal arm64_32 /Users/admin/builder/spi-builder-workspace/.dependencies/checkouts/snap-navigation/Sources/SnapNavigation/SnapNavigationDestination.swift (in target 'SnapNavigation' from project 'snap-navigation')
    cd /Users/admin/builder/spi-builder-workspace/.swiftpm/xcode
    builtin-SwiftPerFileCompile SnapNavigationDestination.swift
SwiftCompile normal arm64_32 /Users/admin/builder/spi-builder-workspace/.dependencies/checkouts/snap-navigation/Sources/SnapNavigation/SnapNavigationPreview.swift (in target 'SnapNavigation' from project 'snap-navigation')
    cd /Users/admin/builder/spi-builder-workspace/.swiftpm/xcode
    builtin-SwiftPerFileCompile SnapNavigationPreview.swift
SwiftEmitModule normal arm64_32 Emitting\ module\ for\ SnapStyleBase (in target 'SnapStyleBase' from project 'snap-style')
SwiftCompile normal arm64_32 (in target 'SnapStyleBase' from project 'snap-style')
    cd /Users/admin/builder/spi-builder-workspace/.swiftpm/xcode

SwiftEmitModule normal arm64 Emitting\ module\ for\ SnapStyleBase (in target 'SnapStyleBase' from project 'snap-style')
SwiftCompile normal arm64 (in target 'SnapStyleBase' from project 'snap-style')
    cd /Users/admin/builder/spi-builder-workspace/.swiftpm/xcode

SwiftMergeGeneratedHeaders /Users/admin/builder/spi-builder-workspace/.derivedData/Build/Intermediates.noindex/GeneratedModuleMaps-watchos/SnapDependencies-Swift.h /Users/admin/builder/spi-builder-workspace/.derivedData/Build/Intermediates.noindex/snap-dependencies.build/Debug-watchos/SnapDependencies-t.build/Objects-normal/arm64/SnapDependencies-Swift.h /Users/admin/builder/spi-builder-workspace/.derivedData/Build/Intermediates.noindex/snap-dependencies.build/Debug-watchos/SnapDependencies-t.build/Objects-normal/arm64_32/SnapDependencies-Swift.h (in target 'SnapDependencies' from project 'snap-dependencies')
    cd /Users/admin/builder/spi-builder-workspace/.dependencies/checkouts/snap-dependencies
    builtin-swiftHeaderTool -arch arm64 /Users/admin/builder/spi-builder-workspace/.derivedData/Build/Intermediates.noindex/snap-dependencies.build/Debug-watchos/SnapDependencies-t.build/Objects-normal/arm64/SnapDependencies-Swift.h -arch arm64_32 /Users/admin/builder/spi-builder-workspace/.derivedData/Build/Intermediates.noindex/snap-dependencies.build/Debug-watchos/SnapDependencies-t.build/Objects-normal/arm64_32/SnapDependencies-Swift.h -o /Users/admin/builder/spi-builder-workspace/.derivedData/Build/Intermediates.noindex/GeneratedModuleMaps-watchos/SnapDependencies-Swift.h
SwiftDriverJobDiscovery normal arm64 Compiling DependencyForwardingFactory.swift (in target 'SnapDependencies' from project 'snap-dependencies')
Copy /Users/admin/builder/spi-builder-workspace/.derivedData/Build/Products/Debug-watchos/SnapDependencies.swiftmodule/arm64_32-apple-watchos.swiftmodule /Users/admin/builder/spi-builder-workspace/.derivedData/Build/Intermediates.noindex/snap-dependencies.build/Debug-watchos/SnapDependencies-t.build/Objects-normal/arm64_32/SnapDependencies.swiftmodule (in target 'SnapDependencies' from project 'snap-dependencies')
    cd /Users/admin/builder/spi-builder-workspace/.dependencies/checkouts/snap-dependencies
    builtin-copy -exclude .DS_Store -exclude CVS -exclude .svn -exclude .git -exclude .hg -resolve-src-symlinks -rename /Users/admin/builder/spi-builder-workspace/.derivedData/Build/Intermediates.noindex/snap-dependencies.build/Debug-watchos/SnapDependencies-t.build/Objects-normal/arm64_32/SnapDependencies.swiftmodule /Users/admin/builder/spi-builder-workspace/.derivedData/Build/Products/Debug-watchos/SnapDependencies.swiftmodule/arm64_32-apple-watchos.swiftmodule
Copy /Users/admin/builder/spi-builder-workspace/.derivedData/Build/Products/Debug-watchos/SnapDependencies.swiftmodule/arm64_32-apple-watchos.swiftdoc /Users/admin/builder/spi-builder-workspace/.derivedData/Build/Intermediates.noindex/snap-dependencies.build/Debug-watchos/SnapDependencies-t.build/Objects-normal/arm64_32/SnapDependencies.swiftdoc (in target 'SnapDependencies' from project 'snap-dependencies')
    cd /Users/admin/builder/spi-builder-workspace/.dependencies/checkouts/snap-dependencies
    builtin-copy -exclude .DS_Store -exclude CVS -exclude .svn -exclude .git -exclude .hg -resolve-src-symlinks -rename /Users/admin/builder/spi-builder-workspace/.derivedData/Build/Intermediates.noindex/snap-dependencies.build/Debug-watchos/SnapDependencies-t.build/Objects-normal/arm64_32/SnapDependencies.swiftdoc /Users/admin/builder/spi-builder-workspace/.derivedData/Build/Products/Debug-watchos/SnapDependencies.swiftmodule/arm64_32-apple-watchos.swiftdoc
Copy /Users/admin/builder/spi-builder-workspace/.derivedData/Build/Products/Debug-watchos/SnapDependencies.swiftmodule/arm64_32-apple-watchos.abi.json /Users/admin/builder/spi-builder-workspace/.derivedData/Build/Intermediates.noindex/snap-dependencies.build/Debug-watchos/SnapDependencies-t.build/Objects-normal/arm64_32/SnapDependencies.abi.json (in target 'SnapDependencies' from project 'snap-dependencies')
    cd /Users/admin/builder/spi-builder-workspace/.dependencies/checkouts/snap-dependencies
    builtin-copy -exclude .DS_Store -exclude CVS -exclude .svn -exclude .git -exclude .hg -resolve-src-symlinks -rename /Users/admin/builder/spi-builder-workspace/.derivedData/Build/Intermediates.noindex/snap-dependencies.build/Debug-watchos/SnapDependencies-t.build/Objects-normal/arm64_32/SnapDependencies.abi.json /Users/admin/builder/spi-builder-workspace/.derivedData/Build/Products/Debug-watchos/SnapDependencies.swiftmodule/arm64_32-apple-watchos.abi.json
Copy /Users/admin/builder/spi-builder-workspace/.derivedData/Build/Products/Debug-watchos/SnapDependencies.swiftmodule/Project/arm64_32-apple-watchos.swiftsourceinfo /Users/admin/builder/spi-builder-workspace/.derivedData/Build/Intermediates.noindex/snap-dependencies.build/Debug-watchos/SnapDependencies-t.build/Objects-normal/arm64_32/SnapDependencies.swiftsourceinfo (in target 'SnapDependencies' from project 'snap-dependencies')
    cd /Users/admin/builder/spi-builder-workspace/.dependencies/checkouts/snap-dependencies
    builtin-copy -exclude .DS_Store -exclude CVS -exclude .svn -exclude .git -exclude .hg -resolve-src-symlinks -rename /Users/admin/builder/spi-builder-workspace/.derivedData/Build/Intermediates.noindex/snap-dependencies.build/Debug-watchos/SnapDependencies-t.build/Objects-normal/arm64_32/SnapDependencies.swiftsourceinfo /Users/admin/builder/spi-builder-workspace/.derivedData/Build/Products/Debug-watchos/SnapDependencies.swiftmodule/Project/arm64_32-apple-watchos.swiftsourceinfo
SwiftEmitModule normal arm64_32 Emitting\ module\ for\ SnapCore (in target 'SnapCore' from project 'snap-core')
SwiftCompile normal arm64_32 (in target 'SnapCore' from project 'snap-core')
    cd /Users/admin/builder/spi-builder-workspace/.swiftpm/xcode

SwiftEmitModule normal arm64 Emitting\ module\ for\ SnapCore (in target 'SnapCore' from project 'snap-core')
SwiftCompile normal arm64 (in target 'SnapCore' from project 'snap-core')
    cd /Users/admin/builder/spi-builder-workspace/.swiftpm/xcode

SwiftDriverJobDiscovery normal arm64_32 Compiling Dependencies.swift (in target 'SnapDependencies' from project 'snap-dependencies')
SwiftCompile normal arm64 Compiling\ Padding.Value.swift,\ ShapeValue.swift,\ Context+Description.swift /Users/admin/builder/spi-builder-workspace/.dependencies/checkouts/snap-style/Sources/1-Base/Attributes/Elements/Padding.Value.swift /Users/admin/builder/spi-builder-workspace/.dependencies/checkouts/snap-style/Sources/1-Base/Attributes/Elements/ShapeValue.swift /Users/admin/builder/spi-builder-workspace/.dependencies/checkouts/snap-style/Sources/1-Base/Context/Context+Description.swift (in target 'SnapStyleBase' from project 'snap-style')
SwiftCompile normal arm64 /Users/admin/builder/spi-builder-workspace/.dependencies/checkouts/snap-style/Sources/1-Base/Attributes/Elements/Padding.Value.swift (in target 'SnapStyleBase' from project 'snap-style')
    cd /Users/admin/builder/spi-builder-workspace/.swiftpm/xcode
    builtin-SwiftPerFileCompile Padding.Value.swift
SwiftCompile normal arm64 /Users/admin/builder/spi-builder-workspace/.dependencies/checkouts/snap-style/Sources/1-Base/Attributes/Elements/ShapeValue.swift (in target 'SnapStyleBase' from project 'snap-style')
    cd /Users/admin/builder/spi-builder-workspace/.swiftpm/xcode
    builtin-SwiftPerFileCompile ShapeValue.swift
SwiftCompile normal arm64 /Users/admin/builder/spi-builder-workspace/.dependencies/checkouts/snap-style/Sources/1-Base/Context/Context+Description.swift (in target 'SnapStyleBase' from project 'snap-style')
    cd /Users/admin/builder/spi-builder-workspace/.swiftpm/xcode
    builtin-SwiftPerFileCompile Context+Description.swift
SwiftDriverJobDiscovery normal arm64_32 Compiling Dependency+PropertyWrapper.swift (in target 'SnapDependencies' from project 'snap-dependencies')
SwiftCompile normal arm64_32 Compiling\ ScaledValuePropertyWrapper.swift,\ Context+Accent.swift,\ Context+ColorScheme.swift /Users/admin/builder/spi-builder-workspace/.dependencies/checkouts/snap-style/Sources/1-Base/Context/ScaledValuePropertyWrapper.swift /Users/admin/builder/spi-builder-workspace/.dependencies/checkouts/snap-style/Sources/1-Base/Context/Values/Context+Accent.swift /Users/admin/builder/spi-builder-workspace/.dependencies/checkouts/snap-style/Sources/1-Base/Context/Values/Context+ColorScheme.swift (in target 'SnapStyleBase' from project 'snap-style')
SwiftCompile normal arm64_32 /Users/admin/builder/spi-builder-workspace/.dependencies/checkouts/snap-style/Sources/1-Base/Context/ScaledValuePropertyWrapper.swift (in target 'SnapStyleBase' from project 'snap-style')
    cd /Users/admin/builder/spi-builder-workspace/.swiftpm/xcode
    builtin-SwiftPerFileCompile ScaledValuePropertyWrapper.swift
SwiftCompile normal arm64_32 /Users/admin/builder/spi-builder-workspace/.dependencies/checkouts/snap-style/Sources/1-Base/Context/Values/Context+Accent.swift (in target 'SnapStyleBase' from project 'snap-style')
    cd /Users/admin/builder/spi-builder-workspace/.swiftpm/xcode
    builtin-SwiftPerFileCompile Context+Accent.swift
SwiftCompile normal arm64_32 /Users/admin/builder/spi-builder-workspace/.dependencies/checkouts/snap-style/Sources/1-Base/Context/Values/Context+ColorScheme.swift (in target 'SnapStyleBase' from project 'snap-style')
    cd /Users/admin/builder/spi-builder-workspace/.swiftpm/xcode
    builtin-SwiftPerFileCompile Context+ColorScheme.swift
SwiftDriverJobDiscovery normal arm64_32 Compiling Dependencies+Context.swift (in target 'SnapDependencies' from project 'snap-dependencies')
SwiftCompile normal arm64_32 Compiling\ Context+Elevation.swift,\ Context+FontDesign.swift,\ Context+FontWidth.swift /Users/admin/builder/spi-builder-workspace/.dependencies/checkouts/snap-style/Sources/1-Base/Context/Values/Context+Elevation.swift /Users/admin/builder/spi-builder-workspace/.dependencies/checkouts/snap-style/Sources/1-Base/Context/Values/Context+FontDesign.swift /Users/admin/builder/spi-builder-workspace/.dependencies/checkouts/snap-style/Sources/1-Base/Context/Values/Context+FontWidth.swift (in target 'SnapStyleBase' from project 'snap-style')
SwiftCompile normal arm64_32 /Users/admin/builder/spi-builder-workspace/.dependencies/checkouts/snap-style/Sources/1-Base/Context/Values/Context+Elevation.swift (in target 'SnapStyleBase' from project 'snap-style')
    cd /Users/admin/builder/spi-builder-workspace/.swiftpm/xcode
    builtin-SwiftPerFileCompile Context+Elevation.swift
SwiftCompile normal arm64_32 /Users/admin/builder/spi-builder-workspace/.dependencies/checkouts/snap-style/Sources/1-Base/Context/Values/Context+FontDesign.swift (in target 'SnapStyleBase' from project 'snap-style')
    cd /Users/admin/builder/spi-builder-workspace/.swiftpm/xcode
    builtin-SwiftPerFileCompile Context+FontDesign.swift
SwiftCompile normal arm64_32 /Users/admin/builder/spi-builder-workspace/.dependencies/checkouts/snap-style/Sources/1-Base/Context/Values/Context+FontWidth.swift (in target 'SnapStyleBase' from project 'snap-style')
    cd /Users/admin/builder/spi-builder-workspace/.swiftpm/xcode
    builtin-SwiftPerFileCompile Context+FontWidth.swift
PruneExplicitPrecompiledModules /Users/admin/builder/spi-builder-workspace/.derivedData/Build/Intermediates.noindex/ExplicitPrecompiledModules
PruneExplicitPrecompiledModules /Users/admin/builder/spi-builder-workspace/.derivedData/Build/Intermediates.noindex/SwiftExplicitPrecompiledModules
PruneExplicitPrecompiledModules /Users/admin/builder/spi-builder-workspace/.derivedData/SDKExplicitPrecompiledModules
2026-09-21 06:29:18.236 xcodebuild[863:5019] [MT] IDERunDestination: Supported platforms for the buildables in the current scheme is empty.
** BUILD FAILED **
The following build commands failed:
	SwiftCompile normal arm64_32 Compiling\ SnapNavigationDestination.swift,\ SnapNavigationPreview.swift /Users/admin/builder/spi-builder-workspace/.dependencies/checkouts/snap-navigation/Sources/SnapNavigation/SnapNavigationDestination.swift /Users/admin/builder/spi-builder-workspace/.dependencies/checkouts/snap-navigation/Sources/SnapNavigation/SnapNavigationPreview.swift (in target 'SnapNavigation' from project 'snap-navigation')
	SwiftCompile normal arm64_32 /Users/admin/builder/spi-builder-workspace/.dependencies/checkouts/snap-navigation/Sources/SnapNavigation/SnapNavigationPreview.swift (in target 'SnapNavigation' from project 'snap-navigation')
	Building workspace snap-template with scheme snap-template
(3 failures)
Command line invocation:
    /Applications/Xcode-27.0.0-Release.Candidate.app/Contents/Developer/usr/bin/xcodebuild -IDEClonedSourcePackagesDirPathOverride=/Users/admin/builder/spi-builder-workspace/.dependencies -resolvePackageDependencies
Resolve Package Graph
Resolved source packages:
  snap-foundation: https://github.com/simonnickel/snap-foundation.git @ main (5dcd584)
  snap-dependencies: https://github.com/simonnickel/snap-dependencies.git @ main (33a0cdc)
  snap-core: https://github.com/simonnickel/snap-core.git @ main (b35b73d)
  snap-navigation: https://github.com/simonnickel/snap-navigation.git @ main (c7a4a8f)
  snap-settings-service: https://github.com/simonnickel/snap-settings-service.git @ main (4104e5e)
  snap-template: /Users/admin/builder/spi-builder-workspace
  snap-style: https://github.com/simonnickel/snap-style.git @ main (a5b7178)
resolved source packages: snap-foundation, snap-dependencies, snap-core, snap-navigation, snap-settings-service, snap-template, snap-style
2026-09-21 06:29:31.917 xcodebuild[1103:6550] [MT] IDERunDestination: Supported platforms for the buildables in the current scheme is empty.
{
  "dependencies" : [
    {
      "identity" : "snap-core",
      "requirement" : {
        "branch" : [
          "main"
        ]
      },
      "type" : "sourceControl",
      "url" : "https://github.com/simonnickel/snap-core.git"
    },
    {
      "identity" : "snap-dependencies",
      "requirement" : {
        "branch" : [
          "main"
        ]
      },
      "type" : "sourceControl",
      "url" : "https://github.com/simonnickel/snap-dependencies.git"
    },
    {
      "identity" : "snap-navigation",
      "requirement" : {
        "branch" : [
          "main"
        ]
      },
      "type" : "sourceControl",
      "url" : "https://github.com/simonnickel/snap-navigation.git"
    },
    {
      "identity" : "snap-settings-service",
      "requirement" : {
        "branch" : [
          "main"
        ]
      },
      "type" : "sourceControl",
      "url" : "https://github.com/simonnickel/snap-settings-service.git"
    },
    {
      "identity" : "snap-style",
      "requirement" : {
        "branch" : [
          "main"
        ]
      },
      "type" : "sourceControl",
      "url" : "https://github.com/simonnickel/snap-style.git"
    }
  ],
  "manifest_display_name" : "snap-template",
  "name" : "snap-template",
  "path" : "/Users/admin/builder/spi-builder-workspace",
  "platforms" : [
    {
      "name" : "ios",
      "version" : "18.0"
    },
    {
      "name" : "macos",
      "version" : "15.0"
    }
  ],
  "products" : [
    {
      "name" : "SnapTemplate",
      "targets" : [
        "SnapTemplateApp",
        "SnapTemplateSettings",
        "SnapTemplateUtil"
      ],
      "type" : {
        "library" : [
          "automatic"
        ]
      }
    }
  ],
  "targets" : [
    {
      "c99name" : "SnapTemplateUtil",
      "module_type" : "SwiftTarget",
      "name" : "SnapTemplateUtil",
      "path" : "Sources/SnapTemplateUtil",
      "product_dependencies" : [
        "SnapNavigation",
        "SnapStyle"
      ],
      "product_memberships" : [
        "SnapTemplate"
      ],
      "sources" : [
        "NavigationButton.swift",
        "NavigationListRow.swift",
        "SnapNavigationDestination+Icon.swift",
        "Template+Preview.swift",
        "Template+ToolbarItem.swift",
        "Template.swift"
      ],
      "type" : "library"
    },
    {
      "c99name" : "SnapTemplateSettings",
      "module_type" : "SwiftTarget",
      "name" : "SnapTemplateSettings",
      "path" : "Sources/SnapTemplateSettings",
      "product_dependencies" : [
        "SnapCore",
        "SnapDependencies",
        "SnapNavigation",
        "SnapSettingsService",
        "SnapStyle"
      ],
      "product_memberships" : [
        "SnapTemplate"
      ],
      "sources" : [
        "Definitions/Dependencies+TemplateSettings.swift",
        "Definitions/IconKey+Settings.swift",
        "Settings/AccentColor/AccentColorPicker.swift",
        "Settings/AccentColor/AccentOption.swift",
        "Settings/AccentColor/Settings+Accent.swift",
        "Settings/DisplayMode/DisplayMode.swift",
        "Settings/DisplayMode/Settings+DisplayMode.swift",
        "Settings/InterfaceScale/InterfaceScale.swift",
        "Settings/InterfaceScale/Settings+InterfaceScale.swift",
        "Settings/NavigationLayout/NavigationLayout.swift",
        "Settings/NavigationLayout/Settings+NavigationLayout.swift",
        "Settings/NavigationTabs/Dependencies+TabConfiguration.swift",
        "Settings/NavigationTabs/Screen/ConfigureTabs+InitialPicker.swift",
        "Settings/NavigationTabs/Screen/ConfigureTabs+List.swift",
        "Settings/NavigationTabs/Screen/ConfigureTabs+ListRow.swift",
        "Settings/NavigationTabs/Screen/ConfigureTabsScreen.swift",
        "Settings/NavigationTabs/Settings+NavigationTabs.swift",
        "Settings/NavigationTabs/SnapNavigationProvider+TabConfiguration.swift",
        "Settings/NavigationTabs/TabConfiguration.swift",
        "TemplateSettingsDestination.swift",
        "TemplateSettingsScreen.swift",
        "Views/SettingsHeaderSection.swift",
        "Views/SettingsPickerRow.swift",
        "Views/SettingsToggle.swift"
      ],
      "target_dependencies" : [
        "SnapTemplateUtil"
      ],
      "type" : "library"
    },
    {
      "c99name" : "SnapTemplateApp",
      "module_type" : "SwiftTarget",
      "name" : "SnapTemplateApp",
      "path" : "Sources/SnapTemplateApp",
      "product_dependencies" : [
        "SnapCore",
        "SnapDependencies",
        "SnapNavigation",
        "SnapSettingsService",
        "SnapStyle"
      ],
      "product_memberships" : [
        "SnapTemplate"
      ],
      "sources" : [
        "Dependencies+Template.swift",
        "NavigationProvier+Template.swift",
        "TemplateModifierWindow.swift",
        "TemplateState.swift"
      ],
      "target_dependencies" : [
        "SnapTemplateSettings",
        "SnapTemplateUtil"
      ],
      "type" : "library"
    }
  ],
  "tools_version" : "6.3"
}
{
  "workspace" : {
    "name" : "snap-template",
    "schemes" : [
      "snap-template"
    ]
  }
}
2026-09-21 06:29:33.255 xcodebuild[1111:6624] [MT] IDERunDestination: Supported platforms for the buildables in the current scheme is empty.
Running build ...
env DEVELOPER_DIR=/Applications/Xcode-27.0.0-Release.Candidate.app xcrun xcodebuild -IDEClonedSourcePackagesDirPathOverride=$PWD/.dependencies -skipMacroValidation -skipPackagePluginValidation -derivedDataPath $PWD/.derivedData build -scheme snap-template -destination generic/platform=watchOS
Command line invocation:
    /Applications/Xcode-27.0.0-Release.Candidate.app/Contents/Developer/usr/bin/xcodebuild -IDEClonedSourcePackagesDirPathOverride=/Users/admin/builder/spi-builder-workspace/.dependencies -skipMacroValidation -skipPackagePluginValidation -derivedDataPath /Users/admin/builder/spi-builder-workspace/.derivedData build -scheme snap-template -destination generic/platform=watchOS
Resolve Package Graph
Resolved source packages:
  snap-navigation: https://github.com/simonnickel/snap-navigation.git @ main (c7a4a8f)
  snap-style: https://github.com/simonnickel/snap-style.git @ main (a5b7178)
  snap-dependencies: https://github.com/simonnickel/snap-dependencies.git @ main (33a0cdc)
  snap-settings-service: https://github.com/simonnickel/snap-settings-service.git @ main (4104e5e)
  snap-template: /Users/admin/builder/spi-builder-workspace
  snap-core: https://github.com/simonnickel/snap-core.git @ main (b35b73d)
  snap-foundation: https://github.com/simonnickel/snap-foundation.git @ main (5dcd584)
ComputePackagePrebuildTargetDependencyGraph
Prepare packages
CreateBuildRequest
SendProjectDescription
CreateBuildOperation
ComputeTargetDependencyGraph
note: Building targets in dependency order
note: Target dependency graph (22 targets)
    Target 'SnapTemplate-product' in project 'snap-template'
        ➜ Explicit dependency on target 'SnapTemplateApp' in project 'snap-template'
        ➜ Explicit dependency on target 'SnapTemplateSettings' in project 'snap-template'
        ➜ Explicit dependency on target 'SnapTemplateUtil' in project 'snap-template'
        ➜ Explicit dependency on target 'SnapNavigation-product' in project 'snap-navigation'
        ➜ Explicit dependency on target 'SnapStyle-product' in project 'snap-style'
        ➜ Explicit dependency on target 'SnapCore-product' in project 'snap-core'
        ➜ Explicit dependency on target 'SnapDependencies-product' in project 'snap-dependencies'
        ➜ Explicit dependency on target 'SnapSettingsService-product' in project 'snap-settings-service'
    Target 'SnapTemplateApp' in project 'snap-template'
        ➜ Explicit dependency on target 'SnapTemplateUtil' in project 'snap-template'
        ➜ Explicit dependency on target 'SnapTemplateSettings' in project 'snap-template'
        ➜ Explicit dependency on target 'SnapNavigation-product' in project 'snap-navigation'
        ➜ Explicit dependency on target 'SnapStyle-product' in project 'snap-style'
        ➜ Explicit dependency on target 'SnapCore-product' in project 'snap-core'
        ➜ Explicit dependency on target 'SnapDependencies-product' in project 'snap-dependencies'
        ➜ Explicit dependency on target 'SnapSettingsService-product' in project 'snap-settings-service'
    Target 'SnapTemplateSettings' in project 'snap-template'
        ➜ Explicit dependency on target 'SnapTemplateUtil' in project 'snap-template'
        ➜ Explicit dependency on target 'SnapNavigation-product' in project 'snap-navigation'
        ➜ Explicit dependency on target 'SnapStyle-product' in project 'snap-style'
        ➜ Explicit dependency on target 'SnapCore-product' in project 'snap-core'
        ➜ Explicit dependency on target 'SnapDependencies-product' in project 'snap-dependencies'
        ➜ Explicit dependency on target 'SnapSettingsService-product' in project 'snap-settings-service'
    Target 'SnapSettingsService-product' in project 'snap-settings-service'
        ➜ Explicit dependency on target 'SnapSettingsService' in project 'snap-settings-service'
        ➜ Explicit dependency on target 'SnapCore-product' in project 'snap-core'
    Target 'SnapSettingsService' in project 'snap-settings-service'
        ➜ Explicit dependency on target 'SnapCore-product' in project 'snap-core'
    Target 'SnapDependencies-product' in project 'snap-dependencies'
        ➜ Explicit dependency on target 'SnapDependencies' in project 'snap-dependencies'
        ➜ Explicit dependency on target 'SnapFoundation-product' in project 'snap-foundation'
    Target 'SnapDependencies' in project 'snap-dependencies'
        ➜ Explicit dependency on target 'SnapFoundation-product' in project 'snap-foundation'
    Target 'SnapTemplateUtil' in project 'snap-template'
        ➜ Explicit dependency on target 'SnapNavigation-product' in project 'snap-navigation'
        ➜ Explicit dependency on target 'SnapStyle-product' in project 'snap-style'
    Target 'SnapStyle-product' in project 'snap-style'
        ➜ Explicit dependency on target 'SnapStyle' in project 'snap-style'
        ➜ Explicit dependency on target 'SnapStyleViews' in project 'snap-style'
        ➜ Explicit dependency on target 'SnapStyleView' in project 'snap-style'
        ➜ Explicit dependency on target 'SnapStyleDefinitions' in project 'snap-style'
        ➜ Explicit dependency on target 'SnapStyleComponents' in project 'snap-style'
        ➜ Explicit dependency on target 'SnapStyleBase' in project 'snap-style'
        ➜ Explicit dependency on target 'SnapStyleDebug' in project 'snap-style'
        ➜ Explicit dependency on target 'SnapFoundation-product' in project 'snap-foundation'
        ➜ Explicit dependency on target 'SnapCore-product' in project 'snap-core'
    Target 'SnapStyleDebug' in project 'snap-style'
        ➜ Explicit dependency on target 'SnapStyleBase' in project 'snap-style'
        ➜ Explicit dependency on target 'SnapStyleComponents' in project 'snap-style'
        ➜ Explicit dependency on target 'SnapStyleDefinitions' in project 'snap-style'
        ➜ Explicit dependency on target 'SnapStyleView' in project 'snap-style'
        ➜ Explicit dependency on target 'SnapStyleViews' in project 'snap-style'
        ➜ Explicit dependency on target 'SnapStyle' in project 'snap-style'
        ➜ Explicit dependency on target 'SnapFoundation-product' in project 'snap-foundation'
        ➜ Explicit dependency on target 'SnapCore-product' in project 'snap-core'
    Target 'SnapStyle' in project 'snap-style'
        ➜ Explicit dependency on target 'SnapStyleBase' in project 'snap-style'
        ➜ Explicit dependency on target 'SnapStyleComponents' in project 'snap-style'
        ➜ Explicit dependency on target 'SnapStyleDefinitions' in project 'snap-style'
        ➜ Explicit dependency on target 'SnapStyleView' in project 'snap-style'
        ➜ Explicit dependency on target 'SnapStyleViews' in project 'snap-style'
        ➜ Explicit dependency on target 'SnapFoundation-product' in project 'snap-foundation'
        ➜ Explicit dependency on target 'SnapCore-product' in project 'snap-core'
    Target 'SnapStyleViews' in project 'snap-style'
        ➜ Explicit dependency on target 'SnapStyleBase' in project 'snap-style'
        ➜ Explicit dependency on target 'SnapStyleComponents' in project 'snap-style'
        ➜ Explicit dependency on target 'SnapStyleDefinitions' in project 'snap-style'
        ➜ Explicit dependency on target 'SnapStyleView' in project 'snap-style'
        ➜ Explicit dependency on target 'SnapFoundation-product' in project 'snap-foundation'
        ➜ Explicit dependency on target 'SnapCore-product' in project 'snap-core'
    Target 'SnapStyleView' in project 'snap-style'
        ➜ Explicit dependency on target 'SnapStyleBase' in project 'snap-style'
        ➜ Explicit dependency on target 'SnapStyleComponents' in project 'snap-style'
        ➜ Explicit dependency on target 'SnapStyleDefinitions' in project 'snap-style'
        ➜ Explicit dependency on target 'SnapFoundation-product' in project 'snap-foundation'
        ➜ Explicit dependency on target 'SnapCore-product' in project 'snap-core'
    Target 'SnapCore-product' in project 'snap-core'
        ➜ Explicit dependency on target 'SnapCore' in project 'snap-core'
        ➜ Explicit dependency on target 'SnapFoundation-product' in project 'snap-foundation'
    Target 'SnapCore' in project 'snap-core'
        ➜ Explicit dependency on target 'SnapFoundation-product' in project 'snap-foundation'
    Target 'SnapStyleDefinitions' in project 'snap-style'
        ➜ Explicit dependency on target 'SnapStyleBase' in project 'snap-style'
        ➜ Explicit dependency on target 'SnapStyleComponents' in project 'snap-style'
        ➜ Explicit dependency on target 'SnapFoundation-product' in project 'snap-foundation'
    Target 'SnapStyleComponents' in project 'snap-style'
        ➜ Explicit dependency on target 'SnapStyleBase' in project 'snap-style'
        ➜ Explicit dependency on target 'SnapFoundation-product' in project 'snap-foundation'
    Target 'SnapStyleBase' in project 'snap-style'
        ➜ Explicit dependency on target 'SnapFoundation-product' in project 'snap-foundation'
    Target 'SnapNavigation-product' in project 'snap-navigation'
        ➜ Explicit dependency on target 'SnapNavigation' in project 'snap-navigation'
        ➜ Explicit dependency on target 'SnapFoundation-product' in project 'snap-foundation'
    Target 'SnapNavigation' in project 'snap-navigation'
        ➜ Explicit dependency on target 'SnapFoundation-product' in project 'snap-foundation'
    Target 'SnapFoundation-product' in project 'snap-foundation'
        ➜ Explicit dependency on target 'SnapFoundation' in project 'snap-foundation'
    Target 'SnapFoundation' in project 'snap-foundation' (no dependencies)
GatherProvisioningInputs
CreateBuildDescription
ClangStatCache /Applications/Xcode-27.0.0-Release.Candidate.app/Contents/Developer/Toolchains/XcodeDefault.xctoolchain/usr/bin/clang-stat-cache /Applications/Xcode-27.0.0-Release.Candidate.app/Contents/Developer/Platforms/WatchOS.platform/Developer/SDKs/WatchOS27.0.sdk /Users/admin/builder/spi-builder-workspace/.derivedData/SDKStatCaches.noindex/watchos27.0-24R360-e829b21a6f8c9b70876ba0858053c04477534ef55a1706bf4c1112bbb242f0a2.sdkstatcache
    cd /Users/admin/builder/spi-builder-workspace/.swiftpm/xcode
    /Applications/Xcode-27.0.0-Release.Candidate.app/Contents/Developer/Toolchains/XcodeDefault.xctoolchain/usr/bin/clang-stat-cache /Applications/Xcode-27.0.0-Release.Candidate.app/Contents/Developer/Platforms/WatchOS.platform/Developer/SDKs/WatchOS27.0.sdk -o /Users/admin/builder/spi-builder-workspace/.derivedData/SDKStatCaches.noindex/watchos27.0-24R360-e829b21a6f8c9b70876ba0858053c04477534ef55a1706bf4c1112bbb242f0a2.sdkstatcache
SwiftDriver SnapStyleBase normal arm64 com.apple.xcode.tools.swift.compiler (in target 'SnapStyleBase' from project 'snap-style')
    cd /Users/admin/builder/spi-builder-workspace/.swiftpm/xcode
    builtin-SwiftDriver -- /Applications/Xcode-27.0.0-Release.Candidate.app/Contents/Developer/Toolchains/XcodeDefault.xctoolchain/usr/bin/swiftc -parse-as-library -module-name SnapStyleBase -Onone @/Users/admin/builder/spi-builder-workspace/.derivedData/Build/Intermediates.noindex/snap-style.build/Debug-watchos/SnapStyleBase-t.build/Objects-normal/arm64/SnapStyleBase.SwiftFileList -DSWIFT_PACKAGE -DDEBUG -DSWIFT_MODULE_RESOURCE_BUNDLE_UNAVAILABLE -DXcode -plugin-path /Applications/Xcode-27.0.0-Release.Candidate.app/Contents/Developer/Toolchains/XcodeDefault.xctoolchain/usr/lib/swift/host/plugins/testing -enable-experimental-feature DebugDescriptionMacro -sdk /Applications/Xcode-27.0.0-Release.Candidate.app/Contents/Developer/Platforms/WatchOS.platform/Developer/SDKs/WatchOS27.0.sdk -target arm64-apple-watchos10.0 -g -module-cache-path /Users/admin/builder/spi-builder-workspace/.derivedData/ModuleCache.noindex -Xfrontend -serialize-debugging-options -enable-testing -suppress-warnings -index-store-path /Users/admin/builder/spi-builder-workspace/.derivedData/Index.noindex/DataStore -Xcc -D_LIBCPP_HARDENING_MODE\=_LIBCPP_HARDENING_MODE_DEBUG -swift-version 6 -I /Users/admin/builder/spi-builder-workspace/.derivedData/Build/Products/Debug-watchos -Isystem /Applications/Xcode-27.0.0-Release.Candidate.app/Contents/Developer/Platforms/WatchOS.platform/Developer/usr/lib -F /Users/admin/builder/spi-builder-workspace/.derivedData/Build/Products/Debug-watchos/PackageFrameworks -F /Users/admin/builder/spi-builder-workspace/.derivedData/Build/Products/Debug-watchos -F /Applications/Xcode-27.0.0-Release.Candidate.app/Contents/Developer/Platforms/WatchOS.platform/Developer/Library/Frameworks -F /Applications/Xcode-27.0.0-Release.Candidate.app/Contents/Developer/Platforms/WatchOS.platform/Developer/SDKs/WatchOS27.0.sdk/Developer/Library/Frameworks -c -j10 -enable-batch-mode -incremental -Xcc -ivfsstatcache -Xcc /Users/admin/builder/spi-builder-workspace/.derivedData/SDKStatCaches.noindex/watchos27.0-24R360-e829b21a6f8c9b70876ba0858053c04477534ef55a1706bf4c1112bbb242f0a2.sdkstatcache -output-file-map /Users/admin/builder/spi-builder-workspace/.derivedData/Build/Intermediates.noindex/snap-style.build/Debug-watchos/SnapStyleBase-t.build/Objects-normal/arm64/SnapStyleBase-OutputFileMap.json -save-temps -no-color-diagnostics -explicit-module-build -module-cache-path /Users/admin/builder/spi-builder-workspace/.derivedData/Build/Intermediates.noindex/SwiftExplicitPrecompiledModules -clang-scanner-module-cache-path /Users/admin/builder/spi-builder-workspace/.derivedData/ModuleCache.noindex -sdk-module-cache-path /Users/admin/builder/spi-builder-workspace/.derivedData/SDKExplicitPrecompiledModules -emit-dependencies -emit-module -emit-module-path /Users/admin/builder/spi-builder-workspace/.derivedData/Build/Intermediates.noindex/snap-style.build/Debug-watchos/SnapStyleBase-t.build/Objects-normal/arm64/SnapStyleBase.swiftmodule -serialize-diagnostics -dependency-scan-serialize-diagnostics-path /Users/admin/builder/spi-builder-workspace/.derivedData/Build/Intermediates.noindex/snap-style.build/Debug-watchos/SnapStyleBase-t.build/Objects-normal/arm64/SnapStyleBase-dependency-scan.dia -validate-clang-modules-once -clang-build-session-file /Users/admin/builder/spi-builder-workspace/.derivedData/ModuleCache.noindex/Session.modulevalidation -Xcc -fmodules-prune-interval\=86400 -Xcc -fmodules-prune-after\=345600 -package-name snap_style -emit-const-values -const-gather-protocols-list /Users/admin/builder/spi-builder-workspace/.derivedData/Build/Intermediates.noindex/snap-style.build/Debug-watchos/SnapStyleBase-t.build/Objects-normal/arm64/SnapStyleBase_const_extract_protocols.json -Xcc -I/Users/admin/builder/spi-builder-workspace/.derivedData/Build/Products/Debug-watchos/include -Xcc -I/Users/admin/builder/spi-builder-workspace/.derivedData/Build/Intermediates.noindex/snap-style.build/Debug-watchos/SnapStyleBase-t.build/DerivedSources-normal/arm64 -Xcc -I/Users/admin/builder/spi-builder-workspace/.derivedData/Build/Intermediates.noindex/snap-style.build/Debug-watchos/SnapStyleBase-t.build/DerivedSources/arm64 -Xcc -I/Users/admin/builder/spi-builder-workspace/.derivedData/Build/Intermediates.noindex/snap-style.build/Debug-watchos/SnapStyleBase-t.build/DerivedSources -Xcc -DSWIFT_PACKAGE -Xcc -DDEBUG\=1 -emit-objc-header -emit-objc-header-path /Users/admin/builder/spi-builder-workspace/.derivedData/Build/Intermediates.noindex/snap-style.build/Debug-watchos/SnapStyleBase-t.build/Objects-normal/arm64/SnapStyleBase-Swift.h -working-directory /Users/admin/builder/spi-builder-workspace/.swiftpm/xcode -experimental-emit-module-separately -disable-cmo
SwiftDriver SnapNavigation normal arm64_32 com.apple.xcode.tools.swift.compiler (in target 'SnapNavigation' from project 'snap-navigation')
    cd /Users/admin/builder/spi-builder-workspace/.swiftpm/xcode
    builtin-SwiftDriver -- /Applications/Xcode-27.0.0-Release.Candidate.app/Contents/Developer/Toolchains/XcodeDefault.xctoolchain/usr/bin/swiftc -parse-as-library -module-name SnapNavigation -Onone @/Users/admin/builder/spi-builder-workspace/.derivedData/Build/Intermediates.noindex/snap-navigation.build/Debug-watchos/SnapNavigation-t.build/Objects-normal/arm64_32/SnapNavigation.SwiftFileList -DSWIFT_PACKAGE -DDEBUG -DSWIFT_MODULE_RESOURCE_BUNDLE_UNAVAILABLE -DXcode -plugin-path /Applications/Xcode-27.0.0-Release.Candidate.app/Contents/Developer/Toolchains/XcodeDefault.xctoolchain/usr/lib/swift/host/plugins/testing -enable-experimental-feature DebugDescriptionMacro -sdk /Applications/Xcode-27.0.0-Release.Candidate.app/Contents/Developer/Platforms/WatchOS.platform/Developer/SDKs/WatchOS27.0.sdk -target arm64_32-apple-watchos11.0 -g -module-cache-path /Users/admin/builder/spi-builder-workspace/.derivedData/ModuleCache.noindex -Xfrontend -serialize-debugging-options -enable-testing -suppress-warnings -index-store-path /Users/admin/builder/spi-builder-workspace/.derivedData/Index.noindex/DataStore -Xcc -D_LIBCPP_HARDENING_MODE\=_LIBCPP_HARDENING_MODE_DEBUG -swift-version 6 -I /Users/admin/builder/spi-builder-workspace/.derivedData/Build/Products/Debug-watchos -Isystem /Applications/Xcode-27.0.0-Release.Candidate.app/Contents/Developer/Platforms/WatchOS.platform/Developer/usr/lib -F /Users/admin/builder/spi-builder-workspace/.derivedData/Build/Products/Debug-watchos/PackageFrameworks -F /Users/admin/builder/spi-builder-workspace/.derivedData/Build/Products/Debug-watchos -F /Applications/Xcode-27.0.0-Release.Candidate.app/Contents/Developer/Platforms/WatchOS.platform/Developer/Library/Frameworks -F /Applications/Xcode-27.0.0-Release.Candidate.app/Contents/Developer/Platforms/WatchOS.platform/Developer/SDKs/WatchOS27.0.sdk/Developer/Library/Frameworks -c -j10 -enable-batch-mode -incremental -Xcc -ivfsstatcache -Xcc /Users/admin/builder/spi-builder-workspace/.derivedData/SDKStatCaches.noindex/watchos27.0-24R360-e829b21a6f8c9b70876ba0858053c04477534ef55a1706bf4c1112bbb242f0a2.sdkstatcache -output-file-map /Users/admin/builder/spi-builder-workspace/.derivedData/Build/Intermediates.noindex/snap-navigation.build/Debug-watchos/SnapNavigation-t.build/Objects-normal/arm64_32/SnapNavigation-OutputFileMap.json -save-temps -no-color-diagnostics -explicit-module-build -module-cache-path /Users/admin/builder/spi-builder-workspace/.derivedData/Build/Intermediates.noindex/SwiftExplicitPrecompiledModules -clang-scanner-module-cache-path /Users/admin/builder/spi-builder-workspace/.derivedData/ModuleCache.noindex -sdk-module-cache-path /Users/admin/builder/spi-builder-workspace/.derivedData/SDKExplicitPrecompiledModules -emit-dependencies -emit-module -emit-module-path /Users/admin/builder/spi-builder-workspace/.derivedData/Build/Intermediates.noindex/snap-navigation.build/Debug-watchos/SnapNavigation-t.build/Objects-normal/arm64_32/SnapNavigation.swiftmodule -serialize-diagnostics -dependency-scan-serialize-diagnostics-path /Users/admin/builder/spi-builder-workspace/.derivedData/Build/Intermediates.noindex/snap-navigation.build/Debug-watchos/SnapNavigation-t.build/Objects-normal/arm64_32/SnapNavigation-dependency-scan.dia -validate-clang-modules-once -clang-build-session-file /Users/admin/builder/spi-builder-workspace/.derivedData/ModuleCache.noindex/Session.modulevalidation -Xcc -fmodules-prune-interval\=86400 -Xcc -fmodules-prune-after\=345600 -package-name snap_navigation -emit-const-values -const-gather-protocols-list /Users/admin/builder/spi-builder-workspace/.derivedData/Build/Intermediates.noindex/snap-navigation.build/Debug-watchos/SnapNavigation-t.build/Objects-normal/arm64_32/SnapNavigation_const_extract_protocols.json -Xcc -I/Users/admin/builder/spi-builder-workspace/.derivedData/Build/Products/Debug-watchos/include -Xcc -I/Users/admin/builder/spi-builder-workspace/.derivedData/Build/Intermediates.noindex/snap-navigation.build/Debug-watchos/SnapNavigation-t.build/DerivedSources-normal/arm64_32 -Xcc -I/Users/admin/builder/spi-builder-workspace/.derivedData/Build/Intermediates.noindex/snap-navigation.build/Debug-watchos/SnapNavigation-t.build/DerivedSources/arm64_32 -Xcc -I/Users/admin/builder/spi-builder-workspace/.derivedData/Build/Intermediates.noindex/snap-navigation.build/Debug-watchos/SnapNavigation-t.build/DerivedSources -Xcc -DSWIFT_PACKAGE -Xcc -DDEBUG\=1 -emit-objc-header -emit-objc-header-path /Users/admin/builder/spi-builder-workspace/.derivedData/Build/Intermediates.noindex/snap-navigation.build/Debug-watchos/SnapNavigation-t.build/Objects-normal/arm64_32/SnapNavigation-Swift.h -working-directory /Users/admin/builder/spi-builder-workspace/.swiftpm/xcode -experimental-emit-module-separately -disable-cmo
SwiftDriver SnapNavigation normal arm64 com.apple.xcode.tools.swift.compiler (in target 'SnapNavigation' from project 'snap-navigation')
    cd /Users/admin/builder/spi-builder-workspace/.swiftpm/xcode
    builtin-SwiftDriver -- /Applications/Xcode-27.0.0-Release.Candidate.app/Contents/Developer/Toolchains/XcodeDefault.xctoolchain/usr/bin/swiftc -parse-as-library -module-name SnapNavigation -Onone @/Users/admin/builder/spi-builder-workspace/.derivedData/Build/Intermediates.noindex/snap-navigation.build/Debug-watchos/SnapNavigation-t.build/Objects-normal/arm64/SnapNavigation.SwiftFileList -DSWIFT_PACKAGE -DDEBUG -DSWIFT_MODULE_RESOURCE_BUNDLE_UNAVAILABLE -DXcode -plugin-path /Applications/Xcode-27.0.0-Release.Candidate.app/Contents/Developer/Toolchains/XcodeDefault.xctoolchain/usr/lib/swift/host/plugins/testing -enable-experimental-feature DebugDescriptionMacro -sdk /Applications/Xcode-27.0.0-Release.Candidate.app/Contents/Developer/Platforms/WatchOS.platform/Developer/SDKs/WatchOS27.0.sdk -target arm64-apple-watchos11.0 -g -module-cache-path /Users/admin/builder/spi-builder-workspace/.derivedData/ModuleCache.noindex -Xfrontend -serialize-debugging-options -enable-testing -suppress-warnings -index-store-path /Users/admin/builder/spi-builder-workspace/.derivedData/Index.noindex/DataStore -Xcc -D_LIBCPP_HARDENING_MODE\=_LIBCPP_HARDENING_MODE_DEBUG -swift-version 6 -I /Users/admin/builder/spi-builder-workspace/.derivedData/Build/Products/Debug-watchos -Isystem /Applications/Xcode-27.0.0-Release.Candidate.app/Contents/Developer/Platforms/WatchOS.platform/Developer/usr/lib -F /Users/admin/builder/spi-builder-workspace/.derivedData/Build/Products/Debug-watchos/PackageFrameworks -F /Users/admin/builder/spi-builder-workspace/.derivedData/Build/Products/Debug-watchos -F /Applications/Xcode-27.0.0-Release.Candidate.app/Contents/Developer/Platforms/WatchOS.platform/Developer/Library/Frameworks -F /Applications/Xcode-27.0.0-Release.Candidate.app/Contents/Developer/Platforms/WatchOS.platform/Developer/SDKs/WatchOS27.0.sdk/Developer/Library/Frameworks -c -j10 -enable-batch-mode -incremental -Xcc -ivfsstatcache -Xcc /Users/admin/builder/spi-builder-workspace/.derivedData/SDKStatCaches.noindex/watchos27.0-24R360-e829b21a6f8c9b70876ba0858053c04477534ef55a1706bf4c1112bbb242f0a2.sdkstatcache -output-file-map /Users/admin/builder/spi-builder-workspace/.derivedData/Build/Intermediates.noindex/snap-navigation.build/Debug-watchos/SnapNavigation-t.build/Objects-normal/arm64/SnapNavigation-OutputFileMap.json -save-temps -no-color-diagnostics -explicit-module-build -module-cache-path /Users/admin/builder/spi-builder-workspace/.derivedData/Build/Intermediates.noindex/SwiftExplicitPrecompiledModules -clang-scanner-module-cache-path /Users/admin/builder/spi-builder-workspace/.derivedData/ModuleCache.noindex -sdk-module-cache-path /Users/admin/builder/spi-builder-workspace/.derivedData/SDKExplicitPrecompiledModules -emit-dependencies -emit-module -emit-module-path /Users/admin/builder/spi-builder-workspace/.derivedData/Build/Intermediates.noindex/snap-navigation.build/Debug-watchos/SnapNavigation-t.build/Objects-normal/arm64/SnapNavigation.swiftmodule -serialize-diagnostics -dependency-scan-serialize-diagnostics-path /Users/admin/builder/spi-builder-workspace/.derivedData/Build/Intermediates.noindex/snap-navigation.build/Debug-watchos/SnapNavigation-t.build/Objects-normal/arm64/SnapNavigation-dependency-scan.dia -validate-clang-modules-once -clang-build-session-file /Users/admin/builder/spi-builder-workspace/.derivedData/ModuleCache.noindex/Session.modulevalidation -Xcc -fmodules-prune-interval\=86400 -Xcc -fmodules-prune-after\=345600 -package-name snap_navigation -emit-const-values -const-gather-protocols-list /Users/admin/builder/spi-builder-workspace/.derivedData/Build/Intermediates.noindex/snap-navigation.build/Debug-watchos/SnapNavigation-t.build/Objects-normal/arm64/SnapNavigation_const_extract_protocols.json -Xcc -I/Users/admin/builder/spi-builder-workspace/.derivedData/Build/Products/Debug-watchos/include -Xcc -I/Users/admin/builder/spi-builder-workspace/.derivedData/Build/Intermediates.noindex/snap-navigation.build/Debug-watchos/SnapNavigation-t.build/DerivedSources-normal/arm64 -Xcc -I/Users/admin/builder/spi-builder-workspace/.derivedData/Build/Intermediates.noindex/snap-navigation.build/Debug-watchos/SnapNavigation-t.build/DerivedSources/arm64 -Xcc -I/Users/admin/builder/spi-builder-workspace/.derivedData/Build/Intermediates.noindex/snap-navigation.build/Debug-watchos/SnapNavigation-t.build/DerivedSources -Xcc -DSWIFT_PACKAGE -Xcc -DDEBUG\=1 -emit-objc-header -emit-objc-header-path /Users/admin/builder/spi-builder-workspace/.derivedData/Build/Intermediates.noindex/snap-navigation.build/Debug-watchos/SnapNavigation-t.build/Objects-normal/arm64/SnapNavigation-Swift.h -working-directory /Users/admin/builder/spi-builder-workspace/.swiftpm/xcode -experimental-emit-module-separately -disable-cmo
SwiftDriver SnapDependencies normal arm64 com.apple.xcode.tools.swift.compiler (in target 'SnapDependencies' from project 'snap-dependencies')
    cd /Users/admin/builder/spi-builder-workspace/.swiftpm/xcode
    builtin-SwiftDriver -- /Applications/Xcode-27.0.0-Release.Candidate.app/Contents/Developer/Toolchains/XcodeDefault.xctoolchain/usr/bin/swiftc -parse-as-library -module-name SnapDependencies -Onone @/Users/admin/builder/spi-builder-workspace/.derivedData/Build/Intermediates.noindex/snap-dependencies.build/Debug-watchos/SnapDependencies-t.build/Objects-normal/arm64/SnapDependencies.SwiftFileList -DSWIFT_PACKAGE -DDEBUG -DSWIFT_MODULE_RESOURCE_BUNDLE_UNAVAILABLE -DXcode -plugin-path /Applications/Xcode-27.0.0-Release.Candidate.app/Contents/Developer/Toolchains/XcodeDefault.xctoolchain/usr/lib/swift/host/plugins/testing -enable-experimental-feature DebugDescriptionMacro -sdk /Applications/Xcode-27.0.0-Release.Candidate.app/Contents/Developer/Platforms/WatchOS.platform/Developer/SDKs/WatchOS27.0.sdk -target arm64-apple-watchos11.0 -g -module-cache-path /Users/admin/builder/spi-builder-workspace/.derivedData/ModuleCache.noindex -Xfrontend -serialize-debugging-options -enable-testing -suppress-warnings -index-store-path /Users/admin/builder/spi-builder-workspace/.derivedData/Index.noindex/DataStore -Xcc -D_LIBCPP_HARDENING_MODE\=_LIBCPP_HARDENING_MODE_DEBUG -swift-version 6 -I /Users/admin/builder/spi-builder-workspace/.derivedData/Build/Products/Debug-watchos -Isystem /Applications/Xcode-27.0.0-Release.Candidate.app/Contents/Developer/Platforms/WatchOS.platform/Developer/usr/lib -F /Users/admin/builder/spi-builder-workspace/.derivedData/Build/Products/Debug-watchos/PackageFrameworks -F /Users/admin/builder/spi-builder-workspace/.derivedData/Build/Products/Debug-watchos -F /Applications/Xcode-27.0.0-Release.Candidate.app/Contents/Developer/Platforms/WatchOS.platform/Developer/Library/Frameworks -F /Applications/Xcode-27.0.0-Release.Candidate.app/Contents/Developer/Platforms/WatchOS.platform/Developer/SDKs/WatchOS27.0.sdk/Developer/Library/Frameworks -c -j10 -enable-batch-mode -incremental -Xcc -ivfsstatcache -Xcc /Users/admin/builder/spi-builder-workspace/.derivedData/SDKStatCaches.noindex/watchos27.0-24R360-e829b21a6f8c9b70876ba0858053c04477534ef55a1706bf4c1112bbb242f0a2.sdkstatcache -output-file-map /Users/admin/builder/spi-builder-workspace/.derivedData/Build/Intermediates.noindex/snap-dependencies.build/Debug-watchos/SnapDependencies-t.build/Objects-normal/arm64/SnapDependencies-OutputFileMap.json -save-temps -no-color-diagnostics -explicit-module-build -module-cache-path /Users/admin/builder/spi-builder-workspace/.derivedData/Build/Intermediates.noindex/SwiftExplicitPrecompiledModules -clang-scanner-module-cache-path /Users/admin/builder/spi-builder-workspace/.derivedData/ModuleCache.noindex -sdk-module-cache-path /Users/admin/builder/spi-builder-workspace/.derivedData/SDKExplicitPrecompiledModules -emit-dependencies -emit-module -emit-module-path /Users/admin/builder/spi-builder-workspace/.derivedData/Build/Intermediates.noindex/snap-dependencies.build/Debug-watchos/SnapDependencies-t.build/Objects-normal/arm64/SnapDependencies.swiftmodule -serialize-diagnostics -dependency-scan-serialize-diagnostics-path /Users/admin/builder/spi-builder-workspace/.derivedData/Build/Intermediates.noindex/snap-dependencies.build/Debug-watchos/SnapDependencies-t.build/Objects-normal/arm64/SnapDependencies-dependency-scan.dia -validate-clang-modules-once -clang-build-session-file /Users/admin/builder/spi-builder-workspace/.derivedData/ModuleCache.noindex/Session.modulevalidation -Xcc -fmodules-prune-interval\=86400 -Xcc -fmodules-prune-after\=345600 -package-name snap_dependencies -emit-const-values -const-gather-protocols-list /Users/admin/builder/spi-builder-workspace/.derivedData/Build/Intermediates.noindex/snap-dependencies.build/Debug-watchos/SnapDependencies-t.build/Objects-normal/arm64/SnapDependencies_const_extract_protocols.json -Xcc -I/Users/admin/builder/spi-builder-workspace/.derivedData/Build/Products/Debug-watchos/include -Xcc -I/Users/admin/builder/spi-builder-workspace/.derivedData/Build/Intermediates.noindex/snap-dependencies.build/Debug-watchos/SnapDependencies-t.build/DerivedSources-normal/arm64 -Xcc -I/Users/admin/builder/spi-builder-workspace/.derivedData/Build/Intermediates.noindex/snap-dependencies.build/Debug-watchos/SnapDependencies-t.build/DerivedSources/arm64 -Xcc -I/Users/admin/builder/spi-builder-workspace/.derivedData/Build/Intermediates.noindex/snap-dependencies.build/Debug-watchos/SnapDependencies-t.build/DerivedSources -Xcc -DSWIFT_PACKAGE -Xcc -DDEBUG\=1 -emit-objc-header -emit-objc-header-path /Users/admin/builder/spi-builder-workspace/.derivedData/Build/Intermediates.noindex/snap-dependencies.build/Debug-watchos/SnapDependencies-t.build/Objects-normal/arm64/SnapDependencies-Swift.h -working-directory /Users/admin/builder/spi-builder-workspace/.swiftpm/xcode -experimental-emit-module-separately -disable-cmo
SwiftDriver SnapCore normal arm64 com.apple.xcode.tools.swift.compiler (in target 'SnapCore' from project 'snap-core')
    cd /Users/admin/builder/spi-builder-workspace/.swiftpm/xcode
    builtin-SwiftDriver -- /Applications/Xcode-27.0.0-Release.Candidate.app/Contents/Developer/Toolchains/XcodeDefault.xctoolchain/usr/bin/swiftc -parse-as-library -module-name SnapCore -Onone @/Users/admin/builder/spi-builder-workspace/.derivedData/Build/Intermediates.noindex/snap-core.build/Debug-watchos/SnapCore-t.build/Objects-normal/arm64/SnapCore.SwiftFileList -DSWIFT_PACKAGE -DDEBUG -DSWIFT_MODULE_RESOURCE_BUNDLE_UNAVAILABLE -DXcode -plugin-path /Applications/Xcode-27.0.0-Release.Candidate.app/Contents/Developer/Toolchains/XcodeDefault.xctoolchain/usr/lib/swift/host/plugins/testing -enable-experimental-feature DebugDescriptionMacro -sdk /Applications/Xcode-27.0.0-Release.Candidate.app/Contents/Developer/Platforms/WatchOS.platform/Developer/SDKs/WatchOS27.0.sdk -target arm64-apple-watchos10.0 -g -module-cache-path /Users/admin/builder/spi-builder-workspace/.derivedData/ModuleCache.noindex -Xfrontend -serialize-debugging-options -enable-testing -suppress-warnings -index-store-path /Users/admin/builder/spi-builder-workspace/.derivedData/Index.noindex/DataStore -Xcc -D_LIBCPP_HARDENING_MODE\=_LIBCPP_HARDENING_MODE_DEBUG -swift-version 6 -I /Users/admin/builder/spi-builder-workspace/.derivedData/Build/Products/Debug-watchos -Isystem /Applications/Xcode-27.0.0-Release.Candidate.app/Contents/Developer/Platforms/WatchOS.platform/Developer/usr/lib -F /Users/admin/builder/spi-builder-workspace/.derivedData/Build/Products/Debug-watchos/PackageFrameworks -F /Users/admin/builder/spi-builder-workspace/.derivedData/Build/Products/Debug-watchos -F /Applications/Xcode-27.0.0-Release.Candidate.app/Contents/Developer/Platforms/WatchOS.platform/Developer/Library/Frameworks -F /Applications/Xcode-27.0.0-Release.Candidate.app/Contents/Developer/Platforms/WatchOS.platform/Developer/SDKs/WatchOS27.0.sdk/Developer/Library/Frameworks -c -j10 -enable-batch-mode -incremental -Xcc -ivfsstatcache -Xcc /Users/admin/builder/spi-builder-workspace/.derivedData/SDKStatCaches.noindex/watchos27.0-24R360-e829b21a6f8c9b70876ba0858053c04477534ef55a1706bf4c1112bbb242f0a2.sdkstatcache -output-file-map /Users/admin/builder/spi-builder-workspace/.derivedData/Build/Intermediates.noindex/snap-core.build/Debug-watchos/SnapCore-t.build/Objects-normal/arm64/SnapCore-OutputFileMap.json -save-temps -no-color-diagnostics -explicit-module-build -module-cache-path /Users/admin/builder/spi-builder-workspace/.derivedData/Build/Intermediates.noindex/SwiftExplicitPrecompiledModules -clang-scanner-module-cache-path /Users/admin/builder/spi-builder-workspace/.derivedData/ModuleCache.noindex -sdk-module-cache-path /Users/admin/builder/spi-builder-workspace/.derivedData/SDKExplicitPrecompiledModules -emit-dependencies -emit-module -emit-module-path /Users/admin/builder/spi-builder-workspace/.derivedData/Build/Intermediates.noindex/snap-core.build/Debug-watchos/SnapCore-t.build/Objects-normal/arm64/SnapCore.swiftmodule -serialize-diagnostics -dependency-scan-serialize-diagnostics-path /Users/admin/builder/spi-builder-workspace/.derivedData/Build/Intermediates.noindex/snap-core.build/Debug-watchos/SnapCore-t.build/Objects-normal/arm64/SnapCore-dependency-scan.dia -validate-clang-modules-once -clang-build-session-file /Users/admin/builder/spi-builder-workspace/.derivedData/ModuleCache.noindex/Session.modulevalidation -Xcc -fmodules-prune-interval\=86400 -Xcc -fmodules-prune-after\=345600 -package-name snap_core -emit-const-values -const-gather-protocols-list /Users/admin/builder/spi-builder-workspace/.derivedData/Build/Intermediates.noindex/snap-core.build/Debug-watchos/SnapCore-t.build/Objects-normal/arm64/SnapCore_const_extract_protocols.json -Xcc -I/Users/admin/builder/spi-builder-workspace/.derivedData/Build/Products/Debug-watchos/include -Xcc -I/Users/admin/builder/spi-builder-workspace/.derivedData/Build/Intermediates.noindex/snap-core.build/Debug-watchos/SnapCore-t.build/DerivedSources-normal/arm64 -Xcc -I/Users/admin/builder/spi-builder-workspace/.derivedData/Build/Intermediates.noindex/snap-core.build/Debug-watchos/SnapCore-t.build/DerivedSources/arm64 -Xcc -I/Users/admin/builder/spi-builder-workspace/.derivedData/Build/Intermediates.noindex/snap-core.build/Debug-watchos/SnapCore-t.build/DerivedSources -Xcc -DSWIFT_PACKAGE -Xcc -DDEBUG\=1 -emit-objc-header -emit-objc-header-path /Users/admin/builder/spi-builder-workspace/.derivedData/Build/Intermediates.noindex/snap-core.build/Debug-watchos/SnapCore-t.build/Objects-normal/arm64/SnapCore-Swift.h -working-directory /Users/admin/builder/spi-builder-workspace/.swiftpm/xcode -experimental-emit-module-separately -disable-cmo
SwiftDriver SnapCore normal arm64_32 com.apple.xcode.tools.swift.compiler (in target 'SnapCore' from project 'snap-core')
    cd /Users/admin/builder/spi-builder-workspace/.swiftpm/xcode
    builtin-SwiftDriver -- /Applications/Xcode-27.0.0-Release.Candidate.app/Contents/Developer/Toolchains/XcodeDefault.xctoolchain/usr/bin/swiftc -parse-as-library -module-name SnapCore -Onone @/Users/admin/builder/spi-builder-workspace/.derivedData/Build/Intermediates.noindex/snap-core.build/Debug-watchos/SnapCore-t.build/Objects-normal/arm64_32/SnapCore.SwiftFileList -DSWIFT_PACKAGE -DDEBUG -DSWIFT_MODULE_RESOURCE_BUNDLE_UNAVAILABLE -DXcode -plugin-path /Applications/Xcode-27.0.0-Release.Candidate.app/Contents/Developer/Toolchains/XcodeDefault.xctoolchain/usr/lib/swift/host/plugins/testing -enable-experimental-feature DebugDescriptionMacro -sdk /Applications/Xcode-27.0.0-Release.Candidate.app/Contents/Developer/Platforms/WatchOS.platform/Developer/SDKs/WatchOS27.0.sdk -target arm64_32-apple-watchos10.0 -g -module-cache-path /Users/admin/builder/spi-builder-workspace/.derivedData/ModuleCache.noindex -Xfrontend -serialize-debugging-options -enable-testing -suppress-warnings -index-store-path /Users/admin/builder/spi-builder-workspace/.derivedData/Index.noindex/DataStore -Xcc -D_LIBCPP_HARDENING_MODE\=_LIBCPP_HARDENING_MODE_DEBUG -swift-version 6 -I /Users/admin/builder/spi-builder-workspace/.derivedData/Build/Products/Debug-watchos -Isystem /Applications/Xcode-27.0.0-Release.Candidate.app/Contents/Developer/Platforms/WatchOS.platform/Developer/usr/lib -F /Users/admin/builder/spi-builder-workspace/.derivedData/Build/Products/Debug-watchos/PackageFrameworks -F /Users/admin/builder/spi-builder-workspace/.derivedData/Build/Products/Debug-watchos -F /Applications/Xcode-27.0.0-Release.Candidate.app/Contents/Developer/Platforms/WatchOS.platform/Developer/Library/Frameworks -F /Applications/Xcode-27.0.0-Release.Candidate.app/Contents/Developer/Platforms/WatchOS.platform/Developer/SDKs/WatchOS27.0.sdk/Developer/Library/Frameworks -c -j10 -enable-batch-mode -incremental -Xcc -ivfsstatcache -Xcc /Users/admin/builder/spi-builder-workspace/.derivedData/SDKStatCaches.noindex/watchos27.0-24R360-e829b21a6f8c9b70876ba0858053c04477534ef55a1706bf4c1112bbb242f0a2.sdkstatcache -output-file-map /Users/admin/builder/spi-builder-workspace/.derivedData/Build/Intermediates.noindex/snap-core.build/Debug-watchos/SnapCore-t.build/Objects-normal/arm64_32/SnapCore-OutputFileMap.json -save-temps -no-color-diagnostics -explicit-module-build -module-cache-path /Users/admin/builder/spi-builder-workspace/.derivedData/Build/Intermediates.noindex/SwiftExplicitPrecompiledModules -clang-scanner-module-cache-path /Users/admin/builder/spi-builder-workspace/.derivedData/ModuleCache.noindex -sdk-module-cache-path /Users/admin/builder/spi-builder-workspace/.derivedData/SDKExplicitPrecompiledModules -emit-dependencies -emit-module -emit-module-path /Users/admin/builder/spi-builder-workspace/.derivedData/Build/Intermediates.noindex/snap-core.build/Debug-watchos/SnapCore-t.build/Objects-normal/arm64_32/SnapCore.swiftmodule -serialize-diagnostics -dependency-scan-serialize-diagnostics-path /Users/admin/builder/spi-builder-workspace/.derivedData/Build/Intermediates.noindex/snap-core.build/Debug-watchos/SnapCore-t.build/Objects-normal/arm64_32/SnapCore-dependency-scan.dia -validate-clang-modules-once -clang-build-session-file /Users/admin/builder/spi-builder-workspace/.derivedData/ModuleCache.noindex/Session.modulevalidation -Xcc -fmodules-prune-interval\=86400 -Xcc -fmodules-prune-after\=345600 -package-name snap_core -emit-const-values -const-gather-protocols-list /Users/admin/builder/spi-builder-workspace/.derivedData/Build/Intermediates.noindex/snap-core.build/Debug-watchos/SnapCore-t.build/Objects-normal/arm64_32/SnapCore_const_extract_protocols.json -Xcc -I/Users/admin/builder/spi-builder-workspace/.derivedData/Build/Products/Debug-watchos/include -Xcc -I/Users/admin/builder/spi-builder-workspace/.derivedData/Build/Intermediates.noindex/snap-core.build/Debug-watchos/SnapCore-t.build/DerivedSources-normal/arm64_32 -Xcc -I/Users/admin/builder/spi-builder-workspace/.derivedData/Build/Intermediates.noindex/snap-core.build/Debug-watchos/SnapCore-t.build/DerivedSources/arm64_32 -Xcc -I/Users/admin/builder/spi-builder-workspace/.derivedData/Build/Intermediates.noindex/snap-core.build/Debug-watchos/SnapCore-t.build/DerivedSources -Xcc -DSWIFT_PACKAGE -Xcc -DDEBUG\=1 -emit-objc-header -emit-objc-header-path /Users/admin/builder/spi-builder-workspace/.derivedData/Build/Intermediates.noindex/snap-core.build/Debug-watchos/SnapCore-t.build/Objects-normal/arm64_32/SnapCore-Swift.h -working-directory /Users/admin/builder/spi-builder-workspace/.swiftpm/xcode -experimental-emit-module-separately -disable-cmo
SwiftDriver SnapDependencies normal arm64_32 com.apple.xcode.tools.swift.compiler (in target 'SnapDependencies' from project 'snap-dependencies')
    cd /Users/admin/builder/spi-builder-workspace/.swiftpm/xcode
    builtin-SwiftDriver -- /Applications/Xcode-27.0.0-Release.Candidate.app/Contents/Developer/Toolchains/XcodeDefault.xctoolchain/usr/bin/swiftc -parse-as-library -module-name SnapDependencies -Onone @/Users/admin/builder/spi-builder-workspace/.derivedData/Build/Intermediates.noindex/snap-dependencies.build/Debug-watchos/SnapDependencies-t.build/Objects-normal/arm64_32/SnapDependencies.SwiftFileList -DSWIFT_PACKAGE -DDEBUG -DSWIFT_MODULE_RESOURCE_BUNDLE_UNAVAILABLE -DXcode -plugin-path /Applications/Xcode-27.0.0-Release.Candidate.app/Contents/Developer/Toolchains/XcodeDefault.xctoolchain/usr/lib/swift/host/plugins/testing -enable-experimental-feature DebugDescriptionMacro -sdk /Applications/Xcode-27.0.0-Release.Candidate.app/Contents/Developer/Platforms/WatchOS.platform/Developer/SDKs/WatchOS27.0.sdk -target arm64_32-apple-watchos11.0 -g -module-cache-path /Users/admin/builder/spi-builder-workspace/.derivedData/ModuleCache.noindex -Xfrontend -serialize-debugging-options -enable-testing -suppress-warnings -index-store-path /Users/admin/builder/spi-builder-workspace/.derivedData/Index.noindex/DataStore -Xcc -D_LIBCPP_HARDENING_MODE\=_LIBCPP_HARDENING_MODE_DEBUG -swift-version 6 -I /Users/admin/builder/spi-builder-workspace/.derivedData/Build/Products/Debug-watchos -Isystem /Applications/Xcode-27.0.0-Release.Candidate.app/Contents/Developer/Platforms/WatchOS.platform/Developer/usr/lib -F /Users/admin/builder/spi-builder-workspace/.derivedData/Build/Products/Debug-watchos/PackageFrameworks -F /Users/admin/builder/spi-builder-workspace/.derivedData/Build/Products/Debug-watchos -F /Applications/Xcode-27.0.0-Release.Candidate.app/Contents/Developer/Platforms/WatchOS.platform/Developer/Library/Frameworks -F /Applications/Xcode-27.0.0-Release.Candidate.app/Contents/Developer/Platforms/WatchOS.platform/Developer/SDKs/WatchOS27.0.sdk/Developer/Library/Frameworks -c -j10 -enable-batch-mode -incremental -Xcc -ivfsstatcache -Xcc /Users/admin/builder/spi-builder-workspace/.derivedData/SDKStatCaches.noindex/watchos27.0-24R360-e829b21a6f8c9b70876ba0858053c04477534ef55a1706bf4c1112bbb242f0a2.sdkstatcache -output-file-map /Users/admin/builder/spi-builder-workspace/.derivedData/Build/Intermediates.noindex/snap-dependencies.build/Debug-watchos/SnapDependencies-t.build/Objects-normal/arm64_32/SnapDependencies-OutputFileMap.json -save-temps -no-color-diagnostics -explicit-module-build -module-cache-path /Users/admin/builder/spi-builder-workspace/.derivedData/Build/Intermediates.noindex/SwiftExplicitPrecompiledModules -clang-scanner-module-cache-path /Users/admin/builder/spi-builder-workspace/.derivedData/ModuleCache.noindex -sdk-module-cache-path /Users/admin/builder/spi-builder-workspace/.derivedData/SDKExplicitPrecompiledModules -emit-dependencies -emit-module -emit-module-path /Users/admin/builder/spi-builder-workspace/.derivedData/Build/Intermediates.noindex/snap-dependencies.build/Debug-watchos/SnapDependencies-t.build/Objects-normal/arm64_32/SnapDependencies.swiftmodule -serialize-diagnostics -dependency-scan-serialize-diagnostics-path /Users/admin/builder/spi-builder-workspace/.derivedData/Build/Intermediates.noindex/snap-dependencies.build/Debug-watchos/SnapDependencies-t.build/Objects-normal/arm64_32/SnapDependencies-dependency-scan.dia -validate-clang-modules-once -clang-build-session-file /Users/admin/builder/spi-builder-workspace/.derivedData/ModuleCache.noindex/Session.modulevalidation -Xcc -fmodules-prune-interval\=86400 -Xcc -fmodules-prune-after\=345600 -package-name snap_dependencies -emit-const-values -const-gather-protocols-list /Users/admin/builder/spi-builder-workspace/.derivedData/Build/Intermediates.noindex/snap-dependencies.build/Debug-watchos/SnapDependencies-t.build/Objects-normal/arm64_32/SnapDependencies_const_extract_protocols.json -Xcc -I/Users/admin/builder/spi-builder-workspace/.derivedData/Build/Products/Debug-watchos/include -Xcc -I/Users/admin/builder/spi-builder-workspace/.derivedData/Build/Intermediates.noindex/snap-dependencies.build/Debug-watchos/SnapDependencies-t.build/DerivedSources-normal/arm64_32 -Xcc -I/Users/admin/builder/spi-builder-workspace/.derivedData/Build/Intermediates.noindex/snap-dependencies.build/Debug-watchos/SnapDependencies-t.build/DerivedSources/arm64_32 -Xcc -I/Users/admin/builder/spi-builder-workspace/.derivedData/Build/Intermediates.noindex/snap-dependencies.build/Debug-watchos/SnapDependencies-t.build/DerivedSources -Xcc -DSWIFT_PACKAGE -Xcc -DDEBUG\=1 -emit-objc-header -emit-objc-header-path /Users/admin/builder/spi-builder-workspace/.derivedData/Build/Intermediates.noindex/snap-dependencies.build/Debug-watchos/SnapDependencies-t.build/Objects-normal/arm64_32/SnapDependencies-Swift.h -working-directory /Users/admin/builder/spi-builder-workspace/.swiftpm/xcode -experimental-emit-module-separately -disable-cmo
SwiftDriver SnapStyleBase normal arm64_32 com.apple.xcode.tools.swift.compiler (in target 'SnapStyleBase' from project 'snap-style')
    cd /Users/admin/builder/spi-builder-workspace/.swiftpm/xcode
    builtin-SwiftDriver -- /Applications/Xcode-27.0.0-Release.Candidate.app/Contents/Developer/Toolchains/XcodeDefault.xctoolchain/usr/bin/swiftc -parse-as-library -module-name SnapStyleBase -Onone @/Users/admin/builder/spi-builder-workspace/.derivedData/Build/Intermediates.noindex/snap-style.build/Debug-watchos/SnapStyleBase-t.build/Objects-normal/arm64_32/SnapStyleBase.SwiftFileList -DSWIFT_PACKAGE -DDEBUG -DSWIFT_MODULE_RESOURCE_BUNDLE_UNAVAILABLE -DXcode -plugin-path /Applications/Xcode-27.0.0-Release.Candidate.app/Contents/Developer/Toolchains/XcodeDefault.xctoolchain/usr/lib/swift/host/plugins/testing -enable-experimental-feature DebugDescriptionMacro -sdk /Applications/Xcode-27.0.0-Release.Candidate.app/Contents/Developer/Platforms/WatchOS.platform/Developer/SDKs/WatchOS27.0.sdk -target arm64_32-apple-watchos10.0 -g -module-cache-path /Users/admin/builder/spi-builder-workspace/.derivedData/ModuleCache.noindex -Xfrontend -serialize-debugging-options -enable-testing -suppress-warnings -index-store-path /Users/admin/builder/spi-builder-workspace/.derivedData/Index.noindex/DataStore -Xcc -D_LIBCPP_HARDENING_MODE\=_LIBCPP_HARDENING_MODE_DEBUG -swift-version 6 -I /Users/admin/builder/spi-builder-workspace/.derivedData/Build/Products/Debug-watchos -Isystem /Applications/Xcode-27.0.0-Release.Candidate.app/Contents/Developer/Platforms/WatchOS.platform/Developer/usr/lib -F /Users/admin/builder/spi-builder-workspace/.derivedData/Build/Products/Debug-watchos/PackageFrameworks -F /Users/admin/builder/spi-builder-workspace/.derivedData/Build/Products/Debug-watchos -F /Applications/Xcode-27.0.0-Release.Candidate.app/Contents/Developer/Platforms/WatchOS.platform/Developer/Library/Frameworks -F /Applications/Xcode-27.0.0-Release.Candidate.app/Contents/Developer/Platforms/WatchOS.platform/Developer/SDKs/WatchOS27.0.sdk/Developer/Library/Frameworks -c -j10 -enable-batch-mode -incremental -Xcc -ivfsstatcache -Xcc /Users/admin/builder/spi-builder-workspace/.derivedData/SDKStatCaches.noindex/watchos27.0-24R360-e829b21a6f8c9b70876ba0858053c04477534ef55a1706bf4c1112bbb242f0a2.sdkstatcache -output-file-map /Users/admin/builder/spi-builder-workspace/.derivedData/Build/Intermediates.noindex/snap-style.build/Debug-watchos/SnapStyleBase-t.build/Objects-normal/arm64_32/SnapStyleBase-OutputFileMap.json -save-temps -no-color-diagnostics -explicit-module-build -module-cache-path /Users/admin/builder/spi-builder-workspace/.derivedData/Build/Intermediates.noindex/SwiftExplicitPrecompiledModules -clang-scanner-module-cache-path /Users/admin/builder/spi-builder-workspace/.derivedData/ModuleCache.noindex -sdk-module-cache-path /Users/admin/builder/spi-builder-workspace/.derivedData/SDKExplicitPrecompiledModules -emit-dependencies -emit-module -emit-module-path /Users/admin/builder/spi-builder-workspace/.derivedData/Build/Intermediates.noindex/snap-style.build/Debug-watchos/SnapStyleBase-t.build/Objects-normal/arm64_32/SnapStyleBase.swiftmodule -serialize-diagnostics -dependency-scan-serialize-diagnostics-path /Users/admin/builder/spi-builder-workspace/.derivedData/Build/Intermediates.noindex/snap-style.build/Debug-watchos/SnapStyleBase-t.build/Objects-normal/arm64_32/SnapStyleBase-dependency-scan.dia -validate-clang-modules-once -clang-build-session-file /Users/admin/builder/spi-builder-workspace/.derivedData/ModuleCache.noindex/Session.modulevalidation -Xcc -fmodules-prune-interval\=86400 -Xcc -fmodules-prune-after\=345600 -package-name snap_style -emit-const-values -const-gather-protocols-list /Users/admin/builder/spi-builder-workspace/.derivedData/Build/Intermediates.noindex/snap-style.build/Debug-watchos/SnapStyleBase-t.build/Objects-normal/arm64_32/SnapStyleBase_const_extract_protocols.json -Xcc -I/Users/admin/builder/spi-builder-workspace/.derivedData/Build/Products/Debug-watchos/include -Xcc -I/Users/admin/builder/spi-builder-workspace/.derivedData/Build/Intermediates.noindex/snap-style.build/Debug-watchos/SnapStyleBase-t.build/DerivedSources-normal/arm64_32 -Xcc -I/Users/admin/builder/spi-builder-workspace/.derivedData/Build/Intermediates.noindex/snap-style.build/Debug-watchos/SnapStyleBase-t.build/DerivedSources/arm64_32 -Xcc -I/Users/admin/builder/spi-builder-workspace/.derivedData/Build/Intermediates.noindex/snap-style.build/Debug-watchos/SnapStyleBase-t.build/DerivedSources -Xcc -DSWIFT_PACKAGE -Xcc -DDEBUG\=1 -emit-objc-header -emit-objc-header-path /Users/admin/builder/spi-builder-workspace/.derivedData/Build/Intermediates.noindex/snap-style.build/Debug-watchos/SnapStyleBase-t.build/Objects-normal/arm64_32/SnapStyleBase-Swift.h -working-directory /Users/admin/builder/spi-builder-workspace/.swiftpm/xcode -experimental-emit-module-separately -disable-cmo
SwiftCompile normal arm64_32 Compiling\ Dependencies+Container+Key.swift /Users/admin/builder/spi-builder-workspace/.dependencies/checkouts/snap-dependencies/Sources/SnapDependencies/Dependencies+Container+Key.swift (in target 'SnapDependencies' from project 'snap-dependencies')
SwiftCompile normal arm64_32 /Users/admin/builder/spi-builder-workspace/.dependencies/checkouts/snap-dependencies/Sources/SnapDependencies/Dependencies+Container+Key.swift (in target 'SnapDependencies' from project 'snap-dependencies')
    cd /Users/admin/builder/spi-builder-workspace/.swiftpm/xcode
    builtin-SwiftPerFileCompile Dependencies+Container+Key.swift
SwiftEmitModule normal arm64_32 Emitting\ module\ for\ SnapDependencies (in target 'SnapDependencies' from project 'snap-dependencies')
SwiftCompile normal arm64_32 (in target 'SnapDependencies' from project 'snap-dependencies')
    cd /Users/admin/builder/spi-builder-workspace/.swiftpm/xcode

SwiftCompile normal arm64_32 Compiling\ Dependencies+Container.swift /Users/admin/builder/spi-builder-workspace/.dependencies/checkouts/snap-dependencies/Sources/SnapDependencies/Dependencies+Container.swift (in target 'SnapDependencies' from project 'snap-dependencies')
SwiftCompile normal arm64_32 /Users/admin/builder/spi-builder-workspace/.dependencies/checkouts/snap-dependencies/Sources/SnapDependencies/Dependencies+Container.swift (in target 'SnapDependencies' from project 'snap-dependencies')
    cd /Users/admin/builder/spi-builder-workspace/.swiftpm/xcode
    builtin-SwiftPerFileCompile Dependencies+Container.swift
SwiftEmitModule normal arm64 Emitting\ module\ for\ SnapDependencies (in target 'SnapDependencies' from project 'snap-dependencies')
SwiftCompile normal arm64 (in target 'SnapDependencies' from project 'snap-dependencies')
    cd /Users/admin/builder/spi-builder-workspace/.swiftpm/xcode

SwiftCompile normal arm64 Compiling\ Dependencies+Container.swift /Users/admin/builder/spi-builder-workspace/.dependencies/checkouts/snap-dependencies/Sources/SnapDependencies/Dependencies+Container.swift (in target 'SnapDependencies' from project 'snap-dependencies')
SwiftCompile normal arm64 /Users/admin/builder/spi-builder-workspace/.dependencies/checkouts/snap-dependencies/Sources/SnapDependencies/Dependencies+Container.swift (in target 'SnapDependencies' from project 'snap-dependencies')
    cd /Users/admin/builder/spi-builder-workspace/.swiftpm/xcode
    builtin-SwiftPerFileCompile Dependencies+Container.swift
SwiftCompile normal arm64 Compiling\ Dependencies+Context.swift /Users/admin/builder/spi-builder-workspace/.dependencies/checkouts/snap-dependencies/Sources/SnapDependencies/Dependencies+Context.swift (in target 'SnapDependencies' from project 'snap-dependencies')
SwiftCompile normal arm64 /Users/admin/builder/spi-builder-workspace/.dependencies/checkouts/snap-dependencies/Sources/SnapDependencies/Dependencies+Context.swift (in target 'SnapDependencies' from project 'snap-dependencies')
    cd /Users/admin/builder/spi-builder-workspace/.swiftpm/xcode
    builtin-SwiftPerFileCompile Dependencies+Context.swift
SwiftCompile normal arm64 Compiling\ Dependencies.swift /Users/admin/builder/spi-builder-workspace/.dependencies/checkouts/snap-dependencies/Sources/SnapDependencies/Dependencies.swift (in target 'SnapDependencies' from project 'snap-dependencies')
SwiftCompile normal arm64 /Users/admin/builder/spi-builder-workspace/.dependencies/checkouts/snap-dependencies/Sources/SnapDependencies/Dependencies.swift (in target 'SnapDependencies' from project 'snap-dependencies')
    cd /Users/admin/builder/spi-builder-workspace/.swiftpm/xcode
    builtin-SwiftPerFileCompile Dependencies.swift
SwiftEmitModule normal arm64_32 Emitting\ module\ for\ SnapCore (in target 'SnapCore' from project 'snap-core')
SwiftCompile normal arm64_32 (in target 'SnapCore' from project 'snap-core')
    cd /Users/admin/builder/spi-builder-workspace/.swiftpm/xcode

SwiftCompile normal arm64_32 Compiling\ View+KeyboardPublisher.swift,\ ModalPresentation.swift /Users/admin/builder/spi-builder-workspace/.dependencies/checkouts/snap-core/Sources/SnapCore/SwiftUI/View+KeyboardPublisher.swift /Users/admin/builder/spi-builder-workspace/.dependencies/checkouts/snap-core/Sources/SnapCore/SwiftUI/ViewModifier/ModalPresentation.swift (in target 'SnapCore' from project 'snap-core')
/Users/admin/builder/spi-builder-workspace/.dependencies/checkouts/snap-core/Sources/SnapCore/SwiftUI/View+KeyboardPublisher.swift:28:22: error: 'UIResponder' is unavailable in watchOS
26 | 				NotificationCenter
27 | 					.default
28 | 					.publisher(for: UIResponder.keyboardWillShowNotification)
   |                      `- error: 'UIResponder' is unavailable in watchOS
29 | 					.map { _ in true },
30 |
/Applications/Xcode-27.0.0-Release.Candidate.app/Contents/Developer/Platforms/WatchOS.platform/Developer/SDKs/WatchOS27.0.sdk/System/Library/Frameworks/UIKit.framework/Headers/UIResponder.h:82:12: note: 'UIResponder' has been explicitly marked unavailable here
 80 |
 81 | UIKIT_EXTERN API_AVAILABLE(ios(2.0)) API_UNAVAILABLE(watchos) NS_SWIFT_UI_ACTOR
 82 | @interface UIResponder : NSObject <UIResponderStandardEditActions>
    |            `- note: 'UIResponder' has been explicitly marked unavailable here
 83 |
 84 | @property(nonatomic, readonly, nullable) UIResponder *nextResponder;
/Users/admin/builder/spi-builder-workspace/.dependencies/checkouts/snap-core/Sources/SnapCore/SwiftUI/View+KeyboardPublisher.swift:28:34: error: 'keyboardWillShowNotification' is unavailable in watchOS
26 | 				NotificationCenter
27 | 					.default
28 | 					.publisher(for: UIResponder.keyboardWillShowNotification)
   |                                  `- error: 'keyboardWillShowNotification' is unavailable in watchOS
29 | 					.map { _ in true },
30 |
/Applications/Xcode-27.0.0-Release.Candidate.app/Contents/Developer/Platforms/WatchOS.platform/Developer/SDKs/WatchOS27.0.sdk/System/Library/Frameworks/UIKit.framework/Headers/UIWindow.h:132:39: note: 'keyboardWillShowNotification' has been explicitly marked unavailable here
130 | // Use the various UICoordinateSpace convertRect facilities to get the frame in the desired coordinate system.
131 | // Animation key/value pairs are only available for the "will" family of notification.
132 | UIKIT_EXTERN NSNotificationName const UIKeyboardWillShowNotification API_UNAVAILABLE(tvos, watchos) NS_SWIFT_NONISOLATED;
    |                                       `- note: 'keyboardWillShowNotification' has been explicitly marked unavailable here
133 | UIKIT_EXTERN NSNotificationName const UIKeyboardDidShowNotification API_UNAVAILABLE(tvos, watchos) NS_SWIFT_NONISOLATED;
134 | UIKIT_EXTERN NSNotificationName const UIKeyboardWillHideNotification API_UNAVAILABLE(tvos, watchos) NS_SWIFT_NONISOLATED;
/Users/admin/builder/spi-builder-workspace/.dependencies/checkouts/snap-core/Sources/SnapCore/SwiftUI/View+KeyboardPublisher.swift:33:22: error: 'UIResponder' is unavailable in watchOS
31 | 				NotificationCenter
32 | 					.default
33 | 					.publisher(for: UIResponder.keyboardWillHideNotification)
   |                      `- error: 'UIResponder' is unavailable in watchOS
34 | 					.map { _ in false }
35 | 			)
/Applications/Xcode-27.0.0-Release.Candidate.app/Contents/Developer/Platforms/WatchOS.platform/Developer/SDKs/WatchOS27.0.sdk/System/Library/Frameworks/UIKit.framework/Headers/UIResponder.h:82:12: note: 'UIResponder' has been explicitly marked unavailable here
 80 |
 81 | UIKIT_EXTERN API_AVAILABLE(ios(2.0)) API_UNAVAILABLE(watchos) NS_SWIFT_UI_ACTOR
 82 | @interface UIResponder : NSObject <UIResponderStandardEditActions>
    |            `- note: 'UIResponder' has been explicitly marked unavailable here
 83 |
 84 | @property(nonatomic, readonly, nullable) UIResponder *nextResponder;
SwiftCompile normal arm64_32 /Users/admin/builder/spi-builder-workspace/.dependencies/checkouts/snap-core/Sources/SnapCore/SwiftUI/View+KeyboardPublisher.swift (in target 'SnapCore' from project 'snap-core')
    cd /Users/admin/builder/spi-builder-workspace/.swiftpm/xcode
    builtin-SwiftPerFileCompile View+KeyboardPublisher.swift
SwiftCompile normal arm64_32 /Users/admin/builder/spi-builder-workspace/.dependencies/checkouts/snap-core/Sources/SnapCore/SwiftUI/ViewModifier/ModalPresentation.swift (in target 'SnapCore' from project 'snap-core')
    cd /Users/admin/builder/spi-builder-workspace/.swiftpm/xcode
    builtin-SwiftPerFileCompile ModalPresentation.swift
SwiftCompile normal arm64_32 Compiling\ WeakRef.swift,\ Angle+Codable.swift,\ FontDesign+Codable.swift /Users/admin/builder/spi-builder-workspace/.dependencies/checkouts/snap-core/Sources/SnapCore/Swift/WeakRef.swift /Users/admin/builder/spi-builder-workspace/.dependencies/checkouts/snap-core/Sources/SnapCore/SwiftUI/Codable/Angle+Codable.swift /Users/admin/builder/spi-builder-workspace/.dependencies/checkouts/snap-core/Sources/SnapCore/SwiftUI/Codable/FontDesign+Codable.swift (in target 'SnapCore' from project 'snap-core')
SwiftCompile normal arm64_32 /Users/admin/builder/spi-builder-workspace/.dependencies/checkouts/snap-core/Sources/SnapCore/Swift/WeakRef.swift (in target 'SnapCore' from project 'snap-core')
    cd /Users/admin/builder/spi-builder-workspace/.swiftpm/xcode
    builtin-SwiftPerFileCompile WeakRef.swift
SwiftCompile normal arm64_32 /Users/admin/builder/spi-builder-workspace/.dependencies/checkouts/snap-core/Sources/SnapCore/SwiftUI/Codable/Angle+Codable.swift (in target 'SnapCore' from project 'snap-core')
    cd /Users/admin/builder/spi-builder-workspace/.swiftpm/xcode
    builtin-SwiftPerFileCompile Angle+Codable.swift
SwiftCompile normal arm64_32 /Users/admin/builder/spi-builder-workspace/.dependencies/checkouts/snap-core/Sources/SnapCore/SwiftUI/Codable/FontDesign+Codable.swift (in target 'SnapCore' from project 'snap-core')
    cd /Users/admin/builder/spi-builder-workspace/.swiftpm/xcode
    builtin-SwiftPerFileCompile FontDesign+Codable.swift
SwiftEmitModule normal arm64 Emitting\ module\ for\ SnapStyleBase (in target 'SnapStyleBase' from project 'snap-style')
/Users/admin/builder/spi-builder-workspace/.dependencies/checkouts/snap-style/Sources/1-Base/Attributes/Elements/Font.Value.Definition+Font.swift:109:30: error: cannot find type 'Context' in scope
107 |     let font: UIFont
108 |
109 |     func makeUIView(context: Context) -> UILabel {
    |                              `- error: cannot find type 'Context' in scope
110 |         let label = UILabel()
111 |         label.text = text
/Users/admin/builder/spi-builder-workspace/.dependencies/checkouts/snap-style/Sources/1-Base/Attributes/Elements/Font.Value.Definition+Font.swift:109:42: error: 'UILabel' is unavailable in watchOS
107 |     let font: UIFont
108 |
109 |     func makeUIView(context: Context) -> UILabel {
    |                                          `- error: 'UILabel' is unavailable in watchOS
110 |         let label = UILabel()
111 |         label.text = text
/Applications/Xcode-27.0.0-Release.Candidate.app/Contents/Developer/Platforms/WatchOS.platform/Developer/SDKs/WatchOS27.0.sdk/System/Library/Frameworks/UIKit.framework/Headers/UILabel.h:33:12: note: 'UILabel' has been explicitly marked unavailable here
 31 |
 32 | UIKIT_EXTERN API_AVAILABLE(ios(2.0)) API_UNAVAILABLE(watchos) NS_SWIFT_UI_ACTOR
 33 | @interface UILabel : UIView <NSCoding, UIContentSizeCategoryAdjusting, UILetterformAwareAdjusting>
    |            `- note: 'UILabel' has been explicitly marked unavailable here
 34 |
 35 | @property(nullable, nonatomic,copy)   NSString           *text; // default is nil
/Users/admin/builder/spi-builder-workspace/.dependencies/checkouts/snap-style/Sources/1-Base/Attributes/Elements/Font.Value.Definition+Font.swift:117:62: error: cannot find type 'Context' in scope
115 |     }
116 |
117 |     func updateUIView(_ activityIndicator: UILabel, context: Context) { }
    |                                                              `- error: cannot find type 'Context' in scope
118 | }
119 |
/Users/admin/builder/spi-builder-workspace/.dependencies/checkouts/snap-style/Sources/1-Base/Attributes/Elements/Font.Value.Definition+Font.swift:117:44: error: 'UILabel' is unavailable in watchOS
115 |     }
116 |
117 |     func updateUIView(_ activityIndicator: UILabel, context: Context) { }
    |                                            `- error: 'UILabel' is unavailable in watchOS
118 | }
119 |
/Applications/Xcode-27.0.0-Release.Candidate.app/Contents/Developer/Platforms/WatchOS.platform/Developer/SDKs/WatchOS27.0.sdk/System/Library/Frameworks/UIKit.framework/Headers/UILabel.h:33:12: note: 'UILabel' has been explicitly marked unavailable here
 31 |
 32 | UIKIT_EXTERN API_AVAILABLE(ios(2.0)) API_UNAVAILABLE(watchos) NS_SWIFT_UI_ACTOR
 33 | @interface UILabel : UIView <NSCoding, UIContentSizeCategoryAdjusting, UILetterformAwareAdjusting>
    |            `- note: 'UILabel' has been explicitly marked unavailable here
 34 |
 35 | @property(nullable, nonatomic,copy)   NSString           *text; // default is nil
/Users/admin/builder/spi-builder-workspace/.dependencies/checkouts/snap-style/Sources/1-Base/Attributes/Elements/Font.Value.Definition+Font.swift:104:23: error: cannot find type 'UIViewRepresentable' in scope
102 | }
103 |
104 | struct UIKitTextView: UIViewRepresentable {
    |                       `- error: cannot find type 'UIViewRepresentable' in scope
105 |
106 |     let text: String
Failed frontend command:
/Applications/Xcode-27.0.0-Release.Candidate.app/Contents/Developer/Toolchains/XcodeDefault.xctoolchain/usr/bin/swift-frontend -frontend -emit-module -experimental-skip-non-inlinable-function-bodies-without-types /Users/admin/builder/spi-builder-workspace/.dependencies/checkouts/snap-style/Sources/1-Base/Attributes/Base/Style.Attributes.swift /Users/admin/builder/spi-builder-workspace/.dependencies/checkouts/snap-style/Sources/1-Base/Attributes/Base/Style.Definition.swift /Users/admin/builder/spi-builder-workspace/.dependencies/checkouts/snap-style/Sources/1-Base/Attributes/Base/StyleAttribute.swift /Users/admin/builder/spi-builder-workspace/.dependencies/checkouts/snap-style/Sources/1-Base/Attributes/Core/Icon.Value.swift /Users/admin/builder/spi-builder-workspace/.dependencies/checkouts/snap-style/Sources/1-Base/Attributes/Core/Number.Value.swift /Users/admin/builder/spi-builder-workspace/.dependencies/checkouts/snap-style/Sources/1-Base/Attributes/Core/Surface.Value.swift /Users/admin/builder/spi-builder-workspace/.dependencies/checkouts/snap-style/Sources/1-Base/Attributes/Elements/Composition.Value.swift /Users/admin/builder/spi-builder-workspace/.dependencies/checkouts/snap-style/Sources/1-Base/Attributes/Elements/Font.Value.Definition+Font.swift /Users/admin/builder/spi-builder-workspace/.dependencies/checkouts/snap-style/Sources/1-Base/Attributes/Elements/Font.Value.swift /Users/admin/builder/spi-builder-workspace/.dependencies/checkouts/snap-style/Sources/1-Base/Attributes/Elements/Padding.Value.swift /Users/admin/builder/spi-builder-workspace/.dependencies/checkouts/snap-style/Sources/1-Base/Attributes/Elements/ShapeValue.swift /Users/admin/builder/spi-builder-workspace/.dependencies/checkouts/snap-style/Sources/1-Base/Context/Context+Description.swift /Users/admin/builder/spi-builder-workspace/.dependencies/checkouts/snap-style/Sources/1-Base/Context/Context.swift /Users/admin/builder/spi-builder-workspace/.dependencies/checkouts/snap-style/Sources/1-Base/Context/ContextWrapper+Values.swift /Users/admin/builder/spi-builder-workspace/.dependencies/checkouts/snap-style/Sources/1-Base/Context/ContextWrapper.swift /Users/admin/builder/spi-builder-workspace/.dependencies/checkouts/snap-style/Sources/1-Base/Context/ScaledValuePropertyWrapper.swift /Users/admin/builder/spi-builder-workspace/.dependencies/checkouts/snap-style/Sources/1-Base/Context/Values/Context+Accent.swift /Users/admin/builder/spi-builder-workspace/.dependencies/checkouts/snap-style/Sources/1-Base/Context/Values/Context+ColorScheme.swift /Users/admin/builder/spi-builder-workspace/.dependencies/checkouts/snap-style/Sources/1-Base/Context/Values/Context+Elevation.swift /Users/admin/builder/spi-builder-workspace/.dependencies/checkouts/snap-style/Sources/1-Base/Context/Values/Context+FontDesign.swift /Users/admin/builder/spi-builder-workspace/.dependencies/checkouts/snap-style/Sources/1-Base/Context/Values/Context+FontWidth.swift /Users/admin/builder/spi-builder-workspace/.dependencies/checkouts/snap-style/Sources/1-Base/Context/Values/Context+Scaling.swift /Users/admin/builder/spi-builder-workspace/.dependencies/checkouts/snap-style/Sources/1-Base/StyleContainer/Style+BuilderContainer.swift /Users/admin/builder/spi-builder-workspace/.dependencies/checkouts/snap-style/Sources/1-Base/StyleContainer/Style+CacheContainer.swift /Users/admin/builder/spi-builder-workspace/.dependencies/checkouts/snap-style/Sources/1-Base/StyleContainer/Style.Configuration.swift /Users/admin/builder/spi-builder-workspace/.dependencies/checkouts/snap-style/Sources/1-Base/StyleContainer/Style.ValueBuilder.swift /Users/admin/builder/spi-builder-workspace/.dependencies/checkouts/snap-style/Sources/1-Base/StyleContainer/Style.Views.swift /Users/admin/builder/spi-builder-workspace/.dependencies/checkouts/snap-style/Sources/1-Base/StyleContainer/Style.swift -target arm64-apple-watchos10.0 -module-can-import-version UIKit 9127.0.84.1 9127.0.84 -disable-cross-import-overlay-search -load-resolved-plugin /Applications/Xcode-27.0.0-Release.Candidate.app/Contents/Developer/Platforms/WatchOS.platform/Developer/usr/lib/swift/host/plugins/libFoundationMacros.dylib\#/Applications/Xcode-27.0.0-Release.Candidate.app/Contents/Developer/Platforms/WatchOS.platform/Developer/usr/bin/swift-plugin-server\#FoundationMacros -load-resolved-plugin /Applications/Xcode-27.0.0-Release.Candidate.app/Contents/Developer/Platforms/WatchOS.platform/Developer/usr/lib/swift/host/plugins/libObservationMacros.dylib\#/Applications/Xcode-27.0.0-Release.Candidate.app/Contents/Developer/Platforms/WatchOS.platform/Developer/usr/bin/swift-plugin-server\#ObservationMacros -load-resolved-plugin /Applications/Xcode-27.0.0-Release.Candidate.app/Contents/Developer/Platforms/WatchOS.platform/Developer/usr/lib/swift/host/plugins/libPreviewsMacros.dylib\#/Applications/Xcode-27.0.0-Release.Candidate.app/Contents/Developer/Platforms/WatchOS.platform/Developer/usr/bin/swift-plugin-server\#PreviewsMacros -load-resolved-plugin /Applications/Xcode-27.0.0-Release.Candidate.app/Contents/Developer/Platforms/WatchOS.platform/Developer/usr/lib/swift/host/plugins/libSwiftMacros.dylib\#/Applications/Xcode-27.0.0-Release.Candidate.app/Contents/Developer/Platforms/WatchOS.platform/Developer/usr/bin/swift-plugin-server\#SwiftMacros -load-resolved-plugin /Applications/Xcode-27.0.0-Release.Candidate.app/Contents/Developer/Platforms/WatchOS.platform/Developer/usr/lib/swift/host/plugins/libSwiftUIMacros.dylib\#/Applications/Xcode-27.0.0-Release.Candidate.app/Contents/Developer/Platforms/WatchOS.platform/Developer/usr/bin/swift-plugin-server\#SwiftUIMacros -disable-implicit-swift-modules -Xcc -fno-implicit-modules -Xcc -fno-implicit-module-maps -explicit-swift-module-map-file /Users/admin/builder/spi-builder-workspace/.derivedData/Build/Intermediates.noindex/snap-style.build/Debug-watchos/SnapStyleBase-t.build/Objects-normal/arm64/SnapStyleBase-dependencies-2.json -Xllvm -aarch64-use-tbi -enable-objc-interop -stack-check -sdk /Applications/Xcode-27.0.0-Release.Candidate.app/Contents/Developer/Platforms/WatchOS.platform/Developer/SDKs/WatchOS27.0.sdk -I /Users/admin/builder/spi-builder-workspace/.derivedData/Build/Products/Debug-watchos -Isystem /Applications/Xcode-27.0.0-Release.Candidate.app/Contents/Developer/Platforms/WatchOS.platform/Developer/usr/lib -F /Users/admin/builder/spi-builder-workspace/.derivedData/Build/Products/Debug-watchos/PackageFrameworks -F /Users/admin/builder/spi-builder-workspace/.derivedData/Build/Products/Debug-watchos -F /Applications/Xcode-27.0.0-Release.Candidate.app/Contents/Developer/Platforms/WatchOS.platform/Developer/Library/Frameworks -F /Applications/Xcode-27.0.0-Release.Candidate.app/Contents/Developer/Platforms/WatchOS.platform/Developer/SDKs/WatchOS27.0.sdk/Developer/Library/Frameworks -module-cache-path /Users/admin/builder/spi-builder-workspace/.derivedData/Build/Intermediates.noindex/SwiftExplicitPrecompiledModules -no-color-diagnostics -Xcc -fno-color-diagnostics -enable-testing -g -debug-info-format\=dwarf -dwarf-version\=4 -suppress-warnings -swift-version 6 -Onone -D SWIFT_PACKAGE -D DEBUG -D SWIFT_MODULE_RESOURCE_BUNDLE_UNAVAILABLE -D Xcode -serialize-debugging-options -enable-experimental-feature DebugDescriptionMacro -empty-abi-descriptor -validate-clang-modules-once -clang-build-session-file /Users/admin/builder/spi-builder-workspace/.derivedData/ModuleCache.noindex/Session.modulevalidation -Xcc -working-directory -Xcc /Users/admin/builder/spi-builder-workspace/.swiftpm/xcode -enable-anonymous-context-mangled-names -file-compilation-dir /Users/admin/builder/spi-builder-workspace/.swiftpm/xcode -Xcc -D_LIBCPP_HARDENING_MODE\=_LIBCPP_HARDENING_MODE_DEBUG -Xcc -ivfsstatcache -Xcc /Users/admin/builder/spi-builder-workspace/.derivedData/SDKStatCaches.noindex/watchos27.0-24R360-e829b21a6f8c9b70876ba0858053c04477534ef55a1706bf4c1112bbb242f0a2.sdkstatcache -Xcc -fmodules-prune-interval\=86400 -Xcc -fmodules-prune-after\=345600 -Xcc -I/Users/admin/builder/spi-builder-workspace/.derivedData/Build/Products/Debug-watchos/include -Xcc -I/Users/admin/builder/spi-builder-workspace/.derivedData/Build/Intermediates.noindex/snap-style.build/Debug-watchos/SnapStyleBase-t.build/DerivedSources-normal/arm64 -Xcc -I/Users/admin/builder/spi-builder-workspace/.derivedData/Build/Intermediates.noindex/snap-style.build/Debug-watchos/SnapStyleBase-t.build/DerivedSources/arm64 -Xcc -I/Users/admin/builder/spi-builder-workspace/.derivedData/Build/Intermediates.noindex/snap-style.build/Debug-watchos/SnapStyleBase-t.build/DerivedSources -Xcc -DSWIFT_PACKAGE -Xcc -DDEBUG\=1 -no-auto-bridging-header-chaining -module-name SnapStyleBase -package-name snap_style -const-gather-protocols-file /Users/admin/builder/spi-builder-workspace/.derivedData/Build/Intermediates.noindex/snap-style.build/Debug-watchos/SnapStyleBase-t.build/Objects-normal/arm64/SnapStyleBase_const_extract_protocols.json -disable-clang-spi -clang-target arm64-apple-watchos27.0 -target-sdk-version 27.0 -target-sdk-name watchos27.0 -in-process-plugin-server-path /Applications/Xcode-27.0.0-Release.Candidate.app/Contents/Developer/Toolchains/XcodeDefault.xctoolchain/usr/lib/swift/host/libSwiftInProcPluginServer.dylib -emit-module-doc-path /Users/admin/builder/spi-builder-workspace/.derivedData/Build/Intermediates.noindex/snap-style.build/Debug-watchos/SnapStyleBase-t.build/Objects-normal/arm64/SnapStyleBase.swiftdoc -emit-module-source-info-path /Users/admin/builder/spi-builder-workspace/.derivedData/Build/Intermediates.noindex/snap-style.build/Debug-watchos/SnapStyleBase-t.build/Objects-normal/arm64/SnapStyleBase.swiftsourceinfo -emit-objc-header-path /Users/admin/builder/spi-builder-workspace/.derivedData/Build/Intermediates.noindex/snap-style.build/Debug-watchos/SnapStyleBase-t.build/Objects-normal/arm64/SnapStyleBase-Swift.h -serialize-diagnostics-path /Users/admin/builder/spi-builder-workspace/.derivedData/Build/Intermediates.noindex/snap-style.build/Debug-watchos/SnapStyleBase-t.build/Objects-normal/arm64/SnapStyleBase-primary-emit-module.dia -emit-dependencies-path /Users/admin/builder/spi-builder-workspace/.derivedData/Build/Intermediates.noindex/snap-style.build/Debug-watchos/SnapStyleBase-t.build/Objects-normal/arm64/SnapStyleBase-primary-emit-module.d -parse-as-library -o /Users/admin/builder/spi-builder-workspace/.derivedData/Build/Intermediates.noindex/snap-style.build/Debug-watchos/SnapStyleBase-t.build/Objects-normal/arm64/SnapStyleBase.swiftmodule -emit-abi-descriptor-path /Users/admin/builder/spi-builder-workspace/.derivedData/Build/Intermediates.noindex/snap-style.build/Debug-watchos/SnapStyleBase-t.build/Objects-normal/arm64/SnapStyleBase.abi.json
SwiftCompile normal arm64 (in target 'SnapStyleBase' from project 'snap-style')
    cd /Users/admin/builder/spi-builder-workspace/.swiftpm/xcode

SwiftDriverJobDiscovery normal arm64_32 Compiling Dependencies+Container+Key.swift (in target 'SnapDependencies' from project 'snap-dependencies')
SwiftEmitModule normal arm64_32 Emitting\ module\ for\ SnapStyleBase (in target 'SnapStyleBase' from project 'snap-style')
/Users/admin/builder/spi-builder-workspace/.dependencies/checkouts/snap-style/Sources/1-Base/Attributes/Elements/Font.Value.Definition+Font.swift:109:30: error: cannot find type 'Context' in scope
107 |     let font: UIFont
108 |
109 |     func makeUIView(context: Context) -> UILabel {
    |                              `- error: cannot find type 'Context' in scope
110 |         let label = UILabel()
111 |         label.text = text
/Users/admin/builder/spi-builder-workspace/.dependencies/checkouts/snap-style/Sources/1-Base/Attributes/Elements/Font.Value.Definition+Font.swift:109:42: error: 'UILabel' is unavailable in watchOS
107 |     let font: UIFont
108 |
109 |     func makeUIView(context: Context) -> UILabel {
    |                                          `- error: 'UILabel' is unavailable in watchOS
110 |         let label = UILabel()
111 |         label.text = text
/Applications/Xcode-27.0.0-Release.Candidate.app/Contents/Developer/Platforms/WatchOS.platform/Developer/SDKs/WatchOS27.0.sdk/System/Library/Frameworks/UIKit.framework/Headers/UILabel.h:33:12: note: 'UILabel' has been explicitly marked unavailable here
 31 |
 32 | UIKIT_EXTERN API_AVAILABLE(ios(2.0)) API_UNAVAILABLE(watchos) NS_SWIFT_UI_ACTOR
 33 | @interface UILabel : UIView <NSCoding, UIContentSizeCategoryAdjusting, UILetterformAwareAdjusting>
    |            `- note: 'UILabel' has been explicitly marked unavailable here
 34 |
 35 | @property(nullable, nonatomic,copy)   NSString           *text; // default is nil
/Users/admin/builder/spi-builder-workspace/.dependencies/checkouts/snap-style/Sources/1-Base/Attributes/Elements/Font.Value.Definition+Font.swift:117:62: error: cannot find type 'Context' in scope
115 |     }
116 |
117 |     func updateUIView(_ activityIndicator: UILabel, context: Context) { }
    |                                                              `- error: cannot find type 'Context' in scope
118 | }
119 |
/Users/admin/builder/spi-builder-workspace/.dependencies/checkouts/snap-style/Sources/1-Base/Attributes/Elements/Font.Value.Definition+Font.swift:117:44: error: 'UILabel' is unavailable in watchOS
115 |     }
116 |
117 |     func updateUIView(_ activityIndicator: UILabel, context: Context) { }
    |                                            `- error: 'UILabel' is unavailable in watchOS
118 | }
119 |
/Applications/Xcode-27.0.0-Release.Candidate.app/Contents/Developer/Platforms/WatchOS.platform/Developer/SDKs/WatchOS27.0.sdk/System/Library/Frameworks/UIKit.framework/Headers/UILabel.h:33:12: note: 'UILabel' has been explicitly marked unavailable here
 31 |
 32 | UIKIT_EXTERN API_AVAILABLE(ios(2.0)) API_UNAVAILABLE(watchos) NS_SWIFT_UI_ACTOR
 33 | @interface UILabel : UIView <NSCoding, UIContentSizeCategoryAdjusting, UILetterformAwareAdjusting>
    |            `- note: 'UILabel' has been explicitly marked unavailable here
 34 |
 35 | @property(nullable, nonatomic,copy)   NSString           *text; // default is nil
SwiftCompile normal arm64_32 (in target 'SnapStyleBase' from project 'snap-style')
    cd /Users/admin/builder/spi-builder-workspace/.swiftpm/xcode

SwiftEmitModule normal arm64_32 Emitting\ module\ for\ SnapNavigation (in target 'SnapNavigation' from project 'snap-navigation')
/Users/admin/builder/spi-builder-workspace/.dependencies/checkouts/snap-navigation/Sources/SnapNavigation/Internals/NavigationManager.swift:33:106: error: 'OpenWindowAction' is unavailable in watchOS
 31 |         internal var stateHash: Int = 0
 32 |
 33 | 		internal init(provider: NavigationProvider, window: Window, supportsMultipleWindows: Bool, openWindow: OpenWindowAction) {
    |                                                                                                          `- error: 'OpenWindowAction' is unavailable in watchOS
 34 | 			self.provider = provider
 35 | 			self.window = window
SwiftUI.OpenWindowAction:4:42: note: 'OpenWindowAction' has been explicitly marked unavailable here
 2 | @available(tvOS, unavailable)
 3 | @available(watchOS, unavailable)
 4 | @MainActor @preconcurrency public struct OpenWindowAction {
   |                                          `- note: 'OpenWindowAction' has been explicitly marked unavailable here
 5 |     @available(macOS 15.0, *)
 6 |     @available(iOS, unavailable)
/Users/admin/builder/spi-builder-workspace/.dependencies/checkouts/snap-navigation/Sources/SnapNavigation/Internals/NavigationManager.swift:70:27: error: 'OpenWindowAction' is unavailable in watchOS
 68 |
 69 | 		internal private(set) var supportsMultipleWindows: Bool
 70 | 		private var openWindow: OpenWindowAction
    |                           `- error: 'OpenWindowAction' is unavailable in watchOS
 71 |
 72 |         internal func update(supportsMultipleWindows: Bool, openWindow: OpenWindowAction) {
SwiftUI.OpenWindowAction:4:42: note: 'OpenWindowAction' has been explicitly marked unavailable here
 2 | @available(tvOS, unavailable)
 3 | @available(watchOS, unavailable)
 4 | @MainActor @preconcurrency public struct OpenWindowAction {
   |                                          `- note: 'OpenWindowAction' has been explicitly marked unavailable here
 5 |     @available(macOS 15.0, *)
 6 |     @available(iOS, unavailable)
macro expansion @ObservationTracked:2:27: error: 'OpenWindowAction' is unavailable in watchOS
`- /Users/admin/builder/spi-builder-workspace/.dependencies/checkouts/snap-navigation/Sources/SnapNavigation/Internals/NavigationManager.swift:70:43: note: expanded code originates here
 68 |
 69 | 		internal private(set) var supportsMultipleWindows: Bool
 70 | 		private var openWindow: OpenWindowAction
    +--- macro expansion @ObservationTracked ---------------------------
    |1 | @ObservationIgnored
    |2 | private  var _openWindow: OpenWindowAction
    |  |                           `- error: 'OpenWindowAction' is unavailable in watchOS
    +-------------------------------------------------------------------
 71 |
 72 |         internal func update(supportsMultipleWindows: Bool, openWindow: OpenWindowAction) {
SwiftUI.OpenWindowAction:4:42: note: 'OpenWindowAction' has been explicitly marked unavailable here
 2 | @available(tvOS, unavailable)
 3 | @available(watchOS, unavailable)
 4 | @MainActor @preconcurrency public struct OpenWindowAction {
   |                                          `- note: 'OpenWindowAction' has been explicitly marked unavailable here
 5 |     @available(macOS 15.0, *)
 6 |     @available(iOS, unavailable)
SwiftCompile normal arm64_32 (in target 'SnapNavigation' from project 'snap-navigation')
    cd /Users/admin/builder/spi-builder-workspace/.swiftpm/xcode

SwiftEmitModule normal arm64 Emitting\ module\ for\ SnapNavigation (in target 'SnapNavigation' from project 'snap-navigation')
SwiftCompile normal arm64 (in target 'SnapNavigation' from project 'snap-navigation')
    cd /Users/admin/builder/spi-builder-workspace/.swiftpm/xcode

SwiftDriverJobDiscovery normal arm64 Compiling Dependencies+Context.swift (in target 'SnapDependencies' from project 'snap-dependencies')
SwiftEmitModule normal arm64 Emitting\ module\ for\ SnapCore (in target 'SnapCore' from project 'snap-core')
SwiftCompile normal arm64 (in target 'SnapCore' from project 'snap-core')
    cd /Users/admin/builder/spi-builder-workspace/.swiftpm/xcode

SwiftDriverJobDiscovery normal arm64_32 Compiling Dependencies+Container.swift (in target 'SnapDependencies' from project 'snap-dependencies')
SwiftCompile normal arm64 Compiling\ Context.swift,\ ContextWrapper+Values.swift,\ ContextWrapper.swift /Users/admin/builder/spi-builder-workspace/.dependencies/checkouts/snap-style/Sources/1-Base/Context/Context.swift /Users/admin/builder/spi-builder-workspace/.dependencies/checkouts/snap-style/Sources/1-Base/Context/ContextWrapper+Values.swift /Users/admin/builder/spi-builder-workspace/.dependencies/checkouts/snap-style/Sources/1-Base/Context/ContextWrapper.swift (in target 'SnapStyleBase' from project 'snap-style')
SwiftCompile normal arm64 /Users/admin/builder/spi-builder-workspace/.dependencies/checkouts/snap-style/Sources/1-Base/Context/Context.swift (in target 'SnapStyleBase' from project 'snap-style')
    cd /Users/admin/builder/spi-builder-workspace/.swiftpm/xcode
    builtin-SwiftPerFileCompile Context.swift
SwiftCompile normal arm64 /Users/admin/builder/spi-builder-workspace/.dependencies/checkouts/snap-style/Sources/1-Base/Context/ContextWrapper+Values.swift (in target 'SnapStyleBase' from project 'snap-style')
    cd /Users/admin/builder/spi-builder-workspace/.swiftpm/xcode
    builtin-SwiftPerFileCompile ContextWrapper+Values.swift
SwiftCompile normal arm64 /Users/admin/builder/spi-builder-workspace/.dependencies/checkouts/snap-style/Sources/1-Base/Context/ContextWrapper.swift (in target 'SnapStyleBase' from project 'snap-style')
    cd /Users/admin/builder/spi-builder-workspace/.swiftpm/xcode
    builtin-SwiftPerFileCompile ContextWrapper.swift
SwiftDriverJobDiscovery normal arm64 Compiling Dependencies.swift (in target 'SnapDependencies' from project 'snap-dependencies')
SwiftCompile normal arm64_32 Compiling\ Style.Configuration.swift,\ Style.ValueBuilder.swift /Users/admin/builder/spi-builder-workspace/.dependencies/checkouts/snap-style/Sources/1-Base/StyleContainer/Style.Configuration.swift /Users/admin/builder/spi-builder-workspace/.dependencies/checkouts/snap-style/Sources/1-Base/StyleContainer/Style.ValueBuilder.swift (in target 'SnapStyleBase' from project 'snap-style')
SwiftCompile normal arm64_32 /Users/admin/builder/spi-builder-workspace/.dependencies/checkouts/snap-style/Sources/1-Base/StyleContainer/Style.Configuration.swift (in target 'SnapStyleBase' from project 'snap-style')
    cd /Users/admin/builder/spi-builder-workspace/.swiftpm/xcode
    builtin-SwiftPerFileCompile Style.Configuration.swift
SwiftCompile normal arm64_32 /Users/admin/builder/spi-builder-workspace/.dependencies/checkouts/snap-style/Sources/1-Base/StyleContainer/Style.ValueBuilder.swift (in target 'SnapStyleBase' from project 'snap-style')
    cd /Users/admin/builder/spi-builder-workspace/.swiftpm/xcode
    builtin-SwiftPerFileCompile Style.ValueBuilder.swift
SwiftCompile normal arm64 Compiling\ Icon.Value.swift,\ Number.Value.swift,\ Surface.Value.swift /Users/admin/builder/spi-builder-workspace/.dependencies/checkouts/snap-style/Sources/1-Base/Attributes/Core/Icon.Value.swift /Users/admin/builder/spi-builder-workspace/.dependencies/checkouts/snap-style/Sources/1-Base/Attributes/Core/Number.Value.swift /Users/admin/builder/spi-builder-workspace/.dependencies/checkouts/snap-style/Sources/1-Base/Attributes/Core/Surface.Value.swift (in target 'SnapStyleBase' from project 'snap-style')
SwiftCompile normal arm64 /Users/admin/builder/spi-builder-workspace/.dependencies/checkouts/snap-style/Sources/1-Base/Attributes/Core/Icon.Value.swift (in target 'SnapStyleBase' from project 'snap-style')
    cd /Users/admin/builder/spi-builder-workspace/.swiftpm/xcode
    builtin-SwiftPerFileCompile Icon.Value.swift
SwiftCompile normal arm64 /Users/admin/builder/spi-builder-workspace/.dependencies/checkouts/snap-style/Sources/1-Base/Attributes/Core/Number.Value.swift (in target 'SnapStyleBase' from project 'snap-style')
    cd /Users/admin/builder/spi-builder-workspace/.swiftpm/xcode
    builtin-SwiftPerFileCompile Number.Value.swift
SwiftCompile normal arm64 /Users/admin/builder/spi-builder-workspace/.dependencies/checkouts/snap-style/Sources/1-Base/Attributes/Core/Surface.Value.swift (in target 'SnapStyleBase' from project 'snap-style')
    cd /Users/admin/builder/spi-builder-workspace/.swiftpm/xcode
    builtin-SwiftPerFileCompile Surface.Value.swift
SwiftDriverJobDiscovery normal arm64_32 Compiling WeakRef.swift, Angle+Codable.swift, FontDesign+Codable.swift (in target 'SnapCore' from project 'snap-core')
SwiftDriverJobDiscovery normal arm64 Compiling Dependencies+Container.swift (in target 'SnapDependencies' from project 'snap-dependencies')
SwiftCompile normal arm64 Compiling\ Style.Views.swift,\ Style.swift /Users/admin/builder/spi-builder-workspace/.dependencies/checkouts/snap-style/Sources/1-Base/StyleContainer/Style.Views.swift /Users/admin/builder/spi-builder-workspace/.dependencies/checkouts/snap-style/Sources/1-Base/StyleContainer/Style.swift (in target 'SnapStyleBase' from project 'snap-style')
SwiftCompile normal arm64 /Users/admin/builder/spi-builder-workspace/.dependencies/checkouts/snap-style/Sources/1-Base/StyleContainer/Style.Views.swift (in target 'SnapStyleBase' from project 'snap-style')
    cd /Users/admin/builder/spi-builder-workspace/.swiftpm/xcode
    builtin-SwiftPerFileCompile Style.Views.swift
SwiftCompile normal arm64 /Users/admin/builder/spi-builder-workspace/.dependencies/checkouts/snap-style/Sources/1-Base/StyleContainer/Style.swift (in target 'SnapStyleBase' from project 'snap-style')
    cd /Users/admin/builder/spi-builder-workspace/.swiftpm/xcode
    builtin-SwiftPerFileCompile Style.swift
PruneExplicitPrecompiledModules /Users/admin/builder/spi-builder-workspace/.derivedData/SDKExplicitPrecompiledModules
PruneExplicitPrecompiledModules /Users/admin/builder/spi-builder-workspace/.derivedData/Build/Intermediates.noindex/SwiftExplicitPrecompiledModules
PruneExplicitPrecompiledModules /Users/admin/builder/spi-builder-workspace/.derivedData/Build/Intermediates.noindex/ExplicitPrecompiledModules
2026-09-21 06:29:34.349 xcodebuild[1112:6649] [MT] IDERunDestination: Supported platforms for the buildables in the current scheme is empty.
** BUILD FAILED **
The following build commands failed:
	SwiftEmitModule normal arm64 Emitting\ module\ for\ SnapStyleBase (in target 'SnapStyleBase' from project 'snap-style')
	SwiftCompile normal arm64 (in target 'SnapStyleBase' from project 'snap-style')
	Building workspace snap-template with scheme snap-template
(3 failures)
BUILD FAILURE 6.4 watchOS