The Swift Package Index logo.Swift Package Index

Build Information

Failed to build swift-json-parsing, reference master (a236b9), with Swift 6.4 for Android on 19 Sep 2026 11:16:03 UTC.

Build Command

bash -c docker run --pull=always --rm -v "checkouts-53886769-0":/host -w "$PWD" -e JAVA_HOME="/root/.sdkman/candidates/java/current" -e SPI_BUILD="1" -e SPI_PROCESSING="1" registry.gitlab.com/saguaro1/spi-images:android-6.4-latest swift build --swift-sdk aarch64-unknown-linux-android28 2>&1

Build Log

========================================
RunAll
========================================
Builder version: 5.1.0
Interrupt handler set up.
========================================
Checkout
========================================
Clone URL: https://github.com/oskarek/swift-json-parsing.git
Reference: master
Initialized empty Git repository in /host/spi-builder-workspace/.git/
hint: Using 'master' as the name for the initial branch. This default branch name
hint: is subject to change. To configure the initial branch name to use in all
hint: of your new repositories, which will suppress this warning, call:
hint:
hint: 	git config --global init.defaultBranch <name>
hint:
hint: Names commonly chosen instead of 'master' are 'main', 'trunk' and
hint: 'development'. The just-created branch can be renamed via this command:
hint:
hint: 	git branch -m <name>
From https://github.com/oskarek/swift-json-parsing
 * branch            master     -> FETCH_HEAD
 * [new branch]      master     -> origin/master
HEAD is now at a236b94 Update project for Swift 6 and bump swift-parsing (#7)
Cloned https://github.com/oskarek/swift-json-parsing.git
Revision (git rev-parse @):
a236b9423863fc7da031992706c7b6a5b9e5b384
SPI manifest file found: $PWD/.spi.yml
SUCCESS checkout https://github.com/oskarek/swift-json-parsing.git at master
========================================
Build
========================================
Selected platform:         android
Swift version:             6.4
Building package at path:  $PWD
https://github.com/oskarek/swift-json-parsing.git
Running build ...
bash -c docker run --pull=always --rm -v "checkouts-53886769-0":/host -w "$PWD" -e JAVA_HOME="/root/.sdkman/candidates/java/current" -e SPI_BUILD="1" -e SPI_PROCESSING="1" registry.gitlab.com/saguaro1/spi-images:android-6.4-latest swift build --swift-sdk aarch64-unknown-linux-android28 2>&1
android-6.4-latest: Pulling from saguaro1/spi-images
Digest: sha256:abadcff584c273feba50641b454858d377ba30b35ea7287a94f45ebd8afd0ea0
Status: Image is up to date for registry.gitlab.com/saguaro1/spi-images:android-6.4-latest
Fetching https://github.com/google/swift-benchmark
Fetching https://github.com/pointfreeco/swift-parsing
[1/1490] Fetching swift-benchmark
Fetched https://github.com/google/swift-benchmark (0.49s)
[1/98270] Fetching swift-parsing
Fetched https://github.com/pointfreeco/swift-parsing (3.84s)
Computing version for https://github.com/google/swift-benchmark
Computed https://github.com/google/swift-benchmark at 0.1.2 (4.94s)
Fetching https://github.com/apple/swift-argument-parser
[1/18918] Fetching swift-argument-parser
Fetched https://github.com/apple/swift-argument-parser (0.73s)
Computing version for https://github.com/pointfreeco/swift-parsing
Computed https://github.com/pointfreeco/swift-parsing at 0.15.2 (0.95s)
Fetching https://github.com/pointfreeco/swift-case-paths
[1/5332] Fetching swift-case-paths
Fetched https://github.com/pointfreeco/swift-case-paths (0.56s)
Computing version for https://github.com/pointfreeco/swift-case-paths
Computed https://github.com/pointfreeco/swift-case-paths at 1.10.0 (1.67s)
Fetching https://github.com/swiftlang/swift-syntax
Fetching https://github.com/pointfreeco/swift-issue-reporting
[1/6136] Fetching swift-issue-reporting
Fetched https://github.com/pointfreeco/swift-issue-reporting (0.71s)
[1/79984] Fetching swift-syntax
Fetched https://github.com/swiftlang/swift-syntax (3.53s)
Computing version for https://github.com/pointfreeco/swift-issue-reporting
Computed https://github.com/pointfreeco/swift-issue-reporting at 2.1.0 (3.78s)
Computing version for https://github.com/swiftlang/swift-syntax
Computed https://github.com/swiftlang/swift-syntax at 604.0.0 (0.31s)
Computing version for https://github.com/apple/swift-argument-parser
Computed https://github.com/apple/swift-argument-parser at 1.8.2 (0.17s)
Creating working copy for https://github.com/google/swift-benchmark
Working copy of https://github.com/google/swift-benchmark resolved at 0.1.2
Creating working copy for https://github.com/apple/swift-argument-parser
Working copy of https://github.com/apple/swift-argument-parser resolved at 1.8.2
Creating working copy for https://github.com/pointfreeco/swift-issue-reporting
Working copy of https://github.com/pointfreeco/swift-issue-reporting resolved at 2.1.0
Creating working copy for https://github.com/pointfreeco/swift-case-paths
Working copy of https://github.com/pointfreeco/swift-case-paths resolved at 1.10.0
Creating working copy for https://github.com/pointfreeco/swift-parsing
Working copy of https://github.com/pointfreeco/swift-parsing resolved at 0.15.2
Creating working copy for https://github.com/swiftlang/swift-syntax
Working copy of https://github.com/swiftlang/swift-syntax resolved at 604.0.0
Building for debugging...
[Computing dependencies]
[Constructing description]
[Pre-planning 1 / 976]
[Planning deferred tasks]
[Constructing 1733 / 2132]
[109 / 406] SwiftParser
[204 / 415] SwiftSyntax604
[215 / 429] SwiftSyntax602
[247 / 431] SwiftSyntax509
[247 / 440] ArgumentParserToolInfo
[257 / 440] ArgumentParserToolInfo
[268 / 444] SwiftSyntax602
[284 / 446] SwiftSyntax603
[285 / 447] SwiftSyntax510
[288 / 447] CasePathsCore
[293 / 447] SwiftSyntax602
[297 / 447] SwiftSyntax509
[298 / 448]
[301 / 457] SwiftSyntax
[302 / 458] SwiftSyntax
[302 / 458] IssueReporting
[307 / 459] SwiftSyntax
[308 / 459] IssueReporting
[310 / 459] IssueReporting
[311 / 459] IssueReporting
[313 / 459] ArgumentParserToolInfo
[316 / 469] CasePathsCore
[317 / 469] CasePathsCore
[319 / 469] CasePathsCore
[323 / 469] CasePathsCore
[325 / 469] CasePathsCore
[326 / 469] CasePathsCore
[328 / 469] CasePathsCore
[328 / 469]
[329 / 470] ArgumentParserToolInfo
[332 / 480] CasePathsCore
[334 / 480] ArgumentParser
[335 / 480] ArgumentParser
[338 / 480] CasePathsCore
[340 / 480] ArgumentParser
[343 / 480] ArgumentParser-product
[344 / 480] ArgumentParser-product
[345 / 480] ArgumentParser
[346 / 480] ArgumentParser
[349 / 490] Benchmark
[350 / 490] Benchmark
[351 / 491] Benchmark
[352 / 491] Benchmark
[353 / 491] Benchmark
[354 / 491] Benchmark
[356 / 491] Benchmark
[360 / 491] Benchmark
[361 / 491] Benchmark-product
[364 / 491] ArgumentParser
[364 / 491] Benchmark
[367 / 492] SwiftSyntax
[378 / 502] SwiftBasicFormat
[380 / 520] SwiftParser
[380 / 520] SwiftBasicFormat
[388 / 520] SwiftBasicFormat
[393 / 520] SwiftParser
[394 / 520] SwiftParser
[396 / 520] SwiftParser
[398 / 520] SwiftParser
[402 / 520] SwiftParser
[404 / 520] SwiftDiagnostics
[405 / 520] SwiftOperators
[406 / 520] SwiftParser
[407 / 520] SwiftDiagnostics-product
[409 / 520] SwiftDiagnostics
[410 / 520] SwiftDiagnostics
[411 / 520] SwiftDiagnostics
[413 / 520] SwiftBasicFormat
[417 / 522] SwiftOperators
[420 / 541] SwiftParserDiagnostics
[420 / 541] SwiftBasicFormat
[421 / 542] SwiftParserDiagnostics
[424 / 542] SwiftParser
[425 / 543] SwiftOperators
[427 / 543] SwiftOperators
[431 / 543] SwiftParserDiagnostics
[433 / 543] SwiftParserDiagnostics
[440 / 543] SwiftParserDiagnostics
[445 / 543] SwiftOperators
[445 / 543] SwiftSyntaxBuilder
[446 / 543] SwiftOperators
[448 / 543] SwiftDiagnostics
[449 / 543] SwiftBasicFormat
[454 / 553] SwiftSyntaxBuilder
[455 / 553] SwiftSyntaxBuilder
[457 / 554] SwiftSyntaxBuilder
[458 / 554] SwiftSyntaxBuilder
[459 / 554] SwiftSyntaxBuilder
[460 / 554] SwiftSyntaxBuilder
[462 / 554] SwiftSyntaxBuilder
[468 / 555] SwiftSyntaxBuilder-product
[473 / 565] SwiftIfConfig
[475 / 565] SwiftIfConfig
[478 / 565] SwiftIfConfig
[484 / 565] SwiftIfConfig
[485 / 565] SwiftSyntaxMacros
[488 / 567]
[493 / 576] SwiftSyntaxMacros
[500 / 577] SwiftSyntaxMacros
[508 / 587] SwiftSyntaxMacroExpansion
[510 / 587] SwiftSyntaxMacroExpansion
[511 / 588] SwiftSyntaxMacros
[515 / 588] SwiftSyntaxMacroExpansion
[524 / 598] SwiftCompilerPluginMessageHandling
[525 / 598] SwiftCompilerPluginMessageHandling
[526 / 598] SwiftCompilerPluginMessageHandling
[527 / 598] SwiftCompilerPluginMessageHandling
[528 / 598] SwiftCompilerPluginMessageHandling
[534 / 598] SwiftCompilerPluginMessageHandling
[538 / 599] SwiftSyntaxMacroExpansion
[541 / 602] SwiftCompilerPlugin
[549 / 605] CasePathsMacrosSupport
[549 / 605] SwiftCompilerPluginMessageHandling
[556 / 606] SwiftCompilerPluginMessageHandling
[558 / 607] CasePathsMacrosSupport
[560 / 608] SwiftSyntax
[563 / 609] SwiftSyntax
[570 / 609] SwiftIfConfig
[574 / 609] SwiftCompilerPlugin
[580 / 610] CasePathsMacros
[584 / 613] CasePathsMacros
[588 / 614] CasePathsMacros
[596 / 622] CasePaths
[609 / 632] Parsing
[610 / 632] Parsing
[611 / 633] CasePaths
[611 / 633] Parsing
[614 / 633] Parsing
[614 / 634] Parsing
error: SwiftCompile normal aarch64 /host/spi-builder-workspace/Sources/JSONParsing/JSONValue/JSONValue+JSONSerialization.swift failed with a nonzero exit code. Command line:     cd /host
    builtin-SwiftPerFileCompile JSONValue+JSONSerialization.swift
/host/spi-builder-workspace/Sources/JSONParsing/JSONValue/JSONValue+JSONSerialization.swift:15:57: error: type 'JSONSerialization.ReadingOptions' has no member 'json5Allowed'
 13 |   @available(macOS 12.0, iOS 15.0, tvOS 15.0, watchOS 8.0, *)
 14 |   public init(_ jsonData: Data, allowJSON5: Bool) throws {
 15 |     try self.init(jsonData, extraOptions: allowJSON5 ? .json5Allowed : [])
    |                                                         `- error: type 'JSONSerialization.ReadingOptions' has no member 'json5Allowed'
 16 |   }
 17 |
/host/spi-builder-workspace/Sources/JSONParsing/JSONValue/JSONValue+JSONSerialization.swift:41:10: error: cannot find 'CFGetTypeID' in scope
 39 |       self = .null
 40 |     case let num as NSNumber:
 41 |       if CFGetTypeID(num) == CFBooleanGetTypeID() {
    |          `- error: cannot find 'CFGetTypeID' in scope
 42 |         self = .boolean(num.boolValue)
 43 |       } else if CFNumberIsFloatType(num) {
/host/spi-builder-workspace/Sources/JSONParsing/JSONValue/JSONValue+JSONSerialization.swift:41:30: error: cannot find 'CFBooleanGetTypeID' in scope
 39 |       self = .null
 40 |     case let num as NSNumber:
 41 |       if CFGetTypeID(num) == CFBooleanGetTypeID() {
    |                              `- error: cannot find 'CFBooleanGetTypeID' in scope
 42 |         self = .boolean(num.boolValue)
 43 |       } else if CFNumberIsFloatType(num) {
/host/spi-builder-workspace/Sources/JSONParsing/JSONValue/JSONValue+JSONSerialization.swift:43:17: error: cannot find 'CFNumberIsFloatType' in scope
 41 |       if CFGetTypeID(num) == CFBooleanGetTypeID() {
 42 |         self = .boolean(num.boolValue)
 43 |       } else if CFNumberIsFloatType(num) {
    |                 `- error: cannot find 'CFNumberIsFloatType' in scope
 44 |         self = .float(num.doubleValue)
 45 |       } else {
Failed frontend command:
/root/.local/share/swiftly/toolchains/6.4.x-snapshot-2026-09-04/usr/bin/swift-frontend -frontend -c /host/spi-builder-workspace/Sources/JSONParsing/Errors/JSONParsingError.swift /host/spi-builder-workspace/Sources/JSONParsing/Errors/JSONPrintingError.swift /host/spi-builder-workspace/Sources/JSONParsing/Exports.swift /host/spi-builder-workspace/Sources/JSONParsing/Foundation+JSONParsing/Date+JSONParsing.swift /host/spi-builder-workspace/Sources/JSONParsing/Foundation+JSONParsing/URL+JSONParsing.swift /host/spi-builder-workspace/Sources/JSONParsing/Foundation+JSONParsing/UUID+JSONParsing.swift /host/spi-builder-workspace/Sources/JSONParsing/JSONParser+DecodeEncode.swift /host/spi-builder-workspace/Sources/JSONParsing/JSONParsers/Field.swift /host/spi-builder-workspace/Sources/JSONParsing/JSONParsers/JSONArray.swift /host/spi-builder-workspace/Sources/JSONParsing/JSONParsers/JSONBoolean.swift /host/spi-builder-workspace/Sources/JSONParsing/JSONParsers/JSONNumber.swift /host/spi-builder-workspace/Sources/JSONParsing/JSONParsers/JSONObject.swift /host/spi-builder-workspace/Sources/JSONParsing/JSONParsers/JSONString.swift /host/spi-builder-workspace/Sources/JSONParsing/JSONParsers/Null.swift /host/spi-builder-workspace/Sources/JSONParsing/JSONParsers/OptionalField.swift /host/spi-builder-workspace/Sources/JSONParsing/JSONParsing+Codable/DecodableJSONParser.swift /host/spi-builder-workspace/Sources/JSONParsing/JSONParsing+Codable/DecodingContainers+JSONParsing.swift /host/spi-builder-workspace/Sources/JSONParsing/JSONParsing+Codable/EncodingContainers+JSONParsing.swift /host/spi-builder-workspace/Sources/JSONParsing/JSONParsing+Codable/JSONParsingError+Codable.swift -primary-file /host/spi-builder-workspace/Sources/JSONParsing/JSONParsing+Codable/JSONPrintingError+Codable.swift -primary-file /host/spi-builder-workspace/Sources/JSONParsing/JSONValue/JSONValue+Codable.swift -primary-file /host/spi-builder-workspace/Sources/JSONParsing/JSONValue/JSONValue+JSONSerialization.swift /host/spi-builder-workspace/Sources/JSONParsing/JSONValue/JSONValue+PrettyPrinting.swift /host/spi-builder-workspace/Sources/JSONParsing/JSONValue/JSONValue.swift /host/spi-builder-workspace/Sources/JSONParsing/Typealiases.swift -supplementary-output-file-map /host/spi-builder-workspace/.build/out/Intermediates.noindex/swift-json-parsing.build/Debug-android-aarch64/JSONParsing-t.build/Objects-normal/aarch64/supplementaryOutputs-49 -target aarch64-unknown-linux-android28 -Xllvm -aarch64-use-tbi -disable-objc-interop -sdk /android-ndk/android-ndk-r27d/toolchains/llvm/prebuilt/linux-x86_64/sysroot -sysroot /android-ndk/android-ndk-r27d/toolchains/llvm/prebuilt/linux-x86_64/sysroot -I /host/spi-builder-workspace/.build/out/Products/Debug-android-aarch64 -module-cache-path /host/spi-builder-workspace/.build/out/ModuleCache.noindex -color-diagnostics -Xcc -fcolor-diagnostics -enable-testing -g -debug-info-format\=dwarf -dwarf-version\=4 -swift-version 6 -Onone -D SWIFT_PACKAGE -D DEBUG -D SWIFT_MODULE_RESOURCE_BUNDLE_UNAVAILABLE -D Xcode -serialize-debugging-options -load-plugin-executable /host/spi-builder-workspace/.build/out/Products/Debug-linux-x86_64/CasePathsMacros\#CasePathsMacros -enable-experimental-feature DebugDescriptionMacro -empty-abi-descriptor -external-plugin-path /root/.local/share/swiftly/toolchains/6.4.x-snapshot-2026-09-04/usr/lib/swift/host/plugins/testing\#/root/.local/share/swiftly/toolchains/6.4.x-snapshot-2026-09-04/usr/bin/swift-plugin-server -validate-clang-modules-once -clang-build-session-file /host/spi-builder-workspace/.build/out/ModuleCache.noindex/Session.modulevalidation -Xcc -working-directory -Xcc /host -resource-dir /root/.swiftpm/swift-sdks/swift-6.4.x-DEVELOPMENT-SNAPSHOT-2026-09-04-a_android.artifactbundle/swift-android/swift-resources/usr/lib/swift-aarch64 -enable-anonymous-context-mangled-names -file-compilation-dir /host -Xcc -resource-dir -Xcc /android-ndk/android-ndk-r27d/toolchains/llvm/prebuilt/linux-x86_64/lib/clang/18 -Xcc -fno-omit-frame-pointer -Xcc -D_LIBCPP_HARDENING_MODE\=_LIBCPP_HARDENING_MODE_DEBUG -Xcc -fmodules-prune-interval\=86400 -Xcc -fmodules-prune-after\=345600 -Xcc -I/host/spi-builder-workspace/.build/out/Products/Debug-android-aarch64/include -Xcc -I/host/spi-builder-workspace/.build/out/Intermediates.noindex/swift-json-parsing.build/Debug-android-aarch64/JSONParsing-t.build/DerivedSources-normal/aarch64 -Xcc -I/host/spi-builder-workspace/.build/out/Intermediates.noindex/swift-json-parsing.build/Debug-android-aarch64/JSONParsing-t.build/DerivedSources/aarch64 -Xcc -I/host/spi-builder-workspace/.build/out/Intermediates.noindex/swift-json-parsing.build/Debug-android-aarch64/JSONParsing-t.build/DerivedSources -Xcc -DSWIFT_PACKAGE -Xcc -DDEBUG\=1 -no-auto-bridging-header-chaining -module-name JSONParsing -package-name spi_builder_workspace -const-gather-protocols-file /host/spi-builder-workspace/.build/out/Intermediates.noindex/swift-json-parsing.build/Debug-android-aarch64/JSONParsing-t.build/Objects-normal/aarch64/JSONParsing_const_extract_protocols.json -in-process-plugin-server-path /root/.local/share/swiftly/toolchains/6.4.x-snapshot-2026-09-04/usr/lib/swift/host/libSwiftInProcPluginServer.so -plugin-path /root/.local/share/swiftly/toolchains/6.4.x-snapshot-2026-09-04/usr/lib/swift/host/plugins -plugin-path /root/.local/share/swiftly/toolchains/6.4.x-snapshot-2026-09-04/usr/local/lib/swift/host/plugins -parse-as-library -o /host/spi-builder-workspace/.build/out/Intermediates.noindex/swift-json-parsing.build/Debug-android-aarch64/JSONParsing-t.build/Objects-normal/aarch64/JSONPrintingError+Codable.o -o /host/spi-builder-workspace/.build/out/Intermediates.noindex/swift-json-parsing.build/Debug-android-aarch64/JSONParsing-t.build/Objects-normal/aarch64/JSONValue+Codable.o -o /host/spi-builder-workspace/.build/out/Intermediates.noindex/swift-json-parsing.build/Debug-android-aarch64/JSONParsing-t.build/Objects-normal/aarch64/JSONValue+JSONSerialization.o -index-unit-output-path /swift-json-parsing.build/Debug-android-aarch64/JSONParsing-t.build/Objects-normal/aarch64/JSONPrintingError+Codable.o -index-unit-output-path /swift-json-parsing.build/Debug-android-aarch64/JSONParsing-t.build/Objects-normal/aarch64/JSONValue+Codable.o -index-unit-output-path /swift-json-parsing.build/Debug-android-aarch64/JSONParsing-t.build/Objects-normal/aarch64/JSONValue+JSONSerialization.o -index-store-path /host/spi-builder-workspace/.build/out -index-system-modules
error: Build failed
BUILD FAILURE 6.4 android