Build Information
Failed to build SwiftLLMKit, reference main (57a40d), with Swift 6.1 for visionOS using Xcode 16.3 on 9 Oct 2026 07:06:31 UTC.
Build Command
env DEVELOPER_DIR=/Applications/Xcode-16.3.0.app xcrun xcodebuild -IDEClonedSourcePackagesDirPathOverride=$PWD/.dependencies -skipMacroValidation -skipPackagePluginValidation -derivedDataPath $PWD/.derivedData build -scheme SwiftLLMKit -destination generic/platform=xrOSBuild Log
========================================
RunAll
========================================
Builder version: 5.1.1
Interrupt handler set up.
========================================
Checkout
========================================
Clone URL: https://github.com/drewster99/swift-llm-kit.git
Reference: main
Initialized empty Git repository in /Users/admin/builder/spi-builder-workspace/.git/
From https://github.com/drewster99/swift-llm-kit
* branch main -> FETCH_HEAD
* [new branch] main -> origin/main
HEAD is now at 57a40d1 CLAUDE.md: merge duplicated rules, tighten references
Cloned https://github.com/drewster99/swift-llm-kit.git
Revision (git rev-parse @):
57a40d16018c1c92482e2ecb0fde74a15d1e9774
SPI manifest file found: $PWD/.spi.yml
SUCCESS checkout https://github.com/drewster99/swift-llm-kit.git at main
========================================
Build
========================================
Selected platform: visionOS
Swift version: 6.1
Building package at path: $PWD
https://github.com/drewster99/swift-llm-kit.git
https://github.com/drewster99/swift-llm-kit.git
{
"dependencies" : [
],
"manifest_display_name" : "SwiftLLMKit",
"name" : "SwiftLLMKit",
"path" : "/Users/admin/builder/spi-builder-workspace",
"platforms" : [
{
"name" : "macos",
"version" : "15.0"
}
],
"products" : [
{
"name" : "SwiftLLMKit",
"targets" : [
"SwiftLLMKit"
],
"type" : {
"library" : [
"automatic"
]
}
}
],
"targets" : [
{
"c99name" : "SwiftLLMKitTests",
"module_type" : "SwiftTarget",
"name" : "SwiftLLMKitTests",
"path" : "Tests/SwiftLLMKitTests",
"sources" : [
"BehaviorFlagsTests.swift",
"CapabilityProbeTests.swift",
"DeveloperRoleTests.swift",
"DocumentContentTests.swift",
"DownloadedOverridesTests.swift",
"ExtraJSONOverridesTests.swift",
"GeminiFunctionCallDummySignatureTests.swift",
"GeminiFunctionResponseNameTests.swift",
"GeminiThoughtSignatureLiveTests.swift",
"JSONMergeTests.swift",
"JSONSerializationDeterminismTests.swift",
"KeychainServiceAddStepTests.swift",
"LLMMessageFactoryTests.swift",
"LLMRequestLoggerStampTests.swift",
"LiteLLMProviderMatchingTests.swift",
"MaxOutputContextBoundTests.swift",
"ModelCapabilityTriStateTests.swift",
"ModelConfigurationOverrideTests.swift",
"ModelFactsMergeTests.swift",
"ModelInfoChatCapabilityTests.swift",
"ModelInfoProvenanceTests.swift",
"ModelProfileCodingKeyCoverageTests.swift",
"NewCapabilityPersistenceTests.swift",
"OllamaLibraryScraperTests.swift",
"OllamaRoleAlternationTests.swift",
"OpenAIArrayContentParseTests.swift",
"OpenAIReasoningContentReplayTests.swift",
"OpenRouterDynamicVariantTests.swift",
"OverrideChatFoldTests.swift",
"ProbeRecordStoreTests.swift",
"ProviderAPITypeForgivingDecodeTests.swift",
"ProviderContinuationTests.swift",
"ReasoningControlAndStructuredOutputTests.swift",
"ReasoningEnabledConfigurationTests.swift",
"RetryAfterParsingTests.swift",
"SeenModelsLedgerTests.swift",
"StupidBatchHardeningTests.swift",
"SwiftLLMKitTests.swift",
"TemperatureOptionalTests.swift",
"ThinkingBlockBindingTests.swift",
"ThinkingBudgetRangeTests.swift",
"TokenUsageParserTests.swift",
"TrailingSystemMessageTests.swift",
"V0_0_182_FinishReasonTests.swift",
"V0_0_184_CodexAuthTests.swift",
"V0_0_187_CodexResponsesTests.swift",
"V0_0_189_CodexLimitTests.swift",
"V0_0_191_CodexLiveSmokeTests.swift",
"V0_0_192_CodexUsageWindowTests.swift",
"V0_0_195_CodexAuthSharingTests.swift",
"V0_0_195_CodexItemKeyTests.swift",
"V0_0_195_CodexRefreshStormTests.swift",
"V0_0_196_CodexRefreshCancellationTests.swift",
"V0_0_197_CodexSerializerParityTests.swift",
"V0_0_206_ContentPolicyRefusalTests.swift",
"V0_0_209_ServerErrorObjectTests.swift",
"V0_0_26_Tests.swift",
"V0_0_27_Tests.swift",
"V0_0_28_Tests.swift",
"V0_0_30_ToolChoiceTests.swift"
],
"target_dependencies" : [
"SwiftLLMKit"
],
"type" : "test"
},
{
"c99name" : "SwiftLLMKit",
"module_type" : "SwiftTarget",
"name" : "SwiftLLMKit",
"path" : "Sources/SwiftLLMKit",
"product_memberships" : [
"SwiftLLMKit"
],
"resources" : [
{
"path" : "/Users/admin/builder/spi-builder-workspace/Sources/SwiftLLMKit/Resources/built_in_providers.json",
"rule" : {
"process" : {
}
}
},
{
"path" : "/Users/admin/builder/spi-builder-workspace/Sources/SwiftLLMKit/Resources/bundled_model_metadata.json",
"rule" : {
"process" : {
}
}
},
{
"path" : "/Users/admin/builder/spi-builder-workspace/Sources/SwiftLLMKit/Resources/bundled_probe_records.json",
"rule" : {
"process" : {
}
}
}
],
"sources" : [
"Auth/CodexAuth.swift",
"Evaluation/CapabilityProbe.swift",
"Evaluation/ModelProber.swift",
"Evaluation/ModelProfile.swift",
"Evaluation/ProbeFixtures.swift",
"Evaluation/ProbeRecordStore.swift",
"Models/BehaviorFlags.swift",
"Models/BuiltInProviders.swift",
"Models/BundledModelMetadata.swift",
"Models/EffortSupport.swift",
"Models/ModelAvailabilityState.swift",
"Models/ModelBenchmarks.swift",
"Models/ModelCapabilities.swift",
"Models/ModelConfiguration.swift",
"Models/ModelConfigurationOverride.swift",
"Models/ModelFacts.swift",
"Models/ModelInfo.swift",
"Models/ModelMetadataOverride.swift",
"Models/ModelPricing.swift",
"Models/ModelProvider.swift",
"Models/OpenRouterDynamicVariant.swift",
"Models/PreparedRequest.swift",
"Models/ProviderAPIType.swift",
"Models/ReasoningControl.swift",
"Models/SamplingDefaults.swift",
"Models/SeenModelsLedger.swift",
"Models/ThinkingBudget.swift",
"Models/ThinkingBudgetAccounting.swift",
"Persistence/StorageManager.swift",
"Providers/AnthropicProvider.swift",
"Providers/CodexLimit.swift",
"Providers/CodexResponsesProvider.swift",
"Providers/CodexUsageWindow.swift",
"Providers/GLMTemplateSalvage.swift",
"Providers/GeminiProvider.swift",
"Providers/JSONMerge.swift",
"Providers/LLMCallOverrides.swift",
"Providers/LLMMessage.swift",
"Providers/LLMProvider.swift",
"Providers/LLMProviderError.swift",
"Providers/LLMRequestLogger.swift",
"Providers/LLMResponse.swift",
"Providers/LLMResponseFormat.swift",
"Providers/LLMToolCall.swift",
"Providers/LLMToolChoice.swift",
"Providers/LLMToolDefinition.swift",
"Providers/OllamaProvider.swift",
"Providers/OpenAICompatibleProvider.swift",
"Providers/ProviderContinuation.swift",
"Services/KeychainService.swift",
"Services/ModelFactsMerge.swift",
"Services/ModelFetchService.swift",
"Services/ModelMetadataService.swift",
"Services/OllamaLibraryScraper.swift",
"SwiftLLMKit.swift"
],
"type" : "library"
}
],
"tools_version" : "6.0"
}
Command line invocation:
/Applications/Xcode-16.3.0.app/Contents/Developer/usr/bin/xcodebuild -IDEClonedSourcePackagesDirPathOverride=/Users/admin/builder/spi-builder-workspace/.dependencies -resolvePackageDependencies
Resolve Package Graph
Resolve Package Graph
Resolved source packages:
SwiftLLMKit: /Users/admin/builder/spi-builder-workspace
resolved source packages: SwiftLLMKit
{
"dependencies" : [
],
"manifest_display_name" : "SwiftLLMKit",
"name" : "SwiftLLMKit",
"path" : "/Users/admin/builder/spi-builder-workspace",
"platforms" : [
{
"name" : "macos",
"version" : "15.0"
}
],
"products" : [
{
"name" : "SwiftLLMKit",
"targets" : [
"SwiftLLMKit"
],
"type" : {
"library" : [
"automatic"
]
}
}
],
"targets" : [
{
"c99name" : "SwiftLLMKitTests",
"module_type" : "SwiftTarget",
"name" : "SwiftLLMKitTests",
"path" : "Tests/SwiftLLMKitTests",
"sources" : [
"BehaviorFlagsTests.swift",
"CapabilityProbeTests.swift",
"DeveloperRoleTests.swift",
"DocumentContentTests.swift",
"DownloadedOverridesTests.swift",
"ExtraJSONOverridesTests.swift",
"GeminiFunctionCallDummySignatureTests.swift",
"GeminiFunctionResponseNameTests.swift",
"GeminiThoughtSignatureLiveTests.swift",
"JSONMergeTests.swift",
"JSONSerializationDeterminismTests.swift",
"KeychainServiceAddStepTests.swift",
"LLMMessageFactoryTests.swift",
"LLMRequestLoggerStampTests.swift",
"LiteLLMProviderMatchingTests.swift",
"MaxOutputContextBoundTests.swift",
"ModelCapabilityTriStateTests.swift",
"ModelConfigurationOverrideTests.swift",
"ModelFactsMergeTests.swift",
"ModelInfoChatCapabilityTests.swift",
"ModelInfoProvenanceTests.swift",
"ModelProfileCodingKeyCoverageTests.swift",
"NewCapabilityPersistenceTests.swift",
"OllamaLibraryScraperTests.swift",
"OllamaRoleAlternationTests.swift",
"OpenAIArrayContentParseTests.swift",
"OpenAIReasoningContentReplayTests.swift",
"OpenRouterDynamicVariantTests.swift",
"OverrideChatFoldTests.swift",
"ProbeRecordStoreTests.swift",
"ProviderAPITypeForgivingDecodeTests.swift",
"ProviderContinuationTests.swift",
"ReasoningControlAndStructuredOutputTests.swift",
"ReasoningEnabledConfigurationTests.swift",
"RetryAfterParsingTests.swift",
"SeenModelsLedgerTests.swift",
"StupidBatchHardeningTests.swift",
"SwiftLLMKitTests.swift",
"TemperatureOptionalTests.swift",
"ThinkingBlockBindingTests.swift",
"ThinkingBudgetRangeTests.swift",
"TokenUsageParserTests.swift",
"TrailingSystemMessageTests.swift",
"V0_0_182_FinishReasonTests.swift",
"V0_0_184_CodexAuthTests.swift",
"V0_0_187_CodexResponsesTests.swift",
"V0_0_189_CodexLimitTests.swift",
"V0_0_191_CodexLiveSmokeTests.swift",
"V0_0_192_CodexUsageWindowTests.swift",
"V0_0_195_CodexAuthSharingTests.swift",
"V0_0_195_CodexItemKeyTests.swift",
"V0_0_195_CodexRefreshStormTests.swift",
"V0_0_196_CodexRefreshCancellationTests.swift",
"V0_0_197_CodexSerializerParityTests.swift",
"V0_0_206_ContentPolicyRefusalTests.swift",
"V0_0_209_ServerErrorObjectTests.swift",
"V0_0_26_Tests.swift",
"V0_0_27_Tests.swift",
"V0_0_28_Tests.swift",
"V0_0_30_ToolChoiceTests.swift"
],
"target_dependencies" : [
"SwiftLLMKit"
],
"type" : "test"
},
{
"c99name" : "SwiftLLMKit",
"module_type" : "SwiftTarget",
"name" : "SwiftLLMKit",
"path" : "Sources/SwiftLLMKit",
"product_memberships" : [
"SwiftLLMKit"
],
"resources" : [
{
"path" : "/Users/admin/builder/spi-builder-workspace/Sources/SwiftLLMKit/Resources/built_in_providers.json",
"rule" : {
"process" : {
}
}
},
{
"path" : "/Users/admin/builder/spi-builder-workspace/Sources/SwiftLLMKit/Resources/bundled_model_metadata.json",
"rule" : {
"process" : {
}
}
},
{
"path" : "/Users/admin/builder/spi-builder-workspace/Sources/SwiftLLMKit/Resources/bundled_probe_records.json",
"rule" : {
"process" : {
}
}
}
],
"sources" : [
"Auth/CodexAuth.swift",
"Evaluation/CapabilityProbe.swift",
"Evaluation/ModelProber.swift",
"Evaluation/ModelProfile.swift",
"Evaluation/ProbeFixtures.swift",
"Evaluation/ProbeRecordStore.swift",
"Models/BehaviorFlags.swift",
"Models/BuiltInProviders.swift",
"Models/BundledModelMetadata.swift",
"Models/EffortSupport.swift",
"Models/ModelAvailabilityState.swift",
"Models/ModelBenchmarks.swift",
"Models/ModelCapabilities.swift",
"Models/ModelConfiguration.swift",
"Models/ModelConfigurationOverride.swift",
"Models/ModelFacts.swift",
"Models/ModelInfo.swift",
"Models/ModelMetadataOverride.swift",
"Models/ModelPricing.swift",
"Models/ModelProvider.swift",
"Models/OpenRouterDynamicVariant.swift",
"Models/PreparedRequest.swift",
"Models/ProviderAPIType.swift",
"Models/ReasoningControl.swift",
"Models/SamplingDefaults.swift",
"Models/SeenModelsLedger.swift",
"Models/ThinkingBudget.swift",
"Models/ThinkingBudgetAccounting.swift",
"Persistence/StorageManager.swift",
"Providers/AnthropicProvider.swift",
"Providers/CodexLimit.swift",
"Providers/CodexResponsesProvider.swift",
"Providers/CodexUsageWindow.swift",
"Providers/GLMTemplateSalvage.swift",
"Providers/GeminiProvider.swift",
"Providers/JSONMerge.swift",
"Providers/LLMCallOverrides.swift",
"Providers/LLMMessage.swift",
"Providers/LLMProvider.swift",
"Providers/LLMProviderError.swift",
"Providers/LLMRequestLogger.swift",
"Providers/LLMResponse.swift",
"Providers/LLMResponseFormat.swift",
"Providers/LLMToolCall.swift",
"Providers/LLMToolChoice.swift",
"Providers/LLMToolDefinition.swift",
"Providers/OllamaProvider.swift",
"Providers/OpenAICompatibleProvider.swift",
"Providers/ProviderContinuation.swift",
"Services/KeychainService.swift",
"Services/ModelFactsMerge.swift",
"Services/ModelFetchService.swift",
"Services/ModelMetadataService.swift",
"Services/OllamaLibraryScraper.swift",
"SwiftLLMKit.swift"
],
"type" : "library"
}
],
"tools_version" : "6.0"
}
{
"workspace" : {
"name" : "spi-builder-workspace",
"schemes" : [
"SwiftLLMKit"
]
}
}
Running build ...
env DEVELOPER_DIR=/Applications/Xcode-16.3.0.app xcrun xcodebuild -IDEClonedSourcePackagesDirPathOverride=$PWD/.dependencies -skipMacroValidation -skipPackagePluginValidation -derivedDataPath $PWD/.derivedData build -scheme SwiftLLMKit -destination generic/platform=xrOS OTHER_SWIFT_FLAGS=-stats-output-dir .stats
Command line invocation:
/Applications/Xcode-16.3.0.app/Contents/Developer/usr/bin/xcodebuild -IDEClonedSourcePackagesDirPathOverride=/Users/admin/builder/spi-builder-workspace/.dependencies -skipMacroValidation -skipPackagePluginValidation -derivedDataPath /Users/admin/builder/spi-builder-workspace/.derivedData build -scheme SwiftLLMKit -destination generic/platform=xrOS "OTHER_SWIFT_FLAGS=-stats-output-dir .stats"
Build settings from command line:
OTHER_SWIFT_FLAGS = -stats-output-dir .stats
Resolve Package Graph
Resolved source packages:
SwiftLLMKit: /Users/admin/builder/spi-builder-workspace
ComputePackagePrebuildTargetDependencyGraph
Prepare packages
CreateBuildRequest
SendProjectDescription
CreateBuildOperation
ComputeTargetDependencyGraph
note: Building targets in dependency order
note: Target dependency graph (3 targets)
Target 'SwiftLLMKit' in project 'SwiftLLMKit'
➜ Explicit dependency on target 'SwiftLLMKit' in project 'SwiftLLMKit'
➜ Explicit dependency on target 'SwiftLLMKit_SwiftLLMKit' in project 'SwiftLLMKit'
Target 'SwiftLLMKit' in project 'SwiftLLMKit'
➜ Explicit dependency on target 'SwiftLLMKit_SwiftLLMKit' in project 'SwiftLLMKit'
Target 'SwiftLLMKit_SwiftLLMKit' in project 'SwiftLLMKit' (no dependencies)
GatherProvisioningInputs
CreateBuildDescription
ExecuteExternalTool /Applications/Xcode-16.3.0.app/Contents/Developer/Toolchains/XcodeDefault.xctoolchain/usr/bin/clang -v -E -dM -isysroot /Applications/Xcode-16.3.0.app/Contents/Developer/Platforms/XROS.platform/Developer/SDKs/XROS2.4.sdk -x c -c /dev/null
ExecuteExternalTool /Applications/Xcode-16.3.0.app/Contents/Developer/Toolchains/XcodeDefault.xctoolchain/usr/bin/swiftc --version
ExecuteExternalTool /Applications/Xcode-16.3.0.app/Contents/Developer/Toolchains/XcodeDefault.xctoolchain/usr/bin/ld -version_details
Build description signature: 7b06b8863a20b1b341548145c45350d4
Build description path: /Users/admin/builder/spi-builder-workspace/.derivedData/Build/Intermediates.noindex/XCBuildData/7b06b8863a20b1b341548145c45350d4.xcbuilddata
ClangStatCache /Applications/Xcode-16.3.0.app/Contents/Developer/Toolchains/XcodeDefault.xctoolchain/usr/bin/clang-stat-cache /Applications/Xcode-16.3.0.app/Contents/Developer/Platforms/XROS.platform/Developer/SDKs/XROS2.4.sdk /Users/admin/builder/spi-builder-workspace/.derivedData/SDKStatCaches.noindex/xros2.4-22O233-407b76dbb837030756cbe1ab3f0b01b6.sdkstatcache
cd /Users/admin/builder/spi-builder-workspace/.swiftpm/xcode
/Applications/Xcode-16.3.0.app/Contents/Developer/Toolchains/XcodeDefault.xctoolchain/usr/bin/clang-stat-cache /Applications/Xcode-16.3.0.app/Contents/Developer/Platforms/XROS.platform/Developer/SDKs/XROS2.4.sdk -o /Users/admin/builder/spi-builder-workspace/.derivedData/SDKStatCaches.noindex/xros2.4-22O233-407b76dbb837030756cbe1ab3f0b01b6.sdkstatcache
CreateBuildDirectory /Users/admin/builder/spi-builder-workspace/.derivedData/Build/Intermediates.noindex
cd /Users/admin/builder/spi-builder-workspace/.swiftpm/xcode
builtin-create-build-directory /Users/admin/builder/spi-builder-workspace/.derivedData/Build/Intermediates.noindex
CreateBuildDirectory /Users/admin/builder/spi-builder-workspace/.derivedData/Build/Products
cd /Users/admin/builder/spi-builder-workspace/.swiftpm/xcode
builtin-create-build-directory /Users/admin/builder/spi-builder-workspace/.derivedData/Build/Products
CreateBuildDirectory /Users/admin/builder/spi-builder-workspace/.derivedData/Build/Products/Debug-xros
cd /Users/admin/builder/spi-builder-workspace/.swiftpm/xcode
builtin-create-build-directory /Users/admin/builder/spi-builder-workspace/.derivedData/Build/Products/Debug-xros
CreateBuildDirectory /Users/admin/builder/spi-builder-workspace/.derivedData/Build/Intermediates.noindex/EagerLinkingTBDs/Debug-xros
cd /Users/admin/builder/spi-builder-workspace/.swiftpm/xcode
builtin-create-build-directory /Users/admin/builder/spi-builder-workspace/.derivedData/Build/Intermediates.noindex/EagerLinkingTBDs/Debug-xros
CreateBuildDirectory /Users/admin/builder/spi-builder-workspace/.derivedData/Build/Products/Debug-xros/PackageFrameworks
cd /Users/admin/builder/spi-builder-workspace/.swiftpm/xcode
builtin-create-build-directory /Users/admin/builder/spi-builder-workspace/.derivedData/Build/Products/Debug-xros/PackageFrameworks
MkDir /Users/admin/builder/spi-builder-workspace/.derivedData/Build/Products/Debug-xros/SwiftLLMKit_SwiftLLMKit.bundle (in target 'SwiftLLMKit_SwiftLLMKit' from project 'SwiftLLMKit')
cd /Users/admin/builder/spi-builder-workspace
/bin/mkdir -p /Users/admin/builder/spi-builder-workspace/.derivedData/Build/Products/Debug-xros/SwiftLLMKit_SwiftLLMKit.bundle
WriteAuxiliaryFile /Users/admin/builder/spi-builder-workspace/.derivedData/Build/Intermediates.noindex/SwiftLLMKit.build/Debug-xros/SwiftLLMKit.build/SwiftLLMKit.modulemap (in target 'SwiftLLMKit' from project 'SwiftLLMKit')
cd /Users/admin/builder/spi-builder-workspace
write-file /Users/admin/builder/spi-builder-workspace/.derivedData/Build/Intermediates.noindex/SwiftLLMKit.build/Debug-xros/SwiftLLMKit.build/SwiftLLMKit.modulemap
WriteAuxiliaryFile /Users/admin/builder/spi-builder-workspace/.derivedData/Build/Intermediates.noindex/SwiftLLMKit.build/Debug-xros/SwiftLLMKit_SwiftLLMKit.build/empty-SwiftLLMKit_SwiftLLMKit.plist (in target 'SwiftLLMKit_SwiftLLMKit' from project 'SwiftLLMKit')
cd /Users/admin/builder/spi-builder-workspace
write-file /Users/admin/builder/spi-builder-workspace/.derivedData/Build/Intermediates.noindex/SwiftLLMKit.build/Debug-xros/SwiftLLMKit_SwiftLLMKit.build/empty-SwiftLLMKit_SwiftLLMKit.plist
WriteAuxiliaryFile /Users/admin/builder/spi-builder-workspace/.derivedData/Build/Intermediates.noindex/SwiftLLMKit.build/Debug-xros/SwiftLLMKit.build/SwiftLLMKit.DependencyStaticMetadataFileList (in target 'SwiftLLMKit' from project 'SwiftLLMKit')
cd /Users/admin/builder/spi-builder-workspace
write-file /Users/admin/builder/spi-builder-workspace/.derivedData/Build/Intermediates.noindex/SwiftLLMKit.build/Debug-xros/SwiftLLMKit.build/SwiftLLMKit.DependencyStaticMetadataFileList
WriteAuxiliaryFile /Users/admin/builder/spi-builder-workspace/.derivedData/Build/Intermediates.noindex/SwiftLLMKit.build/Debug-xros/SwiftLLMKit.build/SwiftLLMKit.DependencyMetadataFileList (in target 'SwiftLLMKit' from project 'SwiftLLMKit')
cd /Users/admin/builder/spi-builder-workspace
write-file /Users/admin/builder/spi-builder-workspace/.derivedData/Build/Intermediates.noindex/SwiftLLMKit.build/Debug-xros/SwiftLLMKit.build/SwiftLLMKit.DependencyMetadataFileList
WriteAuxiliaryFile /Users/admin/builder/spi-builder-workspace/.derivedData/Build/Intermediates.noindex/SwiftLLMKit.build/Debug-xros/SwiftLLMKit.build/Objects-normal/arm64/SwiftLLMKit.SwiftConstValuesFileList (in target 'SwiftLLMKit' from project 'SwiftLLMKit')
cd /Users/admin/builder/spi-builder-workspace
write-file /Users/admin/builder/spi-builder-workspace/.derivedData/Build/Intermediates.noindex/SwiftLLMKit.build/Debug-xros/SwiftLLMKit.build/Objects-normal/arm64/SwiftLLMKit.SwiftConstValuesFileList
WriteAuxiliaryFile /Users/admin/builder/spi-builder-workspace/.derivedData/Build/Intermediates.noindex/SwiftLLMKit.build/Debug-xros/SwiftLLMKit.build/Objects-normal/arm64/SwiftLLMKit.SwiftFileList (in target 'SwiftLLMKit' from project 'SwiftLLMKit')
cd /Users/admin/builder/spi-builder-workspace
write-file /Users/admin/builder/spi-builder-workspace/.derivedData/Build/Intermediates.noindex/SwiftLLMKit.build/Debug-xros/SwiftLLMKit.build/Objects-normal/arm64/SwiftLLMKit.SwiftFileList
WriteAuxiliaryFile /Users/admin/builder/spi-builder-workspace/.derivedData/Build/Intermediates.noindex/SwiftLLMKit.build/Debug-xros/SwiftLLMKit.build/Objects-normal/arm64/SwiftLLMKit_const_extract_protocols.json (in target 'SwiftLLMKit' from project 'SwiftLLMKit')
cd /Users/admin/builder/spi-builder-workspace
write-file /Users/admin/builder/spi-builder-workspace/.derivedData/Build/Intermediates.noindex/SwiftLLMKit.build/Debug-xros/SwiftLLMKit.build/Objects-normal/arm64/SwiftLLMKit_const_extract_protocols.json
WriteAuxiliaryFile /Users/admin/builder/spi-builder-workspace/.derivedData/Build/Intermediates.noindex/SwiftLLMKit.build/Debug-xros/SwiftLLMKit_SwiftLLMKit.build/SwiftLLMKit_SwiftLLMKit.DependencyMetadataFileList (in target 'SwiftLLMKit_SwiftLLMKit' from project 'SwiftLLMKit')
cd /Users/admin/builder/spi-builder-workspace
write-file /Users/admin/builder/spi-builder-workspace/.derivedData/Build/Intermediates.noindex/SwiftLLMKit.build/Debug-xros/SwiftLLMKit_SwiftLLMKit.build/SwiftLLMKit_SwiftLLMKit.DependencyMetadataFileList
WriteAuxiliaryFile /Users/admin/builder/spi-builder-workspace/.derivedData/Build/Intermediates.noindex/SwiftLLMKit.build/Debug-xros/SwiftLLMKit_SwiftLLMKit.build/SwiftLLMKit_SwiftLLMKit.DependencyStaticMetadataFileList (in target 'SwiftLLMKit_SwiftLLMKit' from project 'SwiftLLMKit')
cd /Users/admin/builder/spi-builder-workspace
write-file /Users/admin/builder/spi-builder-workspace/.derivedData/Build/Intermediates.noindex/SwiftLLMKit.build/Debug-xros/SwiftLLMKit_SwiftLLMKit.build/SwiftLLMKit_SwiftLLMKit.DependencyStaticMetadataFileList
WriteAuxiliaryFile /Users/admin/builder/spi-builder-workspace/.derivedData/Build/Intermediates.noindex/SwiftLLMKit.build/Debug-xros/SwiftLLMKit.build/Objects-normal/arm64/SwiftLLMKit.LinkFileList (in target 'SwiftLLMKit' from project 'SwiftLLMKit')
cd /Users/admin/builder/spi-builder-workspace
write-file /Users/admin/builder/spi-builder-workspace/.derivedData/Build/Intermediates.noindex/SwiftLLMKit.build/Debug-xros/SwiftLLMKit.build/Objects-normal/arm64/SwiftLLMKit.LinkFileList
WriteAuxiliaryFile /Users/admin/builder/spi-builder-workspace/.derivedData/Build/Intermediates.noindex/SwiftLLMKit.build/Debug-xros/SwiftLLMKit.build/Objects-normal/arm64/SwiftLLMKit-OutputFileMap.json (in target 'SwiftLLMKit' from project 'SwiftLLMKit')
cd /Users/admin/builder/spi-builder-workspace
write-file /Users/admin/builder/spi-builder-workspace/.derivedData/Build/Intermediates.noindex/SwiftLLMKit.build/Debug-xros/SwiftLLMKit.build/Objects-normal/arm64/SwiftLLMKit-OutputFileMap.json
ProcessInfoPlistFile /Users/admin/builder/spi-builder-workspace/.derivedData/Build/Products/Debug-xros/SwiftLLMKit_SwiftLLMKit.bundle/Info.plist /Users/admin/builder/spi-builder-workspace/.derivedData/Build/Intermediates.noindex/SwiftLLMKit.build/Debug-xros/SwiftLLMKit_SwiftLLMKit.build/empty-SwiftLLMKit_SwiftLLMKit.plist (in target 'SwiftLLMKit_SwiftLLMKit' from project 'SwiftLLMKit')
cd /Users/admin/builder/spi-builder-workspace
builtin-infoPlistUtility /Users/admin/builder/spi-builder-workspace/.derivedData/Build/Intermediates.noindex/SwiftLLMKit.build/Debug-xros/SwiftLLMKit_SwiftLLMKit.build/empty-SwiftLLMKit_SwiftLLMKit.plist -producttype com.apple.product-type.bundle -expandbuildsettings -format binary -platform xros -o /Users/admin/builder/spi-builder-workspace/.derivedData/Build/Products/Debug-xros/SwiftLLMKit_SwiftLLMKit.bundle/Info.plist
CpResource /Users/admin/builder/spi-builder-workspace/.derivedData/Build/Products/Debug-xros/SwiftLLMKit_SwiftLLMKit.bundle/bundled_probe_records.json /Users/admin/builder/spi-builder-workspace/Sources/SwiftLLMKit/Resources/bundled_probe_records.json (in target 'SwiftLLMKit_SwiftLLMKit' from project 'SwiftLLMKit')
cd /Users/admin/builder/spi-builder-workspace
builtin-copy -exclude .DS_Store -exclude CVS -exclude .svn -exclude .git -exclude .hg -resolve-src-symlinks /Users/admin/builder/spi-builder-workspace/Sources/SwiftLLMKit/Resources/bundled_probe_records.json /Users/admin/builder/spi-builder-workspace/.derivedData/Build/Products/Debug-xros/SwiftLLMKit_SwiftLLMKit.bundle
Copy /Users/admin/builder/spi-builder-workspace/.derivedData/Build/Intermediates.noindex/GeneratedModuleMaps-xros/SwiftLLMKit.modulemap /Users/admin/builder/spi-builder-workspace/.derivedData/Build/Intermediates.noindex/SwiftLLMKit.build/Debug-xros/SwiftLLMKit.build/SwiftLLMKit.modulemap (in target 'SwiftLLMKit' from project 'SwiftLLMKit')
cd /Users/admin/builder/spi-builder-workspace
builtin-copy -exclude .DS_Store -exclude CVS -exclude .svn -exclude .git -exclude .hg -resolve-src-symlinks /Users/admin/builder/spi-builder-workspace/.derivedData/Build/Intermediates.noindex/SwiftLLMKit.build/Debug-xros/SwiftLLMKit.build/SwiftLLMKit.modulemap /Users/admin/builder/spi-builder-workspace/.derivedData/Build/Intermediates.noindex/GeneratedModuleMaps-xros
WriteAuxiliaryFile /Users/admin/builder/spi-builder-workspace/.derivedData/Build/Intermediates.noindex/SwiftLLMKit.build/Debug-xros/SwiftLLMKit.build/DerivedSources/resource_bundle_accessor.swift (in target 'SwiftLLMKit' from project 'SwiftLLMKit')
cd /Users/admin/builder/spi-builder-workspace
write-file /Users/admin/builder/spi-builder-workspace/.derivedData/Build/Intermediates.noindex/SwiftLLMKit.build/Debug-xros/SwiftLLMKit.build/DerivedSources/resource_bundle_accessor.swift
CpResource /Users/admin/builder/spi-builder-workspace/.derivedData/Build/Products/Debug-xros/SwiftLLMKit_SwiftLLMKit.bundle/bundled_model_metadata.json /Users/admin/builder/spi-builder-workspace/Sources/SwiftLLMKit/Resources/bundled_model_metadata.json (in target 'SwiftLLMKit_SwiftLLMKit' from project 'SwiftLLMKit')
cd /Users/admin/builder/spi-builder-workspace
builtin-copy -exclude .DS_Store -exclude CVS -exclude .svn -exclude .git -exclude .hg -resolve-src-symlinks /Users/admin/builder/spi-builder-workspace/Sources/SwiftLLMKit/Resources/bundled_model_metadata.json /Users/admin/builder/spi-builder-workspace/.derivedData/Build/Products/Debug-xros/SwiftLLMKit_SwiftLLMKit.bundle
CpResource /Users/admin/builder/spi-builder-workspace/.derivedData/Build/Products/Debug-xros/SwiftLLMKit_SwiftLLMKit.bundle/built_in_providers.json /Users/admin/builder/spi-builder-workspace/Sources/SwiftLLMKit/Resources/built_in_providers.json (in target 'SwiftLLMKit_SwiftLLMKit' from project 'SwiftLLMKit')
cd /Users/admin/builder/spi-builder-workspace
builtin-copy -exclude .DS_Store -exclude CVS -exclude .svn -exclude .git -exclude .hg -resolve-src-symlinks /Users/admin/builder/spi-builder-workspace/Sources/SwiftLLMKit/Resources/built_in_providers.json /Users/admin/builder/spi-builder-workspace/.derivedData/Build/Products/Debug-xros/SwiftLLMKit_SwiftLLMKit.bundle
RegisterExecutionPolicyException /Users/admin/builder/spi-builder-workspace/.derivedData/Build/Products/Debug-xros/SwiftLLMKit_SwiftLLMKit.bundle (in target 'SwiftLLMKit_SwiftLLMKit' from project 'SwiftLLMKit')
cd /Users/admin/builder/spi-builder-workspace
builtin-RegisterExecutionPolicyException /Users/admin/builder/spi-builder-workspace/.derivedData/Build/Products/Debug-xros/SwiftLLMKit_SwiftLLMKit.bundle
Touch /Users/admin/builder/spi-builder-workspace/.derivedData/Build/Products/Debug-xros/SwiftLLMKit_SwiftLLMKit.bundle (in target 'SwiftLLMKit_SwiftLLMKit' from project 'SwiftLLMKit')
cd /Users/admin/builder/spi-builder-workspace
/usr/bin/touch -c /Users/admin/builder/spi-builder-workspace/.derivedData/Build/Products/Debug-xros/SwiftLLMKit_SwiftLLMKit.bundle
SwiftDriver SwiftLLMKit normal arm64 com.apple.xcode.tools.swift.compiler (in target 'SwiftLLMKit' from project 'SwiftLLMKit')
cd /Users/admin/builder/spi-builder-workspace/.swiftpm/xcode
builtin-SwiftDriver -- /Applications/Xcode-16.3.0.app/Contents/Developer/Toolchains/XcodeDefault.xctoolchain/usr/bin/swiftc -module-name SwiftLLMKit -Onone -enforce-exclusivity\=checked @/Users/admin/builder/spi-builder-workspace/.derivedData/Build/Intermediates.noindex/SwiftLLMKit.build/Debug-xros/SwiftLLMKit.build/Objects-normal/arm64/SwiftLLMKit.SwiftFileList -DSWIFT_PACKAGE -DDEBUG -stats-output-dir .stats -plugin-path /Applications/Xcode-16.3.0.app/Contents/Developer/Toolchains/XcodeDefault.xctoolchain/usr/lib/swift/host/plugins/testing -enable-experimental-feature DebugDescriptionMacro -sdk /Applications/Xcode-16.3.0.app/Contents/Developer/Platforms/XROS.platform/Developer/SDKs/XROS2.4.sdk -target arm64-apple-xros1.0 -g -module-cache-path /Users/admin/builder/spi-builder-workspace/.derivedData/ModuleCache.noindex -Xfrontend -serialize-debugging-options -profile-coverage-mapping -profile-generate -enable-testing -index-store-path /Users/admin/builder/spi-builder-workspace/.derivedData/Index.noindex/DataStore -swift-version 6 -I /Users/admin/builder/spi-builder-workspace/.derivedData/Build/Products/Debug-xros -I /Applications/Xcode-16.3.0.app/Contents/Developer/Platforms/XROS.platform/Developer/usr/lib -F /Users/admin/builder/spi-builder-workspace/.derivedData/Build/Products/Debug-xros -F /Applications/Xcode-16.3.0.app/Contents/Developer/Platforms/XROS.platform/Developer/Library/Frameworks -F /Applications/Xcode-16.3.0.app/Contents/Developer/Platforms/XROS.platform/Developer/SDKs/XROS2.4.sdk/Developer/Library/Frameworks -c -j10 -enable-batch-mode -incremental -Xcc -ivfsstatcache -Xcc /Users/admin/builder/spi-builder-workspace/.derivedData/SDKStatCaches.noindex/xros2.4-22O233-407b76dbb837030756cbe1ab3f0b01b6.sdkstatcache -output-file-map /Users/admin/builder/spi-builder-workspace/.derivedData/Build/Intermediates.noindex/SwiftLLMKit.build/Debug-xros/SwiftLLMKit.build/Objects-normal/arm64/SwiftLLMKit-OutputFileMap.json -use-frontend-parseable-output -save-temps -no-color-diagnostics -serialize-diagnostics -emit-dependencies -emit-module -emit-module-path /Users/admin/builder/spi-builder-workspace/.derivedData/Build/Intermediates.noindex/SwiftLLMKit.build/Debug-xros/SwiftLLMKit.build/Objects-normal/arm64/SwiftLLMKit.swiftmodule -validate-clang-modules-once -clang-build-session-file /Users/admin/builder/spi-builder-workspace/.derivedData/ModuleCache.noindex/Session.modulevalidation -package-name spi_builder_workspace -Xcc -I/Users/admin/builder/spi-builder-workspace/.derivedData/Build/Intermediates.noindex/SwiftLLMKit.build/Debug-xros/SwiftLLMKit.build/swift-overrides.hmap -emit-const-values -Xfrontend -const-gather-protocols-file -Xfrontend /Users/admin/builder/spi-builder-workspace/.derivedData/Build/Intermediates.noindex/SwiftLLMKit.build/Debug-xros/SwiftLLMKit.build/Objects-normal/arm64/SwiftLLMKit_const_extract_protocols.json -Xcc -I/Users/admin/builder/spi-builder-workspace/.derivedData/Build/Products/Debug-xros/include -Xcc -I/Users/admin/builder/spi-builder-workspace/.derivedData/Build/Intermediates.noindex/SwiftLLMKit.build/Debug-xros/SwiftLLMKit.build/DerivedSources-normal/arm64 -Xcc -I/Users/admin/builder/spi-builder-workspace/.derivedData/Build/Intermediates.noindex/SwiftLLMKit.build/Debug-xros/SwiftLLMKit.build/DerivedSources/arm64 -Xcc -I/Users/admin/builder/spi-builder-workspace/.derivedData/Build/Intermediates.noindex/SwiftLLMKit.build/Debug-xros/SwiftLLMKit.build/DerivedSources -Xcc -DSWIFT_PACKAGE -Xcc -DDEBUG\=1 -emit-objc-header -emit-objc-header-path /Users/admin/builder/spi-builder-workspace/.derivedData/Build/Intermediates.noindex/SwiftLLMKit.build/Debug-xros/SwiftLLMKit.build/Objects-normal/arm64/SwiftLLMKit-Swift.h -working-directory /Users/admin/builder/spi-builder-workspace/.swiftpm/xcode -experimental-emit-module-separately -disable-cmo
SwiftCompile normal arm64 Compiling\ resource_bundle_accessor.swift,\ CodexAuth.swift,\ CapabilityProbe.swift,\ ModelProber.swift,\ ModelProfile.swift,\ ProbeFixtures.swift /Users/admin/builder/spi-builder-workspace/.derivedData/Build/Intermediates.noindex/SwiftLLMKit.build/Debug-xros/SwiftLLMKit.build/DerivedSources/resource_bundle_accessor.swift /Users/admin/builder/spi-builder-workspace/Sources/SwiftLLMKit/Auth/CodexAuth.swift /Users/admin/builder/spi-builder-workspace/Sources/SwiftLLMKit/Evaluation/CapabilityProbe.swift /Users/admin/builder/spi-builder-workspace/Sources/SwiftLLMKit/Evaluation/ModelProber.swift /Users/admin/builder/spi-builder-workspace/Sources/SwiftLLMKit/Evaluation/ModelProfile.swift /Users/admin/builder/spi-builder-workspace/Sources/SwiftLLMKit/Evaluation/ProbeFixtures.swift (in target 'SwiftLLMKit' from project 'SwiftLLMKit')
SwiftCompile normal arm64 /Users/admin/builder/spi-builder-workspace/.derivedData/Build/Intermediates.noindex/SwiftLLMKit.build/Debug-xros/SwiftLLMKit.build/DerivedSources/resource_bundle_accessor.swift (in target 'SwiftLLMKit' from project 'SwiftLLMKit')
cd /Users/admin/builder/spi-builder-workspace/.swiftpm/xcode
SwiftCompile normal arm64 /Users/admin/builder/spi-builder-workspace/Sources/SwiftLLMKit/Auth/CodexAuth.swift (in target 'SwiftLLMKit' from project 'SwiftLLMKit')
cd /Users/admin/builder/spi-builder-workspace/.swiftpm/xcode
/Users/admin/builder/spi-builder-workspace/Sources/SwiftLLMKit/Auth/CodexAuth.swift:140:36: error: 'homeDirectoryForCurrentUser' is unavailable in visionOS
return FileManager.default.homeDirectoryForCurrentUser
^~~~~~~~~~~~~~~~~~~~~~~~~~~
/Applications/Xcode-16.3.0.app/Contents/Developer/Platforms/XROS.platform/Developer/SDKs/XROS2.4.sdk/System/Library/Frameworks/Foundation.framework/Headers/NSFileManager.h:340:35: note: 'homeDirectoryForCurrentUser' has been explicitly marked unavailable here
@property (readonly, copy) NSURL *homeDirectoryForCurrentUser API_AVAILABLE(macosx(10.12)) API_UNAVAILABLE(ios, watchos, tvos);
^
SwiftCompile normal arm64 /Users/admin/builder/spi-builder-workspace/Sources/SwiftLLMKit/Evaluation/CapabilityProbe.swift (in target 'SwiftLLMKit' from project 'SwiftLLMKit')
cd /Users/admin/builder/spi-builder-workspace/.swiftpm/xcode
SwiftCompile normal arm64 /Users/admin/builder/spi-builder-workspace/Sources/SwiftLLMKit/Evaluation/ModelProber.swift (in target 'SwiftLLMKit' from project 'SwiftLLMKit')
cd /Users/admin/builder/spi-builder-workspace/.swiftpm/xcode
SwiftCompile normal arm64 /Users/admin/builder/spi-builder-workspace/Sources/SwiftLLMKit/Evaluation/ModelProfile.swift (in target 'SwiftLLMKit' from project 'SwiftLLMKit')
cd /Users/admin/builder/spi-builder-workspace/.swiftpm/xcode
SwiftCompile normal arm64 /Users/admin/builder/spi-builder-workspace/Sources/SwiftLLMKit/Evaluation/ProbeFixtures.swift (in target 'SwiftLLMKit' from project 'SwiftLLMKit')
cd /Users/admin/builder/spi-builder-workspace/.swiftpm/xcode
Failed frontend command:
/Applications/Xcode-16.3.0.app/Contents/Developer/Toolchains/XcodeDefault.xctoolchain/usr/bin/swift-frontend -frontend -c -primary-file /Users/admin/builder/spi-builder-workspace/.derivedData/Build/Intermediates.noindex/SwiftLLMKit.build/Debug-xros/SwiftLLMKit.build/DerivedSources/resource_bundle_accessor.swift -primary-file /Users/admin/builder/spi-builder-workspace/Sources/SwiftLLMKit/Auth/CodexAuth.swift -primary-file /Users/admin/builder/spi-builder-workspace/Sources/SwiftLLMKit/Evaluation/CapabilityProbe.swift -primary-file /Users/admin/builder/spi-builder-workspace/Sources/SwiftLLMKit/Evaluation/ModelProber.swift -primary-file /Users/admin/builder/spi-builder-workspace/Sources/SwiftLLMKit/Evaluation/ModelProfile.swift -primary-file /Users/admin/builder/spi-builder-workspace/Sources/SwiftLLMKit/Evaluation/ProbeFixtures.swift /Users/admin/builder/spi-builder-workspace/Sources/SwiftLLMKit/Evaluation/ProbeRecordStore.swift /Users/admin/builder/spi-builder-workspace/Sources/SwiftLLMKit/Models/BehaviorFlags.swift /Users/admin/builder/spi-builder-workspace/Sources/SwiftLLMKit/Models/BuiltInProviders.swift /Users/admin/builder/spi-builder-workspace/Sources/SwiftLLMKit/Models/BundledModelMetadata.swift /Users/admin/builder/spi-builder-workspace/Sources/SwiftLLMKit/Models/EffortSupport.swift /Users/admin/builder/spi-builder-workspace/Sources/SwiftLLMKit/Models/ModelAvailabilityState.swift /Users/admin/builder/spi-builder-workspace/Sources/SwiftLLMKit/Models/ModelBenchmarks.swift /Users/admin/builder/spi-builder-workspace/Sources/SwiftLLMKit/Models/ModelCapabilities.swift /Users/admin/builder/spi-builder-workspace/Sources/SwiftLLMKit/Models/ModelConfiguration.swift /Users/admin/builder/spi-builder-workspace/Sources/SwiftLLMKit/Models/ModelConfigurationOverride.swift /Users/admin/builder/spi-builder-workspace/Sources/SwiftLLMKit/Models/ModelFacts.swift /Users/admin/builder/spi-builder-workspace/Sources/SwiftLLMKit/Models/ModelInfo.swift /Users/admin/builder/spi-builder-workspace/Sources/SwiftLLMKit/Models/ModelMetadataOverride.swift /Users/admin/builder/spi-builder-workspace/Sources/SwiftLLMKit/Models/ModelPricing.swift /Users/admin/builder/spi-builder-workspace/Sources/SwiftLLMKit/Models/ModelProvider.swift /Users/admin/builder/spi-builder-workspace/Sources/SwiftLLMKit/Models/OpenRouterDynamicVariant.swift /Users/admin/builder/spi-builder-workspace/Sources/SwiftLLMKit/Models/PreparedRequest.swift /Users/admin/builder/spi-builder-workspace/Sources/SwiftLLMKit/Models/ProviderAPIType.swift /Users/admin/builder/spi-builder-workspace/Sources/SwiftLLMKit/Models/ReasoningControl.swift /Users/admin/builder/spi-builder-workspace/Sources/SwiftLLMKit/Models/SamplingDefaults.swift /Users/admin/builder/spi-builder-workspace/Sources/SwiftLLMKit/Models/SeenModelsLedger.swift /Users/admin/builder/spi-builder-workspace/Sources/SwiftLLMKit/Models/ThinkingBudget.swift /Users/admin/builder/spi-builder-workspace/Sources/SwiftLLMKit/Models/ThinkingBudgetAccounting.swift /Users/admin/builder/spi-builder-workspace/Sources/SwiftLLMKit/Persistence/StorageManager.swift /Users/admin/builder/spi-builder-workspace/Sources/SwiftLLMKit/Providers/AnthropicProvider.swift /Users/admin/builder/spi-builder-workspace/Sources/SwiftLLMKit/Providers/CodexLimit.swift /Users/admin/builder/spi-builder-workspace/Sources/SwiftLLMKit/Providers/CodexResponsesProvider.swift /Users/admin/builder/spi-builder-workspace/Sources/SwiftLLMKit/Providers/CodexUsageWindow.swift /Users/admin/builder/spi-builder-workspace/Sources/SwiftLLMKit/Providers/GLMTemplateSalvage.swift /Users/admin/builder/spi-builder-workspace/Sources/SwiftLLMKit/Providers/GeminiProvider.swift /Users/admin/builder/spi-builder-workspace/Sources/SwiftLLMKit/Providers/JSONMerge.swift /Users/admin/builder/spi-builder-workspace/Sources/SwiftLLMKit/Providers/LLMCallOverrides.swift /Users/admin/builder/spi-builder-workspace/Sources/SwiftLLMKit/Providers/LLMMessage.swift /Users/admin/builder/spi-builder-workspace/Sources/SwiftLLMKit/Providers/LLMProvider.swift /Users/admin/builder/spi-builder-workspace/Sources/SwiftLLMKit/Providers/LLMProviderError.swift /Users/admin/builder/spi-builder-workspace/Sources/SwiftLLMKit/Providers/LLMRequestLogger.swift /Users/admin/builder/spi-builder-workspace/Sources/SwiftLLMKit/Providers/LLMResponse.swift /Users/admin/builder/spi-builder-workspace/Sources/SwiftLLMKit/Providers/LLMResponseFormat.swift /Users/admin/builder/spi-builder-workspace/Sources/SwiftLLMKit/Providers/LLMToolCall.swift /Users/admin/builder/spi-builder-workspace/Sources/SwiftLLMKit/Providers/LLMToolChoice.swift /Users/admin/builder/spi-builder-workspace/Sources/SwiftLLMKit/Providers/LLMToolDefinition.swift /Users/admin/builder/spi-builder-workspace/Sources/SwiftLLMKit/Providers/OllamaProvider.swift /Users/admin/builder/spi-builder-workspace/Sources/SwiftLLMKit/Providers/OpenAICompatibleProvider.swift /Users/admin/builder/spi-builder-workspace/Sources/SwiftLLMKit/Providers/ProviderContinuation.swift /Users/admin/builder/spi-builder-workspace/Sources/SwiftLLMKit/Services/KeychainService.swift /Users/admin/builder/spi-builder-workspace/Sources/SwiftLLMKit/Services/ModelFactsMerge.swift /Users/admin/builder/spi-builder-workspace/Sources/SwiftLLMKit/Services/ModelFetchService.swift /Users/admin/builder/spi-builder-workspace/Sources/SwiftLLMKit/Services/ModelMetadataService.swift /Users/admin/builder/spi-builder-workspace/Sources/SwiftLLMKit/Services/OllamaLibraryScraper.swift /Users/admin/builder/spi-builder-workspace/Sources/SwiftLLMKit/SwiftLLMKit.swift -supplementary-output-file-map /Users/admin/builder/spi-builder-workspace/.derivedData/Build/Intermediates.noindex/SwiftLLMKit.build/Debug-xros/SwiftLLMKit.build/Objects-normal/arm64/supplementaryOutputs-1 -target arm64-apple-xros1.0 -Xllvm -aarch64-use-tbi -enable-objc-interop -stack-check -sdk /Applications/Xcode-16.3.0.app/Contents/Developer/Platforms/XROS.platform/Developer/SDKs/XROS2.4.sdk -I /Users/admin/builder/spi-builder-workspace/.derivedData/Build/Products/Debug-xros -I /Applications/Xcode-16.3.0.app/Contents/Developer/Platforms/XROS.platform/Developer/usr/lib -F /Users/admin/builder/spi-builder-workspace/.derivedData/Build/Products/Debug-xros -F /Applications/Xcode-16.3.0.app/Contents/Developer/Platforms/XROS.platform/Developer/Library/Frameworks -F /Applications/Xcode-16.3.0.app/Contents/Developer/Platforms/XROS.platform/Developer/SDKs/XROS2.4.sdk/Developer/Library/Frameworks -no-color-diagnostics -enable-testing -g -debug-info-format\=dwarf -dwarf-version\=4 -module-cache-path /Users/admin/builder/spi-builder-workspace/.derivedData/ModuleCache.noindex -profile-generate -profile-coverage-mapping -swift-version 6 -enforce-exclusivity\=checked -stats-output-dir /Users/admin/builder/spi-builder-workspace/.swiftpm/xcode/.stats -Onone -D SWIFT_PACKAGE -D DEBUG -serialize-debugging-options -const-gather-protocols-file /Users/admin/builder/spi-builder-workspace/.derivedData/Build/Intermediates.noindex/SwiftLLMKit.build/Debug-xros/SwiftLLMKit.build/Objects-normal/arm64/SwiftLLMKit_const_extract_protocols.json -enable-experimental-feature DebugDescriptionMacro -empty-abi-descriptor -plugin-path /Applications/Xcode-16.3.0.app/Contents/Developer/Toolchains/XcodeDefault.xctoolchain/usr/lib/swift/host/plugins/testing -validate-clang-modules-once -clang-build-session-file /Users/admin/builder/spi-builder-workspace/.derivedData/ModuleCache.noindex/Session.modulevalidation -Xcc -working-directory -Xcc /Users/admin/builder/spi-builder-workspace/.swiftpm/xcode -resource-dir /Applications/Xcode-16.3.0.app/Contents/Developer/Toolchains/XcodeDefault.xctoolchain/usr/lib/swift -enable-anonymous-context-mangled-names -file-compilation-dir /Users/admin/builder/spi-builder-workspace/.swiftpm/xcode -Xcc -ivfsstatcache -Xcc /Users/admin/builder/spi-builder-workspace/.derivedData/SDKStatCaches.noindex/xros2.4-22O233-407b76dbb837030756cbe1ab3f0b01b6.sdkstatcache -Xcc -I/Users/admin/builder/spi-builder-workspace/.derivedData/Build/Intermediates.noindex/SwiftLLMKit.build/Debug-xros/SwiftLLMKit.build/swift-overrides.hmap -Xcc -I/Users/admin/builder/spi-builder-workspace/.derivedData/Build/Products/Debug-xros/include -Xcc -I/Users/admin/builder/spi-builder-workspace/.derivedData/Build/Intermediates.noindex/SwiftLLMKit.build/Debug-xros/SwiftLLMKit.build/DerivedSources-normal/arm64 -Xcc -I/Users/admin/builder/spi-builder-workspace/.derivedData/Build/Intermediates.noindex/SwiftLLMKit.build/Debug-xros/SwiftLLMKit.build/DerivedSources/arm64 -Xcc -I/Users/admin/builder/spi-builder-workspace/.derivedData/Build/Intermediates.noindex/SwiftLLMKit.build/Debug-xros/SwiftLLMKit.build/DerivedSources -Xcc -DSWIFT_PACKAGE -Xcc -DDEBUG\=1 -module-name SwiftLLMKit -package-name spi_builder_workspace -frontend-parseable-output -disable-clang-spi -target-sdk-version 2.4 -target-sdk-name xros2.4 -external-plugin-path /Applications/Xcode-16.3.0.app/Contents/Developer/Platforms/XROS.platform/Developer/usr/lib/swift/host/plugins\#/Applications/Xcode-16.3.0.app/Contents/Developer/Platforms/XROS.platform/Developer/usr/bin/swift-plugin-server -external-plugin-path /Applications/Xcode-16.3.0.app/Contents/Developer/Platforms/XROS.platform/Developer/usr/local/lib/swift/host/plugins\#/Applications/Xcode-16.3.0.app/Contents/Developer/Platforms/XROS.platform/Developer/usr/bin/swift-plugin-server -in-process-plugin-server-path /Applications/Xcode-16.3.0.app/Contents/Developer/Toolchains/XcodeDefault.xctoolchain/usr/lib/swift/host/libSwiftInProcPluginServer.dylib -plugin-path /Applications/Xcode-16.3.0.app/Contents/Developer/Toolchains/XcodeDefault.xctoolchain/usr/lib/swift/host/plugins -plugin-path /Applications/Xcode-16.3.0.app/Contents/Developer/Toolchains/XcodeDefault.xctoolchain/usr/local/lib/swift/host/plugins -o /Users/admin/builder/spi-builder-workspace/.derivedData/Build/Intermediates.noindex/SwiftLLMKit.build/Debug-xros/SwiftLLMKit.build/Objects-normal/arm64/resource_bundle_accessor.o -o /Users/admin/builder/spi-builder-workspace/.derivedData/Build/Intermediates.noindex/SwiftLLMKit.build/Debug-xros/SwiftLLMKit.build/Objects-normal/arm64/CodexAuth.o -o /Users/admin/builder/spi-builder-workspace/.derivedData/Build/Intermediates.noindex/SwiftLLMKit.build/Debug-xros/SwiftLLMKit.build/Objects-normal/arm64/CapabilityProbe.o -o /Users/admin/builder/spi-builder-workspace/.derivedData/Build/Intermediates.noindex/SwiftLLMKit.build/Debug-xros/SwiftLLMKit.build/Objects-normal/arm64/ModelProber.o -o /Users/admin/builder/spi-builder-workspace/.derivedData/Build/Intermediates.noindex/SwiftLLMKit.build/Debug-xros/SwiftLLMKit.build/Objects-normal/arm64/ModelProfile.o -o /Users/admin/builder/spi-builder-workspace/.derivedData/Build/Intermediates.noindex/SwiftLLMKit.build/Debug-xros/SwiftLLMKit.build/Objects-normal/arm64/ProbeFixtures.o -index-unit-output-path /SwiftLLMKit.build/Debug-xros/SwiftLLMKit.build/Objects-normal/arm64/resource_bundle_accessor.o -index-unit-output-path /SwiftLLMKit.build/Debug-xros/SwiftLLMKit.build/Objects-normal/arm64/CodexAuth.o -index-unit-output-path /SwiftLLMKit.build/Debug-xros/SwiftLLMKit.build/Objects-normal/arm64/CapabilityProbe.o -index-unit-output-path /SwiftLLMKit.build/Debug-xros/SwiftLLMKit.build/Objects-normal/arm64/ModelProber.o -index-unit-output-path /SwiftLLMKit.build/Debug-xros/SwiftLLMKit.build/Objects-normal/arm64/ModelProfile.o -index-unit-output-path /SwiftLLMKit.build/Debug-xros/SwiftLLMKit.build/Objects-normal/arm64/ProbeFixtures.o -index-store-path /Users/admin/builder/spi-builder-workspace/.derivedData/Index.noindex/DataStore -index-system-modules
SwiftCompile normal arm64 Compiling\ ProbeRecordStore.swift,\ BehaviorFlags.swift,\ BuiltInProviders.swift,\ BundledModelMetadata.swift,\ EffortSupport.swift,\ ModelAvailabilityState.swift /Users/admin/builder/spi-builder-workspace/Sources/SwiftLLMKit/Evaluation/ProbeRecordStore.swift /Users/admin/builder/spi-builder-workspace/Sources/SwiftLLMKit/Models/BehaviorFlags.swift /Users/admin/builder/spi-builder-workspace/Sources/SwiftLLMKit/Models/BuiltInProviders.swift /Users/admin/builder/spi-builder-workspace/Sources/SwiftLLMKit/Models/BundledModelMetadata.swift /Users/admin/builder/spi-builder-workspace/Sources/SwiftLLMKit/Models/EffortSupport.swift /Users/admin/builder/spi-builder-workspace/Sources/SwiftLLMKit/Models/ModelAvailabilityState.swift (in target 'SwiftLLMKit' from project 'SwiftLLMKit')
SwiftCompile normal arm64 /Users/admin/builder/spi-builder-workspace/Sources/SwiftLLMKit/Evaluation/ProbeRecordStore.swift (in target 'SwiftLLMKit' from project 'SwiftLLMKit')
cd /Users/admin/builder/spi-builder-workspace/.swiftpm/xcode
SwiftCompile normal arm64 /Users/admin/builder/spi-builder-workspace/Sources/SwiftLLMKit/Models/BehaviorFlags.swift (in target 'SwiftLLMKit' from project 'SwiftLLMKit')
cd /Users/admin/builder/spi-builder-workspace/.swiftpm/xcode
SwiftCompile normal arm64 /Users/admin/builder/spi-builder-workspace/Sources/SwiftLLMKit/Models/BuiltInProviders.swift (in target 'SwiftLLMKit' from project 'SwiftLLMKit')
cd /Users/admin/builder/spi-builder-workspace/.swiftpm/xcode
SwiftCompile normal arm64 /Users/admin/builder/spi-builder-workspace/Sources/SwiftLLMKit/Models/BundledModelMetadata.swift (in target 'SwiftLLMKit' from project 'SwiftLLMKit')
cd /Users/admin/builder/spi-builder-workspace/.swiftpm/xcode
SwiftCompile normal arm64 /Users/admin/builder/spi-builder-workspace/Sources/SwiftLLMKit/Models/EffortSupport.swift (in target 'SwiftLLMKit' from project 'SwiftLLMKit')
cd /Users/admin/builder/spi-builder-workspace/.swiftpm/xcode
SwiftCompile normal arm64 /Users/admin/builder/spi-builder-workspace/Sources/SwiftLLMKit/Models/ModelAvailabilityState.swift (in target 'SwiftLLMKit' from project 'SwiftLLMKit')
cd /Users/admin/builder/spi-builder-workspace/.swiftpm/xcode
SwiftCompile normal arm64 Compiling\ ModelBenchmarks.swift,\ ModelCapabilities.swift,\ ModelConfiguration.swift,\ ModelConfigurationOverride.swift,\ ModelFacts.swift,\ ModelInfo.swift /Users/admin/builder/spi-builder-workspace/Sources/SwiftLLMKit/Models/ModelBenchmarks.swift /Users/admin/builder/spi-builder-workspace/Sources/SwiftLLMKit/Models/ModelCapabilities.swift /Users/admin/builder/spi-builder-workspace/Sources/SwiftLLMKit/Models/ModelConfiguration.swift /Users/admin/builder/spi-builder-workspace/Sources/SwiftLLMKit/Models/ModelConfigurationOverride.swift /Users/admin/builder/spi-builder-workspace/Sources/SwiftLLMKit/Models/ModelFacts.swift /Users/admin/builder/spi-builder-workspace/Sources/SwiftLLMKit/Models/ModelInfo.swift (in target 'SwiftLLMKit' from project 'SwiftLLMKit')
SwiftCompile normal arm64 /Users/admin/builder/spi-builder-workspace/Sources/SwiftLLMKit/Models/ModelBenchmarks.swift (in target 'SwiftLLMKit' from project 'SwiftLLMKit')
cd /Users/admin/builder/spi-builder-workspace/.swiftpm/xcode
SwiftCompile normal arm64 /Users/admin/builder/spi-builder-workspace/Sources/SwiftLLMKit/Models/ModelCapabilities.swift (in target 'SwiftLLMKit' from project 'SwiftLLMKit')
cd /Users/admin/builder/spi-builder-workspace/.swiftpm/xcode
SwiftCompile normal arm64 /Users/admin/builder/spi-builder-workspace/Sources/SwiftLLMKit/Models/ModelConfiguration.swift (in target 'SwiftLLMKit' from project 'SwiftLLMKit')
cd /Users/admin/builder/spi-builder-workspace/.swiftpm/xcode
SwiftCompile normal arm64 /Users/admin/builder/spi-builder-workspace/Sources/SwiftLLMKit/Models/ModelConfigurationOverride.swift (in target 'SwiftLLMKit' from project 'SwiftLLMKit')
cd /Users/admin/builder/spi-builder-workspace/.swiftpm/xcode
SwiftCompile normal arm64 /Users/admin/builder/spi-builder-workspace/Sources/SwiftLLMKit/Models/ModelFacts.swift (in target 'SwiftLLMKit' from project 'SwiftLLMKit')
cd /Users/admin/builder/spi-builder-workspace/.swiftpm/xcode
SwiftCompile normal arm64 /Users/admin/builder/spi-builder-workspace/Sources/SwiftLLMKit/Models/ModelInfo.swift (in target 'SwiftLLMKit' from project 'SwiftLLMKit')
cd /Users/admin/builder/spi-builder-workspace/.swiftpm/xcode
SwiftCompile normal arm64 Compiling\ ModelMetadataOverride.swift,\ ModelPricing.swift,\ ModelProvider.swift,\ OpenRouterDynamicVariant.swift,\ PreparedRequest.swift,\ ProviderAPIType.swift /Users/admin/builder/spi-builder-workspace/Sources/SwiftLLMKit/Models/ModelMetadataOverride.swift /Users/admin/builder/spi-builder-workspace/Sources/SwiftLLMKit/Models/ModelPricing.swift /Users/admin/builder/spi-builder-workspace/Sources/SwiftLLMKit/Models/ModelProvider.swift /Users/admin/builder/spi-builder-workspace/Sources/SwiftLLMKit/Models/OpenRouterDynamicVariant.swift /Users/admin/builder/spi-builder-workspace/Sources/SwiftLLMKit/Models/PreparedRequest.swift /Users/admin/builder/spi-builder-workspace/Sources/SwiftLLMKit/Models/ProviderAPIType.swift (in target 'SwiftLLMKit' from project 'SwiftLLMKit')
SwiftCompile normal arm64 /Users/admin/builder/spi-builder-workspace/Sources/SwiftLLMKit/Models/ModelMetadataOverride.swift (in target 'SwiftLLMKit' from project 'SwiftLLMKit')
cd /Users/admin/builder/spi-builder-workspace/.swiftpm/xcode
SwiftCompile normal arm64 /Users/admin/builder/spi-builder-workspace/Sources/SwiftLLMKit/Models/ModelPricing.swift (in target 'SwiftLLMKit' from project 'SwiftLLMKit')
cd /Users/admin/builder/spi-builder-workspace/.swiftpm/xcode
SwiftCompile normal arm64 /Users/admin/builder/spi-builder-workspace/Sources/SwiftLLMKit/Models/ModelProvider.swift (in target 'SwiftLLMKit' from project 'SwiftLLMKit')
cd /Users/admin/builder/spi-builder-workspace/.swiftpm/xcode
SwiftCompile normal arm64 /Users/admin/builder/spi-builder-workspace/Sources/SwiftLLMKit/Models/OpenRouterDynamicVariant.swift (in target 'SwiftLLMKit' from project 'SwiftLLMKit')
cd /Users/admin/builder/spi-builder-workspace/.swiftpm/xcode
SwiftCompile normal arm64 /Users/admin/builder/spi-builder-workspace/Sources/SwiftLLMKit/Models/PreparedRequest.swift (in target 'SwiftLLMKit' from project 'SwiftLLMKit')
cd /Users/admin/builder/spi-builder-workspace/.swiftpm/xcode
SwiftCompile normal arm64 /Users/admin/builder/spi-builder-workspace/Sources/SwiftLLMKit/Models/ProviderAPIType.swift (in target 'SwiftLLMKit' from project 'SwiftLLMKit')
cd /Users/admin/builder/spi-builder-workspace/.swiftpm/xcode
SwiftCompile normal arm64 Compiling\ AnthropicProvider.swift,\ CodexLimit.swift,\ CodexResponsesProvider.swift,\ CodexUsageWindow.swift,\ GLMTemplateSalvage.swift,\ GeminiProvider.swift /Users/admin/builder/spi-builder-workspace/Sources/SwiftLLMKit/Providers/AnthropicProvider.swift /Users/admin/builder/spi-builder-workspace/Sources/SwiftLLMKit/Providers/CodexLimit.swift /Users/admin/builder/spi-builder-workspace/Sources/SwiftLLMKit/Providers/CodexResponsesProvider.swift /Users/admin/builder/spi-builder-workspace/Sources/SwiftLLMKit/Providers/CodexUsageWindow.swift /Users/admin/builder/spi-builder-workspace/Sources/SwiftLLMKit/Providers/GLMTemplateSalvage.swift /Users/admin/builder/spi-builder-workspace/Sources/SwiftLLMKit/Providers/GeminiProvider.swift (in target 'SwiftLLMKit' from project 'SwiftLLMKit')
SwiftCompile normal arm64 /Users/admin/builder/spi-builder-workspace/Sources/SwiftLLMKit/Providers/AnthropicProvider.swift (in target 'SwiftLLMKit' from project 'SwiftLLMKit')
cd /Users/admin/builder/spi-builder-workspace/.swiftpm/xcode
SwiftCompile normal arm64 /Users/admin/builder/spi-builder-workspace/Sources/SwiftLLMKit/Providers/CodexLimit.swift (in target 'SwiftLLMKit' from project 'SwiftLLMKit')
cd /Users/admin/builder/spi-builder-workspace/.swiftpm/xcode
SwiftCompile normal arm64 /Users/admin/builder/spi-builder-workspace/Sources/SwiftLLMKit/Providers/CodexResponsesProvider.swift (in target 'SwiftLLMKit' from project 'SwiftLLMKit')
cd /Users/admin/builder/spi-builder-workspace/.swiftpm/xcode
SwiftCompile normal arm64 /Users/admin/builder/spi-builder-workspace/Sources/SwiftLLMKit/Providers/CodexUsageWindow.swift (in target 'SwiftLLMKit' from project 'SwiftLLMKit')
cd /Users/admin/builder/spi-builder-workspace/.swiftpm/xcode
SwiftCompile normal arm64 /Users/admin/builder/spi-builder-workspace/Sources/SwiftLLMKit/Providers/GLMTemplateSalvage.swift (in target 'SwiftLLMKit' from project 'SwiftLLMKit')
cd /Users/admin/builder/spi-builder-workspace/.swiftpm/xcode
SwiftCompile normal arm64 /Users/admin/builder/spi-builder-workspace/Sources/SwiftLLMKit/Providers/GeminiProvider.swift (in target 'SwiftLLMKit' from project 'SwiftLLMKit')
cd /Users/admin/builder/spi-builder-workspace/.swiftpm/xcode
SwiftCompile normal arm64 Compiling\ LLMRequestLogger.swift,\ LLMResponse.swift,\ LLMResponseFormat.swift,\ LLMToolCall.swift,\ LLMToolChoice.swift /Users/admin/builder/spi-builder-workspace/Sources/SwiftLLMKit/Providers/LLMRequestLogger.swift /Users/admin/builder/spi-builder-workspace/Sources/SwiftLLMKit/Providers/LLMResponse.swift /Users/admin/builder/spi-builder-workspace/Sources/SwiftLLMKit/Providers/LLMResponseFormat.swift /Users/admin/builder/spi-builder-workspace/Sources/SwiftLLMKit/Providers/LLMToolCall.swift /Users/admin/builder/spi-builder-workspace/Sources/SwiftLLMKit/Providers/LLMToolChoice.swift (in target 'SwiftLLMKit' from project 'SwiftLLMKit')
SwiftCompile normal arm64 /Users/admin/builder/spi-builder-workspace/Sources/SwiftLLMKit/Providers/LLMRequestLogger.swift (in target 'SwiftLLMKit' from project 'SwiftLLMKit')
cd /Users/admin/builder/spi-builder-workspace/.swiftpm/xcode
SwiftCompile normal arm64 /Users/admin/builder/spi-builder-workspace/Sources/SwiftLLMKit/Providers/LLMResponse.swift (in target 'SwiftLLMKit' from project 'SwiftLLMKit')
cd /Users/admin/builder/spi-builder-workspace/.swiftpm/xcode
SwiftCompile normal arm64 /Users/admin/builder/spi-builder-workspace/Sources/SwiftLLMKit/Providers/LLMResponseFormat.swift (in target 'SwiftLLMKit' from project 'SwiftLLMKit')
cd /Users/admin/builder/spi-builder-workspace/.swiftpm/xcode
SwiftCompile normal arm64 /Users/admin/builder/spi-builder-workspace/Sources/SwiftLLMKit/Providers/LLMToolCall.swift (in target 'SwiftLLMKit' from project 'SwiftLLMKit')
cd /Users/admin/builder/spi-builder-workspace/.swiftpm/xcode
SwiftCompile normal arm64 /Users/admin/builder/spi-builder-workspace/Sources/SwiftLLMKit/Providers/LLMToolChoice.swift (in target 'SwiftLLMKit' from project 'SwiftLLMKit')
cd /Users/admin/builder/spi-builder-workspace/.swiftpm/xcode
SwiftCompile normal arm64 Compiling\ LLMToolDefinition.swift,\ OllamaProvider.swift,\ OpenAICompatibleProvider.swift,\ ProviderContinuation.swift,\ KeychainService.swift /Users/admin/builder/spi-builder-workspace/Sources/SwiftLLMKit/Providers/LLMToolDefinition.swift /Users/admin/builder/spi-builder-workspace/Sources/SwiftLLMKit/Providers/OllamaProvider.swift /Users/admin/builder/spi-builder-workspace/Sources/SwiftLLMKit/Providers/OpenAICompatibleProvider.swift /Users/admin/builder/spi-builder-workspace/Sources/SwiftLLMKit/Providers/ProviderContinuation.swift /Users/admin/builder/spi-builder-workspace/Sources/SwiftLLMKit/Services/KeychainService.swift (in target 'SwiftLLMKit' from project 'SwiftLLMKit')
SwiftCompile normal arm64 /Users/admin/builder/spi-builder-workspace/Sources/SwiftLLMKit/Providers/LLMToolDefinition.swift (in target 'SwiftLLMKit' from project 'SwiftLLMKit')
cd /Users/admin/builder/spi-builder-workspace/.swiftpm/xcode
SwiftCompile normal arm64 /Users/admin/builder/spi-builder-workspace/Sources/SwiftLLMKit/Providers/OllamaProvider.swift (in target 'SwiftLLMKit' from project 'SwiftLLMKit')
cd /Users/admin/builder/spi-builder-workspace/.swiftpm/xcode
SwiftCompile normal arm64 /Users/admin/builder/spi-builder-workspace/Sources/SwiftLLMKit/Providers/OpenAICompatibleProvider.swift (in target 'SwiftLLMKit' from project 'SwiftLLMKit')
cd /Users/admin/builder/spi-builder-workspace/.swiftpm/xcode
SwiftCompile normal arm64 /Users/admin/builder/spi-builder-workspace/Sources/SwiftLLMKit/Providers/ProviderContinuation.swift (in target 'SwiftLLMKit' from project 'SwiftLLMKit')
cd /Users/admin/builder/spi-builder-workspace/.swiftpm/xcode
/Users/admin/builder/spi-builder-workspace/Sources/SwiftLLMKit/Providers/ProviderContinuation.swift:72:14: warning: 'geminiThoughtSignatures' is deprecated: Superseded by geminiResponseParts in 0.0.26. Position-keyed signatures misalign when the factory collapses a multi-part response into a single .text/.toolCalls/.mixed content. Reads from disk for legacy saved conversations still work; new code path captures and replays the full parts structure.
self.geminiThoughtSignatures = geminiThoughtSignatures
^
/Users/admin/builder/spi-builder-workspace/Sources/SwiftLLMKit/Providers/ProviderContinuation.swift:80:16: warning: 'geminiThoughtSignatures' is deprecated: Superseded by geminiResponseParts in 0.0.26. Position-keyed signatures misalign when the factory collapses a multi-part response into a single .text/.toolCalls/.mixed content. Reads from disk for legacy saved conversations still work; new code path captures and replays the full parts structure.
&& geminiThoughtSignatures == nil
^
/Users/admin/builder/spi-builder-workspace/Sources/SwiftLLMKit/Providers/ProviderContinuation.swift:93:14: warning: 'geminiThoughtSignatures' is deprecated: Superseded by geminiResponseParts in 0.0.26. Position-keyed signatures misalign when the factory collapses a multi-part response into a single .text/.toolCalls/.mixed content. Reads from disk for legacy saved conversations still work; new code path captures and replays the full parts structure.
self.geminiThoughtSignatures = try c.decodeIfPresent([String: String].self, forKey: .geminiThoughtSignatures)
^
SwiftCompile normal arm64 /Users/admin/builder/spi-builder-workspace/Sources/SwiftLLMKit/Services/KeychainService.swift (in target 'SwiftLLMKit' from project 'SwiftLLMKit')
cd /Users/admin/builder/spi-builder-workspace/.swiftpm/xcode
SwiftCompile normal arm64 Compiling\ JSONMerge.swift,\ LLMCallOverrides.swift,\ LLMMessage.swift,\ LLMProvider.swift,\ LLMProviderError.swift /Users/admin/builder/spi-builder-workspace/Sources/SwiftLLMKit/Providers/JSONMerge.swift /Users/admin/builder/spi-builder-workspace/Sources/SwiftLLMKit/Providers/LLMCallOverrides.swift /Users/admin/builder/spi-builder-workspace/Sources/SwiftLLMKit/Providers/LLMMessage.swift /Users/admin/builder/spi-builder-workspace/Sources/SwiftLLMKit/Providers/LLMProvider.swift /Users/admin/builder/spi-builder-workspace/Sources/SwiftLLMKit/Providers/LLMProviderError.swift (in target 'SwiftLLMKit' from project 'SwiftLLMKit')
SwiftCompile normal arm64 /Users/admin/builder/spi-builder-workspace/Sources/SwiftLLMKit/Providers/JSONMerge.swift (in target 'SwiftLLMKit' from project 'SwiftLLMKit')
cd /Users/admin/builder/spi-builder-workspace/.swiftpm/xcode
SwiftCompile normal arm64 /Users/admin/builder/spi-builder-workspace/Sources/SwiftLLMKit/Providers/LLMCallOverrides.swift (in target 'SwiftLLMKit' from project 'SwiftLLMKit')
cd /Users/admin/builder/spi-builder-workspace/.swiftpm/xcode
SwiftCompile normal arm64 /Users/admin/builder/spi-builder-workspace/Sources/SwiftLLMKit/Providers/LLMMessage.swift (in target 'SwiftLLMKit' from project 'SwiftLLMKit')
cd /Users/admin/builder/spi-builder-workspace/.swiftpm/xcode
SwiftCompile normal arm64 /Users/admin/builder/spi-builder-workspace/Sources/SwiftLLMKit/Providers/LLMProvider.swift (in target 'SwiftLLMKit' from project 'SwiftLLMKit')
cd /Users/admin/builder/spi-builder-workspace/.swiftpm/xcode
SwiftCompile normal arm64 /Users/admin/builder/spi-builder-workspace/Sources/SwiftLLMKit/Providers/LLMProviderError.swift (in target 'SwiftLLMKit' from project 'SwiftLLMKit')
cd /Users/admin/builder/spi-builder-workspace/.swiftpm/xcode
SwiftCompile normal arm64 Compiling\ ReasoningControl.swift,\ SamplingDefaults.swift,\ SeenModelsLedger.swift,\ ThinkingBudget.swift,\ ThinkingBudgetAccounting.swift,\ StorageManager.swift /Users/admin/builder/spi-builder-workspace/Sources/SwiftLLMKit/Models/ReasoningControl.swift /Users/admin/builder/spi-builder-workspace/Sources/SwiftLLMKit/Models/SamplingDefaults.swift /Users/admin/builder/spi-builder-workspace/Sources/SwiftLLMKit/Models/SeenModelsLedger.swift /Users/admin/builder/spi-builder-workspace/Sources/SwiftLLMKit/Models/ThinkingBudget.swift /Users/admin/builder/spi-builder-workspace/Sources/SwiftLLMKit/Models/ThinkingBudgetAccounting.swift /Users/admin/builder/spi-builder-workspace/Sources/SwiftLLMKit/Persistence/StorageManager.swift (in target 'SwiftLLMKit' from project 'SwiftLLMKit')
SwiftCompile normal arm64 /Users/admin/builder/spi-builder-workspace/Sources/SwiftLLMKit/Models/ReasoningControl.swift (in target 'SwiftLLMKit' from project 'SwiftLLMKit')
cd /Users/admin/builder/spi-builder-workspace/.swiftpm/xcode
SwiftCompile normal arm64 /Users/admin/builder/spi-builder-workspace/Sources/SwiftLLMKit/Models/SamplingDefaults.swift (in target 'SwiftLLMKit' from project 'SwiftLLMKit')
cd /Users/admin/builder/spi-builder-workspace/.swiftpm/xcode
SwiftCompile normal arm64 /Users/admin/builder/spi-builder-workspace/Sources/SwiftLLMKit/Models/SeenModelsLedger.swift (in target 'SwiftLLMKit' from project 'SwiftLLMKit')
cd /Users/admin/builder/spi-builder-workspace/.swiftpm/xcode
SwiftCompile normal arm64 /Users/admin/builder/spi-builder-workspace/Sources/SwiftLLMKit/Models/ThinkingBudget.swift (in target 'SwiftLLMKit' from project 'SwiftLLMKit')
cd /Users/admin/builder/spi-builder-workspace/.swiftpm/xcode
SwiftCompile normal arm64 /Users/admin/builder/spi-builder-workspace/Sources/SwiftLLMKit/Models/ThinkingBudgetAccounting.swift (in target 'SwiftLLMKit' from project 'SwiftLLMKit')
cd /Users/admin/builder/spi-builder-workspace/.swiftpm/xcode
SwiftCompile normal arm64 /Users/admin/builder/spi-builder-workspace/Sources/SwiftLLMKit/Persistence/StorageManager.swift (in target 'SwiftLLMKit' from project 'SwiftLLMKit')
cd /Users/admin/builder/spi-builder-workspace/.swiftpm/xcode
SwiftEmitModule normal arm64 Emitting\ module\ for\ SwiftLLMKit (in target 'SwiftLLMKit' from project 'SwiftLLMKit')
EmitSwiftModule normal arm64 (in target 'SwiftLLMKit' from project 'SwiftLLMKit')
cd /Users/admin/builder/spi-builder-workspace/.swiftpm/xcode
SwiftCompile normal arm64 Compiling\ ModelFactsMerge.swift,\ ModelFetchService.swift,\ ModelMetadataService.swift,\ OllamaLibraryScraper.swift,\ SwiftLLMKit.swift /Users/admin/builder/spi-builder-workspace/Sources/SwiftLLMKit/Services/ModelFactsMerge.swift /Users/admin/builder/spi-builder-workspace/Sources/SwiftLLMKit/Services/ModelFetchService.swift /Users/admin/builder/spi-builder-workspace/Sources/SwiftLLMKit/Services/ModelMetadataService.swift /Users/admin/builder/spi-builder-workspace/Sources/SwiftLLMKit/Services/OllamaLibraryScraper.swift /Users/admin/builder/spi-builder-workspace/Sources/SwiftLLMKit/SwiftLLMKit.swift (in target 'SwiftLLMKit' from project 'SwiftLLMKit')
SwiftCompile normal arm64 /Users/admin/builder/spi-builder-workspace/Sources/SwiftLLMKit/Services/ModelFactsMerge.swift (in target 'SwiftLLMKit' from project 'SwiftLLMKit')
cd /Users/admin/builder/spi-builder-workspace/.swiftpm/xcode
SwiftCompile normal arm64 /Users/admin/builder/spi-builder-workspace/Sources/SwiftLLMKit/Services/ModelFetchService.swift (in target 'SwiftLLMKit' from project 'SwiftLLMKit')
cd /Users/admin/builder/spi-builder-workspace/.swiftpm/xcode
SwiftCompile normal arm64 /Users/admin/builder/spi-builder-workspace/Sources/SwiftLLMKit/Services/ModelMetadataService.swift (in target 'SwiftLLMKit' from project 'SwiftLLMKit')
cd /Users/admin/builder/spi-builder-workspace/.swiftpm/xcode
SwiftCompile normal arm64 /Users/admin/builder/spi-builder-workspace/Sources/SwiftLLMKit/Services/OllamaLibraryScraper.swift (in target 'SwiftLLMKit' from project 'SwiftLLMKit')
cd /Users/admin/builder/spi-builder-workspace/.swiftpm/xcode
SwiftCompile normal arm64 /Users/admin/builder/spi-builder-workspace/Sources/SwiftLLMKit/SwiftLLMKit.swift (in target 'SwiftLLMKit' from project 'SwiftLLMKit')
cd /Users/admin/builder/spi-builder-workspace/.swiftpm/xcode
SwiftDriverJobDiscovery normal arm64 Emitting module for SwiftLLMKit (in target 'SwiftLLMKit' from project 'SwiftLLMKit')
SwiftDriver\ Compilation\ Requirements SwiftLLMKit normal arm64 com.apple.xcode.tools.swift.compiler (in target 'SwiftLLMKit' from project 'SwiftLLMKit')
cd /Users/admin/builder/spi-builder-workspace/.swiftpm/xcode
builtin-Swift-Compilation-Requirements -- /Applications/Xcode-16.3.0.app/Contents/Developer/Toolchains/XcodeDefault.xctoolchain/usr/bin/swiftc -module-name SwiftLLMKit -Onone -enforce-exclusivity\=checked @/Users/admin/builder/spi-builder-workspace/.derivedData/Build/Intermediates.noindex/SwiftLLMKit.build/Debug-xros/SwiftLLMKit.build/Objects-normal/arm64/SwiftLLMKit.SwiftFileList -DSWIFT_PACKAGE -DDEBUG -stats-output-dir .stats -plugin-path /Applications/Xcode-16.3.0.app/Contents/Developer/Toolchains/XcodeDefault.xctoolchain/usr/lib/swift/host/plugins/testing -enable-experimental-feature DebugDescriptionMacro -sdk /Applications/Xcode-16.3.0.app/Contents/Developer/Platforms/XROS.platform/Developer/SDKs/XROS2.4.sdk -target arm64-apple-xros1.0 -g -module-cache-path /Users/admin/builder/spi-builder-workspace/.derivedData/ModuleCache.noindex -Xfrontend -serialize-debugging-options -profile-coverage-mapping -profile-generate -enable-testing -index-store-path /Users/admin/builder/spi-builder-workspace/.derivedData/Index.noindex/DataStore -swift-version 6 -I /Users/admin/builder/spi-builder-workspace/.derivedData/Build/Products/Debug-xros -I /Applications/Xcode-16.3.0.app/Contents/Developer/Platforms/XROS.platform/Developer/usr/lib -F /Users/admin/builder/spi-builder-workspace/.derivedData/Build/Products/Debug-xros -F /Applications/Xcode-16.3.0.app/Contents/Developer/Platforms/XROS.platform/Developer/Library/Frameworks -F /Applications/Xcode-16.3.0.app/Contents/Developer/Platforms/XROS.platform/Developer/SDKs/XROS2.4.sdk/Developer/Library/Frameworks -c -j10 -enable-batch-mode -incremental -Xcc -ivfsstatcache -Xcc /Users/admin/builder/spi-builder-workspace/.derivedData/SDKStatCaches.noindex/xros2.4-22O233-407b76dbb837030756cbe1ab3f0b01b6.sdkstatcache -output-file-map /Users/admin/builder/spi-builder-workspace/.derivedData/Build/Intermediates.noindex/SwiftLLMKit.build/Debug-xros/SwiftLLMKit.build/Objects-normal/arm64/SwiftLLMKit-OutputFileMap.json -use-frontend-parseable-output -save-temps -no-color-diagnostics -serialize-diagnostics -emit-dependencies -emit-module -emit-module-path /Users/admin/builder/spi-builder-workspace/.derivedData/Build/Intermediates.noindex/SwiftLLMKit.build/Debug-xros/SwiftLLMKit.build/Objects-normal/arm64/SwiftLLMKit.swiftmodule -validate-clang-modules-once -clang-build-session-file /Users/admin/builder/spi-builder-workspace/.derivedData/ModuleCache.noindex/Session.modulevalidation -package-name spi_builder_workspace -Xcc -I/Users/admin/builder/spi-builder-workspace/.derivedData/Build/Intermediates.noindex/SwiftLLMKit.build/Debug-xros/SwiftLLMKit.build/swift-overrides.hmap -emit-const-values -Xfrontend -const-gather-protocols-file -Xfrontend /Users/admin/builder/spi-builder-workspace/.derivedData/Build/Intermediates.noindex/SwiftLLMKit.build/Debug-xros/SwiftLLMKit.build/Objects-normal/arm64/SwiftLLMKit_const_extract_protocols.json -Xcc -I/Users/admin/builder/spi-builder-workspace/.derivedData/Build/Products/Debug-xros/include -Xcc -I/Users/admin/builder/spi-builder-workspace/.derivedData/Build/Intermediates.noindex/SwiftLLMKit.build/Debug-xros/SwiftLLMKit.build/DerivedSources-normal/arm64 -Xcc -I/Users/admin/builder/spi-builder-workspace/.derivedData/Build/Intermediates.noindex/SwiftLLMKit.build/Debug-xros/SwiftLLMKit.build/DerivedSources/arm64 -Xcc -I/Users/admin/builder/spi-builder-workspace/.derivedData/Build/Intermediates.noindex/SwiftLLMKit.build/Debug-xros/SwiftLLMKit.build/DerivedSources -Xcc -DSWIFT_PACKAGE -Xcc -DDEBUG\=1 -emit-objc-header -emit-objc-header-path /Users/admin/builder/spi-builder-workspace/.derivedData/Build/Intermediates.noindex/SwiftLLMKit.build/Debug-xros/SwiftLLMKit.build/Objects-normal/arm64/SwiftLLMKit-Swift.h -working-directory /Users/admin/builder/spi-builder-workspace/.swiftpm/xcode -experimental-emit-module-separately -disable-cmo
SwiftDriverJobDiscovery normal arm64 Compiling JSONMerge.swift, LLMCallOverrides.swift, LLMMessage.swift, LLMProvider.swift, LLMProviderError.swift (in target 'SwiftLLMKit' from project 'SwiftLLMKit')
SwiftDriverJobDiscovery normal arm64 Compiling ModelMetadataOverride.swift, ModelPricing.swift, ModelProvider.swift, OpenRouterDynamicVariant.swift, PreparedRequest.swift, ProviderAPIType.swift (in target 'SwiftLLMKit' from project 'SwiftLLMKit')
SwiftMergeGeneratedHeaders /Users/admin/builder/spi-builder-workspace/.derivedData/Build/Intermediates.noindex/GeneratedModuleMaps-xros/SwiftLLMKit-Swift.h /Users/admin/builder/spi-builder-workspace/.derivedData/Build/Intermediates.noindex/SwiftLLMKit.build/Debug-xros/SwiftLLMKit.build/Objects-normal/arm64/SwiftLLMKit-Swift.h (in target 'SwiftLLMKit' from project 'SwiftLLMKit')
cd /Users/admin/builder/spi-builder-workspace
builtin-swiftHeaderTool -arch arm64 /Users/admin/builder/spi-builder-workspace/.derivedData/Build/Intermediates.noindex/SwiftLLMKit.build/Debug-xros/SwiftLLMKit.build/Objects-normal/arm64/SwiftLLMKit-Swift.h -o /Users/admin/builder/spi-builder-workspace/.derivedData/Build/Intermediates.noindex/GeneratedModuleMaps-xros/SwiftLLMKit-Swift.h
Copy /Users/admin/builder/spi-builder-workspace/.derivedData/Build/Products/Debug-xros/SwiftLLMKit.swiftmodule/arm64-apple-xros.swiftmodule /Users/admin/builder/spi-builder-workspace/.derivedData/Build/Intermediates.noindex/SwiftLLMKit.build/Debug-xros/SwiftLLMKit.build/Objects-normal/arm64/SwiftLLMKit.swiftmodule (in target 'SwiftLLMKit' from project 'SwiftLLMKit')
cd /Users/admin/builder/spi-builder-workspace
builtin-copy -exclude .DS_Store -exclude CVS -exclude .svn -exclude .git -exclude .hg -resolve-src-symlinks -rename /Users/admin/builder/spi-builder-workspace/.derivedData/Build/Intermediates.noindex/SwiftLLMKit.build/Debug-xros/SwiftLLMKit.build/Objects-normal/arm64/SwiftLLMKit.swiftmodule /Users/admin/builder/spi-builder-workspace/.derivedData/Build/Products/Debug-xros/SwiftLLMKit.swiftmodule/arm64-apple-xros.swiftmodule
Copy /Users/admin/builder/spi-builder-workspace/.derivedData/Build/Products/Debug-xros/SwiftLLMKit.swiftmodule/arm64-apple-xros.swiftdoc /Users/admin/builder/spi-builder-workspace/.derivedData/Build/Intermediates.noindex/SwiftLLMKit.build/Debug-xros/SwiftLLMKit.build/Objects-normal/arm64/SwiftLLMKit.swiftdoc (in target 'SwiftLLMKit' from project 'SwiftLLMKit')
cd /Users/admin/builder/spi-builder-workspace
builtin-copy -exclude .DS_Store -exclude CVS -exclude .svn -exclude .git -exclude .hg -resolve-src-symlinks -rename /Users/admin/builder/spi-builder-workspace/.derivedData/Build/Intermediates.noindex/SwiftLLMKit.build/Debug-xros/SwiftLLMKit.build/Objects-normal/arm64/SwiftLLMKit.swiftdoc /Users/admin/builder/spi-builder-workspace/.derivedData/Build/Products/Debug-xros/SwiftLLMKit.swiftmodule/arm64-apple-xros.swiftdoc
Copy /Users/admin/builder/spi-builder-workspace/.derivedData/Build/Products/Debug-xros/SwiftLLMKit.swiftmodule/arm64-apple-xros.abi.json /Users/admin/builder/spi-builder-workspace/.derivedData/Build/Intermediates.noindex/SwiftLLMKit.build/Debug-xros/SwiftLLMKit.build/Objects-normal/arm64/SwiftLLMKit.abi.json (in target 'SwiftLLMKit' from project 'SwiftLLMKit')
cd /Users/admin/builder/spi-builder-workspace
builtin-copy -exclude .DS_Store -exclude CVS -exclude .svn -exclude .git -exclude .hg -resolve-src-symlinks -rename /Users/admin/builder/spi-builder-workspace/.derivedData/Build/Intermediates.noindex/SwiftLLMKit.build/Debug-xros/SwiftLLMKit.build/Objects-normal/arm64/SwiftLLMKit.abi.json /Users/admin/builder/spi-builder-workspace/.derivedData/Build/Products/Debug-xros/SwiftLLMKit.swiftmodule/arm64-apple-xros.abi.json
SwiftDriverJobDiscovery normal arm64 Compiling ReasoningControl.swift, SamplingDefaults.swift, SeenModelsLedger.swift, ThinkingBudget.swift, ThinkingBudgetAccounting.swift, StorageManager.swift (in target 'SwiftLLMKit' from project 'SwiftLLMKit')
Copy /Users/admin/builder/spi-builder-workspace/.derivedData/Build/Products/Debug-xros/SwiftLLMKit.swiftmodule/Project/arm64-apple-xros.swiftsourceinfo /Users/admin/builder/spi-builder-workspace/.derivedData/Build/Intermediates.noindex/SwiftLLMKit.build/Debug-xros/SwiftLLMKit.build/Objects-normal/arm64/SwiftLLMKit.swiftsourceinfo (in target 'SwiftLLMKit' from project 'SwiftLLMKit')
cd /Users/admin/builder/spi-builder-workspace
builtin-copy -exclude .DS_Store -exclude CVS -exclude .svn -exclude .git -exclude .hg -resolve-src-symlinks -rename /Users/admin/builder/spi-builder-workspace/.derivedData/Build/Intermediates.noindex/SwiftLLMKit.build/Debug-xros/SwiftLLMKit.build/Objects-normal/arm64/SwiftLLMKit.swiftsourceinfo /Users/admin/builder/spi-builder-workspace/.derivedData/Build/Products/Debug-xros/SwiftLLMKit.swiftmodule/Project/arm64-apple-xros.swiftsourceinfo
SwiftDriverJobDiscovery normal arm64 Compiling LLMRequestLogger.swift, LLMResponse.swift, LLMResponseFormat.swift, LLMToolCall.swift, LLMToolChoice.swift (in target 'SwiftLLMKit' from project 'SwiftLLMKit')
SwiftDriverJobDiscovery normal arm64 Compiling ModelBenchmarks.swift, ModelCapabilities.swift, ModelConfiguration.swift, ModelConfigurationOverride.swift, ModelFacts.swift, ModelInfo.swift (in target 'SwiftLLMKit' from project 'SwiftLLMKit')
SwiftDriverJobDiscovery normal arm64 Compiling ProbeRecordStore.swift, BehaviorFlags.swift, BuiltInProviders.swift, BundledModelMetadata.swift, EffortSupport.swift, ModelAvailabilityState.swift (in target 'SwiftLLMKit' from project 'SwiftLLMKit')
SwiftDriverJobDiscovery normal arm64 Compiling LLMToolDefinition.swift, OllamaProvider.swift, OpenAICompatibleProvider.swift, ProviderContinuation.swift, KeychainService.swift (in target 'SwiftLLMKit' from project 'SwiftLLMKit')
** BUILD FAILED **
The following build commands failed:
SwiftCompile normal arm64 /Users/admin/builder/spi-builder-workspace/Sources/SwiftLLMKit/Auth/CodexAuth.swift (in target 'SwiftLLMKit' from project 'SwiftLLMKit')
SwiftCompile normal arm64 Compiling\ resource_bundle_accessor.swift,\ CodexAuth.swift,\ CapabilityProbe.swift,\ ModelProber.swift,\ ModelProfile.swift,\ ProbeFixtures.swift /Users/admin/builder/spi-builder-workspace/.derivedData/Build/Intermediates.noindex/SwiftLLMKit.build/Debug-xros/SwiftLLMKit.build/DerivedSources/resource_bundle_accessor.swift /Users/admin/builder/spi-builder-workspace/Sources/SwiftLLMKit/Auth/CodexAuth.swift /Users/admin/builder/spi-builder-workspace/Sources/SwiftLLMKit/Evaluation/CapabilityProbe.swift /Users/admin/builder/spi-builder-workspace/Sources/SwiftLLMKit/Evaluation/ModelProber.swift /Users/admin/builder/spi-builder-workspace/Sources/SwiftLLMKit/Evaluation/ModelProfile.swift /Users/admin/builder/spi-builder-workspace/Sources/SwiftLLMKit/Evaluation/ProbeFixtures.swift (in target 'SwiftLLMKit' from project 'SwiftLLMKit')
Building workspace spi-builder-workspace with scheme SwiftLLMKit
(3 failures)
Command line invocation:
/Applications/Xcode-16.3.0.app/Contents/Developer/usr/bin/xcodebuild -IDEClonedSourcePackagesDirPathOverride=/Users/admin/builder/spi-builder-workspace/.dependencies -resolvePackageDependencies
Resolve Package Graph
Resolved source packages:
SwiftLLMKit: /Users/admin/builder/spi-builder-workspace
resolved source packages: SwiftLLMKit
{
"dependencies" : [
],
"manifest_display_name" : "SwiftLLMKit",
"name" : "SwiftLLMKit",
"path" : "/Users/admin/builder/spi-builder-workspace",
"platforms" : [
{
"name" : "macos",
"version" : "15.0"
}
],
"products" : [
{
"name" : "SwiftLLMKit",
"targets" : [
"SwiftLLMKit"
],
"type" : {
"library" : [
"automatic"
]
}
}
],
"targets" : [
{
"c99name" : "SwiftLLMKitTests",
"module_type" : "SwiftTarget",
"name" : "SwiftLLMKitTests",
"path" : "Tests/SwiftLLMKitTests",
"sources" : [
"BehaviorFlagsTests.swift",
"CapabilityProbeTests.swift",
"DeveloperRoleTests.swift",
"DocumentContentTests.swift",
"DownloadedOverridesTests.swift",
"ExtraJSONOverridesTests.swift",
"GeminiFunctionCallDummySignatureTests.swift",
"GeminiFunctionResponseNameTests.swift",
"GeminiThoughtSignatureLiveTests.swift",
"JSONMergeTests.swift",
"JSONSerializationDeterminismTests.swift",
"KeychainServiceAddStepTests.swift",
"LLMMessageFactoryTests.swift",
"LLMRequestLoggerStampTests.swift",
"LiteLLMProviderMatchingTests.swift",
"MaxOutputContextBoundTests.swift",
"ModelCapabilityTriStateTests.swift",
"ModelConfigurationOverrideTests.swift",
"ModelFactsMergeTests.swift",
"ModelInfoChatCapabilityTests.swift",
"ModelInfoProvenanceTests.swift",
"ModelProfileCodingKeyCoverageTests.swift",
"NewCapabilityPersistenceTests.swift",
"OllamaLibraryScraperTests.swift",
"OllamaRoleAlternationTests.swift",
"OpenAIArrayContentParseTests.swift",
"OpenAIReasoningContentReplayTests.swift",
"OpenRouterDynamicVariantTests.swift",
"OverrideChatFoldTests.swift",
"ProbeRecordStoreTests.swift",
"ProviderAPITypeForgivingDecodeTests.swift",
"ProviderContinuationTests.swift",
"ReasoningControlAndStructuredOutputTests.swift",
"ReasoningEnabledConfigurationTests.swift",
"RetryAfterParsingTests.swift",
"SeenModelsLedgerTests.swift",
"StupidBatchHardeningTests.swift",
"SwiftLLMKitTests.swift",
"TemperatureOptionalTests.swift",
"ThinkingBlockBindingTests.swift",
"ThinkingBudgetRangeTests.swift",
"TokenUsageParserTests.swift",
"TrailingSystemMessageTests.swift",
"V0_0_182_FinishReasonTests.swift",
"V0_0_184_CodexAuthTests.swift",
"V0_0_187_CodexResponsesTests.swift",
"V0_0_189_CodexLimitTests.swift",
"V0_0_191_CodexLiveSmokeTests.swift",
"V0_0_192_CodexUsageWindowTests.swift",
"V0_0_195_CodexAuthSharingTests.swift",
"V0_0_195_CodexItemKeyTests.swift",
"V0_0_195_CodexRefreshStormTests.swift",
"V0_0_196_CodexRefreshCancellationTests.swift",
"V0_0_197_CodexSerializerParityTests.swift",
"V0_0_206_ContentPolicyRefusalTests.swift",
"V0_0_209_ServerErrorObjectTests.swift",
"V0_0_26_Tests.swift",
"V0_0_27_Tests.swift",
"V0_0_28_Tests.swift",
"V0_0_30_ToolChoiceTests.swift"
],
"target_dependencies" : [
"SwiftLLMKit"
],
"type" : "test"
},
{
"c99name" : "SwiftLLMKit",
"module_type" : "SwiftTarget",
"name" : "SwiftLLMKit",
"path" : "Sources/SwiftLLMKit",
"product_memberships" : [
"SwiftLLMKit"
],
"resources" : [
{
"path" : "/Users/admin/builder/spi-builder-workspace/Sources/SwiftLLMKit/Resources/built_in_providers.json",
"rule" : {
"process" : {
}
}
},
{
"path" : "/Users/admin/builder/spi-builder-workspace/Sources/SwiftLLMKit/Resources/bundled_model_metadata.json",
"rule" : {
"process" : {
}
}
},
{
"path" : "/Users/admin/builder/spi-builder-workspace/Sources/SwiftLLMKit/Resources/bundled_probe_records.json",
"rule" : {
"process" : {
}
}
}
],
"sources" : [
"Auth/CodexAuth.swift",
"Evaluation/CapabilityProbe.swift",
"Evaluation/ModelProber.swift",
"Evaluation/ModelProfile.swift",
"Evaluation/ProbeFixtures.swift",
"Evaluation/ProbeRecordStore.swift",
"Models/BehaviorFlags.swift",
"Models/BuiltInProviders.swift",
"Models/BundledModelMetadata.swift",
"Models/EffortSupport.swift",
"Models/ModelAvailabilityState.swift",
"Models/ModelBenchmarks.swift",
"Models/ModelCapabilities.swift",
"Models/ModelConfiguration.swift",
"Models/ModelConfigurationOverride.swift",
"Models/ModelFacts.swift",
"Models/ModelInfo.swift",
"Models/ModelMetadataOverride.swift",
"Models/ModelPricing.swift",
"Models/ModelProvider.swift",
"Models/OpenRouterDynamicVariant.swift",
"Models/PreparedRequest.swift",
"Models/ProviderAPIType.swift",
"Models/ReasoningControl.swift",
"Models/SamplingDefaults.swift",
"Models/SeenModelsLedger.swift",
"Models/ThinkingBudget.swift",
"Models/ThinkingBudgetAccounting.swift",
"Persistence/StorageManager.swift",
"Providers/AnthropicProvider.swift",
"Providers/CodexLimit.swift",
"Providers/CodexResponsesProvider.swift",
"Providers/CodexUsageWindow.swift",
"Providers/GLMTemplateSalvage.swift",
"Providers/GeminiProvider.swift",
"Providers/JSONMerge.swift",
"Providers/LLMCallOverrides.swift",
"Providers/LLMMessage.swift",
"Providers/LLMProvider.swift",
"Providers/LLMProviderError.swift",
"Providers/LLMRequestLogger.swift",
"Providers/LLMResponse.swift",
"Providers/LLMResponseFormat.swift",
"Providers/LLMToolCall.swift",
"Providers/LLMToolChoice.swift",
"Providers/LLMToolDefinition.swift",
"Providers/OllamaProvider.swift",
"Providers/OpenAICompatibleProvider.swift",
"Providers/ProviderContinuation.swift",
"Services/KeychainService.swift",
"Services/ModelFactsMerge.swift",
"Services/ModelFetchService.swift",
"Services/ModelMetadataService.swift",
"Services/OllamaLibraryScraper.swift",
"SwiftLLMKit.swift"
],
"type" : "library"
}
],
"tools_version" : "6.0"
}
{
"workspace" : {
"name" : "spi-builder-workspace",
"schemes" : [
"SwiftLLMKit"
]
}
}
Running build ...
env DEVELOPER_DIR=/Applications/Xcode-16.3.0.app xcrun xcodebuild -IDEClonedSourcePackagesDirPathOverride=$PWD/.dependencies -skipMacroValidation -skipPackagePluginValidation -derivedDataPath $PWD/.derivedData build -scheme SwiftLLMKit -destination generic/platform=xrOS
Command line invocation:
/Applications/Xcode-16.3.0.app/Contents/Developer/usr/bin/xcodebuild -IDEClonedSourcePackagesDirPathOverride=/Users/admin/builder/spi-builder-workspace/.dependencies -skipMacroValidation -skipPackagePluginValidation -derivedDataPath /Users/admin/builder/spi-builder-workspace/.derivedData build -scheme SwiftLLMKit -destination generic/platform=xrOS
Resolve Package Graph
Resolved source packages:
SwiftLLMKit: /Users/admin/builder/spi-builder-workspace
ComputePackagePrebuildTargetDependencyGraph
Prepare packages
CreateBuildRequest
SendProjectDescription
CreateBuildOperation
ComputeTargetDependencyGraph
note: Building targets in dependency order
note: Target dependency graph (3 targets)
Target 'SwiftLLMKit' in project 'SwiftLLMKit'
➜ Explicit dependency on target 'SwiftLLMKit' in project 'SwiftLLMKit'
➜ Explicit dependency on target 'SwiftLLMKit_SwiftLLMKit' in project 'SwiftLLMKit'
Target 'SwiftLLMKit' in project 'SwiftLLMKit'
➜ Explicit dependency on target 'SwiftLLMKit_SwiftLLMKit' in project 'SwiftLLMKit'
Target 'SwiftLLMKit_SwiftLLMKit' in project 'SwiftLLMKit' (no dependencies)
GatherProvisioningInputs
CreateBuildDescription
ExecuteExternalTool /Applications/Xcode-16.3.0.app/Contents/Developer/Toolchains/XcodeDefault.xctoolchain/usr/bin/clang -v -E -dM -isysroot /Applications/Xcode-16.3.0.app/Contents/Developer/Platforms/XROS.platform/Developer/SDKs/XROS2.4.sdk -x c -c /dev/null
ExecuteExternalTool /Applications/Xcode-16.3.0.app/Contents/Developer/Toolchains/XcodeDefault.xctoolchain/usr/bin/swiftc --version
ExecuteExternalTool /Applications/Xcode-16.3.0.app/Contents/Developer/Toolchains/XcodeDefault.xctoolchain/usr/bin/ld -version_details
Build description signature: 7823df2a9f1ea9a1741386b4a95613e1
Build description path: /Users/admin/builder/spi-builder-workspace/.derivedData/Build/Intermediates.noindex/XCBuildData/7823df2a9f1ea9a1741386b4a95613e1.xcbuilddata
ClangStatCache /Applications/Xcode-16.3.0.app/Contents/Developer/Toolchains/XcodeDefault.xctoolchain/usr/bin/clang-stat-cache /Applications/Xcode-16.3.0.app/Contents/Developer/Platforms/XROS.platform/Developer/SDKs/XROS2.4.sdk /Users/admin/builder/spi-builder-workspace/.derivedData/SDKStatCaches.noindex/xros2.4-22O233-407b76dbb837030756cbe1ab3f0b01b6.sdkstatcache
cd /Users/admin/builder/spi-builder-workspace/.swiftpm/xcode
/Applications/Xcode-16.3.0.app/Contents/Developer/Toolchains/XcodeDefault.xctoolchain/usr/bin/clang-stat-cache /Applications/Xcode-16.3.0.app/Contents/Developer/Platforms/XROS.platform/Developer/SDKs/XROS2.4.sdk -o /Users/admin/builder/spi-builder-workspace/.derivedData/SDKStatCaches.noindex/xros2.4-22O233-407b76dbb837030756cbe1ab3f0b01b6.sdkstatcache
ProcessInfoPlistFile /Users/admin/builder/spi-builder-workspace/.derivedData/Build/Products/Debug-xros/SwiftLLMKit_SwiftLLMKit.bundle/Info.plist /Users/admin/builder/spi-builder-workspace/.derivedData/Build/Intermediates.noindex/SwiftLLMKit.build/Debug-xros/SwiftLLMKit_SwiftLLMKit.build/empty-SwiftLLMKit_SwiftLLMKit.plist (in target 'SwiftLLMKit_SwiftLLMKit' from project 'SwiftLLMKit')
cd /Users/admin/builder/spi-builder-workspace
builtin-infoPlistUtility /Users/admin/builder/spi-builder-workspace/.derivedData/Build/Intermediates.noindex/SwiftLLMKit.build/Debug-xros/SwiftLLMKit_SwiftLLMKit.build/empty-SwiftLLMKit_SwiftLLMKit.plist -producttype com.apple.product-type.bundle -expandbuildsettings -format binary -platform xros -o /Users/admin/builder/spi-builder-workspace/.derivedData/Build/Products/Debug-xros/SwiftLLMKit_SwiftLLMKit.bundle/Info.plist
SwiftDriver SwiftLLMKit normal arm64 com.apple.xcode.tools.swift.compiler (in target 'SwiftLLMKit' from project 'SwiftLLMKit')
cd /Users/admin/builder/spi-builder-workspace/.swiftpm/xcode
builtin-SwiftDriver -- /Applications/Xcode-16.3.0.app/Contents/Developer/Toolchains/XcodeDefault.xctoolchain/usr/bin/swiftc -module-name SwiftLLMKit -Onone -enforce-exclusivity\=checked @/Users/admin/builder/spi-builder-workspace/.derivedData/Build/Intermediates.noindex/SwiftLLMKit.build/Debug-xros/SwiftLLMKit.build/Objects-normal/arm64/SwiftLLMKit.SwiftFileList -DSWIFT_PACKAGE -DDEBUG -DXcode -plugin-path /Applications/Xcode-16.3.0.app/Contents/Developer/Toolchains/XcodeDefault.xctoolchain/usr/lib/swift/host/plugins/testing -enable-experimental-feature DebugDescriptionMacro -sdk /Applications/Xcode-16.3.0.app/Contents/Developer/Platforms/XROS.platform/Developer/SDKs/XROS2.4.sdk -target arm64-apple-xros1.0 -g -module-cache-path /Users/admin/builder/spi-builder-workspace/.derivedData/ModuleCache.noindex -Xfrontend -serialize-debugging-options -profile-coverage-mapping -profile-generate -enable-testing -index-store-path /Users/admin/builder/spi-builder-workspace/.derivedData/Index.noindex/DataStore -swift-version 6 -I /Users/admin/builder/spi-builder-workspace/.derivedData/Build/Products/Debug-xros -I /Applications/Xcode-16.3.0.app/Contents/Developer/Platforms/XROS.platform/Developer/usr/lib -F /Users/admin/builder/spi-builder-workspace/.derivedData/Build/Products/Debug-xros -F /Applications/Xcode-16.3.0.app/Contents/Developer/Platforms/XROS.platform/Developer/Library/Frameworks -F /Applications/Xcode-16.3.0.app/Contents/Developer/Platforms/XROS.platform/Developer/SDKs/XROS2.4.sdk/Developer/Library/Frameworks -c -j10 -enable-batch-mode -incremental -Xcc -ivfsstatcache -Xcc /Users/admin/builder/spi-builder-workspace/.derivedData/SDKStatCaches.noindex/xros2.4-22O233-407b76dbb837030756cbe1ab3f0b01b6.sdkstatcache -output-file-map /Users/admin/builder/spi-builder-workspace/.derivedData/Build/Intermediates.noindex/SwiftLLMKit.build/Debug-xros/SwiftLLMKit.build/Objects-normal/arm64/SwiftLLMKit-OutputFileMap.json -use-frontend-parseable-output -save-temps -no-color-diagnostics -serialize-diagnostics -emit-dependencies -emit-module -emit-module-path /Users/admin/builder/spi-builder-workspace/.derivedData/Build/Intermediates.noindex/SwiftLLMKit.build/Debug-xros/SwiftLLMKit.build/Objects-normal/arm64/SwiftLLMKit.swiftmodule -validate-clang-modules-once -clang-build-session-file /Users/admin/builder/spi-builder-workspace/.derivedData/ModuleCache.noindex/Session.modulevalidation -package-name spi_builder_workspace -Xcc -I/Users/admin/builder/spi-builder-workspace/.derivedData/Build/Intermediates.noindex/SwiftLLMKit.build/Debug-xros/SwiftLLMKit.build/swift-overrides.hmap -emit-const-values -Xfrontend -const-gather-protocols-file -Xfrontend /Users/admin/builder/spi-builder-workspace/.derivedData/Build/Intermediates.noindex/SwiftLLMKit.build/Debug-xros/SwiftLLMKit.build/Objects-normal/arm64/SwiftLLMKit_const_extract_protocols.json -Xcc -I/Users/admin/builder/spi-builder-workspace/.derivedData/Build/Products/Debug-xros/include -Xcc -I/Users/admin/builder/spi-builder-workspace/.derivedData/Build/Intermediates.noindex/SwiftLLMKit.build/Debug-xros/SwiftLLMKit.build/DerivedSources-normal/arm64 -Xcc -I/Users/admin/builder/spi-builder-workspace/.derivedData/Build/Intermediates.noindex/SwiftLLMKit.build/Debug-xros/SwiftLLMKit.build/DerivedSources/arm64 -Xcc -I/Users/admin/builder/spi-builder-workspace/.derivedData/Build/Intermediates.noindex/SwiftLLMKit.build/Debug-xros/SwiftLLMKit.build/DerivedSources -Xcc -DSWIFT_PACKAGE -Xcc -DDEBUG\=1 -emit-objc-header -emit-objc-header-path /Users/admin/builder/spi-builder-workspace/.derivedData/Build/Intermediates.noindex/SwiftLLMKit.build/Debug-xros/SwiftLLMKit.build/Objects-normal/arm64/SwiftLLMKit-Swift.h -working-directory /Users/admin/builder/spi-builder-workspace/.swiftpm/xcode -experimental-emit-module-separately -disable-cmo
SwiftCompile normal arm64 Compiling\ ReasoningControl.swift,\ SamplingDefaults.swift,\ SeenModelsLedger.swift,\ ThinkingBudget.swift,\ ThinkingBudgetAccounting.swift,\ StorageManager.swift /Users/admin/builder/spi-builder-workspace/Sources/SwiftLLMKit/Models/ReasoningControl.swift /Users/admin/builder/spi-builder-workspace/Sources/SwiftLLMKit/Models/SamplingDefaults.swift /Users/admin/builder/spi-builder-workspace/Sources/SwiftLLMKit/Models/SeenModelsLedger.swift /Users/admin/builder/spi-builder-workspace/Sources/SwiftLLMKit/Models/ThinkingBudget.swift /Users/admin/builder/spi-builder-workspace/Sources/SwiftLLMKit/Models/ThinkingBudgetAccounting.swift /Users/admin/builder/spi-builder-workspace/Sources/SwiftLLMKit/Persistence/StorageManager.swift (in target 'SwiftLLMKit' from project 'SwiftLLMKit')
SwiftCompile normal arm64 /Users/admin/builder/spi-builder-workspace/Sources/SwiftLLMKit/Models/ReasoningControl.swift (in target 'SwiftLLMKit' from project 'SwiftLLMKit')
cd /Users/admin/builder/spi-builder-workspace/.swiftpm/xcode
SwiftCompile normal arm64 /Users/admin/builder/spi-builder-workspace/Sources/SwiftLLMKit/Models/SamplingDefaults.swift (in target 'SwiftLLMKit' from project 'SwiftLLMKit')
cd /Users/admin/builder/spi-builder-workspace/.swiftpm/xcode
SwiftCompile normal arm64 /Users/admin/builder/spi-builder-workspace/Sources/SwiftLLMKit/Models/SeenModelsLedger.swift (in target 'SwiftLLMKit' from project 'SwiftLLMKit')
cd /Users/admin/builder/spi-builder-workspace/.swiftpm/xcode
SwiftCompile normal arm64 /Users/admin/builder/spi-builder-workspace/Sources/SwiftLLMKit/Models/ThinkingBudget.swift (in target 'SwiftLLMKit' from project 'SwiftLLMKit')
cd /Users/admin/builder/spi-builder-workspace/.swiftpm/xcode
SwiftCompile normal arm64 /Users/admin/builder/spi-builder-workspace/Sources/SwiftLLMKit/Models/ThinkingBudgetAccounting.swift (in target 'SwiftLLMKit' from project 'SwiftLLMKit')
cd /Users/admin/builder/spi-builder-workspace/.swiftpm/xcode
SwiftCompile normal arm64 /Users/admin/builder/spi-builder-workspace/Sources/SwiftLLMKit/Persistence/StorageManager.swift (in target 'SwiftLLMKit' from project 'SwiftLLMKit')
cd /Users/admin/builder/spi-builder-workspace/.swiftpm/xcode
SwiftCompile normal arm64 Compiling\ ModelBenchmarks.swift,\ ModelCapabilities.swift,\ ModelConfiguration.swift,\ ModelConfigurationOverride.swift,\ ModelFacts.swift,\ ModelInfo.swift /Users/admin/builder/spi-builder-workspace/Sources/SwiftLLMKit/Models/ModelBenchmarks.swift /Users/admin/builder/spi-builder-workspace/Sources/SwiftLLMKit/Models/ModelCapabilities.swift /Users/admin/builder/spi-builder-workspace/Sources/SwiftLLMKit/Models/ModelConfiguration.swift /Users/admin/builder/spi-builder-workspace/Sources/SwiftLLMKit/Models/ModelConfigurationOverride.swift /Users/admin/builder/spi-builder-workspace/Sources/SwiftLLMKit/Models/ModelFacts.swift /Users/admin/builder/spi-builder-workspace/Sources/SwiftLLMKit/Models/ModelInfo.swift (in target 'SwiftLLMKit' from project 'SwiftLLMKit')
SwiftCompile normal arm64 /Users/admin/builder/spi-builder-workspace/Sources/SwiftLLMKit/Models/ModelBenchmarks.swift (in target 'SwiftLLMKit' from project 'SwiftLLMKit')
cd /Users/admin/builder/spi-builder-workspace/.swiftpm/xcode
SwiftCompile normal arm64 /Users/admin/builder/spi-builder-workspace/Sources/SwiftLLMKit/Models/ModelCapabilities.swift (in target 'SwiftLLMKit' from project 'SwiftLLMKit')
cd /Users/admin/builder/spi-builder-workspace/.swiftpm/xcode
SwiftCompile normal arm64 /Users/admin/builder/spi-builder-workspace/Sources/SwiftLLMKit/Models/ModelConfiguration.swift (in target 'SwiftLLMKit' from project 'SwiftLLMKit')
cd /Users/admin/builder/spi-builder-workspace/.swiftpm/xcode
SwiftCompile normal arm64 /Users/admin/builder/spi-builder-workspace/Sources/SwiftLLMKit/Models/ModelConfigurationOverride.swift (in target 'SwiftLLMKit' from project 'SwiftLLMKit')
cd /Users/admin/builder/spi-builder-workspace/.swiftpm/xcode
SwiftCompile normal arm64 /Users/admin/builder/spi-builder-workspace/Sources/SwiftLLMKit/Models/ModelFacts.swift (in target 'SwiftLLMKit' from project 'SwiftLLMKit')
cd /Users/admin/builder/spi-builder-workspace/.swiftpm/xcode
SwiftCompile normal arm64 /Users/admin/builder/spi-builder-workspace/Sources/SwiftLLMKit/Models/ModelInfo.swift (in target 'SwiftLLMKit' from project 'SwiftLLMKit')
cd /Users/admin/builder/spi-builder-workspace/.swiftpm/xcode
SwiftCompile normal arm64 Compiling\ AnthropicProvider.swift,\ CodexLimit.swift,\ CodexResponsesProvider.swift,\ CodexUsageWindow.swift,\ GLMTemplateSalvage.swift,\ GeminiProvider.swift /Users/admin/builder/spi-builder-workspace/Sources/SwiftLLMKit/Providers/AnthropicProvider.swift /Users/admin/builder/spi-builder-workspace/Sources/SwiftLLMKit/Providers/CodexLimit.swift /Users/admin/builder/spi-builder-workspace/Sources/SwiftLLMKit/Providers/CodexResponsesProvider.swift /Users/admin/builder/spi-builder-workspace/Sources/SwiftLLMKit/Providers/CodexUsageWindow.swift /Users/admin/builder/spi-builder-workspace/Sources/SwiftLLMKit/Providers/GLMTemplateSalvage.swift /Users/admin/builder/spi-builder-workspace/Sources/SwiftLLMKit/Providers/GeminiProvider.swift (in target 'SwiftLLMKit' from project 'SwiftLLMKit')
SwiftCompile normal arm64 /Users/admin/builder/spi-builder-workspace/Sources/SwiftLLMKit/Providers/AnthropicProvider.swift (in target 'SwiftLLMKit' from project 'SwiftLLMKit')
cd /Users/admin/builder/spi-builder-workspace/.swiftpm/xcode
SwiftCompile normal arm64 /Users/admin/builder/spi-builder-workspace/Sources/SwiftLLMKit/Providers/CodexLimit.swift (in target 'SwiftLLMKit' from project 'SwiftLLMKit')
cd /Users/admin/builder/spi-builder-workspace/.swiftpm/xcode
SwiftCompile normal arm64 /Users/admin/builder/spi-builder-workspace/Sources/SwiftLLMKit/Providers/CodexResponsesProvider.swift (in target 'SwiftLLMKit' from project 'SwiftLLMKit')
cd /Users/admin/builder/spi-builder-workspace/.swiftpm/xcode
SwiftCompile normal arm64 /Users/admin/builder/spi-builder-workspace/Sources/SwiftLLMKit/Providers/CodexUsageWindow.swift (in target 'SwiftLLMKit' from project 'SwiftLLMKit')
cd /Users/admin/builder/spi-builder-workspace/.swiftpm/xcode
SwiftCompile normal arm64 /Users/admin/builder/spi-builder-workspace/Sources/SwiftLLMKit/Providers/GLMTemplateSalvage.swift (in target 'SwiftLLMKit' from project 'SwiftLLMKit')
cd /Users/admin/builder/spi-builder-workspace/.swiftpm/xcode
SwiftCompile normal arm64 /Users/admin/builder/spi-builder-workspace/Sources/SwiftLLMKit/Providers/GeminiProvider.swift (in target 'SwiftLLMKit' from project 'SwiftLLMKit')
cd /Users/admin/builder/spi-builder-workspace/.swiftpm/xcode
/Users/admin/builder/spi-builder-workspace/Sources/SwiftLLMKit/Providers/GeminiProvider.swift:305:50: warning: 'legacyGeminiSignatures(message:)' is deprecated
let legacySignatures: [String: String] = legacyGeminiSignatures(message: message)
^
/Users/admin/builder/spi-builder-workspace/Sources/SwiftLLMKit/Providers/GeminiProvider.swift:625:28: warning: 'makeGeminiContinuation(parts:legacySignatures:)' is deprecated
continuation = makeGeminiContinuation(
^
SwiftCompile normal arm64 Compiling\ ProbeRecordStore.swift,\ BehaviorFlags.swift,\ BuiltInProviders.swift,\ BundledModelMetadata.swift,\ EffortSupport.swift,\ ModelAvailabilityState.swift /Users/admin/builder/spi-builder-workspace/Sources/SwiftLLMKit/Evaluation/ProbeRecordStore.swift /Users/admin/builder/spi-builder-workspace/Sources/SwiftLLMKit/Models/BehaviorFlags.swift /Users/admin/builder/spi-builder-workspace/Sources/SwiftLLMKit/Models/BuiltInProviders.swift /Users/admin/builder/spi-builder-workspace/Sources/SwiftLLMKit/Models/BundledModelMetadata.swift /Users/admin/builder/spi-builder-workspace/Sources/SwiftLLMKit/Models/EffortSupport.swift /Users/admin/builder/spi-builder-workspace/Sources/SwiftLLMKit/Models/ModelAvailabilityState.swift (in target 'SwiftLLMKit' from project 'SwiftLLMKit')
SwiftCompile normal arm64 /Users/admin/builder/spi-builder-workspace/Sources/SwiftLLMKit/Evaluation/ProbeRecordStore.swift (in target 'SwiftLLMKit' from project 'SwiftLLMKit')
cd /Users/admin/builder/spi-builder-workspace/.swiftpm/xcode
SwiftCompile normal arm64 /Users/admin/builder/spi-builder-workspace/Sources/SwiftLLMKit/Models/BehaviorFlags.swift (in target 'SwiftLLMKit' from project 'SwiftLLMKit')
cd /Users/admin/builder/spi-builder-workspace/.swiftpm/xcode
SwiftCompile normal arm64 /Users/admin/builder/spi-builder-workspace/Sources/SwiftLLMKit/Models/BuiltInProviders.swift (in target 'SwiftLLMKit' from project 'SwiftLLMKit')
cd /Users/admin/builder/spi-builder-workspace/.swiftpm/xcode
SwiftCompile normal arm64 /Users/admin/builder/spi-builder-workspace/Sources/SwiftLLMKit/Models/BundledModelMetadata.swift (in target 'SwiftLLMKit' from project 'SwiftLLMKit')
cd /Users/admin/builder/spi-builder-workspace/.swiftpm/xcode
SwiftCompile normal arm64 /Users/admin/builder/spi-builder-workspace/Sources/SwiftLLMKit/Models/EffortSupport.swift (in target 'SwiftLLMKit' from project 'SwiftLLMKit')
cd /Users/admin/builder/spi-builder-workspace/.swiftpm/xcode
SwiftCompile normal arm64 /Users/admin/builder/spi-builder-workspace/Sources/SwiftLLMKit/Models/ModelAvailabilityState.swift (in target 'SwiftLLMKit' from project 'SwiftLLMKit')
cd /Users/admin/builder/spi-builder-workspace/.swiftpm/xcode
SwiftCompile normal arm64 Compiling\ ModelMetadataOverride.swift,\ ModelPricing.swift,\ ModelProvider.swift,\ OpenRouterDynamicVariant.swift,\ PreparedRequest.swift,\ ProviderAPIType.swift /Users/admin/builder/spi-builder-workspace/Sources/SwiftLLMKit/Models/ModelMetadataOverride.swift /Users/admin/builder/spi-builder-workspace/Sources/SwiftLLMKit/Models/ModelPricing.swift /Users/admin/builder/spi-builder-workspace/Sources/SwiftLLMKit/Models/ModelProvider.swift /Users/admin/builder/spi-builder-workspace/Sources/SwiftLLMKit/Models/OpenRouterDynamicVariant.swift /Users/admin/builder/spi-builder-workspace/Sources/SwiftLLMKit/Models/PreparedRequest.swift /Users/admin/builder/spi-builder-workspace/Sources/SwiftLLMKit/Models/ProviderAPIType.swift (in target 'SwiftLLMKit' from project 'SwiftLLMKit')
SwiftCompile normal arm64 /Users/admin/builder/spi-builder-workspace/Sources/SwiftLLMKit/Models/ModelMetadataOverride.swift (in target 'SwiftLLMKit' from project 'SwiftLLMKit')
cd /Users/admin/builder/spi-builder-workspace/.swiftpm/xcode
SwiftCompile normal arm64 /Users/admin/builder/spi-builder-workspace/Sources/SwiftLLMKit/Models/ModelPricing.swift (in target 'SwiftLLMKit' from project 'SwiftLLMKit')
cd /Users/admin/builder/spi-builder-workspace/.swiftpm/xcode
SwiftCompile normal arm64 /Users/admin/builder/spi-builder-workspace/Sources/SwiftLLMKit/Models/ModelProvider.swift (in target 'SwiftLLMKit' from project 'SwiftLLMKit')
cd /Users/admin/builder/spi-builder-workspace/.swiftpm/xcode
SwiftCompile normal arm64 /Users/admin/builder/spi-builder-workspace/Sources/SwiftLLMKit/Models/OpenRouterDynamicVariant.swift (in target 'SwiftLLMKit' from project 'SwiftLLMKit')
cd /Users/admin/builder/spi-builder-workspace/.swiftpm/xcode
SwiftCompile normal arm64 /Users/admin/builder/spi-builder-workspace/Sources/SwiftLLMKit/Models/PreparedRequest.swift (in target 'SwiftLLMKit' from project 'SwiftLLMKit')
cd /Users/admin/builder/spi-builder-workspace/.swiftpm/xcode
SwiftCompile normal arm64 /Users/admin/builder/spi-builder-workspace/Sources/SwiftLLMKit/Models/ProviderAPIType.swift (in target 'SwiftLLMKit' from project 'SwiftLLMKit')
cd /Users/admin/builder/spi-builder-workspace/.swiftpm/xcode
SwiftCompile normal arm64 Compiling\ JSONMerge.swift,\ LLMCallOverrides.swift,\ LLMMessage.swift,\ LLMProvider.swift,\ LLMProviderError.swift /Users/admin/builder/spi-builder-workspace/Sources/SwiftLLMKit/Providers/JSONMerge.swift /Users/admin/builder/spi-builder-workspace/Sources/SwiftLLMKit/Providers/LLMCallOverrides.swift /Users/admin/builder/spi-builder-workspace/Sources/SwiftLLMKit/Providers/LLMMessage.swift /Users/admin/builder/spi-builder-workspace/Sources/SwiftLLMKit/Providers/LLMProvider.swift /Users/admin/builder/spi-builder-workspace/Sources/SwiftLLMKit/Providers/LLMProviderError.swift (in target 'SwiftLLMKit' from project 'SwiftLLMKit')
SwiftCompile normal arm64 /Users/admin/builder/spi-builder-workspace/Sources/SwiftLLMKit/Providers/JSONMerge.swift (in target 'SwiftLLMKit' from project 'SwiftLLMKit')
cd /Users/admin/builder/spi-builder-workspace/.swiftpm/xcode
SwiftCompile normal arm64 /Users/admin/builder/spi-builder-workspace/Sources/SwiftLLMKit/Providers/LLMCallOverrides.swift (in target 'SwiftLLMKit' from project 'SwiftLLMKit')
cd /Users/admin/builder/spi-builder-workspace/.swiftpm/xcode
SwiftCompile normal arm64 /Users/admin/builder/spi-builder-workspace/Sources/SwiftLLMKit/Providers/LLMMessage.swift (in target 'SwiftLLMKit' from project 'SwiftLLMKit')
cd /Users/admin/builder/spi-builder-workspace/.swiftpm/xcode
SwiftCompile normal arm64 /Users/admin/builder/spi-builder-workspace/Sources/SwiftLLMKit/Providers/LLMProvider.swift (in target 'SwiftLLMKit' from project 'SwiftLLMKit')
cd /Users/admin/builder/spi-builder-workspace/.swiftpm/xcode
SwiftCompile normal arm64 /Users/admin/builder/spi-builder-workspace/Sources/SwiftLLMKit/Providers/LLMProviderError.swift (in target 'SwiftLLMKit' from project 'SwiftLLMKit')
cd /Users/admin/builder/spi-builder-workspace/.swiftpm/xcode
SwiftCompile normal arm64 Compiling\ LLMRequestLogger.swift,\ LLMResponse.swift,\ LLMResponseFormat.swift,\ LLMToolCall.swift,\ LLMToolChoice.swift /Users/admin/builder/spi-builder-workspace/Sources/SwiftLLMKit/Providers/LLMRequestLogger.swift /Users/admin/builder/spi-builder-workspace/Sources/SwiftLLMKit/Providers/LLMResponse.swift /Users/admin/builder/spi-builder-workspace/Sources/SwiftLLMKit/Providers/LLMResponseFormat.swift /Users/admin/builder/spi-builder-workspace/Sources/SwiftLLMKit/Providers/LLMToolCall.swift /Users/admin/builder/spi-builder-workspace/Sources/SwiftLLMKit/Providers/LLMToolChoice.swift (in target 'SwiftLLMKit' from project 'SwiftLLMKit')
SwiftCompile normal arm64 /Users/admin/builder/spi-builder-workspace/Sources/SwiftLLMKit/Providers/LLMRequestLogger.swift (in target 'SwiftLLMKit' from project 'SwiftLLMKit')
cd /Users/admin/builder/spi-builder-workspace/.swiftpm/xcode
SwiftCompile normal arm64 /Users/admin/builder/spi-builder-workspace/Sources/SwiftLLMKit/Providers/LLMResponse.swift (in target 'SwiftLLMKit' from project 'SwiftLLMKit')
cd /Users/admin/builder/spi-builder-workspace/.swiftpm/xcode
SwiftCompile normal arm64 /Users/admin/builder/spi-builder-workspace/Sources/SwiftLLMKit/Providers/LLMResponseFormat.swift (in target 'SwiftLLMKit' from project 'SwiftLLMKit')
cd /Users/admin/builder/spi-builder-workspace/.swiftpm/xcode
SwiftCompile normal arm64 /Users/admin/builder/spi-builder-workspace/Sources/SwiftLLMKit/Providers/LLMToolCall.swift (in target 'SwiftLLMKit' from project 'SwiftLLMKit')
cd /Users/admin/builder/spi-builder-workspace/.swiftpm/xcode
SwiftCompile normal arm64 /Users/admin/builder/spi-builder-workspace/Sources/SwiftLLMKit/Providers/LLMToolChoice.swift (in target 'SwiftLLMKit' from project 'SwiftLLMKit')
cd /Users/admin/builder/spi-builder-workspace/.swiftpm/xcode
SwiftCompile normal arm64 Compiling\ ModelFactsMerge.swift,\ ModelFetchService.swift,\ ModelMetadataService.swift,\ OllamaLibraryScraper.swift,\ SwiftLLMKit.swift /Users/admin/builder/spi-builder-workspace/Sources/SwiftLLMKit/Services/ModelFactsMerge.swift /Users/admin/builder/spi-builder-workspace/Sources/SwiftLLMKit/Services/ModelFetchService.swift /Users/admin/builder/spi-builder-workspace/Sources/SwiftLLMKit/Services/ModelMetadataService.swift /Users/admin/builder/spi-builder-workspace/Sources/SwiftLLMKit/Services/OllamaLibraryScraper.swift /Users/admin/builder/spi-builder-workspace/Sources/SwiftLLMKit/SwiftLLMKit.swift (in target 'SwiftLLMKit' from project 'SwiftLLMKit')
SwiftCompile normal arm64 /Users/admin/builder/spi-builder-workspace/Sources/SwiftLLMKit/Services/ModelFactsMerge.swift (in target 'SwiftLLMKit' from project 'SwiftLLMKit')
cd /Users/admin/builder/spi-builder-workspace/.swiftpm/xcode
SwiftCompile normal arm64 /Users/admin/builder/spi-builder-workspace/Sources/SwiftLLMKit/Services/ModelFetchService.swift (in target 'SwiftLLMKit' from project 'SwiftLLMKit')
cd /Users/admin/builder/spi-builder-workspace/.swiftpm/xcode
SwiftCompile normal arm64 /Users/admin/builder/spi-builder-workspace/Sources/SwiftLLMKit/Services/ModelMetadataService.swift (in target 'SwiftLLMKit' from project 'SwiftLLMKit')
cd /Users/admin/builder/spi-builder-workspace/.swiftpm/xcode
SwiftCompile normal arm64 /Users/admin/builder/spi-builder-workspace/Sources/SwiftLLMKit/Services/OllamaLibraryScraper.swift (in target 'SwiftLLMKit' from project 'SwiftLLMKit')
cd /Users/admin/builder/spi-builder-workspace/.swiftpm/xcode
SwiftCompile normal arm64 /Users/admin/builder/spi-builder-workspace/Sources/SwiftLLMKit/SwiftLLMKit.swift (in target 'SwiftLLMKit' from project 'SwiftLLMKit')
cd /Users/admin/builder/spi-builder-workspace/.swiftpm/xcode
SwiftEmitModule normal arm64 Emitting\ module\ for\ SwiftLLMKit (in target 'SwiftLLMKit' from project 'SwiftLLMKit')
EmitSwiftModule normal arm64 (in target 'SwiftLLMKit' from project 'SwiftLLMKit')
cd /Users/admin/builder/spi-builder-workspace/.swiftpm/xcode
SwiftCompile normal arm64 Compiling\ resource_bundle_accessor.swift,\ CodexAuth.swift,\ CapabilityProbe.swift,\ ModelProber.swift,\ ModelProfile.swift,\ ProbeFixtures.swift /Users/admin/builder/spi-builder-workspace/.derivedData/Build/Intermediates.noindex/SwiftLLMKit.build/Debug-xros/SwiftLLMKit.build/DerivedSources/resource_bundle_accessor.swift /Users/admin/builder/spi-builder-workspace/Sources/SwiftLLMKit/Auth/CodexAuth.swift /Users/admin/builder/spi-builder-workspace/Sources/SwiftLLMKit/Evaluation/CapabilityProbe.swift /Users/admin/builder/spi-builder-workspace/Sources/SwiftLLMKit/Evaluation/ModelProber.swift /Users/admin/builder/spi-builder-workspace/Sources/SwiftLLMKit/Evaluation/ModelProfile.swift /Users/admin/builder/spi-builder-workspace/Sources/SwiftLLMKit/Evaluation/ProbeFixtures.swift (in target 'SwiftLLMKit' from project 'SwiftLLMKit')
Failed frontend command:
/Applications/Xcode-16.3.0.app/Contents/Developer/Toolchains/XcodeDefault.xctoolchain/usr/bin/swift-frontend -frontend -c -primary-file /Users/admin/builder/spi-builder-workspace/.derivedData/Build/Intermediates.noindex/SwiftLLMKit.build/Debug-xros/SwiftLLMKit.build/DerivedSources/resource_bundle_accessor.swift -primary-file /Users/admin/builder/spi-builder-workspace/Sources/SwiftLLMKit/Auth/CodexAuth.swift -primary-file /Users/admin/builder/spi-builder-workspace/Sources/SwiftLLMKit/Evaluation/CapabilityProbe.swift -primary-file /Users/admin/builder/spi-builder-workspace/Sources/SwiftLLMKit/Evaluation/ModelProber.swift -primary-file /Users/admin/builder/spi-builder-workspace/Sources/SwiftLLMKit/Evaluation/ModelProfile.swift -primary-file /Users/admin/builder/spi-builder-workspace/Sources/SwiftLLMKit/Evaluation/ProbeFixtures.swift /Users/admin/builder/spi-builder-workspace/Sources/SwiftLLMKit/Evaluation/ProbeRecordStore.swift /Users/admin/builder/spi-builder-workspace/Sources/SwiftLLMKit/Models/BehaviorFlags.swift /Users/admin/builder/spi-builder-workspace/Sources/SwiftLLMKit/Models/BuiltInProviders.swift /Users/admin/builder/spi-builder-workspace/Sources/SwiftLLMKit/Models/BundledModelMetadata.swift /Users/admin/builder/spi-builder-workspace/Sources/SwiftLLMKit/Models/EffortSupport.swift /Users/admin/builder/spi-builder-workspace/Sources/SwiftLLMKit/Models/ModelAvailabilityState.swift /Users/admin/builder/spi-builder-workspace/Sources/SwiftLLMKit/Models/ModelBenchmarks.swift /Users/admin/builder/spi-builder-workspace/Sources/SwiftLLMKit/Models/ModelCapabilities.swift /Users/admin/builder/spi-builder-workspace/Sources/SwiftLLMKit/Models/ModelConfiguration.swift /Users/admin/builder/spi-builder-workspace/Sources/SwiftLLMKit/Models/ModelConfigurationOverride.swift /Users/admin/builder/spi-builder-workspace/Sources/SwiftLLMKit/Models/ModelFacts.swift /Users/admin/builder/spi-builder-workspace/Sources/SwiftLLMKit/Models/ModelInfo.swift /Users/admin/builder/spi-builder-workspace/Sources/SwiftLLMKit/Models/ModelMetadataOverride.swift /Users/admin/builder/spi-builder-workspace/Sources/SwiftLLMKit/Models/ModelPricing.swift /Users/admin/builder/spi-builder-workspace/Sources/SwiftLLMKit/Models/ModelProvider.swift /Users/admin/builder/spi-builder-workspace/Sources/SwiftLLMKit/Models/OpenRouterDynamicVariant.swift /Users/admin/builder/spi-builder-workspace/Sources/SwiftLLMKit/Models/PreparedRequest.swift /Users/admin/builder/spi-builder-workspace/Sources/SwiftLLMKit/Models/ProviderAPIType.swift /Users/admin/builder/spi-builder-workspace/Sources/SwiftLLMKit/Models/ReasoningControl.swift /Users/admin/builder/spi-builder-workspace/Sources/SwiftLLMKit/Models/SamplingDefaults.swift /Users/admin/builder/spi-builder-workspace/Sources/SwiftLLMKit/Models/SeenModelsLedger.swift /Users/admin/builder/spi-builder-workspace/Sources/SwiftLLMKit/Models/ThinkingBudget.swift /Users/admin/builder/spi-builder-workspace/Sources/SwiftLLMKit/Models/ThinkingBudgetAccounting.swift /Users/admin/builder/spi-builder-workspace/Sources/SwiftLLMKit/Persistence/StorageManager.swift /Users/admin/builder/spi-builder-workspace/Sources/SwiftLLMKit/Providers/AnthropicProvider.swift /Users/admin/builder/spi-builder-workspace/Sources/SwiftLLMKit/Providers/CodexLimit.swift /Users/admin/builder/spi-builder-workspace/Sources/SwiftLLMKit/Providers/CodexResponsesProvider.swift /Users/admin/builder/spi-builder-workspace/Sources/SwiftLLMKit/Providers/CodexUsageWindow.swift /Users/admin/builder/spi-builder-workspace/Sources/SwiftLLMKit/Providers/GLMTemplateSalvage.swift /Users/admin/builder/spi-builder-workspace/Sources/SwiftLLMKit/Providers/GeminiProvider.swift /Users/admin/builder/spi-builder-workspace/Sources/SwiftLLMKit/Providers/JSONMerge.swift /Users/admin/builder/spi-builder-workspace/Sources/SwiftLLMKit/Providers/LLMCallOverrides.swift /Users/admin/builder/spi-builder-workspace/Sources/SwiftLLMKit/Providers/LLMMessage.swift /Users/admin/builder/spi-builder-workspace/Sources/SwiftLLMKit/Providers/LLMProvider.swift /Users/admin/builder/spi-builder-workspace/Sources/SwiftLLMKit/Providers/LLMProviderError.swift /Users/admin/builder/spi-builder-workspace/Sources/SwiftLLMKit/Providers/LLMRequestLogger.swift /Users/admin/builder/spi-builder-workspace/Sources/SwiftLLMKit/Providers/LLMResponse.swift /Users/admin/builder/spi-builder-workspace/Sources/SwiftLLMKit/Providers/LLMResponseFormat.swift /Users/admin/builder/spi-builder-workspace/Sources/SwiftLLMKit/Providers/LLMToolCall.swift /Users/admin/builder/spi-builder-workspace/Sources/SwiftLLMKit/Providers/LLMToolChoice.swift /Users/admin/builder/spi-builder-workspace/Sources/SwiftLLMKit/Providers/LLMToolDefinition.swift /Users/admin/builder/spi-builder-workspace/Sources/SwiftLLMKit/Providers/OllamaProvider.swift /Users/admin/builder/spi-builder-workspace/Sources/SwiftLLMKit/Providers/OpenAICompatibleProvider.swift /Users/admin/builder/spi-builder-workspace/Sources/SwiftLLMKit/Providers/ProviderContinuation.swift /Users/admin/builder/spi-builder-workspace/Sources/SwiftLLMKit/Services/KeychainService.swift /Users/admin/builder/spi-builder-workspace/Sources/SwiftLLMKit/Services/ModelFactsMerge.swift /Users/admin/builder/spi-builder-workspace/Sources/SwiftLLMKit/Services/ModelFetchService.swift /Users/admin/builder/spi-builder-workspace/Sources/SwiftLLMKit/Services/ModelMetadataService.swift /Users/admin/builder/spi-builder-workspace/Sources/SwiftLLMKit/Services/OllamaLibraryScraper.swift /Users/admin/builder/spi-builder-workspace/Sources/SwiftLLMKit/SwiftLLMKit.swift -supplementary-output-file-map /Users/admin/builder/spi-builder-workspace/.derivedData/Build/Intermediates.noindex/SwiftLLMKit.build/Debug-xros/SwiftLLMKit.build/Objects-normal/arm64/supplementaryOutputs-1 -target arm64-apple-xros1.0 -Xllvm -aarch64-use-tbi -enable-objc-interop -stack-check -sdk /Applications/Xcode-16.3.0.app/Contents/Developer/Platforms/XROS.platform/Developer/SDKs/XROS2.4.sdk -I /Users/admin/builder/spi-builder-workspace/.derivedData/Build/Products/Debug-xros -I /Applications/Xcode-16.3.0.app/Contents/Developer/Platforms/XROS.platform/Developer/usr/lib -F /Users/admin/builder/spi-builder-workspace/.derivedData/Build/Products/Debug-xros -F /Applications/Xcode-16.3.0.app/Contents/Developer/Platforms/XROS.platform/Developer/Library/Frameworks -F /Applications/Xcode-16.3.0.app/Contents/Developer/Platforms/XROS.platform/Developer/SDKs/XROS2.4.sdk/Developer/Library/Frameworks -no-color-diagnostics -enable-testing -g -debug-info-format\=dwarf -dwarf-version\=4 -module-cache-path /Users/admin/builder/spi-builder-workspace/.derivedData/ModuleCache.noindex -profile-generate -profile-coverage-mapping -swift-version 6 -enforce-exclusivity\=checked -Onone -D SWIFT_PACKAGE -D DEBUG -D Xcode -serialize-debugging-options -const-gather-protocols-file /Users/admin/builder/spi-builder-workspace/.derivedData/Build/Intermediates.noindex/SwiftLLMKit.build/Debug-xros/SwiftLLMKit.build/Objects-normal/arm64/SwiftLLMKit_const_extract_protocols.json -enable-experimental-feature DebugDescriptionMacro -empty-abi-descriptor -plugin-path /Applications/Xcode-16.3.0.app/Contents/Developer/Toolchains/XcodeDefault.xctoolchain/usr/lib/swift/host/plugins/testing -validate-clang-modules-once -clang-build-session-file /Users/admin/builder/spi-builder-workspace/.derivedData/ModuleCache.noindex/Session.modulevalidation -Xcc -working-directory -Xcc /Users/admin/builder/spi-builder-workspace/.swiftpm/xcode -resource-dir /Applications/Xcode-16.3.0.app/Contents/Developer/Toolchains/XcodeDefault.xctoolchain/usr/lib/swift -enable-anonymous-context-mangled-names -file-compilation-dir /Users/admin/builder/spi-builder-workspace/.swiftpm/xcode -Xcc -ivfsstatcache -Xcc /Users/admin/builder/spi-builder-workspace/.derivedData/SDKStatCaches.noindex/xros2.4-22O233-407b76dbb837030756cbe1ab3f0b01b6.sdkstatcache -Xcc -I/Users/admin/builder/spi-builder-workspace/.derivedData/Build/Intermediates.noindex/SwiftLLMKit.build/Debug-xros/SwiftLLMKit.build/swift-overrides.hmap -Xcc -I/Users/admin/builder/spi-builder-workspace/.derivedData/Build/Products/Debug-xros/include -Xcc -I/Users/admin/builder/spi-builder-workspace/.derivedData/Build/Intermediates.noindex/SwiftLLMKit.build/Debug-xros/SwiftLLMKit.build/DerivedSources-normal/arm64 -Xcc -I/Users/admin/builder/spi-builder-workspace/.derivedData/Build/Intermediates.noindex/SwiftLLMKit.build/Debug-xros/SwiftLLMKit.build/DerivedSources/arm64 -Xcc -I/Users/admin/builder/spi-builder-workspace/.derivedData/Build/Intermediates.noindex/SwiftLLMKit.build/Debug-xros/SwiftLLMKit.build/DerivedSources -Xcc -DSWIFT_PACKAGE -Xcc -DDEBUG\=1 -module-name SwiftLLMKit -package-name spi_builder_workspace -frontend-parseable-output -disable-clang-spi -target-sdk-version 2.4 -target-sdk-name xros2.4 -external-plugin-path /Applications/Xcode-16.3.0.app/Contents/Developer/Platforms/XROS.platform/Developer/usr/lib/swift/host/plugins\#/Applications/Xcode-16.3.0.app/Contents/Developer/Platforms/XROS.platform/Developer/usr/bin/swift-plugin-server -external-plugin-path /Applications/Xcode-16.3.0.app/Contents/Developer/Platforms/XROS.platform/Developer/usr/local/lib/swift/host/plugins\#/Applications/Xcode-16.3.0.app/Contents/Developer/Platforms/XROS.platform/Developer/usr/bin/swift-plugin-server -in-process-plugin-server-path /Applications/Xcode-16.3.0.app/Contents/Developer/Toolchains/XcodeDefault.xctoolchain/usr/lib/swift/host/libSwiftInProcPluginServer.dylib -plugin-path /Applications/Xcode-16.3.0.app/Contents/Developer/Toolchains/XcodeDefault.xctoolchain/usr/lib/swift/host/plugins -plugin-path /Applications/Xcode-16.3.0.app/Contents/Developer/Toolchains/XcodeDefault.xctoolchain/usr/local/lib/swift/host/plugins -o /Users/admin/builder/spi-builder-workspace/.derivedData/Build/Intermediates.noindex/SwiftLLMKit.build/Debug-xros/SwiftLLMKit.build/Objects-normal/arm64/resource_bundle_accessor.o -o /Users/admin/builder/spi-builder-workspace/.derivedData/Build/Intermediates.noindex/SwiftLLMKit.build/Debug-xros/SwiftLLMKit.build/Objects-normal/arm64/CodexAuth.o -o /Users/admin/builder/spi-builder-workspace/.derivedData/Build/Intermediates.noindex/SwiftLLMKit.build/Debug-xros/SwiftLLMKit.build/Objects-normal/arm64/CapabilityProbe.o -o /Users/admin/builder/spi-builder-workspace/.derivedData/Build/Intermediates.noindex/SwiftLLMKit.build/Debug-xros/SwiftLLMKit.build/Objects-normal/arm64/ModelProber.o -o /Users/admin/builder/spi-builder-workspace/.derivedData/Build/Intermediates.noindex/SwiftLLMKit.build/Debug-xros/SwiftLLMKit.build/Objects-normal/arm64/ModelProfile.o -o /Users/admin/builder/spi-builder-workspace/.derivedData/Build/Intermediates.noindex/SwiftLLMKit.build/Debug-xros/SwiftLLMKit.build/Objects-normal/arm64/ProbeFixtures.o -index-unit-output-path /SwiftLLMKit.build/Debug-xros/SwiftLLMKit.build/Objects-normal/arm64/resource_bundle_accessor.o -index-unit-output-path /SwiftLLMKit.build/Debug-xros/SwiftLLMKit.build/Objects-normal/arm64/CodexAuth.o -index-unit-output-path /SwiftLLMKit.build/Debug-xros/SwiftLLMKit.build/Objects-normal/arm64/CapabilityProbe.o -index-unit-output-path /SwiftLLMKit.build/Debug-xros/SwiftLLMKit.build/Objects-normal/arm64/ModelProber.o -index-unit-output-path /SwiftLLMKit.build/Debug-xros/SwiftLLMKit.build/Objects-normal/arm64/ModelProfile.o -index-unit-output-path /SwiftLLMKit.build/Debug-xros/SwiftLLMKit.build/Objects-normal/arm64/ProbeFixtures.o -index-store-path /Users/admin/builder/spi-builder-workspace/.derivedData/Index.noindex/DataStore -index-system-modules
SwiftCompile normal arm64 /Users/admin/builder/spi-builder-workspace/.derivedData/Build/Intermediates.noindex/SwiftLLMKit.build/Debug-xros/SwiftLLMKit.build/DerivedSources/resource_bundle_accessor.swift (in target 'SwiftLLMKit' from project 'SwiftLLMKit')
cd /Users/admin/builder/spi-builder-workspace/.swiftpm/xcode
SwiftCompile normal arm64 /Users/admin/builder/spi-builder-workspace/Sources/SwiftLLMKit/Auth/CodexAuth.swift (in target 'SwiftLLMKit' from project 'SwiftLLMKit')
cd /Users/admin/builder/spi-builder-workspace/.swiftpm/xcode
/Users/admin/builder/spi-builder-workspace/Sources/SwiftLLMKit/Auth/CodexAuth.swift:140:36: error: 'homeDirectoryForCurrentUser' is unavailable in visionOS
return FileManager.default.homeDirectoryForCurrentUser
^~~~~~~~~~~~~~~~~~~~~~~~~~~
/Applications/Xcode-16.3.0.app/Contents/Developer/Platforms/XROS.platform/Developer/SDKs/XROS2.4.sdk/System/Library/Frameworks/Foundation.framework/Headers/NSFileManager.h:340:35: note: 'homeDirectoryForCurrentUser' has been explicitly marked unavailable here
@property (readonly, copy) NSURL *homeDirectoryForCurrentUser API_AVAILABLE(macosx(10.12)) API_UNAVAILABLE(ios, watchos, tvos);
^
SwiftCompile normal arm64 /Users/admin/builder/spi-builder-workspace/Sources/SwiftLLMKit/Evaluation/CapabilityProbe.swift (in target 'SwiftLLMKit' from project 'SwiftLLMKit')
cd /Users/admin/builder/spi-builder-workspace/.swiftpm/xcode
SwiftCompile normal arm64 /Users/admin/builder/spi-builder-workspace/Sources/SwiftLLMKit/Evaluation/ModelProber.swift (in target 'SwiftLLMKit' from project 'SwiftLLMKit')
cd /Users/admin/builder/spi-builder-workspace/.swiftpm/xcode
SwiftCompile normal arm64 /Users/admin/builder/spi-builder-workspace/Sources/SwiftLLMKit/Evaluation/ModelProfile.swift (in target 'SwiftLLMKit' from project 'SwiftLLMKit')
cd /Users/admin/builder/spi-builder-workspace/.swiftpm/xcode
SwiftCompile normal arm64 /Users/admin/builder/spi-builder-workspace/Sources/SwiftLLMKit/Evaluation/ProbeFixtures.swift (in target 'SwiftLLMKit' from project 'SwiftLLMKit')
cd /Users/admin/builder/spi-builder-workspace/.swiftpm/xcode
SwiftCompile normal arm64 Compiling\ LLMToolDefinition.swift,\ OllamaProvider.swift,\ OpenAICompatibleProvider.swift,\ ProviderContinuation.swift,\ KeychainService.swift /Users/admin/builder/spi-builder-workspace/Sources/SwiftLLMKit/Providers/LLMToolDefinition.swift /Users/admin/builder/spi-builder-workspace/Sources/SwiftLLMKit/Providers/OllamaProvider.swift /Users/admin/builder/spi-builder-workspace/Sources/SwiftLLMKit/Providers/OpenAICompatibleProvider.swift /Users/admin/builder/spi-builder-workspace/Sources/SwiftLLMKit/Providers/ProviderContinuation.swift /Users/admin/builder/spi-builder-workspace/Sources/SwiftLLMKit/Services/KeychainService.swift (in target 'SwiftLLMKit' from project 'SwiftLLMKit')
SwiftCompile normal arm64 /Users/admin/builder/spi-builder-workspace/Sources/SwiftLLMKit/Providers/LLMToolDefinition.swift (in target 'SwiftLLMKit' from project 'SwiftLLMKit')
cd /Users/admin/builder/spi-builder-workspace/.swiftpm/xcode
SwiftCompile normal arm64 /Users/admin/builder/spi-builder-workspace/Sources/SwiftLLMKit/Providers/OllamaProvider.swift (in target 'SwiftLLMKit' from project 'SwiftLLMKit')
cd /Users/admin/builder/spi-builder-workspace/.swiftpm/xcode
SwiftCompile normal arm64 /Users/admin/builder/spi-builder-workspace/Sources/SwiftLLMKit/Providers/OpenAICompatibleProvider.swift (in target 'SwiftLLMKit' from project 'SwiftLLMKit')
cd /Users/admin/builder/spi-builder-workspace/.swiftpm/xcode
SwiftCompile normal arm64 /Users/admin/builder/spi-builder-workspace/Sources/SwiftLLMKit/Providers/ProviderContinuation.swift (in target 'SwiftLLMKit' from project 'SwiftLLMKit')
cd /Users/admin/builder/spi-builder-workspace/.swiftpm/xcode
/Users/admin/builder/spi-builder-workspace/Sources/SwiftLLMKit/Providers/ProviderContinuation.swift:72:14: warning: 'geminiThoughtSignatures' is deprecated: Superseded by geminiResponseParts in 0.0.26. Position-keyed signatures misalign when the factory collapses a multi-part response into a single .text/.toolCalls/.mixed content. Reads from disk for legacy saved conversations still work; new code path captures and replays the full parts structure.
self.geminiThoughtSignatures = geminiThoughtSignatures
^
/Users/admin/builder/spi-builder-workspace/Sources/SwiftLLMKit/Providers/ProviderContinuation.swift:80:16: warning: 'geminiThoughtSignatures' is deprecated: Superseded by geminiResponseParts in 0.0.26. Position-keyed signatures misalign when the factory collapses a multi-part response into a single .text/.toolCalls/.mixed content. Reads from disk for legacy saved conversations still work; new code path captures and replays the full parts structure.
&& geminiThoughtSignatures == nil
^
/Users/admin/builder/spi-builder-workspace/Sources/SwiftLLMKit/Providers/ProviderContinuation.swift:93:14: warning: 'geminiThoughtSignatures' is deprecated: Superseded by geminiResponseParts in 0.0.26. Position-keyed signatures misalign when the factory collapses a multi-part response into a single .text/.toolCalls/.mixed content. Reads from disk for legacy saved conversations still work; new code path captures and replays the full parts structure.
self.geminiThoughtSignatures = try c.decodeIfPresent([String: String].self, forKey: .geminiThoughtSignatures)
^
SwiftCompile normal arm64 /Users/admin/builder/spi-builder-workspace/Sources/SwiftLLMKit/Services/KeychainService.swift (in target 'SwiftLLMKit' from project 'SwiftLLMKit')
cd /Users/admin/builder/spi-builder-workspace/.swiftpm/xcode
SwiftDriverJobDiscovery normal arm64 Compiling LLMRequestLogger.swift, LLMResponse.swift, LLMResponseFormat.swift, LLMToolCall.swift, LLMToolChoice.swift (in target 'SwiftLLMKit' from project 'SwiftLLMKit')
SwiftDriverJobDiscovery normal arm64 Compiling JSONMerge.swift, LLMCallOverrides.swift, LLMMessage.swift, LLMProvider.swift, LLMProviderError.swift (in target 'SwiftLLMKit' from project 'SwiftLLMKit')
SwiftDriverJobDiscovery normal arm64 Compiling ReasoningControl.swift, SamplingDefaults.swift, SeenModelsLedger.swift, ThinkingBudget.swift, ThinkingBudgetAccounting.swift, StorageManager.swift (in target 'SwiftLLMKit' from project 'SwiftLLMKit')
SwiftDriverJobDiscovery normal arm64 Compiling ModelMetadataOverride.swift, ModelPricing.swift, ModelProvider.swift, OpenRouterDynamicVariant.swift, PreparedRequest.swift, ProviderAPIType.swift (in target 'SwiftLLMKit' from project 'SwiftLLMKit')
SwiftDriverJobDiscovery normal arm64 Compiling ProbeRecordStore.swift, BehaviorFlags.swift, BuiltInProviders.swift, BundledModelMetadata.swift, EffortSupport.swift, ModelAvailabilityState.swift (in target 'SwiftLLMKit' from project 'SwiftLLMKit')
SwiftDriverJobDiscovery normal arm64 Compiling ModelBenchmarks.swift, ModelCapabilities.swift, ModelConfiguration.swift, ModelConfigurationOverride.swift, ModelFacts.swift, ModelInfo.swift (in target 'SwiftLLMKit' from project 'SwiftLLMKit')
SwiftDriverJobDiscovery normal arm64 Emitting module for SwiftLLMKit (in target 'SwiftLLMKit' from project 'SwiftLLMKit')
SwiftDriver\ Compilation\ Requirements SwiftLLMKit normal arm64 com.apple.xcode.tools.swift.compiler (in target 'SwiftLLMKit' from project 'SwiftLLMKit')
cd /Users/admin/builder/spi-builder-workspace/.swiftpm/xcode
builtin-Swift-Compilation-Requirements -- /Applications/Xcode-16.3.0.app/Contents/Developer/Toolchains/XcodeDefault.xctoolchain/usr/bin/swiftc -module-name SwiftLLMKit -Onone -enforce-exclusivity\=checked @/Users/admin/builder/spi-builder-workspace/.derivedData/Build/Intermediates.noindex/SwiftLLMKit.build/Debug-xros/SwiftLLMKit.build/Objects-normal/arm64/SwiftLLMKit.SwiftFileList -DSWIFT_PACKAGE -DDEBUG -DXcode -plugin-path /Applications/Xcode-16.3.0.app/Contents/Developer/Toolchains/XcodeDefault.xctoolchain/usr/lib/swift/host/plugins/testing -enable-experimental-feature DebugDescriptionMacro -sdk /Applications/Xcode-16.3.0.app/Contents/Developer/Platforms/XROS.platform/Developer/SDKs/XROS2.4.sdk -target arm64-apple-xros1.0 -g -module-cache-path /Users/admin/builder/spi-builder-workspace/.derivedData/ModuleCache.noindex -Xfrontend -serialize-debugging-options -profile-coverage-mapping -profile-generate -enable-testing -index-store-path /Users/admin/builder/spi-builder-workspace/.derivedData/Index.noindex/DataStore -swift-version 6 -I /Users/admin/builder/spi-builder-workspace/.derivedData/Build/Products/Debug-xros -I /Applications/Xcode-16.3.0.app/Contents/Developer/Platforms/XROS.platform/Developer/usr/lib -F /Users/admin/builder/spi-builder-workspace/.derivedData/Build/Products/Debug-xros -F /Applications/Xcode-16.3.0.app/Contents/Developer/Platforms/XROS.platform/Developer/Library/Frameworks -F /Applications/Xcode-16.3.0.app/Contents/Developer/Platforms/XROS.platform/Developer/SDKs/XROS2.4.sdk/Developer/Library/Frameworks -c -j10 -enable-batch-mode -incremental -Xcc -ivfsstatcache -Xcc /Users/admin/builder/spi-builder-workspace/.derivedData/SDKStatCaches.noindex/xros2.4-22O233-407b76dbb837030756cbe1ab3f0b01b6.sdkstatcache -output-file-map /Users/admin/builder/spi-builder-workspace/.derivedData/Build/Intermediates.noindex/SwiftLLMKit.build/Debug-xros/SwiftLLMKit.build/Objects-normal/arm64/SwiftLLMKit-OutputFileMap.json -use-frontend-parseable-output -save-temps -no-color-diagnostics -serialize-diagnostics -emit-dependencies -emit-module -emit-module-path /Users/admin/builder/spi-builder-workspace/.derivedData/Build/Intermediates.noindex/SwiftLLMKit.build/Debug-xros/SwiftLLMKit.build/Objects-normal/arm64/SwiftLLMKit.swiftmodule -validate-clang-modules-once -clang-build-session-file /Users/admin/builder/spi-builder-workspace/.derivedData/ModuleCache.noindex/Session.modulevalidation -package-name spi_builder_workspace -Xcc -I/Users/admin/builder/spi-builder-workspace/.derivedData/Build/Intermediates.noindex/SwiftLLMKit.build/Debug-xros/SwiftLLMKit.build/swift-overrides.hmap -emit-const-values -Xfrontend -const-gather-protocols-file -Xfrontend /Users/admin/builder/spi-builder-workspace/.derivedData/Build/Intermediates.noindex/SwiftLLMKit.build/Debug-xros/SwiftLLMKit.build/Objects-normal/arm64/SwiftLLMKit_const_extract_protocols.json -Xcc -I/Users/admin/builder/spi-builder-workspace/.derivedData/Build/Products/Debug-xros/include -Xcc -I/Users/admin/builder/spi-builder-workspace/.derivedData/Build/Intermediates.noindex/SwiftLLMKit.build/Debug-xros/SwiftLLMKit.build/DerivedSources-normal/arm64 -Xcc -I/Users/admin/builder/spi-builder-workspace/.derivedData/Build/Intermediates.noindex/SwiftLLMKit.build/Debug-xros/SwiftLLMKit.build/DerivedSources/arm64 -Xcc -I/Users/admin/builder/spi-builder-workspace/.derivedData/Build/Intermediates.noindex/SwiftLLMKit.build/Debug-xros/SwiftLLMKit.build/DerivedSources -Xcc -DSWIFT_PACKAGE -Xcc -DDEBUG\=1 -emit-objc-header -emit-objc-header-path /Users/admin/builder/spi-builder-workspace/.derivedData/Build/Intermediates.noindex/SwiftLLMKit.build/Debug-xros/SwiftLLMKit.build/Objects-normal/arm64/SwiftLLMKit-Swift.h -working-directory /Users/admin/builder/spi-builder-workspace/.swiftpm/xcode -experimental-emit-module-separately -disable-cmo
Copy /Users/admin/builder/spi-builder-workspace/.derivedData/Build/Products/Debug-xros/SwiftLLMKit.swiftmodule/arm64-apple-xros.abi.json /Users/admin/builder/spi-builder-workspace/.derivedData/Build/Intermediates.noindex/SwiftLLMKit.build/Debug-xros/SwiftLLMKit.build/Objects-normal/arm64/SwiftLLMKit.abi.json (in target 'SwiftLLMKit' from project 'SwiftLLMKit')
cd /Users/admin/builder/spi-builder-workspace
builtin-copy -exclude .DS_Store -exclude CVS -exclude .svn -exclude .git -exclude .hg -resolve-src-symlinks -rename /Users/admin/builder/spi-builder-workspace/.derivedData/Build/Intermediates.noindex/SwiftLLMKit.build/Debug-xros/SwiftLLMKit.build/Objects-normal/arm64/SwiftLLMKit.abi.json /Users/admin/builder/spi-builder-workspace/.derivedData/Build/Products/Debug-xros/SwiftLLMKit.swiftmodule/arm64-apple-xros.abi.json
SwiftDriverJobDiscovery normal arm64 Compiling AnthropicProvider.swift, CodexLimit.swift, CodexResponsesProvider.swift, CodexUsageWindow.swift, GLMTemplateSalvage.swift, GeminiProvider.swift (in target 'SwiftLLMKit' from project 'SwiftLLMKit')
SwiftDriverJobDiscovery normal arm64 Compiling LLMToolDefinition.swift, OllamaProvider.swift, OpenAICompatibleProvider.swift, ProviderContinuation.swift, KeychainService.swift (in target 'SwiftLLMKit' from project 'SwiftLLMKit')
** BUILD FAILED **
The following build commands failed:
SwiftCompile normal arm64 Compiling\ resource_bundle_accessor.swift,\ CodexAuth.swift,\ CapabilityProbe.swift,\ ModelProber.swift,\ ModelProfile.swift,\ ProbeFixtures.swift /Users/admin/builder/spi-builder-workspace/.derivedData/Build/Intermediates.noindex/SwiftLLMKit.build/Debug-xros/SwiftLLMKit.build/DerivedSources/resource_bundle_accessor.swift /Users/admin/builder/spi-builder-workspace/Sources/SwiftLLMKit/Auth/CodexAuth.swift /Users/admin/builder/spi-builder-workspace/Sources/SwiftLLMKit/Evaluation/CapabilityProbe.swift /Users/admin/builder/spi-builder-workspace/Sources/SwiftLLMKit/Evaluation/ModelProber.swift /Users/admin/builder/spi-builder-workspace/Sources/SwiftLLMKit/Evaluation/ModelProfile.swift /Users/admin/builder/spi-builder-workspace/Sources/SwiftLLMKit/Evaluation/ProbeFixtures.swift (in target 'SwiftLLMKit' from project 'SwiftLLMKit')
SwiftCompile normal arm64 /Users/admin/builder/spi-builder-workspace/Sources/SwiftLLMKit/Auth/CodexAuth.swift (in target 'SwiftLLMKit' from project 'SwiftLLMKit')
Building workspace spi-builder-workspace with scheme SwiftLLMKit
(3 failures)
BUILD FAILURE 6.1 visionOS