The Swift Package Index logo.Swift Package Index

Build Information

Failed to build Maverick, reference main (e35b56), with Swift 6.1 for Wasm on 25 Aug 2026 07:04:57 UTC.

Build Command

bash -c docker run --pull=always --rm -v "checkouts-54344847-1":/host -w "$PWD" -e JAVA_HOME="/root/.sdkman/candidates/java/current" -e SPI_BUILD="1" -e SPI_PROCESSING="1" registry.gitlab.com/saguaro1/spi-images:wasm-6.1-latest swift build --swift-sdk wasm32-unknown-wasi 2>&1

Build Log

========================================
RunAll
========================================
Builder version: 5.0.2
Interrupt handler set up.
========================================
Checkout
========================================
Clone URL: https://github.com/taphouseio/maverick.git
Reference: main
Initialized empty Git repository in /host/spi-builder-workspace/.git/
hint: Using 'master' as the name for the initial branch. This default branch name
hint: is subject to change. To configure the initial branch name to use in all
hint: of your new repositories, which will suppress this warning, call:
hint:
hint: 	git config --global init.defaultBranch <name>
hint:
hint: Names commonly chosen instead of 'master' are 'main', 'trunk' and
hint: 'development'. The just-created branch can be renamed via this command:
hint:
hint: 	git branch -m <name>
From https://github.com/taphouseio/maverick
 * branch            main       -> FETCH_HEAD
 * [new branch]      main       -> origin/main
HEAD is now at e35b566 Fix Bluesky broadcasts (#22)
Cloned https://github.com/taphouseio/maverick.git
Revision (git rev-parse @):
e35b566b85cadce7307ba8641012afd01f4da0bd
SUCCESS checkout https://github.com/taphouseio/maverick.git at main
========================================
Build
========================================
Selected platform:         wasm
Swift version:             6.1
Building package at path:  $PWD
https://github.com/taphouseio/maverick.git
https://github.com/taphouseio/maverick.git
WARNING: environment variable SUPPRESS_SWIFT_6_FLAGS is not set
Running build ...
bash -c docker run --pull=always --rm -v "checkouts-54344847-1":/host -w "$PWD" -e JAVA_HOME="/root/.sdkman/candidates/java/current" -e SPI_BUILD="1" -e SPI_PROCESSING="1" registry.gitlab.com/saguaro1/spi-images:wasm-6.1-latest swift build --swift-sdk wasm32-unknown-wasi -Xswiftc -Xfrontend -Xswiftc -stats-output-dir -Xswiftc -Xfrontend -Xswiftc .stats -Xswiftc -strict-concurrency=complete -Xswiftc -enable-upcoming-feature -Xswiftc StrictConcurrency -Xswiftc -enable-upcoming-feature -Xswiftc DisableOutwardActorInference -Xswiftc -enable-upcoming-feature -Xswiftc GlobalActorIsolatedTypesUsability -Xswiftc -enable-upcoming-feature -Xswiftc InferSendableFromCaptures 2>&1
wasm-6.1-latest: Pulling from saguaro1/spi-images
Digest: sha256:290f441d1f5b7bf0dbbe61e8b7514208804cdcb507d57b3c762463ad036298f7
Status: Image is up to date for registry.gitlab.com/saguaro1/spi-images:wasm-6.1-latest
Fetching https://github.com/smithy-lang/smithy-swift.git
Fetching https://github.com/edonv/JSONValue.git
Fetching https://github.com/jsorge/textbundleify.git
Fetching https://github.com/JohnSundell/ShellOut.git
Fetching https://github.com/apple/swift-crypto.git
Fetching https://github.com/awslabs/aws-sdk-swift.git
[1/39] Fetching textbundleify
Fetched https://github.com/jsorge/textbundleify.git from cache (0.49s)
Fetching https://github.com/swiftlang/swift-markdown
[1/980] Fetching shellout
[217/1179] Fetching shellout, jsonvalue
Fetched https://github.com/edonv/JSONValue.git from cache (0.53s)
Fetching https://github.com/jpsim/Yams.git
[794/980] Fetching shellout
[981/19312] Fetching shellout, swift-crypto
[2815/103928] Fetching shellout, swift-crypto, smithy-swift
[93847/111622] Fetching shellout, swift-crypto, smithy-swift, swift-markdown
[99983/123473] Fetching shellout, swift-crypto, smithy-swift, swift-markdown, yams
Fetched https://github.com/swiftlang/swift-markdown from cache (0.79s)
Fetching https://github.com/kylef/PathKit.git
[109735/115779] Fetching shellout, swift-crypto, smithy-swift, yams
Fetched https://github.com/JohnSundell/ShellOut.git from cache (1.46s)
Fetching https://github.com/vapor/leaf.git
[110415/114799] Fetching swift-crypto, smithy-swift, yams
Fetched https://github.com/smithy-lang/smithy-swift.git from cache (1.47s)
Fetching https://github.com/vapor/multipart-kit.git
[25917/30183] Fetching swift-crypto, yams
Fetched https://github.com/apple/swift-crypto.git from cache (1.48s)
Fetching https://github.com/vapor/vapor.git
[7704/11851] Fetching yams
[11852/13311] Fetching yams, pathkit
[13312/17349] Fetching yams, pathkit, multipart-kit
[13676/21383] Fetching yams, pathkit, multipart-kit, leaf
Fetched https://github.com/kylef/PathKit.git from cache (0.61s)
[12539/19923] Fetching yams, multipart-kit, leaf
Fetched https://github.com/jpsim/Yams.git from cache (1.38s)
[3512/8072] Fetching multipart-kit, leaf
Fetched https://github.com/vapor/leaf.git from cache (0.48s)
[1656/4038] Fetching multipart-kit
Fetched https://github.com/vapor/multipart-kit.git from cache (1.03s)
[1/79054] Fetching vapor
Fetched https://github.com/vapor/vapor.git from cache (3.07s)
[1/922866] Fetching aws-sdk-swift
Fetched https://github.com/awslabs/aws-sdk-swift.git from cache (133.55s)
Computing version for https://github.com/smithy-lang/smithy-swift.git
Computed https://github.com/smithy-lang/smithy-swift.git at 0.246.0 (135.69s)
Fetching https://github.com/swift-server/async-http-client.git
Fetching https://github.com/awslabs/aws-crt-swift
Fetching https://github.com/apple/swift-log.git
Fetching https://github.com/apple/swift-argument-parser.git
[1/33805] Fetching aws-crt-swift
[6424/41765] Fetching aws-crt-swift, swift-log
[8931/60291] Fetching aws-crt-swift, swift-log, swift-argument-parser
[43468/76432] Fetching aws-crt-swift, swift-log, swift-argument-parser, async-http-client
Fetched https://github.com/apple/swift-log.git from cache (1.57s)
Fetched https://github.com/apple/swift-argument-parser.git from cache (1.59s)
Fetched https://github.com/swift-server/async-http-client.git from cache (2.05s)
Fetched https://github.com/awslabs/aws-crt-swift from cache (2.09s)
Computing version for https://github.com/awslabs/aws-sdk-swift.git
Computed https://github.com/awslabs/aws-sdk-swift.git at 1.7.67 (9.29s)
Computing version for https://github.com/edonv/JSONValue.git
Computed https://github.com/edonv/JSONValue.git at 1.1.4 (0.75s)
Computing version for https://github.com/jsorge/textbundleify.git
Computed https://github.com/jsorge/textbundleify.git at 0.1.0 (1.39s)
Computing version for https://github.com/swiftlang/swift-markdown
Computed https://github.com/swiftlang/swift-markdown at 0.8.0 (0.69s)
Fetching https://github.com/swiftlang/swift-cmark.git
[1/18577] Fetching swift-cmark
Fetched https://github.com/swiftlang/swift-cmark.git from cache (1.47s)
Computing version for https://github.com/swiftlang/swift-cmark.git
Computed https://github.com/swiftlang/swift-cmark.git at 0.8.0 (1.98s)
Computing version for https://github.com/kylef/PathKit.git
Computed https://github.com/kylef/PathKit.git at 0.9.2 (1.21s)
Fetching https://github.com/kylef/Spectre.git
[1/1021] Fetching spectre
Fetched https://github.com/kylef/Spectre.git from cache (0.72s)
Computing version for https://github.com/vapor/leaf.git
Computed https://github.com/vapor/leaf.git at 4.5.2 (1.45s)
Fetching https://github.com/apple/swift-algorithms.git
Fetching https://github.com/vapor/leaf-kit.git
[1/5091] Fetching leaf-kit
[4532/11189] Fetching leaf-kit, swift-algorithms
Fetched https://github.com/vapor/leaf-kit.git from cache (1.17s)
Fetched https://github.com/apple/swift-algorithms.git from cache (1.17s)
Computing version for https://github.com/apple/swift-algorithms.git
Computed https://github.com/apple/swift-algorithms.git at 1.2.1 (1.62s)
Fetching https://github.com/apple/swift-numerics.git
[1/6553] Fetching swift-numerics
Fetched https://github.com/apple/swift-numerics.git from cache (3.72s)
Computing version for https://github.com/vapor/multipart-kit.git
Computed https://github.com/vapor/multipart-kit.git at 4.7.1 (4.07s)
Fetching https://github.com/apple/swift-collections.git
Fetching https://github.com/apple/swift-nio.git
[1/26800] Fetching swift-collections
[15277/112321] Fetching swift-collections, swift-nio
Fetched https://github.com/apple/swift-collections.git from cache (2.03s)
[41051/85521] Fetching swift-nio
Fetched https://github.com/apple/swift-nio.git from cache (5.77s)
Computing version for https://github.com/awslabs/aws-crt-swift
Computed https://github.com/awslabs/aws-crt-swift at 0.64.1 (6.43s)
Computing version for https://github.com/vapor/leaf-kit.git
Computed https://github.com/vapor/leaf-kit.git at 1.14.3 (0.72s)
Computing version for https://github.com/JohnSundell/ShellOut.git
Computed https://github.com/JohnSundell/ShellOut.git at 2.3.0 (0.55s)
Computing version for https://github.com/jpsim/Yams.git
Computed https://github.com/jpsim/Yams.git at 6.2.2 (0.52s)
Computing version for https://github.com/vapor/vapor.git
Computed https://github.com/vapor/vapor.git at 4.122.0 (0.43s)
Fetching https://github.com/apple/swift-distributed-tracing.git
Fetching https://github.com/apple/swift-atomics.git
Fetching https://github.com/apple/swift-asn1.git
Fetching https://github.com/apple/swift-service-context.git
Fetching https://github.com/apple/swift-certificates.git
Fetching https://github.com/vapor/websocket-kit.git
[1/1939] Fetching swift-asn1
[118/3256] Fetching swift-asn1, swift-service-context
[3257/9249] Fetching swift-asn1, swift-service-context, swift-distributed-tracing
[3258/16750] Fetching swift-asn1, swift-service-context, swift-distributed-tracing, swift-certificates
[3259/18625] Fetching swift-asn1, swift-service-context, swift-distributed-tracing, swift-certificates, swift-atomics
Fetched https://github.com/apple/swift-asn1.git from cache (0.95s)
Fetching https://github.com/apple/swift-metrics.git
[1/2670] Fetching websocket-kit
Fetched https://github.com/apple/swift-service-context.git from cache (1.09s)
Fetched https://github.com/apple/swift-atomics.git from cache (1.09s)
Fetched https://github.com/apple/swift-certificates.git from cache (1.09s)
Fetching https://github.com/apple/swift-nio-extras.git
Fetching https://github.com/apple/swift-nio-http2.git
Fetching https://github.com/apple/swift-nio-ssl.git
Fetched https://github.com/apple/swift-distributed-tracing.git from cache (1.21s)
Fetching https://github.com/vapor/routing-kit.git
Fetched https://github.com/vapor/websocket-kit.git from cache (1.53s)
Fetching https://github.com/vapor/console-kit.git
[1/3478] Fetching swift-metrics
[3479/10134] Fetching swift-metrics, swift-nio-extras
[10135/22363] Fetching swift-metrics, swift-nio-extras, swift-nio-http2
[10136/43906] Fetching swift-metrics, swift-nio-extras, swift-nio-http2, routing-kit
[15569/59877] Fetching swift-metrics, swift-nio-extras, swift-nio-http2, routing-kit, swift-nio-ssl
Fetched https://github.com/apple/swift-metrics.git from cache (1.20s)
[45380/56399] Fetching swift-nio-extras, swift-nio-http2, routing-kit, swift-nio-ssl
Fetching https://github.com/vapor/async-kit.git
[46818/63242] Fetching swift-nio-extras, swift-nio-http2, routing-kit, swift-nio-ssl, console-kit
Fetched https://github.com/vapor/console-kit.git from cache (1.29s)
[55282/56399] Fetching swift-nio-extras, swift-nio-http2, routing-kit, swift-nio-ssl
Fetched https://github.com/vapor/routing-kit.git from cache (1.61s)
[33898/34856] Fetching swift-nio-extras, swift-nio-http2, swift-nio-ssl
[34857/37360] Fetching swift-nio-extras, swift-nio-http2, swift-nio-ssl, async-kit
Fetched https://github.com/apple/swift-nio-extras.git from cache (1.88s)
Fetched https://github.com/apple/swift-nio-http2.git from cache (1.89s)
Fetched https://github.com/vapor/async-kit.git from cache (0.93s)
Fetched https://github.com/apple/swift-nio-ssl.git from cache (2.49s)
Computing version for https://github.com/kylef/Spectre.git
Computed https://github.com/kylef/Spectre.git at 0.9.2 (4.20s)
Computing version for https://github.com/apple/swift-atomics.git
Computed https://github.com/apple/swift-atomics.git at 1.3.1 (0.59s)
Computing version for https://github.com/vapor/routing-kit.git
Computed https://github.com/vapor/routing-kit.git at 4.9.3 (0.72s)
Computing version for https://github.com/apple/swift-service-context.git
Computed https://github.com/apple/swift-service-context.git at 1.3.0 (0.80s)
Computing version for https://github.com/apple/swift-numerics.git
Computed https://github.com/apple/swift-numerics.git at 1.1.1 (0.92s)
Computing version for https://github.com/vapor/websocket-kit.git
Computed https://github.com/vapor/websocket-kit.git at 2.16.2 (0.80s)
Fetching https://github.com/apple/swift-nio-transport-services.git
[1/2860] Fetching swift-nio-transport-services
Fetched https://github.com/apple/swift-nio-transport-services.git from cache (0.81s)
Computing version for https://github.com/apple/swift-nio-ssl.git
Computed https://github.com/apple/swift-nio-ssl.git at 2.37.2 (1.08s)
Computing version for https://github.com/apple/swift-nio.git
Computed https://github.com/apple/swift-nio.git at 2.101.3 (0.45s)
Fetching https://github.com/apple/swift-system.git
[1/6851] Fetching swift-system
Fetched https://github.com/apple/swift-system.git from cache (0.69s)
Computing version for https://github.com/vapor/console-kit.git
Computed https://github.com/vapor/console-kit.git at 4.16.1 (0.92s)
Computing version for https://github.com/apple/swift-log.git
Computed https://github.com/apple/swift-log.git at 1.15.0 (0.22s)
Computing version for https://github.com/vapor/async-kit.git
Computed https://github.com/vapor/async-kit.git at 1.22.0 (0.21s)
Computing version for https://github.com/apple/swift-collections.git
Computed https://github.com/apple/swift-collections.git at 1.6.0 (0.33s)
Computing version for https://github.com/apple/swift-distributed-tracing.git
Computed https://github.com/apple/swift-distributed-tracing.git at 1.4.1 (0.22s)
Computing version for https://github.com/apple/swift-metrics.git
Computed https://github.com/apple/swift-metrics.git at 2.11.0 (0.21s)
Computing version for https://github.com/apple/swift-asn1.git
Computed https://github.com/apple/swift-asn1.git at 1.7.1 (0.94s)
Computing version for https://github.com/apple/swift-certificates.git
Computed https://github.com/apple/swift-certificates.git at 1.19.4 (0.29s)
Computing version for https://github.com/apple/swift-crypto.git
Computed https://github.com/apple/swift-crypto.git at 3.15.1 (0.71s)
Computing version for https://github.com/apple/swift-nio-transport-services.git
Computed https://github.com/apple/swift-nio-transport-services.git at 1.28.0 (0.23s)
Computing version for https://github.com/apple/swift-system.git
Computed https://github.com/apple/swift-system.git at 1.8.1 (0.25s)
Computing version for https://github.com/apple/swift-nio-extras.git
Computed https://github.com/apple/swift-nio-extras.git at 1.34.3 (0.32s)
Fetching https://github.com/swift-server/swift-service-lifecycle.git
Fetching https://github.com/apple/swift-http-structured-headers.git
Fetching https://github.com/apple/swift-http-types.git
Fetching https://github.com/apple/swift-async-algorithms.git
[1/1582] Fetching swift-http-types
[1093/2835] Fetching swift-http-types, swift-http-structured-headers
[2611/5652] Fetching swift-http-types, swift-http-structured-headers, swift-service-lifecycle
Fetched https://github.com/apple/swift-http-types.git from cache (0.57s)
Fetched https://github.com/swift-server/swift-service-lifecycle.git from cache (0.57s)
[1/6670] Fetching swift-async-algorithms
Fetched https://github.com/apple/swift-http-structured-headers.git from cache (1.08s)
Fetched https://github.com/apple/swift-async-algorithms.git from cache (1.08s)
Computing version for https://github.com/apple/swift-http-types.git
Computed https://github.com/apple/swift-http-types.git at 1.6.0 (1.31s)
Computing version for https://github.com/swift-server/swift-service-lifecycle.git
Computed https://github.com/swift-server/swift-service-lifecycle.git at 2.12.0 (0.23s)
Computing version for https://github.com/apple/swift-async-algorithms.git
Computed https://github.com/apple/swift-async-algorithms.git at 1.1.5 (0.26s)
Computing version for https://github.com/apple/swift-http-structured-headers.git
Computed https://github.com/apple/swift-http-structured-headers.git at 1.7.0 (0.21s)
Computing version for https://github.com/apple/swift-nio-http2.git
Computed https://github.com/apple/swift-nio-http2.git at 1.45.0 (0.23s)
Computing version for https://github.com/apple/swift-argument-parser.git
Computed https://github.com/apple/swift-argument-parser.git at 1.8.2 (0.25s)
Computing version for https://github.com/swift-server/async-http-client.git
Computed https://github.com/swift-server/async-http-client.git at 1.36.0 (0.24s)
Creating working copy for https://github.com/jpsim/Yams.git
Working copy of https://github.com/jpsim/Yams.git resolved at 6.2.2
Creating working copy for https://github.com/apple/swift-algorithms.git
Working copy of https://github.com/apple/swift-algorithms.git resolved at 1.2.1
Creating working copy for https://github.com/awslabs/aws-sdk-swift.git
Working copy of https://github.com/awslabs/aws-sdk-swift.git resolved at 1.7.67
Creating working copy for https://github.com/kylef/PathKit.git
Working copy of https://github.com/kylef/PathKit.git resolved at 0.9.2
Creating working copy for https://github.com/kylef/Spectre.git
Working copy of https://github.com/kylef/Spectre.git resolved at 0.9.2
Creating working copy for https://github.com/apple/swift-asn1.git
Working copy of https://github.com/apple/swift-asn1.git resolved at 1.7.1
Creating working copy for https://github.com/apple/swift-collections.git
Working copy of https://github.com/apple/swift-collections.git resolved at 1.6.0
Creating working copy for https://github.com/apple/swift-argument-parser.git
Working copy of https://github.com/apple/swift-argument-parser.git resolved at 1.8.2
Creating working copy for https://github.com/swiftlang/swift-cmark.git
Working copy of https://github.com/swiftlang/swift-cmark.git resolved at 0.8.0
Creating working copy for https://github.com/apple/swift-nio-transport-services.git
Working copy of https://github.com/apple/swift-nio-transport-services.git resolved at 1.28.0
Creating working copy for https://github.com/swift-server/swift-service-lifecycle.git
Working copy of https://github.com/swift-server/swift-service-lifecycle.git resolved at 2.12.0
Creating working copy for https://github.com/apple/swift-system.git
Working copy of https://github.com/apple/swift-system.git resolved at 1.8.1
Creating working copy for https://github.com/apple/swift-log.git
Working copy of https://github.com/apple/swift-log.git resolved at 1.15.0
Creating working copy for https://github.com/JohnSundell/ShellOut.git
Working copy of https://github.com/JohnSundell/ShellOut.git resolved at 2.3.0
Creating working copy for https://github.com/apple/swift-nio-http2.git
Working copy of https://github.com/apple/swift-nio-http2.git resolved at 1.45.0
Creating working copy for https://github.com/jsorge/textbundleify.git
Working copy of https://github.com/jsorge/textbundleify.git resolved at 0.1.0
Creating working copy for https://github.com/apple/swift-http-types.git
Working copy of https://github.com/apple/swift-http-types.git resolved at 1.6.0
Creating working copy for https://github.com/apple/swift-async-algorithms.git
Working copy of https://github.com/apple/swift-async-algorithms.git resolved at 1.1.5
Creating working copy for https://github.com/swiftlang/swift-markdown
Working copy of https://github.com/swiftlang/swift-markdown resolved at 0.8.0
Creating working copy for https://github.com/vapor/routing-kit.git
Working copy of https://github.com/vapor/routing-kit.git resolved at 4.9.3
Creating working copy for https://github.com/apple/swift-nio-extras.git
Working copy of https://github.com/apple/swift-nio-extras.git resolved at 1.34.3
Creating working copy for https://github.com/apple/swift-crypto.git
Working copy of https://github.com/apple/swift-crypto.git resolved at 3.15.1
Creating working copy for https://github.com/apple/swift-numerics.git
Working copy of https://github.com/apple/swift-numerics.git resolved at 1.1.1
Creating working copy for https://github.com/vapor/leaf.git
Working copy of https://github.com/vapor/leaf.git resolved at 4.5.2
Creating working copy for https://github.com/apple/swift-certificates.git
Working copy of https://github.com/apple/swift-certificates.git resolved at 1.19.4
Creating working copy for https://github.com/apple/swift-service-context.git
Working copy of https://github.com/apple/swift-service-context.git resolved at 1.3.0
Creating working copy for https://github.com/apple/swift-nio.git
Working copy of https://github.com/apple/swift-nio.git resolved at 2.101.3
Creating working copy for https://github.com/swift-server/async-http-client.git
Working copy of https://github.com/swift-server/async-http-client.git resolved at 1.36.0
Creating working copy for https://github.com/vapor/multipart-kit.git
Working copy of https://github.com/vapor/multipart-kit.git resolved at 4.7.1
Creating working copy for https://github.com/vapor/vapor.git
Working copy of https://github.com/vapor/vapor.git resolved at 4.122.0
Creating working copy for https://github.com/vapor/async-kit.git
Working copy of https://github.com/vapor/async-kit.git resolved at 1.22.0
Creating working copy for https://github.com/vapor/console-kit.git
Working copy of https://github.com/vapor/console-kit.git resolved at 4.16.1
Creating working copy for https://github.com/vapor/websocket-kit.git
Working copy of https://github.com/vapor/websocket-kit.git resolved at 2.16.2
Creating working copy for https://github.com/vapor/leaf-kit.git
Working copy of https://github.com/vapor/leaf-kit.git resolved at 1.14.3
Creating working copy for https://github.com/apple/swift-distributed-tracing.git
Working copy of https://github.com/apple/swift-distributed-tracing.git resolved at 1.4.1
Creating working copy for https://github.com/apple/swift-nio-ssl.git
Working copy of https://github.com/apple/swift-nio-ssl.git resolved at 2.37.2
Creating working copy for https://github.com/awslabs/aws-crt-swift
Working copy of https://github.com/awslabs/aws-crt-swift resolved at 0.64.1
Creating working copy for https://github.com/smithy-lang/smithy-swift.git
Working copy of https://github.com/smithy-lang/smithy-swift.git resolved at 0.246.0
Creating working copy for https://github.com/apple/swift-metrics.git
Working copy of https://github.com/apple/swift-metrics.git resolved at 2.11.0
Creating working copy for https://github.com/edonv/JSONValue.git
Working copy of https://github.com/edonv/JSONValue.git resolved at 1.1.4
Creating working copy for https://github.com/apple/swift-http-structured-headers.git
Working copy of https://github.com/apple/swift-http-structured-headers.git resolved at 1.7.0
Creating working copy for https://github.com/apple/swift-atomics.git
Working copy of https://github.com/apple/swift-atomics.git resolved at 1.3.1
warning: you may be able to install libcrypto using your system-packager:
    apt-get install openssl libssl-dev
[0/18] Write sources
[0/18] Copying DefaultSwiftHeader.txt
[3/18] Write sources
[8/18] Write swift-version-24593BA9C3E375BF.txt
[10/31] Compiling ArgumentParserToolInfo ToolInfo.swift
<unknown>:0: warning: upcoming feature 'InferSendableFromCaptures' is already enabled as of Swift version 6
<unknown>:0: warning: upcoming feature 'GlobalActorIsolatedTypesUsability' is already enabled as of Swift version 6
<unknown>:0: warning: upcoming feature 'DisableOutwardActorInference' is already enabled as of Swift version 6
[11/31] Emitting module ArgumentParserToolInfo
<unknown>:0: warning: upcoming feature 'InferSendableFromCaptures' is already enabled as of Swift version 6
<unknown>:0: warning: upcoming feature 'GlobalActorIsolatedTypesUsability' is already enabled as of Swift version 6
<unknown>:0: warning: upcoming feature 'DisableOutwardActorInference' is already enabled as of Swift version 6
[12/32] Compiling Logging LoggingSystem.swift
<unknown>:0: warning: upcoming feature 'InferSendableFromCaptures' is already enabled as of Swift version 6
<unknown>:0: warning: upcoming feature 'GlobalActorIsolatedTypesUsability' is already enabled as of Swift version 6
<unknown>:0: warning: upcoming feature 'DisableOutwardActorInference' is already enabled as of Swift version 6
[13/32] Compiling Logging Logger.swift
<unknown>:0: warning: upcoming feature 'InferSendableFromCaptures' is already enabled as of Swift version 6
<unknown>:0: warning: upcoming feature 'GlobalActorIsolatedTypesUsability' is already enabled as of Swift version 6
<unknown>:0: warning: upcoming feature 'DisableOutwardActorInference' is already enabled as of Swift version 6
[14/32] Compiling Logging Logger+Attributes.swift
<unknown>:0: warning: upcoming feature 'InferSendableFromCaptures' is already enabled as of Swift version 6
<unknown>:0: warning: upcoming feature 'GlobalActorIsolatedTypesUsability' is already enabled as of Swift version 6
<unknown>:0: warning: upcoming feature 'DisableOutwardActorInference' is already enabled as of Swift version 6
[15/33] Compiling Logging Logger+With.swift
unable to find node: pound
unable to find node: pound
<unknown>:0: warning: upcoming feature 'InferSendableFromCaptures' is already enabled as of Swift version 6
<unknown>:0: warning: upcoming feature 'GlobalActorIsolatedTypesUsability' is already enabled as of Swift version 6
<unknown>:0: warning: upcoming feature 'DisableOutwardActorInference' is already enabled as of Swift version 6
[16/33] Wrapping AST for ArgumentParserToolInfo for debugging
[18/33] Compiling Logging LogEvent.swift
<unknown>:0: warning: upcoming feature 'InferSendableFromCaptures' is already enabled as of Swift version 6
<unknown>:0: warning: upcoming feature 'GlobalActorIsolatedTypesUsability' is already enabled as of Swift version 6
<unknown>:0: warning: upcoming feature 'DisableOutwardActorInference' is already enabled as of Swift version 6
[19/33] Compiling Logging LogHandler.swift
<unknown>:0: warning: upcoming feature 'InferSendableFromCaptures' is already enabled as of Swift version 6
<unknown>:0: warning: upcoming feature 'GlobalActorIsolatedTypesUsability' is already enabled as of Swift version 6
<unknown>:0: warning: upcoming feature 'DisableOutwardActorInference' is already enabled as of Swift version 6
[20/80] Compiling ArgumentParser Argument.swift
<unknown>:0: warning: upcoming feature 'InferSendableFromCaptures' is already enabled as of Swift version 6
<unknown>:0: warning: upcoming feature 'GlobalActorIsolatedTypesUsability' is already enabled as of Swift version 6
<unknown>:0: warning: upcoming feature 'DisableOutwardActorInference' is already enabled as of Swift version 6
[21/80] Compiling ArgumentParser ArgumentDiscussion.swift
<unknown>:0: warning: upcoming feature 'InferSendableFromCaptures' is already enabled as of Swift version 6
<unknown>:0: warning: upcoming feature 'GlobalActorIsolatedTypesUsability' is already enabled as of Swift version 6
<unknown>:0: warning: upcoming feature 'DisableOutwardActorInference' is already enabled as of Swift version 6
[22/80] Compiling Logging MetadataProvider.swift
<unknown>:0: warning: upcoming feature 'InferSendableFromCaptures' is already enabled as of Swift version 6
<unknown>:0: warning: upcoming feature 'GlobalActorIsolatedTypesUsability' is already enabled as of Swift version 6
<unknown>:0: warning: upcoming feature 'DisableOutwardActorInference' is already enabled as of Swift version 6
[23/80] Compiling ArgumentParser FishCompletionsGenerator.swift
<unknown>:0: warning: upcoming feature 'InferSendableFromCaptures' is already enabled as of Swift version 6
<unknown>:0: warning: upcoming feature 'GlobalActorIsolatedTypesUsability' is already enabled as of Swift version 6
<unknown>:0: warning: upcoming feature 'DisableOutwardActorInference' is already enabled as of Swift version 6
[24/80] Compiling ArgumentParser ZshCompletionsGenerator.swift
<unknown>:0: warning: upcoming feature 'InferSendableFromCaptures' is already enabled as of Swift version 6
<unknown>:0: warning: upcoming feature 'GlobalActorIsolatedTypesUsability' is already enabled as of Swift version 6
<unknown>:0: warning: upcoming feature 'DisableOutwardActorInference' is already enabled as of Swift version 6
[25/80] Emitting module Logging
unable to find node: pound
unable to find node: pound
<unknown>:0: warning: upcoming feature 'InferSendableFromCaptures' is already enabled as of Swift version 6
<unknown>:0: warning: upcoming feature 'GlobalActorIsolatedTypesUsability' is already enabled as of Swift version 6
<unknown>:0: warning: upcoming feature 'DisableOutwardActorInference' is already enabled as of Swift version 6
[26/81] Wrapping AST for Logging for debugging
[28/148] Compiling Smithy SwiftLog+LogAgent.swift
<unknown>:0: warning: upcoming feature 'InferSendableFromCaptures' is already enabled as of Swift version 6
<unknown>:0: warning: upcoming feature 'GlobalActorIsolatedTypesUsability' is already enabled as of Swift version 6
<unknown>:0: warning: upcoming feature 'DisableOutwardActorInference' is already enabled as of Swift version 6
[29/148] Compiling Smithy Node.swift
<unknown>:0: warning: upcoming feature 'InferSendableFromCaptures' is already enabled as of Swift version 6
<unknown>:0: warning: upcoming feature 'GlobalActorIsolatedTypesUsability' is already enabled as of Swift version 6
<unknown>:0: warning: upcoming feature 'DisableOutwardActorInference' is already enabled as of Swift version 6
[30/148] Compiling Smithy RequestMessage.swift
<unknown>:0: warning: upcoming feature 'InferSendableFromCaptures' is already enabled as of Swift version 6
<unknown>:0: warning: upcoming feature 'GlobalActorIsolatedTypesUsability' is already enabled as of Swift version 6
<unknown>:0: warning: upcoming feature 'DisableOutwardActorInference' is already enabled as of Swift version 6
[31/148] Compiling Smithy RequestMessageBuilder.swift
<unknown>:0: warning: upcoming feature 'InferSendableFromCaptures' is already enabled as of Swift version 6
<unknown>:0: warning: upcoming feature 'GlobalActorIsolatedTypesUsability' is already enabled as of Swift version 6
<unknown>:0: warning: upcoming feature 'DisableOutwardActorInference' is already enabled as of Swift version 6
[32/148] Compiling Smithy RequestMessageSerializer.swift
<unknown>:0: warning: upcoming feature 'InferSendableFromCaptures' is already enabled as of Swift version 6
<unknown>:0: warning: upcoming feature 'GlobalActorIsolatedTypesUsability' is already enabled as of Swift version 6
<unknown>:0: warning: upcoming feature 'DisableOutwardActorInference' is already enabled as of Swift version 6
[33/148] Compiling Smithy ResponseMessage.swift
<unknown>:0: warning: upcoming feature 'InferSendableFromCaptures' is already enabled as of Swift version 6
<unknown>:0: warning: upcoming feature 'GlobalActorIsolatedTypesUsability' is already enabled as of Swift version 6
<unknown>:0: warning: upcoming feature 'DisableOutwardActorInference' is already enabled as of Swift version 6
[34/148] Emitting module ArgumentParser
<unknown>:0: warning: upcoming feature 'InferSendableFromCaptures' is already enabled as of Swift version 6
<unknown>:0: warning: upcoming feature 'GlobalActorIsolatedTypesUsability' is already enabled as of Swift version 6
<unknown>:0: warning: upcoming feature 'DisableOutwardActorInference' is already enabled as of Swift version 6
[35/148] Compiling Smithy TimestampFormat.swift
<unknown>:0: warning: upcoming feature 'InferSendableFromCaptures' is already enabled as of Swift version 6
<unknown>:0: warning: upcoming feature 'GlobalActorIsolatedTypesUsability' is already enabled as of Swift version 6
<unknown>:0: warning: upcoming feature 'DisableOutwardActorInference' is already enabled as of Swift version 6
[36/148] Compiling Smithy Trait.swift
<unknown>:0: warning: upcoming feature 'InferSendableFromCaptures' is already enabled as of Swift version 6
<unknown>:0: warning: upcoming feature 'GlobalActorIsolatedTypesUsability' is already enabled as of Swift version 6
<unknown>:0: warning: upcoming feature 'DisableOutwardActorInference' is already enabled as of Swift version 6
[37/148] Compiling Smithy TimestampDocument.swift
<unknown>:0: warning: upcoming feature 'InferSendableFromCaptures' is already enabled as of Swift version 6
<unknown>:0: warning: upcoming feature 'GlobalActorIsolatedTypesUsability' is already enabled as of Swift version 6
<unknown>:0: warning: upcoming feature 'DisableOutwardActorInference' is already enabled as of Swift version 6
[38/148] Compiling Smithy SmithyDocument.swift
<unknown>:0: warning: upcoming feature 'InferSendableFromCaptures' is already enabled as of Swift version 6
<unknown>:0: warning: upcoming feature 'GlobalActorIsolatedTypesUsability' is already enabled as of Swift version 6
<unknown>:0: warning: upcoming feature 'DisableOutwardActorInference' is already enabled as of Swift version 6
[39/148] Compiling Smithy LogAgent.swift
<unknown>:0: warning: upcoming feature 'InferSendableFromCaptures' is already enabled as of Swift version 6
<unknown>:0: warning: upcoming feature 'GlobalActorIsolatedTypesUsability' is already enabled as of Swift version 6
<unknown>:0: warning: upcoming feature 'DisableOutwardActorInference' is already enabled as of Swift version 6
[40/148] Compiling Smithy LogAgentLevel.swift
<unknown>:0: warning: upcoming feature 'InferSendableFromCaptures' is already enabled as of Swift version 6
<unknown>:0: warning: upcoming feature 'GlobalActorIsolatedTypesUsability' is already enabled as of Swift version 6
<unknown>:0: warning: upcoming feature 'DisableOutwardActorInference' is already enabled as of Swift version 6
[41/148] Compiling Smithy NullDocument.swift
<unknown>:0: warning: upcoming feature 'InferSendableFromCaptures' is already enabled as of Swift version 6
<unknown>:0: warning: upcoming feature 'GlobalActorIsolatedTypesUsability' is already enabled as of Swift version 6
<unknown>:0: warning: upcoming feature 'DisableOutwardActorInference' is already enabled as of Swift version 6
[42/148] Compiling Smithy ShortDocument.swift
<unknown>:0: warning: upcoming feature 'InferSendableFromCaptures' is already enabled as of Swift version 6
<unknown>:0: warning: upcoming feature 'GlobalActorIsolatedTypesUsability' is already enabled as of Swift version 6
<unknown>:0: warning: upcoming feature 'DisableOutwardActorInference' is already enabled as of Swift version 6
[43/148] Compiling Smithy StringDocument.swift
<unknown>:0: warning: upcoming feature 'InferSendableFromCaptures' is already enabled as of Swift version 6
<unknown>:0: warning: upcoming feature 'GlobalActorIsolatedTypesUsability' is already enabled as of Swift version 6
<unknown>:0: warning: upcoming feature 'DisableOutwardActorInference' is already enabled as of Swift version 6
[44/148] Compiling Smithy StringMapDocument.swift
<unknown>:0: warning: upcoming feature 'InferSendableFromCaptures' is already enabled as of Swift version 6
<unknown>:0: warning: upcoming feature 'GlobalActorIsolatedTypesUsability' is already enabled as of Swift version 6
<unknown>:0: warning: upcoming feature 'DisableOutwardActorInference' is already enabled as of Swift version 6
[45/148] Compiling Smithy Attribute.swift
<unknown>:0: warning: upcoming feature 'InferSendableFromCaptures' is already enabled as of Swift version 6
<unknown>:0: warning: upcoming feature 'GlobalActorIsolatedTypesUsability' is already enabled as of Swift version 6
<unknown>:0: warning: upcoming feature 'DisableOutwardActorInference' is already enabled as of Swift version 6
[46/148] Compiling Smithy ByteStream.swift
<unknown>:0: warning: upcoming feature 'InferSendableFromCaptures' is already enabled as of Swift version 6
<unknown>:0: warning: upcoming feature 'GlobalActorIsolatedTypesUsability' is already enabled as of Swift version 6
<unknown>:0: warning: upcoming feature 'DisableOutwardActorInference' is already enabled as of Swift version 6
[47/148] Compiling Smithy ClientError.swift
<unknown>:0: warning: upcoming feature 'InferSendableFromCaptures' is already enabled as of Swift version 6
<unknown>:0: warning: upcoming feature 'GlobalActorIsolatedTypesUsability' is already enabled as of Swift version 6
<unknown>:0: warning: upcoming feature 'DisableOutwardActorInference' is already enabled as of Swift version 6
[48/154] Compiling Smithy ResponseMessageDeserializer.swift
<unknown>:0: warning: upcoming feature 'InferSendableFromCaptures' is already enabled as of Swift version 6
<unknown>:0: warning: upcoming feature 'GlobalActorIsolatedTypesUsability' is already enabled as of Swift version 6
<unknown>:0: warning: upcoming feature 'DisableOutwardActorInference' is already enabled as of Swift version 6
[49/154] Compiling Smithy Prelude.swift
<unknown>:0: warning: upcoming feature 'InferSendableFromCaptures' is already enabled as of Swift version 6
<unknown>:0: warning: upcoming feature 'GlobalActorIsolatedTypesUsability' is already enabled as of Swift version 6
<unknown>:0: warning: upcoming feature 'DisableOutwardActorInference' is already enabled as of Swift version 6
[50/154] Compiling Smithy Schema.swift
<unknown>:0: warning: upcoming feature 'InferSendableFromCaptures' is already enabled as of Swift version 6
<unknown>:0: warning: upcoming feature 'GlobalActorIsolatedTypesUsability' is already enabled as of Swift version 6
<unknown>:0: warning: upcoming feature 'DisableOutwardActorInference' is already enabled as of Swift version 6
[51/154] Compiling Smithy SchemaExtension.swift
<unknown>:0: warning: upcoming feature 'InferSendableFromCaptures' is already enabled as of Swift version 6
<unknown>:0: warning: upcoming feature 'GlobalActorIsolatedTypesUsability' is already enabled as of Swift version 6
<unknown>:0: warning: upcoming feature 'DisableOutwardActorInference' is already enabled as of Swift version 6
[52/154] Compiling Smithy ShapeID.swift
<unknown>:0: warning: upcoming feature 'InferSendableFromCaptures' is already enabled as of Swift version 6
<unknown>:0: warning: upcoming feature 'GlobalActorIsolatedTypesUsability' is already enabled as of Swift version 6
<unknown>:0: warning: upcoming feature 'DisableOutwardActorInference' is already enabled as of Swift version 6
[53/154] Compiling Smithy ShapeType.swift
<unknown>:0: warning: upcoming feature 'InferSendableFromCaptures' is already enabled as of Swift version 6
<unknown>:0: warning: upcoming feature 'GlobalActorIsolatedTypesUsability' is already enabled as of Swift version 6
<unknown>:0: warning: upcoming feature 'DisableOutwardActorInference' is already enabled as of Swift version 6
[54/154] Compiling Smithy Stream.swift
<unknown>:0: warning: upcoming feature 'InferSendableFromCaptures' is already enabled as of Swift version 6
<unknown>:0: warning: upcoming feature 'GlobalActorIsolatedTypesUsability' is already enabled as of Swift version 6
<unknown>:0: warning: upcoming feature 'DisableOutwardActorInference' is already enabled as of Swift version 6
[55/154] Compiling ArgumentParser NonsenseFlagsValidator.swift
[56/154] Compiling ArgumentParser ParsableArgumentsValidation.swift
[57/154] Compiling ArgumentParser PositionalArgumentsValidator.swift
[58/154] Compiling ArgumentParser UniqueNamesValidator.swift
[59/154] Compiling Smithy SensitiveTrait.swift
[60/154] Compiling Smithy ServiceTrait.swift
[61/154] Compiling Smithy SparseTrait.swift
[62/154] Compiling Smithy StreamingTrait.swift
[63/154] Compiling Smithy TargetsUnitTrait.swift
[64/163] Emitting module Smithy
[65/163] Compiling Smithy Document.swift
<unknown>:0: warning: upcoming feature 'InferSendableFromCaptures' is already enabled as of Swift version 6
<unknown>:0: warning: upcoming feature 'GlobalActorIsolatedTypesUsability' is already enabled as of Swift version 6
<unknown>:0: warning: upcoming feature 'DisableOutwardActorInference' is already enabled as of Swift version 6
[66/163] Compiling Smithy DoubleDocument.swift
<unknown>:0: warning: upcoming feature 'InferSendableFromCaptures' is already enabled as of Swift version 6
<unknown>:0: warning: upcoming feature 'GlobalActorIsolatedTypesUsability' is already enabled as of Swift version 6
<unknown>:0: warning: upcoming feature 'DisableOutwardActorInference' is already enabled as of Swift version 6
[67/163] Compiling Smithy FloatDocument.swift
<unknown>:0: warning: upcoming feature 'InferSendableFromCaptures' is already enabled as of Swift version 6
<unknown>:0: warning: upcoming feature 'GlobalActorIsolatedTypesUsability' is already enabled as of Swift version 6
<unknown>:0: warning: upcoming feature 'DisableOutwardActorInference' is already enabled as of Swift version 6
[68/163] Compiling Smithy IntegerDocument.swift
<unknown>:0: warning: upcoming feature 'InferSendableFromCaptures' is already enabled as of Swift version 6
<unknown>:0: warning: upcoming feature 'GlobalActorIsolatedTypesUsability' is already enabled as of Swift version 6
<unknown>:0: warning: upcoming feature 'DisableOutwardActorInference' is already enabled as of Swift version 6
[69/163] Compiling Smithy ListDocument.swift
<unknown>:0: warning: upcoming feature 'InferSendableFromCaptures' is already enabled as of Swift version 6
<unknown>:0: warning: upcoming feature 'GlobalActorIsolatedTypesUsability' is already enabled as of Swift version 6
<unknown>:0: warning: upcoming feature 'DisableOutwardActorInference' is already enabled as of Swift version 6
[70/163] Compiling Smithy LongDocument.swift
<unknown>:0: warning: upcoming feature 'InferSendableFromCaptures' is already enabled as of Swift version 6
<unknown>:0: warning: upcoming feature 'GlobalActorIsolatedTypesUsability' is already enabled as of Swift version 6
<unknown>:0: warning: upcoming feature 'DisableOutwardActorInference' is already enabled as of Swift version 6
[71/163] Compiling Smithy Context.swift
<unknown>:0: warning: upcoming feature 'InferSendableFromCaptures' is already enabled as of Swift version 6
<unknown>:0: warning: upcoming feature 'GlobalActorIsolatedTypesUsability' is already enabled as of Swift version 6
<unknown>:0: warning: upcoming feature 'DisableOutwardActorInference' is already enabled as of Swift version 6
[72/163] Compiling Smithy DocumentError.swift
<unknown>:0: warning: upcoming feature 'InferSendableFromCaptures' is already enabled as of Swift version 6
<unknown>:0: warning: upcoming feature 'GlobalActorIsolatedTypesUsability' is already enabled as of Swift version 6
<unknown>:0: warning: upcoming feature 'DisableOutwardActorInference' is already enabled as of Swift version 6
[73/163] Compiling Smithy BigDecimalDocument.swift
<unknown>:0: warning: upcoming feature 'InferSendableFromCaptures' is already enabled as of Swift version 6
<unknown>:0: warning: upcoming feature 'GlobalActorIsolatedTypesUsability' is already enabled as of Swift version 6
<unknown>:0: warning: upcoming feature 'DisableOutwardActorInference' is already enabled as of Swift version 6
[74/163] Compiling Smithy BigIntegerDocument.swift
<unknown>:0: warning: upcoming feature 'InferSendableFromCaptures' is already enabled as of Swift version 6
<unknown>:0: warning: upcoming feature 'GlobalActorIsolatedTypesUsability' is already enabled as of Swift version 6
<unknown>:0: warning: upcoming feature 'DisableOutwardActorInference' is already enabled as of Swift version 6
[75/163] Compiling Smithy BlobDocument.swift
<unknown>:0: warning: upcoming feature 'InferSendableFromCaptures' is already enabled as of Swift version 6
<unknown>:0: warning: upcoming feature 'GlobalActorIsolatedTypesUsability' is already enabled as of Swift version 6
<unknown>:0: warning: upcoming feature 'DisableOutwardActorInference' is already enabled as of Swift version 6
[76/163] Compiling Smithy BooleanDocument.swift
<unknown>:0: warning: upcoming feature 'InferSendableFromCaptures' is already enabled as of Swift version 6
<unknown>:0: warning: upcoming feature 'GlobalActorIsolatedTypesUsability' is already enabled as of Swift version 6
<unknown>:0: warning: upcoming feature 'DisableOutwardActorInference' is already enabled as of Swift version 6
[77/163] Compiling Smithy ByteDocument.swift
<unknown>:0: warning: upcoming feature 'InferSendableFromCaptures' is already enabled as of Swift version 6
<unknown>:0: warning: upcoming feature 'GlobalActorIsolatedTypesUsability' is already enabled as of Swift version 6
<unknown>:0: warning: upcoming feature 'DisableOutwardActorInference' is already enabled as of Swift version 6
[78/163] Compiling Smithy TraitCollection.swift
[79/163] Compiling Smithy TraitError.swift
[80/163] Compiling Smithy AWSQueryCompatibleTrait.swift
[81/163] Compiling Smithy AWSQueryErrorTrait.swift
[82/163] Compiling Smithy AddedDefaultTrait.swift
[83/163] Compiling Smithy AllRuntimeTraits.swift
[84/163] Compiling Smithy ClientOptionalTrait.swift
[85/163] Compiling Smithy DefaultTrait.swift
[86/163] Compiling Smithy EnumValueTrait.swift
[87/163] Compiling Smithy ErrorTrait.swift
[88/163] Compiling Smithy EventHeaderTrait.swift
[89/163] Compiling Smithy EventPayloadTrait.swift
[90/163] Compiling Smithy HTTPHeaderTrait.swift
[91/163] Compiling Smithy HTTPLabelTrait.swift
[92/163] Compiling Smithy HTTPPayloadTrait.swift
[93/163] Compiling Smithy HTTPQueryParamsTrait.swift
[94/163] Compiling ArgumentParser AsyncCompletionsValidator.swift
[95/163] Compiling ArgumentParser CodingKeyValidator.swift
[106/163] Compiling Smithy TimestampFormatTrait.swift
[107/163] Compiling Smithy UnitTypeTrait.swift
[108/163] Compiling Smithy URI.swift
[109/163] Compiling Smithy URIQueryItem.swift
[110/163] Compiling Smithy URIScheme.swift
[111/163] Compiling Smithy UniqueIndexCounter.swift
[112/163] Compiling Smithy UniquelyIndexedByType.swift
[113/163] Compiling Smithy UniquelyIndexedCollection.swift
[114/163] Compiling Smithy UniquelyIndexedMutableCollection.swift
<unknown>:0: warning: upcoming feature 'InferSendableFromCaptures' is already enabled as of Swift version 6
<unknown>:0: warning: upcoming feature 'GlobalActorIsolatedTypesUsability' is already enabled as of Swift version 6
<unknown>:0: warning: upcoming feature 'DisableOutwardActorInference' is already enabled as of Swift version 6
<unknown>:0: warning: upcoming feature 'InferSendableFromCaptures' is already enabled as of Swift version 6
<unknown>:0: warning: upcoming feature 'GlobalActorIsolatedTypesUsability' is already enabled as of Swift version 6
<unknown>:0: warning: upcoming feature 'DisableOutwardActorInference' is already enabled as of Swift version 6
<unknown>:0: warning: upcoming feature 'InferSendableFromCaptures' is already enabled as of Swift version 6
<unknown>:0: warning: upcoming feature 'GlobalActorIsolatedTypesUsability' is already enabled as of Swift version 6
<unknown>:0: warning: upcoming feature 'DisableOutwardActorInference' is already enabled as of Swift version 6
<unknown>:0: warning: upcoming feature 'InferSendableFromCaptures' is already enabled as of Swift version 6
<unknown>:0: warning: upcoming feature 'GlobalActorIsolatedTypesUsability' is already enabled as of Swift version 6
<unknown>:0: warning: upcoming feature 'DisableOutwardActorInference' is already enabled as of Swift version 6
<unknown>:0: warning: upcoming feature 'InferSendableFromCaptures' is already enabled as of Swift version 6
<unknown>:0: warning: upcoming feature 'GlobalActorIsolatedTypesUsability' is already enabled as of Swift version 6
<unknown>:0: warning: upcoming feature 'DisableOutwardActorInference' is already enabled as of Swift version 6
<unknown>:0: warning: upcoming feature 'InferSendableFromCaptures' is already enabled as of Swift version 6
<unknown>:0: warning: upcoming feature 'GlobalActorIsolatedTypesUsability' is already enabled as of Swift version 6
<unknown>:0: warning: upcoming feature 'DisableOutwardActorInference' is already enabled as of Swift version 6
<unknown>:0: warning: upcoming feature 'InferSendableFromCaptures' is already enabled as of Swift version 6
<unknown>:0: warning: upcoming feature 'GlobalActorIsolatedTypesUsability' is already enabled as of Swift version 6
<unknown>:0: warning: upcoming feature 'DisableOutwardActorInference' is already enabled as of Swift version 6
<unknown>:0: warning: upcoming feature 'InferSendableFromCaptures' is already enabled as of Swift version 6
<unknown>:0: warning: upcoming feature 'GlobalActorIsolatedTypesUsability' is already enabled as of Swift version 6
<unknown>:0: warning: upcoming feature 'DisableOutwardActorInference' is already enabled as of Swift version 6
<unknown>:0: warning: upcoming feature 'InferSendableFromCaptures' is already enabled as of Swift version 6
<unknown>:0: warning: upcoming feature 'GlobalActorIsolatedTypesUsability' is already enabled as of Swift version 6
<unknown>:0: warning: upcoming feature 'DisableOutwardActorInference' is already enabled as of Swift version 6
<unknown>:0: warning: upcoming feature 'InferSendableFromCaptures' is already enabled as of Swift version 6
<unknown>:0: warning: upcoming feature 'GlobalActorIsolatedTypesUsability' is already enabled as of Swift version 6
<unknown>:0: warning: upcoming feature 'DisableOutwardActorInference' is already enabled as of Swift version 6
<unknown>:0: warning: upcoming feature 'InferSendableFromCaptures' is already enabled as of Swift version 6
<unknown>:0: warning: upcoming feature 'GlobalActorIsolatedTypesUsability' is already enabled as of Swift version 6
<unknown>:0: warning: upcoming feature 'DisableOutwardActorInference' is already enabled as of Swift version 6
<unknown>:0: warning: upcoming feature 'InferSendableFromCaptures' is already enabled as of Swift version 6
<unknown>:0: warning: upcoming feature 'GlobalActorIsolatedTypesUsability' is already enabled as of Swift version 6
<unknown>:0: warning: upcoming feature 'DisableOutwardActorInference' is already enabled as of Swift version 6
<unknown>:0: warning: upcoming feature 'InferSendableFromCaptures' is already enabled as of Swift version 6
<unknown>:0: warning: upcoming feature 'GlobalActorIsolatedTypesUsability' is already enabled as of Swift version 6
<unknown>:0: warning: upcoming feature 'DisableOutwardActorInference' is already enabled as of Swift version 6
[158/165] Wrapping AST for Smithy for debugging
[159/165] Wrapping AST for ArgumentParser for debugging
[161/186] Compiling SmithySerialization ClientProtocol.swift
[162/186] Compiling SmithySerialization Operation.swift
[163/186] Compiling SmithySerialization OperationProperties.swift
[164/188] Emitting module SmithySerialization
[165/188] Compiling SmithySerialization ShapeDeserializer.swift
[166/188] Compiling SmithySerialization ResponseDecodingError.swift
[167/188] Compiling SmithySerialization SerdeUtils.swift
[168/188] Compiling SmithySerialization DeserializableShape.swift
[169/188] Compiling SmithySerialization DeserializableStruct.swift
[170/188] Compiling SmithySerialization ReadValueConsumer.swift
[171/188] Compiling SmithySerialization SerializableShape.swift
[172/188] Compiling SmithySerialization SerializableStruct.swift
[173/188] Compiling SmithySerialization ShapeSerializer.swift
[174/188] Compiling SmithySerialization Codec.swift
[175/188] Compiling SmithySerialization Context+Operation.swift
[176/188] Compiling SmithySerialization DecodedNull.swift
[177/188] Compiling SmithySerialization WriteValueConsumer.swift
[178/188] Compiling SmithySerialization SerializerError.swift
[179/188] Compiling SmithySerialization InterceptingSerializer.swift
[180/188] Compiling SmithySerialization NoOpByDefaultShapeSerializer.swift
[181/188] Compiling SmithySerialization NoOpSerializer.swift
[182/188] Compiling SmithySerialization StringSerializer.swift
[183/188] Compiling SmithySerialization TypeRegistry.swift
[184/189] Wrapping AST for SmithySerialization for debugging
[186/244] Emitting module SmithyCodegenCore
[187/251] Compiling SmithyCodegenCore EnumShape.swift
[188/251] Compiling SmithyCodegenCore HasMembers.swift
[189/251] Compiling SmithyCodegenCore IntEnumShape.swift
[190/251] Compiling SmithyCodegenCore IntegerShape.swift
[191/251] Compiling SmithyCodegenCore ListShape.swift
[192/251] Compiling SmithyCodegenCore MapShape.swift
[193/251] Compiling SmithyCodegenCore MemberShape.swift
[194/251] Compiling SmithyCodegenCore OperationShape.swift
[195/251] Compiling SmithyCodegenCore ASTError.swift
[196/251] Compiling SmithyCodegenCore ASTMember.swift
[197/251] Compiling SmithyCodegenCore ASTModel.swift
[198/251] Compiling SmithyCodegenCore ASTReference.swift
[199/251] Compiling SmithyCodegenCore ASTShape.swift
[200/251] Compiling SmithyCodegenCore ASTType.swift
[201/251] Compiling SmithyCodegenCore Node+AST.swift
[202/251] Compiling SmithyCodegenCore CodeGenerator.swift
[203/251] Compiling SmithyCodegenCore ShapeID+AST.swift
[204/251] Compiling SmithyCodegenCore ShapeType+AST.swift
[205/251] Compiling SmithyCodegenCore Model+Box.swift
[206/251] Compiling SmithyCodegenCore Model+Deprecated.swift
[207/251] Compiling SmithyCodegenCore Model+InputOutput.swift
[208/251] Compiling SmithyCodegenCore Model+Operations.swift
[209/251] Compiling SmithyCodegenCore Model+PruneToService.swift
[210/251] Compiling SmithyCodegenCore Model+TrimReferences.swift
[211/251] Compiling SmithyCodegenCore CodegenError.swift
[212/251] Compiling SmithyCodegenCore DeserializeCodegen.swift
[213/251] Compiling SmithyCodegenCore Shape+DeserializeMethodName.swift
[214/251] Compiling SmithyCodegenCore GenerationContext.swift
[215/251] Compiling SmithyCodegenCore HasShapeID.swift
[216/251] Compiling SmithyCodegenCore Model+AST.swift
[217/251] Compiling SmithyCodegenCore Model.swift
[218/251] Compiling SmithyCodegenCore ModelError.swift
[219/251] Compiling SmithyCodegenCore AllCodegenTraits.swift
[220/251] Compiling SmithyCodegenCore DeprecatedTrait.swift
[221/251] Compiling SmithyCodegenCore EnumTrait.swift
[222/251] Compiling SmithyCodegenCore UsedAsInputTrait.swift
[223/251] Compiling SmithyCodegenCore UsedAsOutputTrait.swift
[224/251] Compiling SmithyCodegenCore TypeRegistryCodegen.swift
[225/251] Compiling SmithyCodegenCore resource_bundle_accessor.swift
[226/251] Compiling SmithyCodegenCore Node+Rendered.swift
[227/251] Compiling SmithyCodegenCore String+Utils.swift
[228/251] Compiling SmithyCodegenCore SwiftWriter.swift
[229/251] Compiling SmithyCodegenCore SwiftSettings.swift
[230/251] Compiling SmithyCodegenCore String+ReservedWords.swift
[231/251] Compiling SmithyCodegenCore SymbolProvider.swift
[232/251] Compiling SmithyCodegenCore SymbolProviderError.swift
[233/251] Compiling SmithyCodegenCore ResourceShape.swift
[234/251] Compiling SmithyCodegenCore ServiceShape.swift
[235/251] Compiling SmithyCodegenCore Shape+Prelude.swift
[236/251] Compiling SmithyCodegenCore Shape.swift
[237/251] Compiling SmithyCodegenCore StringShape.swift
[238/251] Compiling SmithyCodegenCore StructureShape.swift
[239/251] Compiling SmithyCodegenCore UnionShape.swift
[240/251] Compiling SmithyCodegenCore Model+Union.swift
[241/251] Compiling SmithyCodegenCore NullableIndex.swift
[242/251] Compiling SmithyCodegenCore OperationsCodegen.swift
[243/251] Compiling SmithyCodegenCore SchemasCodegen.swift
[244/251] Compiling SmithyCodegenCore Shape+Schema.swift
[245/251] Compiling SmithyCodegenCore SerializeCodegen.swift
[246/251] Compiling SmithyCodegenCore Shape+SerializeMethodName.swift
[247/251] Compiling SmithyCodegenCore DocumentShape.swift
[248/252] Wrapping AST for SmithyCodegenCore for debugging
[250/254] Emitting module SmithyCodegenCLI
[251/254] Compiling SmithyCodegenCLI SmithyCodegenCLI.swift
[252/255] Wrapping AST for SmithyCodegenCLI for debugging
[253/255] Write Objects.LinkFileList
[254/255] Linking SmithyCodegenCLI-tool
warning: you may be able to install libcrypto using your system-packager:
    apt-get install openssl libssl-dev
[1/1] Compiling plugin SmithyCodeGeneratorPlugin
[2/2] Compiling plugin GenerateManual
[3/3] Compiling plugin GenerateDoccReference
Building for debugging...
In file included from /host/spi-builder-workspace/.build/checkouts/aws-crt-swift/aws-common-runtime/aws-c-auth/source/credentials_provider_environment.c:6:
In file included from /host/spi-builder-workspace/.build/checkouts/aws-crt-swift/aws-common-runtime/aws-c-auth/include/aws/auth/credentials.h:9:
In file included from /host/spi-builder-workspace/.build/checkouts/aws-crt-swift/aws-common-runtime/aws-c-auth/include/aws/auth/auth.h:11:
In file included from /host/spi-builder-workspace/.build/checkouts/aws-crt-swift/aws-common-runtime/aws-c-io/include/aws/io/logging.h:11:
In file included from /host/spi-builder-workspace/.build/checkouts/aws-crt-swift/aws-common-runtime/aws-c-common/include/aws/common/logging.h:11:
/host/spi-builder-workspace/.build/checkouts/aws-crt-swift/aws-common-runtime/aws-c-common/include/aws/common/thread.h:12:14: fatal error: 'pthread.h' file not found
   12 | #    include <pthread.h>
      |              ^~~~~~~~~~~
1 error generated.
[3/1509] Compiling credentials_provider_environment.c
[3/1509] Compiling credentials_provider_delegate.c
In file included from /host/spi-builder-workspace/.build/checkouts/aws-crt-swift/aws-common-runtime/aws-c-auth/source/credentials_provider_ecs.c:7:
In file included from /host/spi-builder-workspace/.build/checkouts/aws-crt-swift/aws-common-runtime/aws-c-auth/include/aws/auth/credentials.h:9:
In file included from /host/spi-builder-workspace/.build/checkouts/aws-crt-swift/aws-common-runtime/aws-c-auth/include/aws/auth/auth.h:11:
In file included from /host/spi-builder-workspace/.build/checkouts/aws-crt-swift/aws-common-runtime/aws-c-io/include/aws/io/logging.h:11:
In file included from /host/spi-builder-workspace/.build/checkouts/aws-crt-swift/aws-common-runtime/aws-c-common/include/aws/common/logging.h:11:
/host/spi-builder-workspace/.build/checkouts/aws-crt-swift/aws-common-runtime/aws-c-common/include/aws/common/thread.h:12:14: fatal error: 'pthread.h' file not found
   12 | #    include <pthread.h>
      |              ^~~~~~~~~~~
[3/1509] Compiling credentials_provider_ecs.c
In file included from /host/spi-builder-workspace/.build/checkouts/aws-crt-swift/aws-common-runtime/aws-c-auth/source/aws_imds_client.c:6:
In file included from /host/spi-builder-workspace/.build/checkouts/aws-crt-swift/aws-common-runtime/aws-c-auth/include/aws/auth/aws_imds_client.h:8:
In file included from /host/spi-builder-workspace/.build/checkouts/aws-crt-swift/aws-common-runtime/aws-c-auth/include/aws/auth/auth.h:11:
In file included from /host/spi-builder-workspace/.build/checkouts/aws-crt-swift/aws-common-runtime/aws-c-io/include/aws/io/logging.h:11:
In file included from /host/spi-builder-workspace/.build/checkouts/aws-crt-swift/aws-common-runtime/aws-c-common/include/aws/common/logging.h:11:
/host/spi-builder-workspace/.build/checkouts/aws-crt-swift/aws-common-runtime/aws-c-common/include/aws/common/thread.h:12:14: fatal error: 'pthread.h' file not found
   12 | #    include <pthread.h>
      |              ^~~~~~~~~~~
[3/1509] Compiling aws_imds_client.c
In file included from /host/spi-builder-workspace/.build/checkouts/aws-crt-swift/aws-common-runtime/aws-c-common/source/thread_scheduler.c:6:
/host/spi-builder-workspace/.build/checkouts/aws-crt-swift/aws-common-runtime/aws-c-common/include/aws/common/condition_variable.h:11:14: fatal error: 'pthread.h' file not found
   11 | #    include <pthread.h>
      |              ^~~~~~~~~~~
[3/1509] Compiling thread_scheduler.c
[3/1509] Compiling key_derivation.c
In file included from /host/spi-builder-workspace/.build/checkouts/aws-crt-swift/aws-common-runtime/aws-c-auth/source/aws_profile.c:6:
In file included from /host/spi-builder-workspace/.build/checkouts/aws-crt-swift/aws-common-runtime/aws-c-auth/include/aws/auth/private/aws_profile.h:9:
In file included from /host/spi-builder-workspace/.build/checkouts/aws-crt-swift/aws-common-runtime/aws-c-auth/include/aws/auth/auth.h:11:
In file included from /host/spi-builder-workspace/.build/checkouts/aws-crt-swift/aws-common-runtime/aws-c-io/include/aws/io/logging.h:11:
In file included from /host/spi-builder-workspace/.build/checkouts/aws-crt-swift/aws-common-runtime/aws-c-common/include/aws/common/logging.h:11:
/host/spi-builder-workspace/.build/checkouts/aws-crt-swift/aws-common-runtime/aws-c-common/include/aws/common/thread.h:12:14: fatal error: 'pthread.h' file not found
   12 | #    include <pthread.h>
      |              ^~~~~~~~~~~
[3/1509] Compiling credentials_provider_default_chain.c
[3/1509] Compiling aws_profile.c
Running build ...
bash -c docker run --pull=always --rm -v "checkouts-54344847-1":/host -w "$PWD" -e JAVA_HOME="/root/.sdkman/candidates/java/current" -e SPI_BUILD="1" -e SPI_PROCESSING="1" registry.gitlab.com/saguaro1/spi-images:wasm-6.1-latest swift build --swift-sdk wasm32-unknown-wasi 2>&1
wasm-6.1-latest: Pulling from saguaro1/spi-images
Digest: sha256:290f441d1f5b7bf0dbbe61e8b7514208804cdcb507d57b3c762463ad036298f7
Status: Image is up to date for registry.gitlab.com/saguaro1/spi-images:wasm-6.1-latest
warning: you may be able to install libcrypto using your system-packager:
    apt-get install openssl libssl-dev
[0/10] Write swift-version-24593BA9C3E375BF.txt
[2/23] Compiling Logging LoggingSystem.swift
[3/24] Compiling Logging MetadataProvider.swift
[4/24] Compiling Logging LogEvent.swift
[5/24] Compiling Logging LogHandler.swift
[6/24] Compiling Logging Logger+Attributes.swift
[7/24] Compiling Logging SwiftLogNoOpLogHandler.swift
[8/24] Compiling Logging Locks.swift
[9/24] Compiling Logging Logger+With.swift
unable to find node: pound
unable to find node: pound
[10/24] Compiling Logging Logger.swift
[11/24] Compiling Logging MultiplexLogHandler.swift
[12/24] Compiling Logging StreamLogHandler.swift
[13/24] Emitting module Logging
unable to find node: pound
unable to find node: pound
[15/91] Emitting module ArgumentParserToolInfo
[16/91] Compiling ArgumentParserToolInfo ToolInfo.swift
[18/91] Compiling Smithy ResponseMessageDeserializer.swift
[19/91] Compiling Smithy Prelude.swift
[20/91] Compiling Smithy Schema.swift
[21/91] Compiling Smithy SchemaExtension.swift
[22/91] Compiling Smithy ShapeID.swift
[23/91] Compiling Smithy ShapeType.swift
[24/91] Compiling Smithy Stream.swift
[25/91] Compiling Smithy TimestampFormat.swift
[26/91] Compiling Smithy Trait.swift
[27/91] Compiling Smithy Document.swift
[28/91] Compiling Smithy DoubleDocument.swift
[29/91] Compiling Smithy FloatDocument.swift
[30/91] Compiling Smithy IntegerDocument.swift
[31/91] Compiling Smithy ListDocument.swift
[32/91] Compiling Smithy LongDocument.swift
[33/91] Compiling Smithy NullDocument.swift
[34/91] Compiling Smithy ShortDocument.swift
[35/91] Compiling Smithy StringDocument.swift
[36/91] Compiling Smithy StringMapDocument.swift
[37/100] Compiling Smithy Attribute.swift
[38/100] Compiling Smithy ByteStream.swift
[39/100] Compiling Smithy ClientError.swift
[40/100] Compiling Smithy Context.swift
[41/100] Compiling Smithy DocumentError.swift
[42/100] Compiling Smithy BigDecimalDocument.swift
[43/100] Compiling Smithy BigIntegerDocument.swift
[44/100] Compiling Smithy BlobDocument.swift
[45/100] Compiling Smithy BooleanDocument.swift
[46/100] Compiling Smithy ByteDocument.swift
[47/100] Compiling Smithy TraitCollection.swift
[48/100] Compiling Smithy TraitError.swift
[49/100] Compiling Smithy AWSQueryCompatibleTrait.swift
[50/100] Compiling Smithy AWSQueryErrorTrait.swift
[51/100] Compiling Smithy AddedDefaultTrait.swift
[52/100] Compiling Smithy AllRuntimeTraits.swift
[53/100] Compiling Smithy ClientOptionalTrait.swift
[54/100] Compiling Smithy DefaultTrait.swift
[55/100] Compiling Smithy EnumValueTrait.swift
[56/100] Compiling Smithy ErrorTrait.swift
[57/100] Compiling Smithy EventHeaderTrait.swift
[58/100] Compiling Smithy EventPayloadTrait.swift
[59/100] Compiling Smithy HTTPHeaderTrait.swift
[60/100] Compiling Smithy HTTPLabelTrait.swift
[61/100] Compiling Smithy HTTPPayloadTrait.swift
[62/100] Compiling Smithy HTTPQueryParamsTrait.swift
[63/100] Compiling Smithy HTTPQueryTrait.swift
[64/100] Compiling Smithy HTTPTrait.swift
[65/100] Compiling Smithy TimestampDocument.swift
[66/100] Compiling Smithy SmithyDocument.swift
[67/100] Compiling Smithy LogAgent.swift
[68/100] Compiling Smithy LogAgentLevel.swift
[69/100] Compiling Smithy SwiftLog+LogAgent.swift
[70/100] Compiling Smithy Node.swift
[71/100] Compiling Smithy RequestMessage.swift
[72/100] Compiling Smithy RequestMessageBuilder.swift
[73/100] Compiling Smithy RequestMessageSerializer.swift
[74/100] Compiling Smithy ResponseMessage.swift
[75/100] Compiling Smithy InputTrait.swift
[76/100] Compiling Smithy JSONNameTrait.swift
[77/100] Compiling Smithy OutputTrait.swift
[78/100] Compiling Smithy RequiredTrait.swift
[79/100] Compiling Smithy SensitiveTrait.swift
[80/100] Compiling Smithy ServiceTrait.swift
[81/100] Compiling Smithy SparseTrait.swift
[82/100] Compiling Smithy StreamingTrait.swift
[83/100] Compiling Smithy TargetsUnitTrait.swift
[84/100] Emitting module Smithy
[85/147] Compiling Smithy TimestampFormatTrait.swift
[86/147] Compiling Smithy UnitTypeTrait.swift
[87/147] Compiling Smithy URI.swift
[88/147] Compiling Smithy URIQueryItem.swift
[89/147] Compiling Smithy URIScheme.swift
[90/147] Compiling Smithy UniqueIndexCounter.swift
[91/147] Compiling Smithy UniquelyIndexedByType.swift
[92/147] Compiling Smithy UniquelyIndexedCollection.swift
[93/147] Compiling Smithy UniquelyIndexedMutableCollection.swift
[95/168] Compiling ArgumentParser Mutex.swift
[96/168] Compiling ArgumentParser Platform.swift
[97/168] Compiling ArgumentParser SequenceExtensions.swift
[98/168] Compiling ArgumentParser StringExtensions.swift
[99/168] Compiling ArgumentParser SwiftExtensions.swift
[100/168] Compiling ArgumentParser Tree.swift
[101/174] Compiling SmithySerialization WriteValueConsumer.swift
[102/174] Compiling SmithySerialization SerializerError.swift
[103/176] Compiling SmithySerialization SerializableShape.swift
[104/176] Compiling SmithySerialization SerializableStruct.swift
[105/176] Compiling SmithySerialization ShapeSerializer.swift
[106/176] Compiling SmithySerialization DeserializableShape.swift
[107/176] Compiling SmithySerialization DeserializableStruct.swift
[108/176] Compiling SmithySerialization ReadValueConsumer.swift
[109/176] Compiling SmithySerialization Codec.swift
[110/176] Compiling SmithySerialization Context+Operation.swift
[111/176] Compiling SmithySerialization DecodedNull.swift
[112/176] Compiling SmithySerialization ShapeDeserializer.swift
[113/176] Compiling SmithySerialization ResponseDecodingError.swift
[114/176] Compiling SmithySerialization SerdeUtils.swift
[115/176] Compiling SmithySerialization ClientProtocol.swift
[116/176] Compiling SmithySerialization Operation.swift
[117/176] Compiling SmithySerialization OperationProperties.swift
[118/176] Compiling SmithySerialization InterceptingSerializer.swift
[119/176] Compiling SmithySerialization NoOpByDefaultShapeSerializer.swift
[120/176] Compiling SmithySerialization NoOpSerializer.swift
[121/176] Emitting module SmithySerialization
[122/176] Compiling SmithySerialization StringSerializer.swift
[123/176] Compiling SmithySerialization TypeRegistry.swift
[125/176] Compiling ArgumentParser Name.swift
[126/176] Compiling ArgumentParser Parsed.swift
[127/176] Compiling ArgumentParser ParsedValues.swift
[128/176] Compiling ArgumentParser ParserError.swift
[129/176] Compiling ArgumentParser SplitArguments.swift
[130/176] Compiling ArgumentParser DumpHelpGenerator.swift
[131/231] Compiling SmithyCodegenCore EnumShape.swift
[132/231] Compiling SmithyCodegenCore HasMembers.swift
[133/231] Compiling SmithyCodegenCore IntEnumShape.swift
[134/231] Compiling SmithyCodegenCore IntegerShape.swift
[135/231] Compiling SmithyCodegenCore ListShape.swift
[136/231] Compiling SmithyCodegenCore MapShape.swift
[137/231] Compiling SmithyCodegenCore Shape+SerializeMethodName.swift
[138/231] Compiling SmithyCodegenCore DocumentShape.swift
[139/231] Compiling SmithyCodegenCore CodegenError.swift
[140/231] Compiling SmithyCodegenCore DeserializeCodegen.swift
[141/231] Compiling SmithyCodegenCore Shape+DeserializeMethodName.swift
[142/231] Compiling SmithyCodegenCore GenerationContext.swift
[143/231] Compiling SmithyCodegenCore HasShapeID.swift
[144/231] Compiling SmithyCodegenCore Model+AST.swift
[145/231] Compiling SmithyCodegenCore Model.swift
[146/231] Compiling SmithyCodegenCore ModelError.swift
[147/231] Compiling SmithyCodegenCore Node+Rendered.swift
[148/231] Compiling SmithyCodegenCore String+Utils.swift
[149/231] Compiling SmithyCodegenCore SwiftWriter.swift
[150/231] Emitting module ArgumentParser
[151/231] Emitting module SmithyCodegenCore
[155/238] Compiling SmithyCodegenCore SwiftSettings.swift
[156/238] Compiling SmithyCodegenCore String+ReservedWords.swift
[157/238] Compiling SmithyCodegenCore SymbolProvider.swift
[158/238] Compiling SmithyCodegenCore SymbolProviderError.swift
[159/238] Compiling SmithyCodegenCore ResourceShape.swift
[160/238] Compiling SmithyCodegenCore ServiceShape.swift
[161/238] Compiling SmithyCodegenCore Shape+Prelude.swift
[162/238] Compiling SmithyCodegenCore Shape.swift
[163/238] Compiling SmithyCodegenCore StringShape.swift
[164/238] Compiling SmithyCodegenCore StructureShape.swift
[165/238] Compiling SmithyCodegenCore UnionShape.swift
[172/238] Compiling SmithyCodegenCore MemberShape.swift
[173/238] Compiling SmithyCodegenCore OperationShape.swift
[174/238] Compiling SmithyCodegenCore Model+Union.swift
[175/238] Compiling SmithyCodegenCore NullableIndex.swift
[176/238] Compiling SmithyCodegenCore OperationsCodegen.swift
[177/238] Compiling SmithyCodegenCore SchemasCodegen.swift
[178/238] Compiling SmithyCodegenCore Shape+Schema.swift
[179/238] Compiling SmithyCodegenCore SerializeCodegen.swift
[182/238] Compiling SmithyCodegenCore ASTError.swift
[183/238] Compiling SmithyCodegenCore ASTMember.swift
[184/238] Compiling SmithyCodegenCore ASTModel.swift
[185/238] Compiling SmithyCodegenCore ASTReference.swift
[186/238] Compiling SmithyCodegenCore ASTShape.swift
[187/238] Compiling SmithyCodegenCore ASTType.swift
[188/238] Compiling SmithyCodegenCore Node+AST.swift
[189/238] Compiling SmithyCodegenCore CodeGenerator.swift
[198/238] Compiling SmithyCodegenCore ShapeID+AST.swift
[199/238] Compiling SmithyCodegenCore ShapeType+AST.swift
[200/238] Compiling SmithyCodegenCore Model+Box.swift
[201/238] Compiling SmithyCodegenCore Model+Deprecated.swift
[202/238] Compiling SmithyCodegenCore Model+InputOutput.swift
[203/238] Compiling SmithyCodegenCore Model+Operations.swift
[204/238] Compiling SmithyCodegenCore Model+PruneToService.swift
[205/238] Compiling SmithyCodegenCore Model+TrimReferences.swift
[227/239] Compiling SmithyCodegenCore AllCodegenTraits.swift
[228/239] Compiling SmithyCodegenCore DeprecatedTrait.swift
[229/239] Compiling SmithyCodegenCore EnumTrait.swift
[230/239] Compiling SmithyCodegenCore UsedAsInputTrait.swift
[231/239] Compiling SmithyCodegenCore UsedAsOutputTrait.swift
[232/239] Compiling SmithyCodegenCore TypeRegistryCodegen.swift
[233/239] Compiling SmithyCodegenCore resource_bundle_accessor.swift
[236/240] Compiling SmithyCodegenCLI SmithyCodegenCLI.swift
[237/240] Emitting module SmithyCodegenCLI
[238/240] Write Objects.LinkFileList
[239/240] Linking SmithyCodegenCLI-tool
warning: you may be able to install libcrypto using your system-packager:
    apt-get install openssl libssl-dev
[0/1] Planning build
[1/1] Compiling plugin SmithyCodeGeneratorPlugin
[2/2] Compiling plugin GenerateManual
[3/3] Compiling plugin GenerateDoccReference
Building for debugging...
[3/1509] Copying DefaultSwiftHeader.txt
[3/1509] Write sources
[3/1509] Copying PrivacyInfo.xcprivacy
[12/1509] Compiling cmark-gfm-extensions core-extensions.c
[13/1509] Compiling cmark-gfm-extensions strikethrough.c
[13/1509] Compiling cmark-gfm-extensions tagfilter.c
[15/1509] Compiling cmark-gfm-extensions tasklist.c
[16/1509] Compiling cmark-gfm-extensions ext_scanners.c
[16/1509] Compiling cmark-gfm-extensions autolink.c
[18/1509] Compiling cmark-gfm xml.c
[19/1509] Compiling cmark-gfm syntax_extension.c
[20/1509] Compiling cmark-gfm-extensions table.c
[21/1509] Compiling cmark-gfm registry.c
[22/1509] Compiling cmark-gfm render.c
[23/1509] Compiling cmark-gfm plugin.c
[24/1509] Compiling cmark-gfm references.c
[25/1509] Compiling cmark-gfm plaintext.c
[26/1509] Compiling cmark-gfm map.c
[27/1509] Compiling cmark-gfm linked_list.c
[28/1509] Compiling cmark-gfm man.c
[29/1509] Compiling cmark-gfm node.c
[30/1509] Compiling cmark-gfm iterator.c
[31/1509] Compiling cmark-gfm latex.c
[32/1509] Write swift-version-24593BA9C3E375BF.txt
[33/1509] Compiling cmark-gfm html.c
[34/1509] Compiling cmark-gfm houdini_html_e.c
[35/1509] Compiling cmark-gfm houdini_href_e.c
[36/1509] Compiling cmark-gfm footnotes.c
[37/1509] Compiling cmark-gfm cmark_ctype.c
[38/1509] Compiling cmark-gfm houdini_html_u.c
[39/1509] Compiling cmark-gfm inlines.c
[40/1509] Compiling cmark-gfm commonmark.c
[41/1509] Compiling cmark-gfm cmark.c
[42/1509] Copying PrivacyInfo.xcprivacy
[44/1509] Write sources
[45/1509] Compiling cmark-gfm buffer.c
[46/1509] Write sources
[49/1509] Compiling _NumericsShims _NumericsShims.c
[51/1509] Write sources
[53/1509] Compiling cmark-gfm arena.c
[54/1509] Compiling _CWASI _CWASI.c
[55/1511] Compiling cmark-gfm blocks.c
[56/1511] Compiling _AtomicsShims.c
[56/1511] Write sources
[66/1519] Emitting module ArgumentParserToolInfo
[67/1537] Write sources
[82/1537] Emitting module Logging
unable to find node: pound
unable to find node: pound
[83/1555] Compiling cmark-gfm scanners.c
[84/1555] Compiling cmark-gfm utf8.c
[86/1555] Emitting module _NIODataStructures
[87/1557] Emitting module Smithy
[89/1558] Emitting module ArgumentParser
[90/1560] Wrapping AST for Smithy for debugging
[92/1560] Emitting module SmithySerialization
[93/1561] Wrapping AST for Logging for debugging
[94/1561] Wrapping AST for ArgumentParserToolInfo for debugging
[95/1561] Wrapping AST for ArgumentParser for debugging
[96/1561] Wrapping AST for SmithySerialization for debugging
[97/1561] Write sources
[112/1564] Compiling SwiftASN1 TimeUtilities.swift
[113/1564] Compiling SwiftASN1 UTCTime.swift
[114/1566] Compiling _NIOBase64 Base64.swift
[115/1566] Emitting module _NIOBase64
[116/1567] Compiling SwiftASN1 ArraySliceBigint.swift
[117/1567] Compiling SwiftASN1 GeneralizedTime.swift
[119/1567] Compiling _NIODataStructures _TinyArray.swift
[120/1567] Emitting module SmithyWaitersAPI
[121/1568] Emitting module SwiftASN1
[122/1568] Emitting module SmithyCodegenCore
[123/1572] Compiling SmithyRetriesAPI RetryStrategyOptions.swift
[124/1573] Compiling SmithyRetriesAPI RetryStrategy.swift
[126/1573] Compiling SmithyRetriesAPI RetryErrorInfoProvider.swift
[127/1573] Compiling SmithyRetriesAPI RetryErrorType.swift
[128/1573] Compiling SmithyWaitersAPI Acceptor.swift
[129/1573] Compiling SmithyWaitersAPI JMESUtils.swift
[130/1573] Compiling SwiftASN1 ASN1Identifier.swift
[131/1573] Emitting module _CertificateInternals
[132/1573] Compiling _CertificateInternals _TinyArray.swift
[133/1574] Compiling SmithyWaitersAPI WaiterRetryer.swift
[134/1574] Compiling SmithyWaitersAPI WaiterOutcome.swift
[135/1574] Compiling SwiftASN1 ASN1Integer.swift
[136/1574] Compiling SwiftASN1 ASN1Null.swift
[137/1574] Compiling SmithyWaitersAPI WaiterErrors.swift
[138/1574] Compiling ServiceContextModule ServiceContextKey.swift
[139/1574] Wrapping AST for _NIOBase64 for debugging
[141/1574] Compiling _NIODataStructures PriorityQueue.swift
[142/1574] Emitting module ServiceContextModule
[143/1574] Compiling ServiceContextModule ServiceContext.swift
[143/1575] Wrapping AST for SmithyCodegenCore for debugging
[146/1575] Compiling SwiftASN1 ObjectIdentifier.swift
[147/1575] Compiling SwiftASN1 PEMDocument.swift
[148/1575] Compiling SwiftASN1 ASN1.swift
[149/1575] Compiling SwiftASN1 BER.swift
[150/1575] Compiling SwiftASN1 ASN1Any.swift
[151/1575] Compiling SwiftASN1 ASN1OctetString.swift
[152/1575] Compiling SwiftASN1 ASN1Strings.swift
[153/1576] Compiling _NIODataStructures Heap.swift
In file included from /host/spi-builder-workspace/.build/checkouts/aws-crt-swift/aws-common-runtime/s2n/utils/s2n_timer.c:18:
In file included from /host/spi-builder-workspace/.build/checkouts/aws-crt-swift/aws-common-runtime/s2n/tls/s2n_config.h:22:
/host/spi-builder-workspace/.build/checkouts/aws-crt-swift/aws-common-runtime/s2n/crypto/s2n_certificate.h:18:10: fatal error: 'openssl/x509.h' file not found
   18 | #include <openssl/x509.h>
      |          ^~~~~~~~~~~~~~~~
1 error generated.
[153/1577] Compiling s2n_timer.c
[153/1577] Wrapping AST for _CertificateInternals for debugging
BUILD FAILURE 6.1 wasm