The Swift Package Index logo.Swift Package Index

Build Information

Failed to build ReadiumFuzi, reference master (173ec9), with Swift 6.4 for watchOS using Xcode 27.0 on 27 Sep 2026 02:04:59 UTC.

Build Command

env DEVELOPER_DIR=/Applications/Xcode-27.0.0-Release.Candidate.app xcrun xcodebuild -IDEClonedSourcePackagesDirPathOverride=$PWD/.dependencies -skipMacroValidation -skipPackagePluginValidation -derivedDataPath $PWD/.derivedData build -scheme Fuzi -destination generic/platform=watchOS

Build Log

========================================
RunAll
========================================
Builder version: 5.1.0
Interrupt handler set up.
========================================
Checkout
========================================
Clone URL: https://github.com/readium/Fuzi.git
Reference: master
Initialized empty Git repository in /Users/admin/builder/spi-builder-workspace/.git/
From https://github.com/readium/Fuzi
 * branch            master     -> FETCH_HEAD
 * [new branch]      master     -> origin/master
HEAD is now at 173ec94 Declare the Swift version in the podspec (#3)
Cloned https://github.com/readium/Fuzi.git
Revision (git rev-parse @):
173ec944ca6f2e8024ceb7324bcb8a3cc95a0661
SUCCESS checkout https://github.com/readium/Fuzi.git at master
========================================
Build
========================================
Selected platform:         watchOS
Swift version:             6.4
Building package at path:  $PWD
https://github.com/readium/Fuzi.git
Command line invocation:
    /Applications/Xcode-27.0.0-Release.Candidate.app/Contents/Developer/usr/bin/xcodebuild -IDEClonedSourcePackagesDirPathOverride=/Users/admin/builder/spi-builder-workspace/.dependencies -resolvePackageDependencies
resolved source packages:
{
  "dependencies" : [
  ],
  "manifest_display_name" : "ReadiumFuzi",
  "name" : "ReadiumFuzi",
  "path" : "/Users/admin/builder/spi-builder-workspace",
  "platforms" : [
  ],
  "products" : [
    {
      "name" : "ReadiumFuzi",
      "targets" : [
        "ReadiumFuzi"
      ],
      "type" : {
        "library" : [
          "automatic"
        ]
      }
    }
  ],
  "targets" : [
    {
      "c99name" : "ReadiumFuziTests",
      "module_type" : "SwiftTarget",
      "name" : "ReadiumFuziTests",
      "path" : "Tests",
      "sources" : [
        "AtomTests.swift",
        "CSSTests.swift",
        "DefaultNamespaceXPathTests.swift",
        "HTMLTests.swift",
        "VMAPTests.swift",
        "XMLTests.swift",
        "XPathFunctionResultTests.swift"
      ],
      "target_dependencies" : [
        "ReadiumFuzi"
      ],
      "type" : "test"
    },
    {
      "c99name" : "ReadiumFuzi",
      "module_type" : "SwiftTarget",
      "name" : "ReadiumFuzi",
      "path" : "Sources",
      "product_memberships" : [
        "ReadiumFuzi"
      ],
      "sources" : [
        "Document.swift",
        "Element.swift",
        "Error.swift",
        "Helpers.swift",
        "Node.swift",
        "NodeSet.swift",
        "Queryable.swift"
      ],
      "type" : "library"
    }
  ],
  "tools_version" : "5.0"
}
{
  "project" : {
    "configurations" : [
      "Debug",
      "Release"
    ],
    "name" : "Fuzi",
    "schemes" : [
      "Fuzi"
    ],
    "targets" : [
      "ReadiumFuzi",
      "ReadiumFuziTests"
    ]
  }
}
Running build ...
env DEVELOPER_DIR=/Applications/Xcode-27.0.0-Release.Candidate.app xcrun xcodebuild -IDEClonedSourcePackagesDirPathOverride=$PWD/.dependencies -skipMacroValidation -skipPackagePluginValidation -derivedDataPath $PWD/.derivedData build -scheme Fuzi -destination generic/platform=watchOS
Command line invocation:
    /Applications/Xcode-27.0.0-Release.Candidate.app/Contents/Developer/usr/bin/xcodebuild -IDEClonedSourcePackagesDirPathOverride=/Users/admin/builder/spi-builder-workspace/.dependencies -skipMacroValidation -skipPackagePluginValidation -derivedDataPath /Users/admin/builder/spi-builder-workspace/.derivedData build -scheme Fuzi -destination generic/platform=watchOS
ComputePackagePrebuildTargetDependencyGraph
Prepare packages
CreateBuildRequest
SendProjectDescription
CreateBuildOperation
ComputeTargetDependencyGraph
note: Building targets in dependency order
note: Target dependency graph (1 target)
    Target 'ReadiumFuzi' in project 'Fuzi' (no dependencies)
GatherProvisioningInputs
CreateBuildDescription
ExecuteExternalTool /Applications/Xcode-27.0.0-Release.Candidate.app/Contents/Developer/Toolchains/XcodeDefault.xctoolchain/usr/bin/clang -v -E -dM -isysroot /Applications/Xcode-27.0.0-Release.Candidate.app/Contents/Developer/Platforms/WatchOS.platform/Developer/SDKs/WatchOS27.0.sdk -x c -c /dev/null
ExecuteExternalTool /Applications/Xcode-27.0.0-Release.Candidate.app/Contents/Developer/Toolchains/XcodeDefault.xctoolchain/usr/bin/clang -v -E -dM -arch arm64 -isysroot /Applications/Xcode-27.0.0-Release.Candidate.app/Contents/Developer/Platforms/WatchOS.platform/Developer/SDKs/WatchOS27.0.sdk -x c -c /dev/null
ExecuteExternalTool /Applications/Xcode-27.0.0-Release.Candidate.app/Contents/Developer/Toolchains/XcodeDefault.xctoolchain/usr/bin/swiftc --version
ExecuteExternalTool /Applications/Xcode-27.0.0-Release.Candidate.app/Contents/Developer/Toolchains/XcodeDefault.xctoolchain/usr/bin/ld -version_details
ExecuteExternalTool /Applications/Xcode-27.0.0-Release.Candidate.app/Contents/Developer/Toolchains/XcodeDefault.xctoolchain/usr/bin/clang -v -E -dM -arch arm64_32 -isysroot /Applications/Xcode-27.0.0-Release.Candidate.app/Contents/Developer/Platforms/WatchOS.platform/Developer/SDKs/WatchOS27.0.sdk -x c -c /dev/null
Build description signature: 84d1a986abad674b75c43d7c1729f9f1
Build description path: /Users/admin/builder/spi-builder-workspace/.derivedData/Build/Intermediates.noindex/XCBuildData/84d1a986abad674b75c43d7c1729f9f1.xcbuilddata
/Users/admin/builder/spi-builder-workspace/Fuzi.xcodeproj: error: The watchOS deployment target 'WATCHOS_DEPLOYMENT_TARGET' is set to 2.0, but the range of supported deployment target versions is 9.0 to 27.0.x. (in target 'ReadiumFuzi' from project 'Fuzi')
error: The armv7k architecture is deprecated. You should update your ARCHS build setting to remove the armv7k architecture. (in target 'ReadiumFuzi' from project 'Fuzi')
** BUILD FAILED **
The following build commands failed:
	Building project Fuzi with scheme Fuzi
(1 failure)
Command line invocation:
    /Applications/Xcode-27.0.0-Release.Candidate.app/Contents/Developer/usr/bin/xcodebuild -IDEClonedSourcePackagesDirPathOverride=/Users/admin/builder/spi-builder-workspace/.dependencies -resolvePackageDependencies
resolved source packages:
{
  "dependencies" : [
  ],
  "manifest_display_name" : "ReadiumFuzi",
  "name" : "ReadiumFuzi",
  "path" : "/Users/admin/builder/spi-builder-workspace",
  "platforms" : [
  ],
  "products" : [
    {
      "name" : "ReadiumFuzi",
      "targets" : [
        "ReadiumFuzi"
      ],
      "type" : {
        "library" : [
          "automatic"
        ]
      }
    }
  ],
  "targets" : [
    {
      "c99name" : "ReadiumFuziTests",
      "module_type" : "SwiftTarget",
      "name" : "ReadiumFuziTests",
      "path" : "Tests",
      "sources" : [
        "AtomTests.swift",
        "CSSTests.swift",
        "DefaultNamespaceXPathTests.swift",
        "HTMLTests.swift",
        "VMAPTests.swift",
        "XMLTests.swift",
        "XPathFunctionResultTests.swift"
      ],
      "target_dependencies" : [
        "ReadiumFuzi"
      ],
      "type" : "test"
    },
    {
      "c99name" : "ReadiumFuzi",
      "module_type" : "SwiftTarget",
      "name" : "ReadiumFuzi",
      "path" : "Sources",
      "product_memberships" : [
        "ReadiumFuzi"
      ],
      "sources" : [
        "Document.swift",
        "Element.swift",
        "Error.swift",
        "Helpers.swift",
        "Node.swift",
        "NodeSet.swift",
        "Queryable.swift"
      ],
      "type" : "library"
    }
  ],
  "tools_version" : "5.0"
}
{
  "project" : {
    "configurations" : [
      "Debug",
      "Release"
    ],
    "name" : "Fuzi",
    "schemes" : [
      "Fuzi"
    ],
    "targets" : [
      "ReadiumFuzi",
      "ReadiumFuziTests"
    ]
  }
}
Running build ...
env DEVELOPER_DIR=/Applications/Xcode-27.0.0-Release.Candidate.app xcrun xcodebuild -IDEClonedSourcePackagesDirPathOverride=$PWD/.dependencies -skipMacroValidation -skipPackagePluginValidation -derivedDataPath $PWD/.derivedData build -scheme Fuzi -destination generic/platform=watchOS
Command line invocation:
    /Applications/Xcode-27.0.0-Release.Candidate.app/Contents/Developer/usr/bin/xcodebuild -IDEClonedSourcePackagesDirPathOverride=/Users/admin/builder/spi-builder-workspace/.dependencies -skipMacroValidation -skipPackagePluginValidation -derivedDataPath /Users/admin/builder/spi-builder-workspace/.derivedData build -scheme Fuzi -destination generic/platform=watchOS
ComputePackagePrebuildTargetDependencyGraph
Prepare packages
CreateBuildRequest
SendProjectDescription
CreateBuildOperation
ComputeTargetDependencyGraph
note: Building targets in dependency order
note: Target dependency graph (1 target)
    Target 'ReadiumFuzi' in project 'Fuzi' (no dependencies)
GatherProvisioningInputs
CreateBuildDescription
error: The armv7k architecture is deprecated. You should update your ARCHS build setting to remove the armv7k architecture. (in target 'ReadiumFuzi' from project 'Fuzi')
/Users/admin/builder/spi-builder-workspace/Fuzi.xcodeproj: error: The watchOS deployment target 'WATCHOS_DEPLOYMENT_TARGET' is set to 2.0, but the range of supported deployment target versions is 9.0 to 27.0.x. (in target 'ReadiumFuzi' from project 'Fuzi')
** BUILD FAILED **
The following build commands failed:
	Building project Fuzi with scheme Fuzi
(1 failure)
BUILD FAILURE 6.4 watchOS