The Swift Package Index logo.Swift Package Index

Build Information

Failed to build SwifQLNIO, reference 2.2.0 (2923b7), with Swift 6.4 for Wasm on 17 Sep 2026 03:40:30 UTC.

Build Command

bash -c docker run --pull=always --rm -v "checkouts-54344845-0":/host -w "$PWD" -e JAVA_HOME="/root/.sdkman/candidates/java/current" -e SPI_BUILD="1" -e SPI_PROCESSING="1" registry.gitlab.com/saguaro1/spi-images:wasm-6.4-latest swift build --swift-sdk swift-6.4.x-DEVELOPMENT-SNAPSHOT-2026-09-04-a_wasm 2>&1

Build Log

========================================
RunAll
========================================
Builder version: 5.1.0
Interrupt handler set up.
========================================
Checkout
========================================
Clone URL: https://github.com/MihaelIsaev/SwifQLNIO.git
Reference: 2.2.0
Initialized empty Git repository in /host/spi-builder-workspace/.git/
hint: Using 'master' as the name for the initial branch. This default branch name
hint: is subject to change. To configure the initial branch name to use in all
hint: of your new repositories, which will suppress this warning, call:
hint:
hint: 	git config --global init.defaultBranch <name>
hint:
hint: Names commonly chosen instead of 'master' are 'main', 'trunk' and
hint: 'development'. The just-created branch can be renamed via this command:
hint:
hint: 	git branch -m <name>
From https://github.com/MihaelIsaev/SwifQLNIO
 * tag               2.2.0      -> FETCH_HEAD
HEAD is now at 2923b76 Set minimum SwifQL version to 1.3.0
Cloned https://github.com/MihaelIsaev/SwifQLNIO.git
Revision (git rev-parse @):
2923b761415395fb49f984cdc5730ba59b58c2ab
SUCCESS checkout https://github.com/MihaelIsaev/SwifQLNIO.git at 2.2.0
========================================
Build
========================================
Selected platform:         wasm
Swift version:             6.4
Building package at path:  $PWD
https://github.com/MihaelIsaev/SwifQLNIO.git
Running build ...
bash -c docker run --pull=always --rm -v "checkouts-54344845-0":/host -w "$PWD" -e JAVA_HOME="/root/.sdkman/candidates/java/current" -e SPI_BUILD="1" -e SPI_PROCESSING="1" registry.gitlab.com/saguaro1/spi-images:wasm-6.4-latest swift build --swift-sdk swift-6.4.x-DEVELOPMENT-SNAPSHOT-2026-09-04-a_wasm 2>&1
wasm-6.4-latest: Pulling from saguaro1/spi-images
Digest: sha256:4328fdb43c680d205c1d6761b1e3267aa38277eefdda9ddfb17b6a0f1a77857a
Status: Image is up to date for registry.gitlab.com/saguaro1/spi-images:wasm-6.4-latest
Fetching https://github.com/MihaelIsaev/SwifQL.git
Fetching https://github.com/apple/swift-nio.git
[1/3375] Fetching swifql
[3376/89325] Fetching swifql, swift-nio
Fetched https://github.com/MihaelIsaev/SwifQL.git (3.24s)
Fetched https://github.com/apple/swift-nio.git (3.27s)
Computing version for https://github.com/MihaelIsaev/SwifQL.git
Computed https://github.com/MihaelIsaev/SwifQL.git at 1.6.0 (4.32s)
Computing version for https://github.com/apple/swift-nio.git
Computed https://github.com/apple/swift-nio.git at 2.102.0 (0.36s)
Fetching https://github.com/apple/swift-atomics.git
Fetching https://github.com/apple/swift-collections.git
Fetching https://github.com/apple/swift-system.git
[1/1875] Fetching swift-atomics
[1876/8773] Fetching swift-atomics, swift-system
[4981/36040] Fetching swift-atomics, swift-system, swift-collections
Fetched https://github.com/apple/swift-atomics.git (1.15s)
Fetched https://github.com/apple/swift-system.git (1.15s)
Fetched https://github.com/apple/swift-collections.git (1.16s)
Computing version for https://github.com/apple/swift-atomics.git
Computed https://github.com/apple/swift-atomics.git at 1.3.1 (1.33s)
Computing version for https://github.com/apple/swift-collections.git
Computed https://github.com/apple/swift-collections.git at 1.6.0 (0.27s)
Computing version for https://github.com/apple/swift-system.git
Computed https://github.com/apple/swift-system.git at 1.8.1 (0.20s)
Creating working copy for https://github.com/apple/swift-atomics.git
Working copy of https://github.com/apple/swift-atomics.git resolved at 1.3.1
Creating working copy for https://github.com/MihaelIsaev/SwifQL.git
Working copy of https://github.com/MihaelIsaev/SwifQL.git resolved at 1.6.0
Creating working copy for https://github.com/apple/swift-system.git
Working copy of https://github.com/apple/swift-system.git resolved at 1.8.1
Creating working copy for https://github.com/apple/swift-nio.git
Working copy of https://github.com/apple/swift-nio.git resolved at 2.102.0
Creating working copy for https://github.com/apple/swift-collections.git
Working copy of https://github.com/apple/swift-collections.git resolved at 1.6.0
Building for debugging...
[Computing dependencies]
[Pre-planning 1 / 688]
[Planning deferred tasks]
[7 / 213]
[118 / 240] InternalCollectionsUtilities
[119 / 249] SwifQL
[119 / 249] _NIODataStructures
[131 / 249] SwifQL
[143 / 249] SwifQL
[143 / 249] _NIODataStructures
[152 / 250] _NIOBase64
[155 / 250] SwifQL
error: SwiftCompile normal wasm32 /host/spi-builder-workspace/.build/checkouts/SwifQL/Sources/SwifQL/Operators.swift failed with a nonzero exit code. Command line:     cd /host
    builtin-SwiftPerFileCompile Operators.swift
/host/spi-builder-workspace/.build/checkouts/SwifQL/Sources/SwifQL/Operators.swift:195:49: error: expected name in member access
193 |     public var comma: Result { return concatWith(.comma) }
194 |     public var space: Result { return concatWith(.space) }
195 |     public var `_`: Result { return concatWith(._) }
    |                                                 |- error: expected name in member access
    |                                                 `- note: insert name
196 |     public func custom(_ v: String) -> Result { return concatWith(.custom(v)) }
197 |
/host/spi-builder-workspace/.build/checkouts/SwifQL/Sources/SwifQL/Operators.swift:195:49: error: unexpected code '_' in function call
193 |     public var comma: Result { return concatWith(.comma) }
194 |     public var space: Result { return concatWith(.space) }
195 |     public var `_`: Result { return concatWith(._) }
    |                                                 `- error: unexpected code '_' in function call
196 |     public func custom(_ v: String) -> Result { return concatWith(.custom(v)) }
197 |
/host/spi-builder-workspace/.build/checkouts/SwifQL/Sources/SwifQL/Operators.swift:1:1: error: new Swift parser generated errors for code that C++ parser accepted
  1 | //
    | `- error: new Swift parser generated errors for code that C++ parser accepted
  2 | //  Operator.swift
  3 | //  SwifQL
Failed frontend command:
/usr/bin/swift-frontend -frontend -c /host/spi-builder-workspace/.build/checkouts/SwifQL/Sources/SwifQL/CaseWhen.swift /host/spi-builder-workspace/.build/checkouts/SwifQL/Sources/SwifQL/CastType.swift /host/spi-builder-workspace/.build/checkouts/SwifQL/Sources/SwifQL/Column.swift /host/spi-builder-workspace/.build/checkouts/SwifQL/Sources/SwifQL/Distinct.swift /host/spi-builder-workspace/.build/checkouts/SwifQL/Sources/SwifQL/Enums/ExtractFieldValue.swift /host/spi-builder-workspace/.build/checkouts/SwifQL/Sources/SwifQL/FluentKitFieldable.swift /host/spi-builder-workspace/.build/checkouts/SwifQL/Sources/SwifQL/FormattedKeyPath.swift /host/spi-builder-workspace/.build/checkouts/SwifQL/Sources/SwifQL/Functions.swift /host/spi-builder-workspace/.build/checkouts/SwifQL/Sources/SwifQL/KeyPath.swift -primary-file /host/spi-builder-workspace/.build/checkouts/SwifQL/Sources/SwifQL/Operators.swift -primary-file /host/spi-builder-workspace/.build/checkouts/SwifQL/Sources/SwifQL/PostgresArray.swift -primary-file /host/spi-builder-workspace/.build/checkouts/SwifQL/Sources/SwifQL/PostgresJsonObject.swift -primary-file /host/spi-builder-workspace/.build/checkouts/SwifQL/Sources/SwifQL/Predicates.swift -primary-file /host/spi-builder-workspace/.build/checkouts/SwifQL/Sources/SwifQL/Protocols.swift -primary-file /host/spi-builder-workspace/.build/checkouts/SwifQL/Sources/SwifQL/StringExtensions.swift -primary-file /host/spi-builder-workspace/.build/checkouts/SwifQL/Sources/SwifQL/SwifQL.swift -primary-file /host/spi-builder-workspace/.build/checkouts/SwifQL/Sources/SwifQL/SwifQLJoinBuilder.swift -primary-file /host/spi-builder-workspace/.build/checkouts/SwifQL/Sources/SwifQL/SwifQLSelectBuilder.swift /host/spi-builder-workspace/.build/checkouts/SwifQL/Sources/SwifQL/SwifQLTableAlias.swift /host/spi-builder-workspace/.build/checkouts/SwifQL/Sources/SwifQL/SwifQLable+Alter.swift /host/spi-builder-workspace/.build/checkouts/SwifQL/Sources/SwifQL/SwifQLable+And.swift /host/spi-builder-workspace/.build/checkouts/SwifQL/Sources/SwifQL/SwifQLable+Between.swift /host/spi-builder-workspace/.build/checkouts/SwifQL/Sources/SwifQL/SwifQLable+Conflict.swift /host/spi-builder-workspace/.build/checkouts/SwifQL/Sources/SwifQL/SwifQLable+Constraint.swift /host/spi-builder-workspace/.build/checkouts/SwifQL/Sources/SwifQL/SwifQLable+Delete.swift /host/spi-builder-workspace/.build/checkouts/SwifQL/Sources/SwifQL/SwifQLable+Do.swift /host/spi-builder-workspace/.build/checkouts/SwifQL/Sources/SwifQL/SwifQLable+Epoch.swift /host/spi-builder-workspace/.build/checkouts/SwifQL/Sources/SwifQL/SwifQLable+Exists.swift /host/spi-builder-workspace/.build/checkouts/SwifQL/Sources/SwifQL/SwifQLable+Filter.swift /host/spi-builder-workspace/.build/checkouts/SwifQL/Sources/SwifQL/SwifQLable+From.swift /host/spi-builder-workspace/.build/checkouts/SwifQL/Sources/SwifQL/SwifQLable+Fulltext.swift /host/spi-builder-workspace/.build/checkouts/SwifQL/Sources/SwifQL/SwifQLable+GroupBy.swift /host/spi-builder-workspace/.build/checkouts/SwifQL/Sources/SwifQL/SwifQLable+Having.swift /host/spi-builder-workspace/.build/checkouts/SwifQL/Sources/SwifQL/SwifQLable+ILike.swift /host/spi-builder-workspace/.build/checkouts/SwifQL/Sources/SwifQL/SwifQLable+In.swift /host/spi-builder-workspace/.build/checkouts/SwifQL/Sources/SwifQL/SwifQLable+InsertInto.swift /host/spi-builder-workspace/.build/checkouts/SwifQL/Sources/SwifQL/SwifQLable+Interval.swift /host/spi-builder-workspace/.build/checkouts/SwifQL/Sources/SwifQL/SwifQLable+IsNotNull.swift /host/spi-builder-workspace/.build/checkouts/SwifQL/Sources/SwifQL/SwifQLable+IsNull.swift /host/spi-builder-workspace/.build/checkouts/SwifQL/Sources/SwifQL/SwifQLable+Join.swift /host/spi-builder-workspace/.build/checkouts/SwifQL/Sources/SwifQL/SwifQLable+Like.swift /host/spi-builder-workspace/.build/checkouts/SwifQL/Sources/SwifQL/SwifQLable+Limit.swift /host/spi-builder-workspace/.build/checkouts/SwifQL/Sources/SwifQL/SwifQLable+Not.swift /host/spi-builder-workspace/.build/checkouts/SwifQL/Sources/SwifQL/SwifQLable+NotBetween.swift /host/spi-builder-workspace/.build/checkouts/SwifQL/Sources/SwifQL/SwifQLable+NotExists.swift /host/spi-builder-workspace/.build/checkouts/SwifQL/Sources/SwifQL/SwifQLable+NotILike.swift /host/spi-builder-workspace/.build/checkouts/SwifQL/Sources/SwifQL/SwifQLable+NotIn.swift /host/spi-builder-workspace/.build/checkouts/SwifQL/Sources/SwifQL/SwifQLable+NotLike.swift /host/spi-builder-workspace/.build/checkouts/SwifQL/Sources/SwifQL/SwifQLable+Nothing.swift /host/spi-builder-workspace/.build/checkouts/SwifQL/Sources/SwifQL/SwifQLable+Offset.swift /host/spi-builder-workspace/.build/checkouts/SwifQL/Sources/SwifQL/SwifQLable+On.swift /host/spi-builder-workspace/.build/checkouts/SwifQL/Sources/SwifQL/SwifQLable+Or.swift /host/spi-builder-workspace/.build/checkouts/SwifQL/Sources/SwifQL/SwifQLable+OrderBy.swift /host/spi-builder-workspace/.build/checkouts/SwifQL/Sources/SwifQL/SwifQLable+Overlaps.swift /host/spi-builder-workspace/.build/checkouts/SwifQL/Sources/SwifQL/SwifQLable+Raw.swift /host/spi-builder-workspace/.build/checkouts/SwifQL/Sources/SwifQL/SwifQLable+Returning.swift /host/spi-builder-workspace/.build/checkouts/SwifQL/Sources/SwifQL/SwifQLable+Select.swift /host/spi-builder-workspace/.build/checkouts/SwifQL/Sources/SwifQL/SwifQLable+Subscript.swift /host/spi-builder-workspace/.build/checkouts/SwifQL/Sources/SwifQL/SwifQLable+Timestamp.swift /host/spi-builder-workspace/.build/checkouts/SwifQL/Sources/SwifQL/SwifQLable+Types.swift /host/spi-builder-workspace/.build/checkouts/SwifQL/Sources/SwifQL/SwifQLable+Union.swift /host/spi-builder-workspace/.build/checkouts/SwifQL/Sources/SwifQL/SwifQLable+Update.swift /host/spi-builder-workspace/.build/checkouts/SwifQL/Sources/SwifQL/SwifQLable+Values.swift /host/spi-builder-workspace/.build/checkouts/SwifQL/Sources/SwifQL/SwifQLable+Where.swift /host/spi-builder-workspace/.build/checkouts/SwifQL/Sources/SwifQL/SwifQLable+WhereExists.swift /host/spi-builder-workspace/.build/checkouts/SwifQL/Sources/SwifQL/SwifQLable+WhereNotExists.swift /host/spi-builder-workspace/.build/checkouts/SwifQL/Sources/SwifQL/SwifQLable+With.swift /host/spi-builder-workspace/.build/checkouts/SwifQL/Sources/SwifQL/SwifQLable.swift /host/spi-builder-workspace/.build/checkouts/SwifQL/Sources/SwifQL/Table.swift /host/spi-builder-workspace/.build/checkouts/SwifQL/Sources/SwifQL/TableWithColumn.swift /host/spi-builder-workspace/.build/checkouts/SwifQL/Sources/SwifQL/Tableable.swift -supplementary-output-file-map /host/spi-builder-workspace/.build/out/Intermediates.noindex/SwifQL.build/Debug-webassembly-wasm32/SwifQL-t.build/Objects-normal/wasm32/supplementaryOutputs-5 -target wasm32-unknown-wasip1 -disable-objc-interop -sdk /root/.swiftpm/swift-sdks/swift-6.4.x-DEVELOPMENT-SNAPSHOT-2026-09-04-a_wasm.artifactbundle/swift-6.4.x-DEVELOPMENT-SNAPSHOT-2026-09-04-a_wasm/wasm32-unknown-wasip1/WASI.sdk -sysroot /root/.swiftpm/swift-sdks/swift-6.4.x-DEVELOPMENT-SNAPSHOT-2026-09-04-a_wasm.artifactbundle/swift-6.4.x-DEVELOPMENT-SNAPSHOT-2026-09-04-a_wasm/wasm32-unknown-wasip1/WASI.sdk -I /host/spi-builder-workspace/.build/out/Products/Debug-webassembly-wasm32 -module-cache-path /host/spi-builder-workspace/.build/out/ModuleCache.noindex -color-diagnostics -Xcc -fcolor-diagnostics -enable-testing -g -debug-info-format\=dwarf -dwarf-version\=4 -suppress-warnings -swift-version 4.2 -Onone -D SWIFT_PACKAGE -D DEBUG -D SWIFT_MODULE_RESOURCE_BUNDLE_UNAVAILABLE -D Xcode -serialize-debugging-options -enable-experimental-feature DebugDescriptionMacro -empty-abi-descriptor -external-plugin-path /usr/lib/swift/host/plugins/testing\#/usr/bin/swift-plugin-server -validate-clang-modules-once -clang-build-session-file /host/spi-builder-workspace/.build/out/ModuleCache.noindex/Session.modulevalidation -Xcc -working-directory -Xcc /host -resource-dir /root/.swiftpm/swift-sdks/swift-6.4.x-DEVELOPMENT-SNAPSHOT-2026-09-04-a_wasm.artifactbundle/swift-6.4.x-DEVELOPMENT-SNAPSHOT-2026-09-04-a_wasm/wasm32-unknown-wasip1/swift.xctoolchain/usr/lib/swift_static -use-static-resource-dir -enable-anonymous-context-mangled-names -file-compilation-dir /host -Xcc -resource-dir -Xcc /root/.swiftpm/swift-sdks/swift-6.4.x-DEVELOPMENT-SNAPSHOT-2026-09-04-a_wasm.artifactbundle/swift-6.4.x-DEVELOPMENT-SNAPSHOT-2026-09-04-a_wasm/wasm32-unknown-wasip1/swift.xctoolchain/usr/lib/swift_static/clang -Xcc -D_LIBCPP_HARDENING_MODE\=_LIBCPP_HARDENING_MODE_DEBUG -Xcc -fmodules-prune-interval\=86400 -Xcc -fmodules-prune-after\=345600 -Xcc -I/host/spi-builder-workspace/.build/out/Products/Debug-webassembly-wasm32/include -Xcc -I/host/spi-builder-workspace/.build/out/Intermediates.noindex/SwifQL.build/Debug-webassembly-wasm32/SwifQL-t.build/DerivedSources-normal/wasm32 -Xcc -I/host/spi-builder-workspace/.build/out/Intermediates.noindex/SwifQL.build/Debug-webassembly-wasm32/SwifQL-t.build/DerivedSources/wasm32 -Xcc -I/host/spi-builder-workspace/.build/out/Intermediates.noindex/SwifQL.build/Debug-webassembly-wasm32/SwifQL-t.build/DerivedSources -Xcc -DSWIFT_PACKAGE -Xcc -DDEBUG\=1 -no-auto-bridging-header-chaining -module-name SwifQL -const-gather-protocols-file /host/spi-builder-workspace/.build/out/Intermediates.noindex/SwifQL.build/Debug-webassembly-wasm32/SwifQL-t.build/Objects-normal/wasm32/SwifQL_const_extract_protocols.json -in-process-plugin-server-path /usr/lib/swift/host/libSwiftInProcPluginServer.so -plugin-path /usr/lib/swift/host/plugins -plugin-path /usr/local/lib/swift/host/plugins -parse-as-library -o /host/spi-builder-workspace/.build/out/Intermediates.noindex/SwifQL.build/Debug-webassembly-wasm32/SwifQL-t.build/Objects-normal/wasm32/Operators.o -o /host/spi-builder-workspace/.build/out/Intermediates.noindex/SwifQL.build/Debug-webassembly-wasm32/SwifQL-t.build/Objects-normal/wasm32/PostgresArray.o -o /host/spi-builder-workspace/.build/out/Intermediates.noindex/SwifQL.build/Debug-webassembly-wasm32/SwifQL-t.build/Objects-normal/wasm32/PostgresJsonObject.o -o /host/spi-builder-workspace/.build/out/Intermediates.noindex/SwifQL.build/Debug-webassembly-wasm32/SwifQL-t.build/Objects-normal/wasm32/Predicates.o -o /host/spi-builder-workspace/.build/out/Intermediates.noindex/SwifQL.build/Debug-webassembly-wasm32/SwifQL-t.build/Objects-normal/wasm32/Protocols.o -o /host/spi-builder-workspace/.build/out/Intermediates.noindex/SwifQL.build/Debug-webassembly-wasm32/SwifQL-t.build/Objects-normal/wasm32/StringExtensions.o -o /host/spi-builder-workspace/.build/out/Intermediates.noindex/SwifQL.build/Debug-webassembly-wasm32/SwifQL-t.build/Objects-normal/wasm32/SwifQL.o -o /host/spi-builder-workspace/.build/out/Intermediates.noindex/SwifQL.build/Debug-webassembly-wasm32/SwifQL-t.build/Objects-normal/wasm32/SwifQLJoinBuilder.o -o /host/spi-builder-workspace/.build/out/Intermediates.noindex/SwifQL.build/Debug-webassembly-wasm32/SwifQL-t.build/Objects-normal/wasm32/SwifQLSelectBuilder.o -index-unit-output-path /SwifQL.build/Debug-webassembly-wasm32/SwifQL-t.build/Objects-normal/wasm32/Operators.o -index-unit-output-path /SwifQL.build/Debug-webassembly-wasm32/SwifQL-t.build/Objects-normal/wasm32/PostgresArray.o -index-unit-output-path /SwifQL.build/Debug-webassembly-wasm32/SwifQL-t.build/Objects-normal/wasm32/PostgresJsonObject.o -index-unit-output-path /SwifQL.build/Debug-webassembly-wasm32/SwifQL-t.build/Objects-normal/wasm32/Predicates.o -index-unit-output-path /SwifQL.build/Debug-webassembly-wasm32/SwifQL-t.build/Objects-normal/wasm32/Protocols.o -index-unit-output-path /SwifQL.build/Debug-webassembly-wasm32/SwifQL-t.build/Objects-normal/wasm32/StringExtensions.o -index-unit-output-path /SwifQL.build/Debug-webassembly-wasm32/SwifQL-t.build/Objects-normal/wasm32/SwifQL.o -index-unit-output-path /SwifQL.build/Debug-webassembly-wasm32/SwifQL-t.build/Objects-normal/wasm32/SwifQLJoinBuilder.o -index-unit-output-path /SwifQL.build/Debug-webassembly-wasm32/SwifQL-t.build/Objects-normal/wasm32/SwifQLSelectBuilder.o -index-store-path /host/spi-builder-workspace/.build/out -index-system-modules
error: Build failed
BUILD FAILURE 6.4 wasm