The Swift Package Index logo.Swift Package Index

Build Information

Failed to build swift-process-invocation, reference 1.3.0-beta.5.0.1 (3e4efd), with Swift 6.4 for Wasm on 23 Sep 2026 21:55:03 UTC.

Build Command

bash -c docker run --pull=always --rm -v "checkouts-54344843-0":/host -w "$PWD" -e JAVA_HOME="/root/.sdkman/candidates/java/current" -e SPI_BUILD="1" -e SPI_PROCESSING="1" registry.gitlab.com/saguaro1/spi-images:wasm-6.4-latest swift build --swift-sdk swift-6.4.x-DEVELOPMENT-SNAPSHOT-2026-09-04-a_wasm 2>&1

Build Log

========================================
RunAll
========================================
Builder version: 5.1.0
Interrupt handler set up.
========================================
Checkout
========================================
Clone URL: https://github.com/xcode-actions/swift-process-invocation.git
Reference: 1.3.0-beta.5.0.1
Initialized empty Git repository in /host/spi-builder-workspace/.git/
hint: Using 'master' as the name for the initial branch. This default branch name
hint: is subject to change. To configure the initial branch name to use in all
hint: of your new repositories, which will suppress this warning, call:
hint:
hint: 	git config --global init.defaultBranch <name>
hint:
hint: Names commonly chosen instead of 'master' are 'main', 'trunk' and
hint: 'development'. The just-created branch can be renamed via this command:
hint:
hint: 	git branch -m <name>
From https://github.com/xcode-actions/swift-process-invocation
 * tag               1.3.0-beta.5.0.1 -> FETCH_HEAD
HEAD is now at 3e4efde Fix some trivial warnings
Cloned https://github.com/xcode-actions/swift-process-invocation.git
Revision (git rev-parse @):
3e4efde516af4b01ab8a3da687541aad94523f3e
SUCCESS checkout https://github.com/xcode-actions/swift-process-invocation.git at 1.3.0-beta.5.0.1
========================================
Build
========================================
Selected platform:         wasm
Swift version:             6.4
Building package at path:  $PWD
https://github.com/xcode-actions/swift-process-invocation.git
Running build ...
bash -c docker run --pull=always --rm -v "checkouts-54344843-0":/host -w "$PWD" -e JAVA_HOME="/root/.sdkman/candidates/java/current" -e SPI_BUILD="1" -e SPI_PROCESSING="1" registry.gitlab.com/saguaro1/spi-images:wasm-6.4-latest swift build --swift-sdk swift-6.4.x-DEVELOPMENT-SNAPSHOT-2026-09-04-a_wasm 2>&1
wasm-6.4-latest: Pulling from saguaro1/spi-images
Digest: sha256:4328fdb43c680d205c1d6761b1e3267aa38277eefdda9ddfb17b6a0f1a77857a
Status: Image is up to date for registry.gitlab.com/saguaro1/spi-images:wasm-6.4-latest
Fetching https://github.com/xcode-actions/clt-logger.git
Fetching https://github.com/Frizlab/UnwrapOrThrow.git
Fetching https://github.com/apple/swift-system.git
Fetching https://github.com/xcode-actions/swift-signal-handling.git
Fetching https://github.com/Frizlab/stream-reader.git
Fetching https://github.com/apple/swift-log.git
[1/8165] Fetching swift-log
[6697/9223] Fetching swift-log, stream-reader
[9232/10092] Fetching swift-log, stream-reader, clt-logger
Fetched https://github.com/Frizlab/stream-reader.git (0.56s)
[8670/9034] Fetching swift-log, clt-logger
Fetching https://github.com/apple/swift-argument-parser.git
Fetched https://github.com/apple/swift-log.git (0.59s)
[565/869] Fetching clt-logger
[584/7785] Fetching clt-logger, swift-system
Fetched https://github.com/xcode-actions/clt-logger.git (0.66s)
[6847/6916] Fetching swift-system
[6922/7488] Fetching swift-system, swift-signal-handling
[7158/7537] Fetching swift-system, swift-signal-handling, unwraporthrow
Fetched https://github.com/Frizlab/UnwrapOrThrow.git (1.04s)
Fetched https://github.com/xcode-actions/swift-signal-handling.git (1.05s)
Fetched https://github.com/apple/swift-system.git (1.05s)
[1/18918] Fetching swift-argument-parser
Fetched https://github.com/apple/swift-argument-parser.git (0.97s)
Computing version for https://github.com/xcode-actions/clt-logger.git
Computed https://github.com/xcode-actions/clt-logger.git at 1.0.0 (1.70s)
Computing version for https://github.com/Frizlab/stream-reader.git
Computed https://github.com/Frizlab/stream-reader.git at 3.6.1 (0.15s)
Computing version for https://github.com/xcode-actions/swift-signal-handling.git
Computed https://github.com/xcode-actions/swift-signal-handling.git at 1.1.4 (0.16s)
Computing version for https://github.com/Frizlab/UnwrapOrThrow.git
Computed https://github.com/Frizlab/UnwrapOrThrow.git at 1.1.0 (0.17s)
Computing version for https://github.com/apple/swift-argument-parser.git
Computed https://github.com/apple/swift-argument-parser.git at 1.8.2 (0.19s)
Computing version for https://github.com/apple/swift-log.git
Computed https://github.com/apple/swift-log.git at 1.15.1 (0.26s)
Computing version for https://github.com/apple/swift-system.git
Computed https://github.com/apple/swift-system.git at 1.8.1 (0.23s)
Creating working copy for https://github.com/xcode-actions/swift-signal-handling.git
Working copy of https://github.com/xcode-actions/swift-signal-handling.git resolved at 1.1.4
Creating working copy for https://github.com/apple/swift-log.git
Working copy of https://github.com/apple/swift-log.git resolved at 1.15.1
Creating working copy for https://github.com/apple/swift-argument-parser.git
Working copy of https://github.com/apple/swift-argument-parser.git resolved at 1.8.2
Creating working copy for https://github.com/Frizlab/stream-reader.git
Working copy of https://github.com/Frizlab/stream-reader.git resolved at 3.6.1
Creating working copy for https://github.com/Frizlab/UnwrapOrThrow.git
Working copy of https://github.com/Frizlab/UnwrapOrThrow.git resolved at 1.1.0
Creating working copy for https://github.com/xcode-actions/clt-logger.git
Working copy of https://github.com/xcode-actions/clt-logger.git resolved at 1.0.0
Creating working copy for https://github.com/apple/swift-system.git
Working copy of https://github.com/apple/swift-system.git resolved at 1.8.1
Building for debugging...
[Computing dependencies]
[Pre-planning 1 / 483]
[Planning deferred tasks]
[35 / 153] SignalHandling
/host/spi-builder-workspace/Sources/CGNUSourceExportsForTests/exports_for_tests.c:8:9: error: call to undeclared function 'posix_openpt'; ISO C99 and later do not support implicit function declarations [-Wimplicit-function-declaration]
    8 |         return posix_openpt(fd);
      |                ^
/host/spi-builder-workspace/Sources/CGNUSourceExportsForTests/exports_for_tests.c:12:9: error: call to undeclared function 'grantpt'; ISO C99 and later do not support implicit function declarations [-Wimplicit-function-declaration]
   12 |         return grantpt(fd);
      |                ^
/host/spi-builder-workspace/Sources/CGNUSourceExportsForTests/exports_for_tests.c:16:9: error: call to undeclared function 'unlockpt'; ISO C99 and later do not support implicit function declarations [-Wimplicit-function-declaration]
   16 |         return unlockpt(fd);
      |                ^
/host/spi-builder-workspace/Sources/CGNUSourceExportsForTests/exports_for_tests.c:20:9: error: call to undeclared function 'ptsname'; ISO C99 and later do not support implicit function declarations [-Wimplicit-function-declaration]
   20 |         return ptsname(fd);
      |                ^
4 errors generated.
error: CompileC /host/spi-builder-workspace/.build/out/Intermediates.noindex/swift-process-invocation.build/Debug-webassembly-wasm32/CGNUSourceExportsForTests-t.build/Objects-normal/wasm32/exports_for_tests.o /host/spi-builder-workspace/Sources/CGNUSourceExportsForTests/exports_for_tests.c normal wasm32 c com.apple.compilers.llvm.clang.1_0.compiler failed with a nonzero exit code. Command line:     cd /host

    Using response file: /host/spi-builder-workspace/.build/out/Intermediates.noindex/swift-process-invocation.build/Debug-webassembly-wasm32/CGNUSourceExportsForTests-t.build/Objects-normal/wasm32/9f65232cb83f8421e3a495a5062eba382369c975104ee97bafc405ab795bfc5e-common-args.resp

    /usr/bin/clang -x c -target wasm32-unknown-wasip1 -fmessage-length\=0 -fdiagnostics-show-note-include-stack -fmacro-backtrace-limit\=0 -fcolor-diagnostics -Wno-trigraphs -Wno-missing-field-initializers -Wno-missing-prototypes -Wno-return-type -Wno-missing-braces -Wparentheses -Wswitch -Wno-unused-function -Wno-unused-label -Wno-unused-parameter -Wno-unused-variable -Wunused-value -Wno-empty-body -Wno-uninitialized -Wno-unknown-pragmas -Wno-shadow -Wno-four-char-constants -Wno-conversion -Wno-constant-conversion -Wno-int-conversion -Wno-bool-conversion -Wno-enum-conversion -Wno-float-conversion -Wno-non-literal-null-conversion -Wno-objc-literal-conversion -Wno-shorten-64-to-32 -Wpointer-sign -Wno-newline-eof -Wno-implicit-fallthrough -fstrict-aliasing -Wdeprecated-declarations -Wno-sign-conversion -Wno-infinite-recursion -Wno-comma -Wno-block-capture-autoreleasing -Wno-strict-prototypes -Wno-semicolon-before-method-body --sysroot /root/.swiftpm/swift-sdks/swift-6.4.x-DEVELOPMENT-SNAPSHOT-2026-09-04-a_wasm.artifactbundle/swift-6.4.x-DEVELOPMENT-SNAPSHOT-2026-09-04-a_wasm/wasm32-unknown-wasip1/WASI.sdk @/host/spi-builder-workspace/.build/out/Intermediates.noindex/swift-process-invocation.build/Debug-webassembly-wasm32/CGNUSourceExportsForTests-t.build/Objects-normal/wasm32/9f65232cb83f8421e3a495a5062eba382369c975104ee97bafc405ab795bfc5e-common-args.resp -MMD -MT dependencies -MF /host/spi-builder-workspace/.build/out/Intermediates.noindex/swift-process-invocation.build/Debug-webassembly-wasm32/CGNUSourceExportsForTests-t.build/Objects-normal/wasm32/exports_for_tests.d --serialize-diagnostics /host/spi-builder-workspace/.build/out/Intermediates.noindex/swift-process-invocation.build/Debug-webassembly-wasm32/CGNUSourceExportsForTests-t.build/Objects-normal/wasm32/exports_for_tests.dia -c /host/spi-builder-workspace/Sources/CGNUSourceExportsForTests/exports_for_tests.c -o /host/spi-builder-workspace/.build/out/Intermediates.noindex/swift-process-invocation.build/Debug-webassembly-wasm32/CGNUSourceExportsForTests-t.build/Objects-normal/wasm32/exports_for_tests.o
/host/spi-builder-workspace/Sources/CGNUSourceExports/exports.c:8:9: error: call to undeclared function 'execvpe'; ISO C99 and later do not support implicit function declarations [-Wimplicit-function-declaration]
    8 |         return execvpe(file, argv, envp);
      |                ^
/host/spi-builder-workspace/Sources/CGNUSourceExports/exports.c:13:9: error: call to undeclared function 'ptsname'; ISO C99 and later do not support implicit function declarations [-Wimplicit-function-declaration]
   13 |         return ptsname(fd);
      |                ^
2 errors generated.
error: CompileC /host/spi-builder-workspace/.build/out/Intermediates.noindex/swift-process-invocation.build/Debug-webassembly-wasm32/CGNUSourceExports-t.build/Objects-normal/wasm32/exports.o /host/spi-builder-workspace/Sources/CGNUSourceExports/exports.c normal wasm32 c com.apple.compilers.llvm.clang.1_0.compiler failed with a nonzero exit code. Command line:     cd /host

    Using response file: /host/spi-builder-workspace/.build/out/Intermediates.noindex/swift-process-invocation.build/Debug-webassembly-wasm32/CGNUSourceExports-t.build/Objects-normal/wasm32/9f65232cb83f8421e3a495a5062eba382369c975104ee97bafc405ab795bfc5e-common-args.resp

    /usr/bin/clang -x c -target wasm32-unknown-wasip1 -fmessage-length\=0 -fdiagnostics-show-note-include-stack -fmacro-backtrace-limit\=0 -fcolor-diagnostics -Wno-trigraphs -Wno-missing-field-initializers -Wno-missing-prototypes -Wno-return-type -Wno-missing-braces -Wparentheses -Wswitch -Wno-unused-function -Wno-unused-label -Wno-unused-parameter -Wno-unused-variable -Wunused-value -Wno-empty-body -Wno-uninitialized -Wno-unknown-pragmas -Wno-shadow -Wno-four-char-constants -Wno-conversion -Wno-constant-conversion -Wno-int-conversion -Wno-bool-conversion -Wno-enum-conversion -Wno-float-conversion -Wno-non-literal-null-conversion -Wno-objc-literal-conversion -Wno-shorten-64-to-32 -Wpointer-sign -Wno-newline-eof -Wno-implicit-fallthrough -fstrict-aliasing -Wdeprecated-declarations -Wno-sign-conversion -Wno-infinite-recursion -Wno-comma -Wno-block-capture-autoreleasing -Wno-strict-prototypes -Wno-semicolon-before-method-body --sysroot /root/.swiftpm/swift-sdks/swift-6.4.x-DEVELOPMENT-SNAPSHOT-2026-09-04-a_wasm.artifactbundle/swift-6.4.x-DEVELOPMENT-SNAPSHOT-2026-09-04-a_wasm/wasm32-unknown-wasip1/WASI.sdk @/host/spi-builder-workspace/.build/out/Intermediates.noindex/swift-process-invocation.build/Debug-webassembly-wasm32/CGNUSourceExports-t.build/Objects-normal/wasm32/9f65232cb83f8421e3a495a5062eba382369c975104ee97bafc405ab795bfc5e-common-args.resp -MMD -MT dependencies -MF /host/spi-builder-workspace/.build/out/Intermediates.noindex/swift-process-invocation.build/Debug-webassembly-wasm32/CGNUSourceExports-t.build/Objects-normal/wasm32/exports.d --serialize-diagnostics /host/spi-builder-workspace/.build/out/Intermediates.noindex/swift-process-invocation.build/Debug-webassembly-wasm32/CGNUSourceExports-t.build/Objects-normal/wasm32/exports.dia -c /host/spi-builder-workspace/Sources/CGNUSourceExports/exports.c -o /host/spi-builder-workspace/.build/out/Intermediates.noindex/swift-process-invocation.build/Debug-webassembly-wasm32/CGNUSourceExports-t.build/Objects-normal/wasm32/exports.o
In file included from /host/spi-builder-workspace/Sources/CMacroExports/exports.c:4:
/host/spi-builder-workspace/Sources/CMacroExports/include/exports.h:10:37: warning: declaration of 'struct cmsghdr' will not be visible outside of this function [-Wvisibility]
   10 | unsigned char *SPI_CMSG_DATA(struct cmsghdr *cmsg);
      |                                     ^
/host/spi-builder-workspace/Sources/CMacroExports/exports.c:9:9: error: call to undeclared function 'CMSG_LEN'; ISO C99 and later do not support implicit function declarations [-Wimplicit-function-declaration]
    9 |         return CMSG_LEN(s);
      |                ^
/host/spi-builder-workspace/Sources/CMacroExports/exports.c:13:9: error: call to undeclared function 'CMSG_SPACE'; ISO C99 and later do not support implicit function declarations [-Wimplicit-function-declaration]
   13 |         return CMSG_SPACE(s);
      |                ^
/host/spi-builder-workspace/Sources/CMacroExports/exports.c:17:16: error: conflicting types for 'SPI_CMSG_DATA'
   17 | unsigned char *SPI_CMSG_DATA(struct cmsghdr *cmsg) {
      |                ^
In file included from /host/spi-builder-workspace/Sources/CMacroExports/exports.c:4:
/host/spi-builder-workspace/Sources/CMacroExports/include/exports.h:10:16: note: previous declaration is here
   10 | unsigned char *SPI_CMSG_DATA(struct cmsghdr *cmsg);
      |                ^
/host/spi-builder-workspace/Sources/CMacroExports/exports.c:18:9: error: call to undeclared function 'CMSG_DATA'; ISO C99 and later do not support implicit function declarations [-Wimplicit-function-declaration]
   18 |         return CMSG_DATA(cmsg);
      |                ^
/host/spi-builder-workspace/Sources/CMacroExports/exports.c:22:9: error: call to undeclared function 'CMSG_FIRSTHDR'; ISO C99 and later do not support implicit function declarations [-Wimplicit-function-declaration]
   22 |         return CMSG_FIRSTHDR(msgh);
      |                ^
/host/spi-builder-workspace/Sources/CMacroExports/exports.c:22:9: note: did you mean 'SPI_CMSG_FIRSTHDR'?
/host/spi-builder-workspace/Sources/CMacroExports/exports.c:21:17: note: 'SPI_CMSG_FIRSTHDR' declared here
   21 | struct cmsghdr *SPI_CMSG_FIRSTHDR(struct msghdr *msgh) {
      |                 ^
   22 |         return CMSG_FIRSTHDR(msgh);
      |                ~~~~~~~~~~~~~
      |                SPI_CMSG_FIRSTHDR
1 warning and 5 errors generated.
error: CompileC /host/spi-builder-workspace/.build/out/Intermediates.noindex/swift-process-invocation.build/Debug-webassembly-wasm32/CMacroExports-t.build/Objects-normal/wasm32/exports.o /host/spi-builder-workspace/Sources/CMacroExports/exports.c normal wasm32 c com.apple.compilers.llvm.clang.1_0.compiler failed with a nonzero exit code. Command line:     cd /host

    Using response file: /host/spi-builder-workspace/.build/out/Intermediates.noindex/swift-process-invocation.build/Debug-webassembly-wasm32/CMacroExports-t.build/Objects-normal/wasm32/9f65232cb83f8421e3a495a5062eba382369c975104ee97bafc405ab795bfc5e-common-args.resp

    /usr/bin/clang -x c -target wasm32-unknown-wasip1 -fmessage-length\=0 -fdiagnostics-show-note-include-stack -fmacro-backtrace-limit\=0 -fcolor-diagnostics -Wno-trigraphs -Wno-missing-field-initializers -Wno-missing-prototypes -Wno-return-type -Wno-missing-braces -Wparentheses -Wswitch -Wno-unused-function -Wno-unused-label -Wno-unused-parameter -Wno-unused-variable -Wunused-value -Wno-empty-body -Wno-uninitialized -Wno-unknown-pragmas -Wno-shadow -Wno-four-char-constants -Wno-conversion -Wno-constant-conversion -Wno-int-conversion -Wno-bool-conversion -Wno-enum-conversion -Wno-float-conversion -Wno-non-literal-null-conversion -Wno-objc-literal-conversion -Wno-shorten-64-to-32 -Wpointer-sign -Wno-newline-eof -Wno-implicit-fallthrough -fstrict-aliasing -Wdeprecated-declarations -Wno-sign-conversion -Wno-infinite-recursion -Wno-comma -Wno-block-capture-autoreleasing -Wno-strict-prototypes -Wno-semicolon-before-method-body --sysroot /root/.swiftpm/swift-sdks/swift-6.4.x-DEVELOPMENT-SNAPSHOT-2026-09-04-a_wasm.artifactbundle/swift-6.4.x-DEVELOPMENT-SNAPSHOT-2026-09-04-a_wasm/wasm32-unknown-wasip1/WASI.sdk @/host/spi-builder-workspace/.build/out/Intermediates.noindex/swift-process-invocation.build/Debug-webassembly-wasm32/CMacroExports-t.build/Objects-normal/wasm32/9f65232cb83f8421e3a495a5062eba382369c975104ee97bafc405ab795bfc5e-common-args.resp -MMD -MT dependencies -MF /host/spi-builder-workspace/.build/out/Intermediates.noindex/swift-process-invocation.build/Debug-webassembly-wasm32/CMacroExports-t.build/Objects-normal/wasm32/exports.d --serialize-diagnostics /host/spi-builder-workspace/.build/out/Intermediates.noindex/swift-process-invocation.build/Debug-webassembly-wasm32/CMacroExports-t.build/Objects-normal/wasm32/exports.dia -c /host/spi-builder-workspace/Sources/CMacroExports/exports.c -o /host/spi-builder-workspace/.build/out/Intermediates.noindex/swift-process-invocation.build/Debug-webassembly-wasm32/CMacroExports-t.build/Objects-normal/wasm32/exports.o
error: Build failed
BUILD FAILURE 6.4 wasm