The Swift Package Index logo.Swift Package Index

Build Information

Failed to build GPX, reference 1.1.0 (e89d1b), with Swift 6.4 for tvOS using Xcode 27.0 on 19 Sep 2026 02:13:45 UTC.

Build Command

env DEVELOPER_DIR=/Applications/Xcode-27.0.0-Release.Candidate.app xcrun xcodebuild -IDEClonedSourcePackagesDirPathOverride=$PWD/.dependencies -skipMacroValidation -skipPackagePluginValidation -derivedDataPath $PWD/.derivedData build -scheme GPX -destination generic/platform=tvOS

Build Log

========================================
RunAll
========================================
Builder version: 5.1.0
Interrupt handler set up.
========================================
Checkout
========================================
Clone URL: https://github.com/isklikas/iOS-GPX-Framework.git
Reference: 1.1.0
Initialized empty Git repository in /Users/admin/builder/spi-builder-workspace/.git/
From https://github.com/isklikas/iOS-GPX-Framework
 * tag               1.1.0      -> FETCH_HEAD
HEAD is now at e89d1b3 Async approach
Cloned https://github.com/isklikas/iOS-GPX-Framework.git
Revision (git rev-parse @):
e89d1b3691cf48fda80734aba7fb27709b95e4b4
SUCCESS checkout https://github.com/isklikas/iOS-GPX-Framework.git at 1.1.0
========================================
Build
========================================
Selected platform:         tvOS
Swift version:             6.4
Building package at path:  $PWD
https://github.com/isklikas/iOS-GPX-Framework.git
Command line invocation:
    /Applications/Xcode-27.0.0-Release.Candidate.app/Contents/Developer/usr/bin/xcodebuild -IDEClonedSourcePackagesDirPathOverride=/Users/admin/builder/spi-builder-workspace/.dependencies -resolvePackageDependencies
Resolve Package Graph
Resolve Package Graph
Resolved source packages:
  GPX: /Users/admin/builder/spi-builder-workspace
resolved source packages: GPX
2026-09-18 22:12:52.577 xcodebuild[529:3038] [MT] IDERunDestination: Supported platforms for the buildables in the current scheme is empty.
{
  "dependencies" : [
  ],
  "manifest_display_name" : "GPX",
  "name" : "GPX",
  "path" : "/Users/admin/builder/spi-builder-workspace",
  "platforms" : [
  ],
  "products" : [
    {
      "name" : "GPX",
      "targets" : [
        "GPX"
      ],
      "type" : {
        "library" : [
          "automatic"
        ]
      }
    }
  ],
  "targets" : [
    {
      "c99name" : "GPXTests",
      "module_type" : "SwiftTarget",
      "name" : "GPXTests",
      "path" : "Tests/GPXTests",
      "resources" : [
        {
          "path" : "/Users/admin/builder/spi-builder-workspace/Tests/GPXTests/mystic_basin_trail.gpx",
          "rule" : {
            "copy" : {
            }
          }
        },
        {
          "path" : "/Users/admin/builder/spi-builder-workspace/Tests/GPXTests/sample.gpx",
          "rule" : {
            "copy" : {
            }
          }
        }
      ],
      "sources" : [
        "GPXTests.swift"
      ],
      "target_dependencies" : [
        "GPX"
      ],
      "type" : "test"
    },
    {
      "c99name" : "GPX",
      "module_type" : "SwiftTarget",
      "name" : "GPX",
      "path" : "Sources/GPX",
      "product_memberships" : [
        "GPX"
      ],
      "sources" : [
        "Element/GPXAuthor.swift",
        "Element/GPXBounds.swift",
        "Element/GPXCopyright.swift",
        "Element/GPXElement.swift",
        "Element/GPXEmail.swift",
        "Element/GPXExtensions.swift",
        "Element/GPXLink.swift",
        "Element/GPXMetadata.swift",
        "Element/GPXPerson.swift",
        "Element/GPXPoint.swift",
        "Element/GPXPointSegment.swift",
        "Element/GPXRoot.swift",
        "Element/GPXRoute.swift",
        "Element/GPXRoutePoint.swift",
        "Element/GPXTrack.swift",
        "Element/GPXTrackPoint.swift",
        "Element/GPXTrackPointExtensions.swift",
        "Element/GPXTrackSegment.swift",
        "Element/GPXTrailsTrackExtensions.swift",
        "Element/GPXTrailsTrackPointExtensions.swift",
        "Element/GPXWaypoint.swift",
        "GPX-Extensions.swift",
        "GPXLogger.swift",
        "GPXParser.swift",
        "GPXType.swift",
        "GPXXMLParser.swift"
      ],
      "type" : "library"
    }
  ],
  "tools_version" : "5.7"
}
{
  "workspace" : {
    "name" : "GPX",
    "schemes" : [
      "GPX"
    ]
  }
}
2026-09-18 22:13:33.921 xcodebuild[647:4145] [MT] IDERunDestination: Supported platforms for the buildables in the current scheme is empty.
Running build ...
env DEVELOPER_DIR=/Applications/Xcode-27.0.0-Release.Candidate.app xcrun xcodebuild -IDEClonedSourcePackagesDirPathOverride=$PWD/.dependencies -skipMacroValidation -skipPackagePluginValidation -derivedDataPath $PWD/.derivedData build -scheme GPX -destination generic/platform=tvOS
Command line invocation:
    /Applications/Xcode-27.0.0-Release.Candidate.app/Contents/Developer/usr/bin/xcodebuild -IDEClonedSourcePackagesDirPathOverride=/Users/admin/builder/spi-builder-workspace/.dependencies -skipMacroValidation -skipPackagePluginValidation -derivedDataPath /Users/admin/builder/spi-builder-workspace/.derivedData build -scheme GPX -destination generic/platform=tvOS
Resolve Package Graph
Resolved source packages:
  GPX: /Users/admin/builder/spi-builder-workspace
ComputePackagePrebuildTargetDependencyGraph
Prepare packages
CreateBuildRequest
SendProjectDescription
CreateBuildOperation
ComputeTargetDependencyGraph
note: Building targets in dependency order
note: Target dependency graph (2 targets)
    Target 'GPX-product' in project 'GPX'
        ➜ Explicit dependency on target 'GPX' in project 'GPX'
    Target 'GPX' in project 'GPX' (no dependencies)
GatherProvisioningInputs
CreateBuildDescription
ExecuteExternalTool /Applications/Xcode-27.0.0-Release.Candidate.app/Contents/Developer/Toolchains/XcodeDefault.xctoolchain/usr/bin/clang -v -E -dM -isysroot /Applications/Xcode-27.0.0-Release.Candidate.app/Contents/Developer/Platforms/AppleTVOS.platform/Developer/SDKs/AppleTVOS27.0.sdk -x c -c /dev/null
ExecuteExternalTool /Applications/Xcode-27.0.0-Release.Candidate.app/Contents/Developer/Toolchains/XcodeDefault.xctoolchain/usr/bin/swiftc --version
ExecuteExternalTool /Applications/Xcode-27.0.0-Release.Candidate.app/Contents/Developer/Toolchains/XcodeDefault.xctoolchain/usr/bin/ld -version_details
Build description signature: ead0ef8cffa697d9e6111e8f8a3ce765
Build description path: /Users/admin/builder/spi-builder-workspace/.derivedData/Build/Intermediates.noindex/XCBuildData/ead0ef8cffa697d9e6111e8f8a3ce765.xcbuilddata
CreateBuildDirectory /Users/admin/builder/spi-builder-workspace/.derivedData/SDKExplicitPrecompiledModules
    cd /Users/admin/builder/spi-builder-workspace/.swiftpm/xcode
    builtin-create-build-directory /Users/admin/builder/spi-builder-workspace/.derivedData/SDKExplicitPrecompiledModules
CreateBuildDirectory /Users/admin/builder/spi-builder-workspace/.derivedData/ModuleCache.noindex
    cd /Users/admin/builder/spi-builder-workspace/.swiftpm/xcode
    builtin-create-build-directory /Users/admin/builder/spi-builder-workspace/.derivedData/ModuleCache.noindex
CreateBuildDirectory /Users/admin/builder/spi-builder-workspace/.derivedData/CompilationCache.noindex
    cd /Users/admin/builder/spi-builder-workspace/.swiftpm/xcode
    builtin-create-build-directory /Users/admin/builder/spi-builder-workspace/.derivedData/CompilationCache.noindex
CreateBuildDirectory /Users/admin/builder/spi-builder-workspace/.derivedData/Build/Intermediates.noindex
    cd /Users/admin/builder/spi-builder-workspace/.swiftpm/xcode
    builtin-create-build-directory /Users/admin/builder/spi-builder-workspace/.derivedData/Build/Intermediates.noindex
CreateBuildDirectory /Users/admin/builder/spi-builder-workspace/.derivedData/Build/Products
    cd /Users/admin/builder/spi-builder-workspace/.swiftpm/xcode
    builtin-create-build-directory /Users/admin/builder/spi-builder-workspace/.derivedData/Build/Products
ClangStatCache /Applications/Xcode-27.0.0-Release.Candidate.app/Contents/Developer/Toolchains/XcodeDefault.xctoolchain/usr/bin/clang-stat-cache /Applications/Xcode-27.0.0-Release.Candidate.app/Contents/Developer/Platforms/AppleTVOS.platform/Developer/SDKs/AppleTVOS27.0.sdk /Users/admin/builder/spi-builder-workspace/.derivedData/SDKStatCaches.noindex/appletvos27.0-24J360-e829b21a6f8c9b70876ba0858053c044b32bfd8d43560033f8d89884cdb90028.sdkstatcache
    cd /Users/admin/builder/spi-builder-workspace/.swiftpm/xcode
    /Applications/Xcode-27.0.0-Release.Candidate.app/Contents/Developer/Toolchains/XcodeDefault.xctoolchain/usr/bin/clang-stat-cache /Applications/Xcode-27.0.0-Release.Candidate.app/Contents/Developer/Platforms/AppleTVOS.platform/Developer/SDKs/AppleTVOS27.0.sdk -o /Users/admin/builder/spi-builder-workspace/.derivedData/SDKStatCaches.noindex/appletvos27.0-24J360-e829b21a6f8c9b70876ba0858053c044b32bfd8d43560033f8d89884cdb90028.sdkstatcache
CreateBuildDirectory /Users/admin/builder/spi-builder-workspace/.derivedData/Build/Intermediates.noindex/SwiftExplicitPrecompiledModules
    cd /Users/admin/builder/spi-builder-workspace/.swiftpm/xcode
    builtin-create-build-directory /Users/admin/builder/spi-builder-workspace/.derivedData/Build/Intermediates.noindex/SwiftExplicitPrecompiledModules
CreateBuildDirectory /Users/admin/builder/spi-builder-workspace/.derivedData/Build/Intermediates.noindex/PrecompiledHeaders
    cd /Users/admin/builder/spi-builder-workspace/.swiftpm/xcode
    builtin-create-build-directory /Users/admin/builder/spi-builder-workspace/.derivedData/Build/Intermediates.noindex/PrecompiledHeaders
CreateBuildDirectory /Users/admin/builder/spi-builder-workspace/.derivedData/Build/Intermediates.noindex/ExplicitPrecompiledModules
    cd /Users/admin/builder/spi-builder-workspace/.swiftpm/xcode
    builtin-create-build-directory /Users/admin/builder/spi-builder-workspace/.derivedData/Build/Intermediates.noindex/ExplicitPrecompiledModules
CreateBuildDirectory /Users/admin/builder/spi-builder-workspace/.derivedData/Build/Intermediates.noindex/EagerLinkingTBDs/Debug-appletvos
    cd /Users/admin/builder/spi-builder-workspace/.swiftpm/xcode
    builtin-create-build-directory /Users/admin/builder/spi-builder-workspace/.derivedData/Build/Intermediates.noindex/EagerLinkingTBDs/Debug-appletvos
CreateBuildDirectory /Users/admin/builder/spi-builder-workspace/.derivedData/Build/Products/Debug-appletvos
    cd /Users/admin/builder/spi-builder-workspace/.swiftpm/xcode
    builtin-create-build-directory /Users/admin/builder/spi-builder-workspace/.derivedData/Build/Products/Debug-appletvos
CreateBuildDirectory /Users/admin/builder/spi-builder-workspace/.derivedData/Build/Products/Debug-appletvos/PackageFrameworks
    cd /Users/admin/builder/spi-builder-workspace/.swiftpm/xcode
    builtin-create-build-directory /Users/admin/builder/spi-builder-workspace/.derivedData/Build/Products/Debug-appletvos/PackageFrameworks
WriteAuxiliaryFile /Users/admin/builder/spi-builder-workspace/.derivedData/Build/Intermediates.noindex/GPX.build/Debug-appletvos/GPX-t.build/GPX.DependencyMetadataFileList (in target 'GPX' from project 'GPX')
    cd /Users/admin/builder/spi-builder-workspace
    write-file /Users/admin/builder/spi-builder-workspace/.derivedData/Build/Intermediates.noindex/GPX.build/Debug-appletvos/GPX-t.build/GPX.DependencyMetadataFileList
WriteAuxiliaryFile /Users/admin/builder/spi-builder-workspace/.derivedData/Build/Intermediates.noindex/GPX.build/Debug-appletvos/GPX-t.build/GPX.modulemap (in target 'GPX' from project 'GPX')
    cd /Users/admin/builder/spi-builder-workspace
    write-file /Users/admin/builder/spi-builder-workspace/.derivedData/Build/Intermediates.noindex/GPX.build/Debug-appletvos/GPX-t.build/GPX.modulemap
WriteAuxiliaryFile /Users/admin/builder/spi-builder-workspace/.derivedData/Build/Intermediates.noindex/GPX.build/Debug-appletvos/GPX-t.build/GPX.DependencyStaticMetadataFileList (in target 'GPX' from project 'GPX')
    cd /Users/admin/builder/spi-builder-workspace
    write-file /Users/admin/builder/spi-builder-workspace/.derivedData/Build/Intermediates.noindex/GPX.build/Debug-appletvos/GPX-t.build/GPX.DependencyStaticMetadataFileList
WriteAuxiliaryFile /Users/admin/builder/spi-builder-workspace/.derivedData/Build/Intermediates.noindex/GPX.build/Debug-appletvos/GPX-t.build/Objects-normal/arm64/GPX.SwiftConstValuesFileList (in target 'GPX' from project 'GPX')
    cd /Users/admin/builder/spi-builder-workspace
    write-file /Users/admin/builder/spi-builder-workspace/.derivedData/Build/Intermediates.noindex/GPX.build/Debug-appletvos/GPX-t.build/Objects-normal/arm64/GPX.SwiftConstValuesFileList
WriteAuxiliaryFile /Users/admin/builder/spi-builder-workspace/.derivedData/Build/Intermediates.noindex/GPX.build/Debug-appletvos/GPX-t.build/Objects-normal/arm64/GPX_const_extract_protocols.json (in target 'GPX' from project 'GPX')
    cd /Users/admin/builder/spi-builder-workspace
    write-file /Users/admin/builder/spi-builder-workspace/.derivedData/Build/Intermediates.noindex/GPX.build/Debug-appletvos/GPX-t.build/Objects-normal/arm64/GPX_const_extract_protocols.json
WriteAuxiliaryFile /Users/admin/builder/spi-builder-workspace/.derivedData/Build/Intermediates.noindex/GPX.build/Debug-appletvos/GPX-t.build/Objects-normal/arm64/GPX.SwiftFileList (in target 'GPX' from project 'GPX')
    cd /Users/admin/builder/spi-builder-workspace
    write-file /Users/admin/builder/spi-builder-workspace/.derivedData/Build/Intermediates.noindex/GPX.build/Debug-appletvos/GPX-t.build/Objects-normal/arm64/GPX.SwiftFileList
WriteAuxiliaryFile /Users/admin/builder/spi-builder-workspace/.derivedData/Build/Intermediates.noindex/GPX.build/Debug-appletvos/GPX-t.build/Objects-normal/arm64/GPX.LinkFileList (in target 'GPX' from project 'GPX')
    cd /Users/admin/builder/spi-builder-workspace
    write-file /Users/admin/builder/spi-builder-workspace/.derivedData/Build/Intermediates.noindex/GPX.build/Debug-appletvos/GPX-t.build/Objects-normal/arm64/GPX.LinkFileList
WriteAuxiliaryFile /Users/admin/builder/spi-builder-workspace/.derivedData/Build/Intermediates.noindex/GPX.build/Debug-appletvos/GPX-t.build/Objects-normal/arm64/GPX-OutputFileMap.json (in target 'GPX' from project 'GPX')
    cd /Users/admin/builder/spi-builder-workspace
    write-file /Users/admin/builder/spi-builder-workspace/.derivedData/Build/Intermediates.noindex/GPX.build/Debug-appletvos/GPX-t.build/Objects-normal/arm64/GPX-OutputFileMap.json
Copy /Users/admin/builder/spi-builder-workspace/.derivedData/Build/Intermediates.noindex/GeneratedModuleMaps-appletvos/GPX.modulemap /Users/admin/builder/spi-builder-workspace/.derivedData/Build/Intermediates.noindex/GPX.build/Debug-appletvos/GPX-t.build/GPX.modulemap (in target 'GPX' from project 'GPX')
    cd /Users/admin/builder/spi-builder-workspace
    builtin-copy -exclude .DS_Store -exclude CVS -exclude .svn -exclude .git -exclude .hg -resolve-src-symlinks /Users/admin/builder/spi-builder-workspace/.derivedData/Build/Intermediates.noindex/GPX.build/Debug-appletvos/GPX-t.build/GPX.modulemap /Users/admin/builder/spi-builder-workspace/.derivedData/Build/Intermediates.noindex/GeneratedModuleMaps-appletvos
SwiftDriver GPX normal arm64 com.apple.xcode.tools.swift.compiler (in target 'GPX' from project 'GPX')
    cd /Users/admin/builder/spi-builder-workspace/.swiftpm/xcode
    builtin-SwiftDriver -- /Applications/Xcode-27.0.0-Release.Candidate.app/Contents/Developer/Toolchains/XcodeDefault.xctoolchain/usr/bin/swiftc -parse-as-library -module-name GPX -Onone @/Users/admin/builder/spi-builder-workspace/.derivedData/Build/Intermediates.noindex/GPX.build/Debug-appletvos/GPX-t.build/Objects-normal/arm64/GPX.SwiftFileList -DSWIFT_PACKAGE -DDEBUG -DSWIFT_MODULE_RESOURCE_BUNDLE_UNAVAILABLE -DXcode -plugin-path /Applications/Xcode-27.0.0-Release.Candidate.app/Contents/Developer/Toolchains/XcodeDefault.xctoolchain/usr/lib/swift/host/plugins/testing -enable-experimental-feature DebugDescriptionMacro -sdk /Applications/Xcode-27.0.0-Release.Candidate.app/Contents/Developer/Platforms/AppleTVOS.platform/Developer/SDKs/AppleTVOS27.0.sdk -target arm64-apple-tvos15.0 -g -module-cache-path /Users/admin/builder/spi-builder-workspace/.derivedData/ModuleCache.noindex -Xfrontend -serialize-debugging-options -profile-coverage-mapping -profile-generate -enable-testing -index-store-path /Users/admin/builder/spi-builder-workspace/.derivedData/Index.noindex/DataStore -Xcc -D_LIBCPP_HARDENING_MODE\=_LIBCPP_HARDENING_MODE_DEBUG -swift-version 5 -I /Users/admin/builder/spi-builder-workspace/.derivedData/Build/Products/Debug-appletvos -Isystem /Applications/Xcode-27.0.0-Release.Candidate.app/Contents/Developer/Platforms/AppleTVOS.platform/Developer/usr/lib -F /Users/admin/builder/spi-builder-workspace/.derivedData/Build/Products/Debug-appletvos -F /Applications/Xcode-27.0.0-Release.Candidate.app/Contents/Developer/Platforms/AppleTVOS.platform/Developer/Library/Frameworks -F /Applications/Xcode-27.0.0-Release.Candidate.app/Contents/Developer/Platforms/AppleTVOS.platform/Developer/SDKs/AppleTVOS27.0.sdk/Developer/Library/Frameworks -c -j10 -enable-batch-mode -incremental -Xcc -ivfsstatcache -Xcc /Users/admin/builder/spi-builder-workspace/.derivedData/SDKStatCaches.noindex/appletvos27.0-24J360-e829b21a6f8c9b70876ba0858053c044b32bfd8d43560033f8d89884cdb90028.sdkstatcache -output-file-map /Users/admin/builder/spi-builder-workspace/.derivedData/Build/Intermediates.noindex/GPX.build/Debug-appletvos/GPX-t.build/Objects-normal/arm64/GPX-OutputFileMap.json -save-temps -no-color-diagnostics -explicit-module-build -module-cache-path /Users/admin/builder/spi-builder-workspace/.derivedData/Build/Intermediates.noindex/SwiftExplicitPrecompiledModules -clang-scanner-module-cache-path /Users/admin/builder/spi-builder-workspace/.derivedData/ModuleCache.noindex -sdk-module-cache-path /Users/admin/builder/spi-builder-workspace/.derivedData/SDKExplicitPrecompiledModules -emit-dependencies -emit-module -emit-module-path /Users/admin/builder/spi-builder-workspace/.derivedData/Build/Intermediates.noindex/GPX.build/Debug-appletvos/GPX-t.build/Objects-normal/arm64/GPX.swiftmodule -serialize-diagnostics -dependency-scan-serialize-diagnostics-path /Users/admin/builder/spi-builder-workspace/.derivedData/Build/Intermediates.noindex/GPX.build/Debug-appletvos/GPX-t.build/Objects-normal/arm64/GPX-dependency-scan.dia -validate-clang-modules-once -clang-build-session-file /Users/admin/builder/spi-builder-workspace/.derivedData/ModuleCache.noindex/Session.modulevalidation -Xcc -fmodules-prune-interval\=86400 -Xcc -fmodules-prune-after\=345600 -emit-const-values -const-gather-protocols-list /Users/admin/builder/spi-builder-workspace/.derivedData/Build/Intermediates.noindex/GPX.build/Debug-appletvos/GPX-t.build/Objects-normal/arm64/GPX_const_extract_protocols.json -Xcc -I/Users/admin/builder/spi-builder-workspace/.derivedData/Build/Products/Debug-appletvos/include -Xcc -I/Users/admin/builder/spi-builder-workspace/.derivedData/Build/Intermediates.noindex/GPX.build/Debug-appletvos/GPX-t.build/DerivedSources-normal/arm64 -Xcc -I/Users/admin/builder/spi-builder-workspace/.derivedData/Build/Intermediates.noindex/GPX.build/Debug-appletvos/GPX-t.build/DerivedSources/arm64 -Xcc -I/Users/admin/builder/spi-builder-workspace/.derivedData/Build/Intermediates.noindex/GPX.build/Debug-appletvos/GPX-t.build/DerivedSources -Xcc -DSWIFT_PACKAGE -Xcc -DDEBUG\=1 -emit-objc-header -emit-objc-header-path /Users/admin/builder/spi-builder-workspace/.derivedData/Build/Intermediates.noindex/GPX.build/Debug-appletvos/GPX-t.build/Objects-normal/arm64/GPX-Swift.h -working-directory /Users/admin/builder/spi-builder-workspace/.swiftpm/xcode -experimental-emit-module-separately -disable-cmo
SwiftExplicitDependencyGeneratePcm arm64 /Users/admin/builder/spi-builder-workspace/.derivedData/SDKExplicitPrecompiledModules/_AvailabilityInternal-BV2EDDP0MI5QJDDPEEV4D9D3V.pcm
SwiftExplicitDependencyGeneratePcm arm64 /Users/admin/builder/spi-builder-workspace/.derivedData/SDKExplicitPrecompiledModules/_SwiftConcurrencyShims-BY5PD8KF1L5KF6F4Q69HE3TJ4.pcm
SwiftExplicitDependencyGeneratePcm arm64 /Users/admin/builder/spi-builder-workspace/.derivedData/SDKExplicitPrecompiledModules/_Builtin_float-8ZJAYZ85YBOAOP52Y9H6IUNP3.pcm
SwiftExplicitDependencyGeneratePcm arm64 /Users/admin/builder/spi-builder-workspace/.derivedData/SDKExplicitPrecompiledModules/SwiftShims-8N4EXJ4RUJTR8K9OO3CMOH1EP.pcm
SwiftExplicitDependencyGeneratePcm arm64 /Users/admin/builder/spi-builder-workspace/.derivedData/SDKExplicitPrecompiledModules/_Builtin_stdbool-AHRDH5EKLY6D04C5E42F3VCQI.pcm
SwiftExplicitDependencyGeneratePcm arm64 /Users/admin/builder/spi-builder-workspace/.derivedData/SDKExplicitPrecompiledModules/ptrcheck-2AZ6B5IBYD3RRRTFWN2ONASY3.pcm
SwiftExplicitDependencyGeneratePcm arm64 /Users/admin/builder/spi-builder-workspace/.derivedData/SDKExplicitPrecompiledModules/ptrauth-8X2KEPL7CTRPS40TUB9APHPK6.pcm
SwiftExplicitDependencyGeneratePcm arm64 /Users/admin/builder/spi-builder-workspace/.derivedData/SDKExplicitPrecompiledModules/_Builtin_stddef-9ZJZ6FDEZNKTZU8YLPMFT9RAQ.pcm
SwiftExplicitDependencyGeneratePcm arm64 /Users/admin/builder/spi-builder-workspace/.derivedData/SDKExplicitPrecompiledModules/_Builtin_stdarg-BO2OCAUYVAXDRVQWQ8ISKGNUQ.pcm
SwiftExplicitDependencyGeneratePcm arm64 /Users/admin/builder/spi-builder-workspace/.derivedData/SDKExplicitPrecompiledModules/_DarwinFoundation1-JOTYMOA1YZCIJ2NON6FQ848O.pcm
SwiftExplicitDependencyGeneratePcm arm64 /Users/admin/builder/spi-builder-workspace/.derivedData/SDKExplicitPrecompiledModules/_Builtin_limits-7JU2HP127LIT1X9E2V3D8WZ1.pcm
SwiftExplicitDependencyGeneratePcm arm64 /Users/admin/builder/spi-builder-workspace/.derivedData/SDKExplicitPrecompiledModules/_DarwinFoundation2-AOGAN1O02NKXRJN5V73AV3V3M.pcm
SwiftExplicitDependencyGeneratePcm arm64 /Users/admin/builder/spi-builder-workspace/.derivedData/SDKExplicitPrecompiledModules/string_h-6EVHP7A717OUS5DMC78F79HWO.pcm
SwiftExplicitDependencyGeneratePcm arm64 /Users/admin/builder/spi-builder-workspace/.derivedData/SDKExplicitPrecompiledModules/sys_types-8GCAV1YMG5UUGHUID3CA20TCH.pcm
SwiftExplicitDependencyGeneratePcm arm64 /Users/admin/builder/spi-builder-workspace/.derivedData/SDKExplicitPrecompiledModules/_Builtin_stdint-6NFTB6IBKS143IVPGT1EKB7HO.pcm
SwiftExplicitDependencyGeneratePcm arm64 /Users/admin/builder/spi-builder-workspace/.derivedData/SDKExplicitPrecompiledModules/_DarwinFoundation3-8SR3855WDFHQPR6G9GHOI2C07.pcm
SwiftExplicitDependencyGeneratePcm arm64 /Users/admin/builder/spi-builder-workspace/.derivedData/SDKExplicitPrecompiledModules/_Builtin_stdatomic-3YXHN678NGYM3NL9POJ2HVEIF.pcm
SwiftExplicitDependencyGeneratePcm arm64 /Users/admin/builder/spi-builder-workspace/.derivedData/SDKExplicitPrecompiledModules/_Builtin_inttypes-6X1IQ3QK9KEVKXOK9Y79EW7J3.pcm
SwiftExplicitDependencyGeneratePcm arm64 /Users/admin/builder/spi-builder-workspace/.derivedData/SDKExplicitPrecompiledModules/Darwin-DBSQAVBBPC3D2OMU5ZI2RXMST.pcm
SwiftExplicitDependencyGeneratePcm arm64 /Users/admin/builder/spi-builder-workspace/.derivedData/SDKExplicitPrecompiledModules/ObjectiveC-5250FDCE56N8508OR6XUYDKZM.pcm
SwiftExplicitDependencyGeneratePcm arm64 /Users/admin/builder/spi-builder-workspace/.derivedData/SDKExplicitPrecompiledModules/MachO-EH3F5PJCIZG05NO51CEFSZYPW.pcm
SwiftExplicitDependencyGeneratePcm arm64 /Users/admin/builder/spi-builder-workspace/.derivedData/SDKExplicitPrecompiledModules/os_object-E2DGZ0SX0TULQHULZRPO6OKNW.pcm
SwiftExplicitDependencyGeneratePcm arm64 /Users/admin/builder/spi-builder-workspace/.derivedData/SDKExplicitPrecompiledModules/os_workgroup-DBUFF7811DKMX7VPBOJPGGF1U.pcm
SwiftExplicitDependencyGeneratePcm arm64 /Users/admin/builder/spi-builder-workspace/.derivedData/SDKExplicitPrecompiledModules/Dispatch-1QL58A0V50C39KVAIC6C38SHL.pcm
SwiftExplicitDependencyGeneratePcm arm64 /Users/admin/builder/spi-builder-workspace/.derivedData/SDKExplicitPrecompiledModules/XPC-6O2DJFT3QUJ7QKTD3SNUB6PCR.pcm
SwiftExplicitDependencyGeneratePcm arm64 /Users/admin/builder/spi-builder-workspace/.derivedData/SDKExplicitPrecompiledModules/CoreFoundation-7TPJ7ENDC4L1A1ESHYI9TXS0D.pcm
SwiftExplicitDependencyGeneratePcm arm64 /Users/admin/builder/spi-builder-workspace/.derivedData/SDKExplicitPrecompiledModules/os-3GJI8H0BNAEZPQPQ1V0VVY3FY.pcm
SwiftExplicitDependencyGeneratePcm arm64 /Users/admin/builder/spi-builder-workspace/.derivedData/SDKExplicitPrecompiledModules/Security-8VMXEKVDA3MHUH9AOTP905DID.pcm
SwiftExplicitDependencyGeneratePcm arm64 /Users/admin/builder/spi-builder-workspace/.derivedData/SDKExplicitPrecompiledModules/CFNetwork-2CUR2VK9S3S3WPFXPNXNUWYGN.pcm
SwiftExplicitDependencyGeneratePcm arm64 /Users/admin/builder/spi-builder-workspace/.derivedData/SDKExplicitPrecompiledModules/Foundation-BSSIP64DIGUKMAYJOG1WPQ78X.pcm
SwiftExplicitDependencyGeneratePcm arm64 /Users/admin/builder/spi-builder-workspace/.derivedData/SDKExplicitPrecompiledModules/_LocationEssentials-ETSJ65FELPWR8WH8G49R1DF2E.pcm
SwiftExplicitDependencyGeneratePcm arm64 /Users/admin/builder/spi-builder-workspace/.derivedData/SDKExplicitPrecompiledModules/CoreLocation-YVXXAOMVX0JH2KO1XTTKTY51.pcm
SwiftCompile normal arm64 Compiling\ GPXType.swift,\ GPXXMLParser.swift /Users/admin/builder/spi-builder-workspace/Sources/GPX/GPXType.swift /Users/admin/builder/spi-builder-workspace/Sources/GPX/GPXXMLParser.swift (in target 'GPX' from project 'GPX')
SwiftCompile normal arm64 /Users/admin/builder/spi-builder-workspace/Sources/GPX/GPXType.swift (in target 'GPX' from project 'GPX')
    cd /Users/admin/builder/spi-builder-workspace/.swiftpm/xcode
    builtin-SwiftPerFileCompile GPXType.swift
SwiftCompile normal arm64 /Users/admin/builder/spi-builder-workspace/Sources/GPX/GPXXMLParser.swift (in target 'GPX' from project 'GPX')
    cd /Users/admin/builder/spi-builder-workspace/.swiftpm/xcode
    builtin-SwiftPerFileCompile GPXXMLParser.swift
SwiftEmitModule normal arm64 Emitting\ module\ for\ GPX (in target 'GPX' from project 'GPX')
SwiftCompile normal arm64 (in target 'GPX' from project 'GPX')
    cd /Users/admin/builder/spi-builder-workspace/.swiftpm/xcode

SwiftCompile normal arm64 Compiling\ GPXTrailsTrackExtensions.swift,\ GPXTrailsTrackPointExtensions.swift /Users/admin/builder/spi-builder-workspace/Sources/GPX/Element/GPXTrailsTrackExtensions.swift /Users/admin/builder/spi-builder-workspace/Sources/GPX/Element/GPXTrailsTrackPointExtensions.swift (in target 'GPX' from project 'GPX')
SwiftCompile normal arm64 /Users/admin/builder/spi-builder-workspace/Sources/GPX/Element/GPXTrailsTrackExtensions.swift (in target 'GPX' from project 'GPX')
    cd /Users/admin/builder/spi-builder-workspace/.swiftpm/xcode
    builtin-SwiftPerFileCompile GPXTrailsTrackExtensions.swift
SwiftCompile normal arm64 /Users/admin/builder/spi-builder-workspace/Sources/GPX/Element/GPXTrailsTrackPointExtensions.swift (in target 'GPX' from project 'GPX')
    cd /Users/admin/builder/spi-builder-workspace/.swiftpm/xcode
    builtin-SwiftPerFileCompile GPXTrailsTrackPointExtensions.swift
SwiftCompile normal arm64 Compiling\ GPXWaypoint.swift,\ GPX-Extensions.swift /Users/admin/builder/spi-builder-workspace/Sources/GPX/Element/GPXWaypoint.swift /Users/admin/builder/spi-builder-workspace/Sources/GPX/GPX-Extensions.swift (in target 'GPX' from project 'GPX')
SwiftCompile normal arm64 /Users/admin/builder/spi-builder-workspace/Sources/GPX/Element/GPXWaypoint.swift (in target 'GPX' from project 'GPX')
    cd /Users/admin/builder/spi-builder-workspace/.swiftpm/xcode
    builtin-SwiftPerFileCompile GPXWaypoint.swift
SwiftCompile normal arm64 /Users/admin/builder/spi-builder-workspace/Sources/GPX/GPX-Extensions.swift (in target 'GPX' from project 'GPX')
    cd /Users/admin/builder/spi-builder-workspace/.swiftpm/xcode
    builtin-SwiftPerFileCompile GPX-Extensions.swift
SwiftCompile normal arm64 Compiling\ GPXLogger.swift,\ GPXParser.swift /Users/admin/builder/spi-builder-workspace/Sources/GPX/GPXLogger.swift /Users/admin/builder/spi-builder-workspace/Sources/GPX/GPXParser.swift (in target 'GPX' from project 'GPX')
/Users/admin/builder/spi-builder-workspace/Sources/GPX/GPXParser.swift:48:19: error: 'init(filePath:directoryHint:relativeTo:)' is only available in tvOS 16.0 or newer
 17 | /** Instances of this class parse GPX documents.
 18 |  */
 19 | public class GPXParser: NSObject, GPXParsing {
    |              `- note: add '@available' attribute to enclosing class
 20 |
 21 |     var gpxXMLParser: GPXXMLParser;
    :
 43 |      - Returns: An initialized GPXRoot object or nil if an error occurs.
 44 |      */
 45 |     public init?(_ path: String) {
    |            `- note: add '@available' attribute to enclosing initializer
 46 |         var url: URL?
 47 |         if #available(iOS 16, macOS 13.0, *) {
 48 |             url = URL(filePath: path);
    |                   |- error: 'init(filePath:directoryHint:relativeTo:)' is only available in tvOS 16.0 or newer
    |                   `- note: add 'if #available' version check
 49 |         }
 50 |         else {
Failed frontend command:
/Applications/Xcode-27.0.0-Release.Candidate.app/Contents/Developer/Toolchains/XcodeDefault.xctoolchain/usr/bin/swift-frontend -frontend -c /Users/admin/builder/spi-builder-workspace/Sources/GPX/Element/GPXAuthor.swift /Users/admin/builder/spi-builder-workspace/Sources/GPX/Element/GPXBounds.swift /Users/admin/builder/spi-builder-workspace/Sources/GPX/Element/GPXCopyright.swift /Users/admin/builder/spi-builder-workspace/Sources/GPX/Element/GPXElement.swift /Users/admin/builder/spi-builder-workspace/Sources/GPX/Element/GPXEmail.swift /Users/admin/builder/spi-builder-workspace/Sources/GPX/Element/GPXExtensions.swift /Users/admin/builder/spi-builder-workspace/Sources/GPX/Element/GPXLink.swift /Users/admin/builder/spi-builder-workspace/Sources/GPX/Element/GPXMetadata.swift /Users/admin/builder/spi-builder-workspace/Sources/GPX/Element/GPXPerson.swift /Users/admin/builder/spi-builder-workspace/Sources/GPX/Element/GPXPoint.swift /Users/admin/builder/spi-builder-workspace/Sources/GPX/Element/GPXPointSegment.swift /Users/admin/builder/spi-builder-workspace/Sources/GPX/Element/GPXRoot.swift /Users/admin/builder/spi-builder-workspace/Sources/GPX/Element/GPXRoute.swift /Users/admin/builder/spi-builder-workspace/Sources/GPX/Element/GPXRoutePoint.swift /Users/admin/builder/spi-builder-workspace/Sources/GPX/Element/GPXTrack.swift /Users/admin/builder/spi-builder-workspace/Sources/GPX/Element/GPXTrackPoint.swift /Users/admin/builder/spi-builder-workspace/Sources/GPX/Element/GPXTrackPointExtensions.swift /Users/admin/builder/spi-builder-workspace/Sources/GPX/Element/GPXTrackSegment.swift /Users/admin/builder/spi-builder-workspace/Sources/GPX/Element/GPXTrailsTrackExtensions.swift /Users/admin/builder/spi-builder-workspace/Sources/GPX/Element/GPXTrailsTrackPointExtensions.swift /Users/admin/builder/spi-builder-workspace/Sources/GPX/Element/GPXWaypoint.swift /Users/admin/builder/spi-builder-workspace/Sources/GPX/GPX-Extensions.swift -primary-file /Users/admin/builder/spi-builder-workspace/Sources/GPX/GPXLogger.swift -primary-file /Users/admin/builder/spi-builder-workspace/Sources/GPX/GPXParser.swift /Users/admin/builder/spi-builder-workspace/Sources/GPX/GPXType.swift /Users/admin/builder/spi-builder-workspace/Sources/GPX/GPXXMLParser.swift -emit-dependencies-path /Users/admin/builder/spi-builder-workspace/.derivedData/Build/Intermediates.noindex/GPX.build/Debug-appletvos/GPX-t.build/Objects-normal/arm64/GPXLogger.d -emit-const-values-path /Users/admin/builder/spi-builder-workspace/.derivedData/Build/Intermediates.noindex/GPX.build/Debug-appletvos/GPX-t.build/Objects-normal/arm64/GPXLogger.swiftconstvalues -emit-reference-dependencies-path /Users/admin/builder/spi-builder-workspace/.derivedData/Build/Intermediates.noindex/GPX.build/Debug-appletvos/GPX-t.build/Objects-normal/arm64/GPXLogger.swiftdeps -serialize-diagnostics-path /Users/admin/builder/spi-builder-workspace/.derivedData/Build/Intermediates.noindex/GPX.build/Debug-appletvos/GPX-t.build/Objects-normal/arm64/GPXLogger.dia -emit-dependencies-path /Users/admin/builder/spi-builder-workspace/.derivedData/Build/Intermediates.noindex/GPX.build/Debug-appletvos/GPX-t.build/Objects-normal/arm64/GPXParser.d -emit-const-values-path /Users/admin/builder/spi-builder-workspace/.derivedData/Build/Intermediates.noindex/GPX.build/Debug-appletvos/GPX-t.build/Objects-normal/arm64/GPXParser.swiftconstvalues -emit-reference-dependencies-path /Users/admin/builder/spi-builder-workspace/.derivedData/Build/Intermediates.noindex/GPX.build/Debug-appletvos/GPX-t.build/Objects-normal/arm64/GPXParser.swiftdeps -serialize-diagnostics-path /Users/admin/builder/spi-builder-workspace/.derivedData/Build/Intermediates.noindex/GPX.build/Debug-appletvos/GPX-t.build/Objects-normal/arm64/GPXParser.dia -target arm64-apple-tvos15.0 -disable-cross-import-overlay-search -load-resolved-plugin /Applications/Xcode-27.0.0-Release.Candidate.app/Contents/Developer/Platforms/AppleTVOS.platform/Developer/usr/lib/swift/host/plugins/libFoundationMacros.dylib\#/Applications/Xcode-27.0.0-Release.Candidate.app/Contents/Developer/Platforms/AppleTVOS.platform/Developer/usr/bin/swift-plugin-server\#FoundationMacros -load-resolved-plugin /Applications/Xcode-27.0.0-Release.Candidate.app/Contents/Developer/Platforms/AppleTVOS.platform/Developer/usr/lib/swift/host/plugins/libObservationMacros.dylib\#/Applications/Xcode-27.0.0-Release.Candidate.app/Contents/Developer/Platforms/AppleTVOS.platform/Developer/usr/bin/swift-plugin-server\#ObservationMacros -load-resolved-plugin /Applications/Xcode-27.0.0-Release.Candidate.app/Contents/Developer/Platforms/AppleTVOS.platform/Developer/usr/lib/swift/host/plugins/libSwiftMacros.dylib\#/Applications/Xcode-27.0.0-Release.Candidate.app/Contents/Developer/Platforms/AppleTVOS.platform/Developer/usr/bin/swift-plugin-server\#SwiftMacros -disable-implicit-swift-modules -Xcc -fno-implicit-modules -Xcc -fno-implicit-module-maps -explicit-swift-module-map-file /Users/admin/builder/spi-builder-workspace/.derivedData/Build/Intermediates.noindex/GPX.build/Debug-appletvos/GPX-t.build/Objects-normal/arm64/GPX-dependencies-1.json -Xllvm -aarch64-use-tbi -enable-objc-interop -stack-check -sdk /Applications/Xcode-27.0.0-Release.Candidate.app/Contents/Developer/Platforms/AppleTVOS.platform/Developer/SDKs/AppleTVOS27.0.sdk -I /Users/admin/builder/spi-builder-workspace/.derivedData/Build/Products/Debug-appletvos -Isystem /Applications/Xcode-27.0.0-Release.Candidate.app/Contents/Developer/Platforms/AppleTVOS.platform/Developer/usr/lib -F /Users/admin/builder/spi-builder-workspace/.derivedData/Build/Products/Debug-appletvos -F /Applications/Xcode-27.0.0-Release.Candidate.app/Contents/Developer/Platforms/AppleTVOS.platform/Developer/Library/Frameworks -F /Applications/Xcode-27.0.0-Release.Candidate.app/Contents/Developer/Platforms/AppleTVOS.platform/Developer/SDKs/AppleTVOS27.0.sdk/Developer/Library/Frameworks -module-cache-path /Users/admin/builder/spi-builder-workspace/.derivedData/Build/Intermediates.noindex/SwiftExplicitPrecompiledModules -no-color-diagnostics -Xcc -fno-color-diagnostics -enable-testing -g -debug-info-format\=dwarf -dwarf-version\=4 -profile-generate -profile-coverage-mapping -swift-version 5 -Onone -D SWIFT_PACKAGE -D DEBUG -D SWIFT_MODULE_RESOURCE_BUNDLE_UNAVAILABLE -D Xcode -serialize-debugging-options -enable-experimental-feature DebugDescriptionMacro -empty-abi-descriptor -validate-clang-modules-once -clang-build-session-file /Users/admin/builder/spi-builder-workspace/.derivedData/ModuleCache.noindex/Session.modulevalidation -Xcc -working-directory -Xcc /Users/admin/builder/spi-builder-workspace/.swiftpm/xcode -enable-anonymous-context-mangled-names -file-compilation-dir /Users/admin/builder/spi-builder-workspace/.swiftpm/xcode -Xcc -D_LIBCPP_HARDENING_MODE\=_LIBCPP_HARDENING_MODE_DEBUG -Xcc -ivfsstatcache -Xcc /Users/admin/builder/spi-builder-workspace/.derivedData/SDKStatCaches.noindex/appletvos27.0-24J360-e829b21a6f8c9b70876ba0858053c044b32bfd8d43560033f8d89884cdb90028.sdkstatcache -Xcc -fmodules-prune-interval\=86400 -Xcc -fmodules-prune-after\=345600 -Xcc -I/Users/admin/builder/spi-builder-workspace/.derivedData/Build/Products/Debug-appletvos/include -Xcc -I/Users/admin/builder/spi-builder-workspace/.derivedData/Build/Intermediates.noindex/GPX.build/Debug-appletvos/GPX-t.build/DerivedSources-normal/arm64 -Xcc -I/Users/admin/builder/spi-builder-workspace/.derivedData/Build/Intermediates.noindex/GPX.build/Debug-appletvos/GPX-t.build/DerivedSources/arm64 -Xcc -I/Users/admin/builder/spi-builder-workspace/.derivedData/Build/Intermediates.noindex/GPX.build/Debug-appletvos/GPX-t.build/DerivedSources -Xcc -DSWIFT_PACKAGE -Xcc -DDEBUG\=1 -no-auto-bridging-header-chaining -module-name GPX -const-gather-protocols-file /Users/admin/builder/spi-builder-workspace/.derivedData/Build/Intermediates.noindex/GPX.build/Debug-appletvos/GPX-t.build/Objects-normal/arm64/GPX_const_extract_protocols.json -disable-clang-spi -clang-target arm64-apple-tvos27.0 -target-sdk-version 27.0 -target-sdk-name appletvos27.0 -in-process-plugin-server-path /Applications/Xcode-27.0.0-Release.Candidate.app/Contents/Developer/Toolchains/XcodeDefault.xctoolchain/usr/lib/swift/host/libSwiftInProcPluginServer.dylib -parse-as-library -o /Users/admin/builder/spi-builder-workspace/.derivedData/Build/Intermediates.noindex/GPX.build/Debug-appletvos/GPX-t.build/Objects-normal/arm64/GPXLogger.o -o /Users/admin/builder/spi-builder-workspace/.derivedData/Build/Intermediates.noindex/GPX.build/Debug-appletvos/GPX-t.build/Objects-normal/arm64/GPXParser.o -debug-module-path /Users/admin/builder/spi-builder-workspace/.derivedData/Build/Intermediates.noindex/GPX.build/Debug-appletvos/GPX-t.build/Objects-normal/arm64/GPX.swiftmodule -index-unit-output-path /GPX.build/Debug-appletvos/GPX-t.build/Objects-normal/arm64/GPXLogger.o -index-unit-output-path /GPX.build/Debug-appletvos/GPX-t.build/Objects-normal/arm64/GPXParser.o -index-store-path /Users/admin/builder/spi-builder-workspace/.derivedData/Index.noindex/DataStore -index-system-modules
SwiftCompile normal arm64 /Users/admin/builder/spi-builder-workspace/Sources/GPX/GPXLogger.swift (in target 'GPX' from project 'GPX')
    cd /Users/admin/builder/spi-builder-workspace/.swiftpm/xcode
    builtin-SwiftPerFileCompile GPXLogger.swift
SwiftCompile normal arm64 /Users/admin/builder/spi-builder-workspace/Sources/GPX/GPXParser.swift (in target 'GPX' from project 'GPX')
    cd /Users/admin/builder/spi-builder-workspace/.swiftpm/xcode
    builtin-SwiftPerFileCompile GPXParser.swift
SwiftCompile normal arm64 Compiling\ GPXPoint.swift,\ GPXPointSegment.swift,\ GPXRoot.swift /Users/admin/builder/spi-builder-workspace/Sources/GPX/Element/GPXPoint.swift /Users/admin/builder/spi-builder-workspace/Sources/GPX/Element/GPXPointSegment.swift /Users/admin/builder/spi-builder-workspace/Sources/GPX/Element/GPXRoot.swift (in target 'GPX' from project 'GPX')
SwiftCompile normal arm64 /Users/admin/builder/spi-builder-workspace/Sources/GPX/Element/GPXPoint.swift (in target 'GPX' from project 'GPX')
    cd /Users/admin/builder/spi-builder-workspace/.swiftpm/xcode
    builtin-SwiftPerFileCompile GPXPoint.swift
SwiftCompile normal arm64 /Users/admin/builder/spi-builder-workspace/Sources/GPX/Element/GPXPointSegment.swift (in target 'GPX' from project 'GPX')
    cd /Users/admin/builder/spi-builder-workspace/.swiftpm/xcode
    builtin-SwiftPerFileCompile GPXPointSegment.swift
SwiftCompile normal arm64 /Users/admin/builder/spi-builder-workspace/Sources/GPX/Element/GPXRoot.swift (in target 'GPX' from project 'GPX')
    cd /Users/admin/builder/spi-builder-workspace/.swiftpm/xcode
    builtin-SwiftPerFileCompile GPXRoot.swift
SwiftCompile normal arm64 Compiling\ GPXRoute.swift,\ GPXRoutePoint.swift,\ GPXTrack.swift /Users/admin/builder/spi-builder-workspace/Sources/GPX/Element/GPXRoute.swift /Users/admin/builder/spi-builder-workspace/Sources/GPX/Element/GPXRoutePoint.swift /Users/admin/builder/spi-builder-workspace/Sources/GPX/Element/GPXTrack.swift (in target 'GPX' from project 'GPX')
SwiftCompile normal arm64 /Users/admin/builder/spi-builder-workspace/Sources/GPX/Element/GPXRoute.swift (in target 'GPX' from project 'GPX')
    cd /Users/admin/builder/spi-builder-workspace/.swiftpm/xcode
    builtin-SwiftPerFileCompile GPXRoute.swift
SwiftCompile normal arm64 /Users/admin/builder/spi-builder-workspace/Sources/GPX/Element/GPXRoutePoint.swift (in target 'GPX' from project 'GPX')
    cd /Users/admin/builder/spi-builder-workspace/.swiftpm/xcode
    builtin-SwiftPerFileCompile GPXRoutePoint.swift
SwiftCompile normal arm64 /Users/admin/builder/spi-builder-workspace/Sources/GPX/Element/GPXTrack.swift (in target 'GPX' from project 'GPX')
    cd /Users/admin/builder/spi-builder-workspace/.swiftpm/xcode
    builtin-SwiftPerFileCompile GPXTrack.swift
SwiftCompile normal arm64 Compiling\ GPXElement.swift,\ GPXEmail.swift,\ GPXExtensions.swift /Users/admin/builder/spi-builder-workspace/Sources/GPX/Element/GPXElement.swift /Users/admin/builder/spi-builder-workspace/Sources/GPX/Element/GPXEmail.swift /Users/admin/builder/spi-builder-workspace/Sources/GPX/Element/GPXExtensions.swift (in target 'GPX' from project 'GPX')
SwiftCompile normal arm64 /Users/admin/builder/spi-builder-workspace/Sources/GPX/Element/GPXElement.swift (in target 'GPX' from project 'GPX')
    cd /Users/admin/builder/spi-builder-workspace/.swiftpm/xcode
    builtin-SwiftPerFileCompile GPXElement.swift
SwiftCompile normal arm64 /Users/admin/builder/spi-builder-workspace/Sources/GPX/Element/GPXEmail.swift (in target 'GPX' from project 'GPX')
    cd /Users/admin/builder/spi-builder-workspace/.swiftpm/xcode
    builtin-SwiftPerFileCompile GPXEmail.swift
SwiftCompile normal arm64 /Users/admin/builder/spi-builder-workspace/Sources/GPX/Element/GPXExtensions.swift (in target 'GPX' from project 'GPX')
    cd /Users/admin/builder/spi-builder-workspace/.swiftpm/xcode
    builtin-SwiftPerFileCompile GPXExtensions.swift
SwiftCompile normal arm64 Compiling\ GPXTrackPoint.swift,\ GPXTrackPointExtensions.swift,\ GPXTrackSegment.swift /Users/admin/builder/spi-builder-workspace/Sources/GPX/Element/GPXTrackPoint.swift /Users/admin/builder/spi-builder-workspace/Sources/GPX/Element/GPXTrackPointExtensions.swift /Users/admin/builder/spi-builder-workspace/Sources/GPX/Element/GPXTrackSegment.swift (in target 'GPX' from project 'GPX')
SwiftCompile normal arm64 /Users/admin/builder/spi-builder-workspace/Sources/GPX/Element/GPXTrackPoint.swift (in target 'GPX' from project 'GPX')
    cd /Users/admin/builder/spi-builder-workspace/.swiftpm/xcode
    builtin-SwiftPerFileCompile GPXTrackPoint.swift
SwiftCompile normal arm64 /Users/admin/builder/spi-builder-workspace/Sources/GPX/Element/GPXTrackPointExtensions.swift (in target 'GPX' from project 'GPX')
    cd /Users/admin/builder/spi-builder-workspace/.swiftpm/xcode
    builtin-SwiftPerFileCompile GPXTrackPointExtensions.swift
SwiftCompile normal arm64 /Users/admin/builder/spi-builder-workspace/Sources/GPX/Element/GPXTrackSegment.swift (in target 'GPX' from project 'GPX')
    cd /Users/admin/builder/spi-builder-workspace/.swiftpm/xcode
    builtin-SwiftPerFileCompile GPXTrackSegment.swift
SwiftCompile normal arm64 Compiling\ GPXAuthor.swift,\ GPXBounds.swift,\ GPXCopyright.swift /Users/admin/builder/spi-builder-workspace/Sources/GPX/Element/GPXAuthor.swift /Users/admin/builder/spi-builder-workspace/Sources/GPX/Element/GPXBounds.swift /Users/admin/builder/spi-builder-workspace/Sources/GPX/Element/GPXCopyright.swift (in target 'GPX' from project 'GPX')
SwiftCompile normal arm64 /Users/admin/builder/spi-builder-workspace/Sources/GPX/Element/GPXAuthor.swift (in target 'GPX' from project 'GPX')
    cd /Users/admin/builder/spi-builder-workspace/.swiftpm/xcode
    builtin-SwiftPerFileCompile GPXAuthor.swift
SwiftCompile normal arm64 /Users/admin/builder/spi-builder-workspace/Sources/GPX/Element/GPXBounds.swift (in target 'GPX' from project 'GPX')
    cd /Users/admin/builder/spi-builder-workspace/.swiftpm/xcode
    builtin-SwiftPerFileCompile GPXBounds.swift
SwiftCompile normal arm64 /Users/admin/builder/spi-builder-workspace/Sources/GPX/Element/GPXCopyright.swift (in target 'GPX' from project 'GPX')
    cd /Users/admin/builder/spi-builder-workspace/.swiftpm/xcode
    builtin-SwiftPerFileCompile GPXCopyright.swift
SwiftCompile normal arm64 Compiling\ GPXLink.swift,\ GPXMetadata.swift,\ GPXPerson.swift /Users/admin/builder/spi-builder-workspace/Sources/GPX/Element/GPXLink.swift /Users/admin/builder/spi-builder-workspace/Sources/GPX/Element/GPXMetadata.swift /Users/admin/builder/spi-builder-workspace/Sources/GPX/Element/GPXPerson.swift (in target 'GPX' from project 'GPX')
SwiftCompile normal arm64 /Users/admin/builder/spi-builder-workspace/Sources/GPX/Element/GPXLink.swift (in target 'GPX' from project 'GPX')
    cd /Users/admin/builder/spi-builder-workspace/.swiftpm/xcode
    builtin-SwiftPerFileCompile GPXLink.swift
SwiftCompile normal arm64 /Users/admin/builder/spi-builder-workspace/Sources/GPX/Element/GPXMetadata.swift (in target 'GPX' from project 'GPX')
    cd /Users/admin/builder/spi-builder-workspace/.swiftpm/xcode
    builtin-SwiftPerFileCompile GPXMetadata.swift
SwiftCompile normal arm64 /Users/admin/builder/spi-builder-workspace/Sources/GPX/Element/GPXPerson.swift (in target 'GPX' from project 'GPX')
    cd /Users/admin/builder/spi-builder-workspace/.swiftpm/xcode
    builtin-SwiftPerFileCompile GPXPerson.swift
SwiftDriverJobDiscovery normal arm64 Emitting module for GPX (in target 'GPX' from project 'GPX')
SwiftDriver\ Compilation\ Requirements GPX normal arm64 com.apple.xcode.tools.swift.compiler (in target 'GPX' from project 'GPX')
    cd /Users/admin/builder/spi-builder-workspace/.swiftpm/xcode
    builtin-Swift-Compilation-Requirements -- /Applications/Xcode-27.0.0-Release.Candidate.app/Contents/Developer/Toolchains/XcodeDefault.xctoolchain/usr/bin/swiftc -parse-as-library -module-name GPX -Onone @/Users/admin/builder/spi-builder-workspace/.derivedData/Build/Intermediates.noindex/GPX.build/Debug-appletvos/GPX-t.build/Objects-normal/arm64/GPX.SwiftFileList -DSWIFT_PACKAGE -DDEBUG -DSWIFT_MODULE_RESOURCE_BUNDLE_UNAVAILABLE -DXcode -plugin-path /Applications/Xcode-27.0.0-Release.Candidate.app/Contents/Developer/Toolchains/XcodeDefault.xctoolchain/usr/lib/swift/host/plugins/testing -enable-experimental-feature DebugDescriptionMacro -sdk /Applications/Xcode-27.0.0-Release.Candidate.app/Contents/Developer/Platforms/AppleTVOS.platform/Developer/SDKs/AppleTVOS27.0.sdk -target arm64-apple-tvos15.0 -g -module-cache-path /Users/admin/builder/spi-builder-workspace/.derivedData/ModuleCache.noindex -Xfrontend -serialize-debugging-options -profile-coverage-mapping -profile-generate -enable-testing -index-store-path /Users/admin/builder/spi-builder-workspace/.derivedData/Index.noindex/DataStore -Xcc -D_LIBCPP_HARDENING_MODE\=_LIBCPP_HARDENING_MODE_DEBUG -swift-version 5 -I /Users/admin/builder/spi-builder-workspace/.derivedData/Build/Products/Debug-appletvos -Isystem /Applications/Xcode-27.0.0-Release.Candidate.app/Contents/Developer/Platforms/AppleTVOS.platform/Developer/usr/lib -F /Users/admin/builder/spi-builder-workspace/.derivedData/Build/Products/Debug-appletvos -F /Applications/Xcode-27.0.0-Release.Candidate.app/Contents/Developer/Platforms/AppleTVOS.platform/Developer/Library/Frameworks -F /Applications/Xcode-27.0.0-Release.Candidate.app/Contents/Developer/Platforms/AppleTVOS.platform/Developer/SDKs/AppleTVOS27.0.sdk/Developer/Library/Frameworks -c -j10 -enable-batch-mode -incremental -Xcc -ivfsstatcache -Xcc /Users/admin/builder/spi-builder-workspace/.derivedData/SDKStatCaches.noindex/appletvos27.0-24J360-e829b21a6f8c9b70876ba0858053c044b32bfd8d43560033f8d89884cdb90028.sdkstatcache -output-file-map /Users/admin/builder/spi-builder-workspace/.derivedData/Build/Intermediates.noindex/GPX.build/Debug-appletvos/GPX-t.build/Objects-normal/arm64/GPX-OutputFileMap.json -save-temps -no-color-diagnostics -explicit-module-build -module-cache-path /Users/admin/builder/spi-builder-workspace/.derivedData/Build/Intermediates.noindex/SwiftExplicitPrecompiledModules -clang-scanner-module-cache-path /Users/admin/builder/spi-builder-workspace/.derivedData/ModuleCache.noindex -sdk-module-cache-path /Users/admin/builder/spi-builder-workspace/.derivedData/SDKExplicitPrecompiledModules -emit-dependencies -emit-module -emit-module-path /Users/admin/builder/spi-builder-workspace/.derivedData/Build/Intermediates.noindex/GPX.build/Debug-appletvos/GPX-t.build/Objects-normal/arm64/GPX.swiftmodule -serialize-diagnostics -dependency-scan-serialize-diagnostics-path /Users/admin/builder/spi-builder-workspace/.derivedData/Build/Intermediates.noindex/GPX.build/Debug-appletvos/GPX-t.build/Objects-normal/arm64/GPX-dependency-scan.dia -validate-clang-modules-once -clang-build-session-file /Users/admin/builder/spi-builder-workspace/.derivedData/ModuleCache.noindex/Session.modulevalidation -Xcc -fmodules-prune-interval\=86400 -Xcc -fmodules-prune-after\=345600 -emit-const-values -const-gather-protocols-list /Users/admin/builder/spi-builder-workspace/.derivedData/Build/Intermediates.noindex/GPX.build/Debug-appletvos/GPX-t.build/Objects-normal/arm64/GPX_const_extract_protocols.json -Xcc -I/Users/admin/builder/spi-builder-workspace/.derivedData/Build/Products/Debug-appletvos/include -Xcc -I/Users/admin/builder/spi-builder-workspace/.derivedData/Build/Intermediates.noindex/GPX.build/Debug-appletvos/GPX-t.build/DerivedSources-normal/arm64 -Xcc -I/Users/admin/builder/spi-builder-workspace/.derivedData/Build/Intermediates.noindex/GPX.build/Debug-appletvos/GPX-t.build/DerivedSources/arm64 -Xcc -I/Users/admin/builder/spi-builder-workspace/.derivedData/Build/Intermediates.noindex/GPX.build/Debug-appletvos/GPX-t.build/DerivedSources -Xcc -DSWIFT_PACKAGE -Xcc -DDEBUG\=1 -emit-objc-header -emit-objc-header-path /Users/admin/builder/spi-builder-workspace/.derivedData/Build/Intermediates.noindex/GPX.build/Debug-appletvos/GPX-t.build/Objects-normal/arm64/GPX-Swift.h -working-directory /Users/admin/builder/spi-builder-workspace/.swiftpm/xcode -experimental-emit-module-separately -disable-cmo
SwiftDriverJobDiscovery normal arm64 Compiling GPXTrailsTrackExtensions.swift, GPXTrailsTrackPointExtensions.swift (in target 'GPX' from project 'GPX')
SwiftMergeGeneratedHeaders /Users/admin/builder/spi-builder-workspace/.derivedData/Build/Intermediates.noindex/GeneratedModuleMaps-appletvos/GPX-Swift.h /Users/admin/builder/spi-builder-workspace/.derivedData/Build/Intermediates.noindex/GPX.build/Debug-appletvos/GPX-t.build/Objects-normal/arm64/GPX-Swift.h (in target 'GPX' from project 'GPX')
    cd /Users/admin/builder/spi-builder-workspace
    builtin-swiftHeaderTool -arch arm64 /Users/admin/builder/spi-builder-workspace/.derivedData/Build/Intermediates.noindex/GPX.build/Debug-appletvos/GPX-t.build/Objects-normal/arm64/GPX-Swift.h -o /Users/admin/builder/spi-builder-workspace/.derivedData/Build/Intermediates.noindex/GeneratedModuleMaps-appletvos/GPX-Swift.h
Copy /Users/admin/builder/spi-builder-workspace/.derivedData/Build/Products/Debug-appletvos/GPX.swiftmodule/arm64-apple-tvos.swiftmodule /Users/admin/builder/spi-builder-workspace/.derivedData/Build/Intermediates.noindex/GPX.build/Debug-appletvos/GPX-t.build/Objects-normal/arm64/GPX.swiftmodule (in target 'GPX' from project 'GPX')
    cd /Users/admin/builder/spi-builder-workspace
    builtin-copy -exclude .DS_Store -exclude CVS -exclude .svn -exclude .git -exclude .hg -resolve-src-symlinks -rename /Users/admin/builder/spi-builder-workspace/.derivedData/Build/Intermediates.noindex/GPX.build/Debug-appletvos/GPX-t.build/Objects-normal/arm64/GPX.swiftmodule /Users/admin/builder/spi-builder-workspace/.derivedData/Build/Products/Debug-appletvos/GPX.swiftmodule/arm64-apple-tvos.swiftmodule
Copy /Users/admin/builder/spi-builder-workspace/.derivedData/Build/Products/Debug-appletvos/GPX.swiftmodule/arm64-apple-tvos.swiftdoc /Users/admin/builder/spi-builder-workspace/.derivedData/Build/Intermediates.noindex/GPX.build/Debug-appletvos/GPX-t.build/Objects-normal/arm64/GPX.swiftdoc (in target 'GPX' from project 'GPX')
    cd /Users/admin/builder/spi-builder-workspace
    builtin-copy -exclude .DS_Store -exclude CVS -exclude .svn -exclude .git -exclude .hg -resolve-src-symlinks -rename /Users/admin/builder/spi-builder-workspace/.derivedData/Build/Intermediates.noindex/GPX.build/Debug-appletvos/GPX-t.build/Objects-normal/arm64/GPX.swiftdoc /Users/admin/builder/spi-builder-workspace/.derivedData/Build/Products/Debug-appletvos/GPX.swiftmodule/arm64-apple-tvos.swiftdoc
SwiftDriverJobDiscovery normal arm64 Compiling GPXLink.swift, GPXMetadata.swift, GPXPerson.swift (in target 'GPX' from project 'GPX')
Copy /Users/admin/builder/spi-builder-workspace/.derivedData/Build/Products/Debug-appletvos/GPX.swiftmodule/arm64-apple-tvos.abi.json /Users/admin/builder/spi-builder-workspace/.derivedData/Build/Intermediates.noindex/GPX.build/Debug-appletvos/GPX-t.build/Objects-normal/arm64/GPX.abi.json (in target 'GPX' from project 'GPX')
    cd /Users/admin/builder/spi-builder-workspace
    builtin-copy -exclude .DS_Store -exclude CVS -exclude .svn -exclude .git -exclude .hg -resolve-src-symlinks -rename /Users/admin/builder/spi-builder-workspace/.derivedData/Build/Intermediates.noindex/GPX.build/Debug-appletvos/GPX-t.build/Objects-normal/arm64/GPX.abi.json /Users/admin/builder/spi-builder-workspace/.derivedData/Build/Products/Debug-appletvos/GPX.swiftmodule/arm64-apple-tvos.abi.json
Copy /Users/admin/builder/spi-builder-workspace/.derivedData/Build/Products/Debug-appletvos/GPX.swiftmodule/Project/arm64-apple-tvos.swiftsourceinfo /Users/admin/builder/spi-builder-workspace/.derivedData/Build/Intermediates.noindex/GPX.build/Debug-appletvos/GPX-t.build/Objects-normal/arm64/GPX.swiftsourceinfo (in target 'GPX' from project 'GPX')
    cd /Users/admin/builder/spi-builder-workspace
    builtin-copy -exclude .DS_Store -exclude CVS -exclude .svn -exclude .git -exclude .hg -resolve-src-symlinks -rename /Users/admin/builder/spi-builder-workspace/.derivedData/Build/Intermediates.noindex/GPX.build/Debug-appletvos/GPX-t.build/Objects-normal/arm64/GPX.swiftsourceinfo /Users/admin/builder/spi-builder-workspace/.derivedData/Build/Products/Debug-appletvos/GPX.swiftmodule/Project/arm64-apple-tvos.swiftsourceinfo
PruneExplicitPrecompiledModules /Users/admin/builder/spi-builder-workspace/.derivedData/Build/Intermediates.noindex/SwiftExplicitPrecompiledModules
PruneExplicitPrecompiledModules /Users/admin/builder/spi-builder-workspace/.derivedData/SDKExplicitPrecompiledModules
PruneExplicitPrecompiledModules /Users/admin/builder/spi-builder-workspace/.derivedData/Build/Intermediates.noindex/ExplicitPrecompiledModules
2026-09-18 22:13:35.533 xcodebuild[648:4191] [MT] IDERunDestination: Supported platforms for the buildables in the current scheme is empty.
** BUILD FAILED **
The following build commands failed:
	SwiftCompile normal arm64 Compiling\ GPXLogger.swift,\ GPXParser.swift /Users/admin/builder/spi-builder-workspace/Sources/GPX/GPXLogger.swift /Users/admin/builder/spi-builder-workspace/Sources/GPX/GPXParser.swift (in target 'GPX' from project 'GPX')
	SwiftCompile normal arm64 /Users/admin/builder/spi-builder-workspace/Sources/GPX/GPXParser.swift (in target 'GPX' from project 'GPX')
	Building workspace GPX with scheme GPX
(3 failures)
Command line invocation:
    /Applications/Xcode-27.0.0-Release.Candidate.app/Contents/Developer/usr/bin/xcodebuild -IDEClonedSourcePackagesDirPathOverride=/Users/admin/builder/spi-builder-workspace/.dependencies -resolvePackageDependencies
Resolve Package Graph
Resolved source packages:
  GPX: /Users/admin/builder/spi-builder-workspace
resolved source packages: GPX
2026-09-18 22:13:42.243 xcodebuild[706:4494] [MT] IDERunDestination: Supported platforms for the buildables in the current scheme is empty.
{
  "dependencies" : [
  ],
  "manifest_display_name" : "GPX",
  "name" : "GPX",
  "path" : "/Users/admin/builder/spi-builder-workspace",
  "platforms" : [
  ],
  "products" : [
    {
      "name" : "GPX",
      "targets" : [
        "GPX"
      ],
      "type" : {
        "library" : [
          "automatic"
        ]
      }
    }
  ],
  "targets" : [
    {
      "c99name" : "GPXTests",
      "module_type" : "SwiftTarget",
      "name" : "GPXTests",
      "path" : "Tests/GPXTests",
      "resources" : [
        {
          "path" : "/Users/admin/builder/spi-builder-workspace/Tests/GPXTests/mystic_basin_trail.gpx",
          "rule" : {
            "copy" : {
            }
          }
        },
        {
          "path" : "/Users/admin/builder/spi-builder-workspace/Tests/GPXTests/sample.gpx",
          "rule" : {
            "copy" : {
            }
          }
        }
      ],
      "sources" : [
        "GPXTests.swift"
      ],
      "target_dependencies" : [
        "GPX"
      ],
      "type" : "test"
    },
    {
      "c99name" : "GPX",
      "module_type" : "SwiftTarget",
      "name" : "GPX",
      "path" : "Sources/GPX",
      "product_memberships" : [
        "GPX"
      ],
      "sources" : [
        "Element/GPXAuthor.swift",
        "Element/GPXBounds.swift",
        "Element/GPXCopyright.swift",
        "Element/GPXElement.swift",
        "Element/GPXEmail.swift",
        "Element/GPXExtensions.swift",
        "Element/GPXLink.swift",
        "Element/GPXMetadata.swift",
        "Element/GPXPerson.swift",
        "Element/GPXPoint.swift",
        "Element/GPXPointSegment.swift",
        "Element/GPXRoot.swift",
        "Element/GPXRoute.swift",
        "Element/GPXRoutePoint.swift",
        "Element/GPXTrack.swift",
        "Element/GPXTrackPoint.swift",
        "Element/GPXTrackPointExtensions.swift",
        "Element/GPXTrackSegment.swift",
        "Element/GPXTrailsTrackExtensions.swift",
        "Element/GPXTrailsTrackPointExtensions.swift",
        "Element/GPXWaypoint.swift",
        "GPX-Extensions.swift",
        "GPXLogger.swift",
        "GPXParser.swift",
        "GPXType.swift",
        "GPXXMLParser.swift"
      ],
      "type" : "library"
    }
  ],
  "tools_version" : "5.7"
}
{
  "workspace" : {
    "name" : "GPX",
    "schemes" : [
      "GPX"
    ]
  }
}
2026-09-18 22:13:43.579 xcodebuild[714:4567] [MT] IDERunDestination: Supported platforms for the buildables in the current scheme is empty.
Running build ...
env DEVELOPER_DIR=/Applications/Xcode-27.0.0-Release.Candidate.app xcrun xcodebuild -IDEClonedSourcePackagesDirPathOverride=$PWD/.dependencies -skipMacroValidation -skipPackagePluginValidation -derivedDataPath $PWD/.derivedData build -scheme GPX -destination generic/platform=tvOS
Command line invocation:
    /Applications/Xcode-27.0.0-Release.Candidate.app/Contents/Developer/usr/bin/xcodebuild -IDEClonedSourcePackagesDirPathOverride=/Users/admin/builder/spi-builder-workspace/.dependencies -skipMacroValidation -skipPackagePluginValidation -derivedDataPath /Users/admin/builder/spi-builder-workspace/.derivedData build -scheme GPX -destination generic/platform=tvOS
Resolve Package Graph
Resolved source packages:
  GPX: /Users/admin/builder/spi-builder-workspace
ComputePackagePrebuildTargetDependencyGraph
Prepare packages
CreateBuildRequest
SendProjectDescription
CreateBuildOperation
ComputeTargetDependencyGraph
note: Building targets in dependency order
note: Target dependency graph (2 targets)
    Target 'GPX-product' in project 'GPX'
        ➜ Explicit dependency on target 'GPX' in project 'GPX'
    Target 'GPX' in project 'GPX' (no dependencies)
GatherProvisioningInputs
CreateBuildDescription
ClangStatCache /Applications/Xcode-27.0.0-Release.Candidate.app/Contents/Developer/Toolchains/XcodeDefault.xctoolchain/usr/bin/clang-stat-cache /Applications/Xcode-27.0.0-Release.Candidate.app/Contents/Developer/Platforms/AppleTVOS.platform/Developer/SDKs/AppleTVOS27.0.sdk /Users/admin/builder/spi-builder-workspace/.derivedData/SDKStatCaches.noindex/appletvos27.0-24J360-e829b21a6f8c9b70876ba0858053c044b32bfd8d43560033f8d89884cdb90028.sdkstatcache
    cd /Users/admin/builder/spi-builder-workspace/.swiftpm/xcode
    /Applications/Xcode-27.0.0-Release.Candidate.app/Contents/Developer/Toolchains/XcodeDefault.xctoolchain/usr/bin/clang-stat-cache /Applications/Xcode-27.0.0-Release.Candidate.app/Contents/Developer/Platforms/AppleTVOS.platform/Developer/SDKs/AppleTVOS27.0.sdk -o /Users/admin/builder/spi-builder-workspace/.derivedData/SDKStatCaches.noindex/appletvos27.0-24J360-e829b21a6f8c9b70876ba0858053c044b32bfd8d43560033f8d89884cdb90028.sdkstatcache
SwiftDriver GPX normal arm64 com.apple.xcode.tools.swift.compiler (in target 'GPX' from project 'GPX')
    cd /Users/admin/builder/spi-builder-workspace/.swiftpm/xcode
    builtin-SwiftDriver -- /Applications/Xcode-27.0.0-Release.Candidate.app/Contents/Developer/Toolchains/XcodeDefault.xctoolchain/usr/bin/swiftc -parse-as-library -module-name GPX -Onone @/Users/admin/builder/spi-builder-workspace/.derivedData/Build/Intermediates.noindex/GPX.build/Debug-appletvos/GPX-t.build/Objects-normal/arm64/GPX.SwiftFileList -DSWIFT_PACKAGE -DDEBUG -DSWIFT_MODULE_RESOURCE_BUNDLE_UNAVAILABLE -DXcode -plugin-path /Applications/Xcode-27.0.0-Release.Candidate.app/Contents/Developer/Toolchains/XcodeDefault.xctoolchain/usr/lib/swift/host/plugins/testing -enable-experimental-feature DebugDescriptionMacro -sdk /Applications/Xcode-27.0.0-Release.Candidate.app/Contents/Developer/Platforms/AppleTVOS.platform/Developer/SDKs/AppleTVOS27.0.sdk -target arm64-apple-tvos15.0 -g -module-cache-path /Users/admin/builder/spi-builder-workspace/.derivedData/ModuleCache.noindex -Xfrontend -serialize-debugging-options -profile-coverage-mapping -profile-generate -enable-testing -index-store-path /Users/admin/builder/spi-builder-workspace/.derivedData/Index.noindex/DataStore -Xcc -D_LIBCPP_HARDENING_MODE\=_LIBCPP_HARDENING_MODE_DEBUG -swift-version 5 -I /Users/admin/builder/spi-builder-workspace/.derivedData/Build/Products/Debug-appletvos -Isystem /Applications/Xcode-27.0.0-Release.Candidate.app/Contents/Developer/Platforms/AppleTVOS.platform/Developer/usr/lib -F /Users/admin/builder/spi-builder-workspace/.derivedData/Build/Products/Debug-appletvos -F /Applications/Xcode-27.0.0-Release.Candidate.app/Contents/Developer/Platforms/AppleTVOS.platform/Developer/Library/Frameworks -F /Applications/Xcode-27.0.0-Release.Candidate.app/Contents/Developer/Platforms/AppleTVOS.platform/Developer/SDKs/AppleTVOS27.0.sdk/Developer/Library/Frameworks -c -j10 -enable-batch-mode -incremental -Xcc -ivfsstatcache -Xcc /Users/admin/builder/spi-builder-workspace/.derivedData/SDKStatCaches.noindex/appletvos27.0-24J360-e829b21a6f8c9b70876ba0858053c044b32bfd8d43560033f8d89884cdb90028.sdkstatcache -output-file-map /Users/admin/builder/spi-builder-workspace/.derivedData/Build/Intermediates.noindex/GPX.build/Debug-appletvos/GPX-t.build/Objects-normal/arm64/GPX-OutputFileMap.json -save-temps -no-color-diagnostics -explicit-module-build -module-cache-path /Users/admin/builder/spi-builder-workspace/.derivedData/Build/Intermediates.noindex/SwiftExplicitPrecompiledModules -clang-scanner-module-cache-path /Users/admin/builder/spi-builder-workspace/.derivedData/ModuleCache.noindex -sdk-module-cache-path /Users/admin/builder/spi-builder-workspace/.derivedData/SDKExplicitPrecompiledModules -emit-dependencies -emit-module -emit-module-path /Users/admin/builder/spi-builder-workspace/.derivedData/Build/Intermediates.noindex/GPX.build/Debug-appletvos/GPX-t.build/Objects-normal/arm64/GPX.swiftmodule -serialize-diagnostics -dependency-scan-serialize-diagnostics-path /Users/admin/builder/spi-builder-workspace/.derivedData/Build/Intermediates.noindex/GPX.build/Debug-appletvos/GPX-t.build/Objects-normal/arm64/GPX-dependency-scan.dia -validate-clang-modules-once -clang-build-session-file /Users/admin/builder/spi-builder-workspace/.derivedData/ModuleCache.noindex/Session.modulevalidation -Xcc -fmodules-prune-interval\=86400 -Xcc -fmodules-prune-after\=345600 -emit-const-values -const-gather-protocols-list /Users/admin/builder/spi-builder-workspace/.derivedData/Build/Intermediates.noindex/GPX.build/Debug-appletvos/GPX-t.build/Objects-normal/arm64/GPX_const_extract_protocols.json -Xcc -I/Users/admin/builder/spi-builder-workspace/.derivedData/Build/Products/Debug-appletvos/include -Xcc -I/Users/admin/builder/spi-builder-workspace/.derivedData/Build/Intermediates.noindex/GPX.build/Debug-appletvos/GPX-t.build/DerivedSources-normal/arm64 -Xcc -I/Users/admin/builder/spi-builder-workspace/.derivedData/Build/Intermediates.noindex/GPX.build/Debug-appletvos/GPX-t.build/DerivedSources/arm64 -Xcc -I/Users/admin/builder/spi-builder-workspace/.derivedData/Build/Intermediates.noindex/GPX.build/Debug-appletvos/GPX-t.build/DerivedSources -Xcc -DSWIFT_PACKAGE -Xcc -DDEBUG\=1 -emit-objc-header -emit-objc-header-path /Users/admin/builder/spi-builder-workspace/.derivedData/Build/Intermediates.noindex/GPX.build/Debug-appletvos/GPX-t.build/Objects-normal/arm64/GPX-Swift.h -working-directory /Users/admin/builder/spi-builder-workspace/.swiftpm/xcode -experimental-emit-module-separately -disable-cmo
SwiftCompile normal arm64 Compiling\ GPXAuthor.swift,\ GPXBounds.swift,\ GPXCopyright.swift /Users/admin/builder/spi-builder-workspace/Sources/GPX/Element/GPXAuthor.swift /Users/admin/builder/spi-builder-workspace/Sources/GPX/Element/GPXBounds.swift /Users/admin/builder/spi-builder-workspace/Sources/GPX/Element/GPXCopyright.swift (in target 'GPX' from project 'GPX')
SwiftCompile normal arm64 /Users/admin/builder/spi-builder-workspace/Sources/GPX/Element/GPXAuthor.swift (in target 'GPX' from project 'GPX')
    cd /Users/admin/builder/spi-builder-workspace/.swiftpm/xcode
    builtin-SwiftPerFileCompile GPXAuthor.swift
SwiftCompile normal arm64 /Users/admin/builder/spi-builder-workspace/Sources/GPX/Element/GPXBounds.swift (in target 'GPX' from project 'GPX')
    cd /Users/admin/builder/spi-builder-workspace/.swiftpm/xcode
    builtin-SwiftPerFileCompile GPXBounds.swift
SwiftCompile normal arm64 /Users/admin/builder/spi-builder-workspace/Sources/GPX/Element/GPXCopyright.swift (in target 'GPX' from project 'GPX')
    cd /Users/admin/builder/spi-builder-workspace/.swiftpm/xcode
    builtin-SwiftPerFileCompile GPXCopyright.swift
SwiftCompile normal arm64 Compiling\ GPXPointSegment.swift,\ GPXRoot.swift /Users/admin/builder/spi-builder-workspace/Sources/GPX/Element/GPXPointSegment.swift /Users/admin/builder/spi-builder-workspace/Sources/GPX/Element/GPXRoot.swift (in target 'GPX' from project 'GPX')
SwiftCompile normal arm64 /Users/admin/builder/spi-builder-workspace/Sources/GPX/Element/GPXPointSegment.swift (in target 'GPX' from project 'GPX')
    cd /Users/admin/builder/spi-builder-workspace/.swiftpm/xcode
    builtin-SwiftPerFileCompile GPXPointSegment.swift
SwiftCompile normal arm64 /Users/admin/builder/spi-builder-workspace/Sources/GPX/Element/GPXRoot.swift (in target 'GPX' from project 'GPX')
    cd /Users/admin/builder/spi-builder-workspace/.swiftpm/xcode
    builtin-SwiftPerFileCompile GPXRoot.swift
SwiftCompile normal arm64 Compiling\ GPXTrack.swift,\ GPXTrackPoint.swift /Users/admin/builder/spi-builder-workspace/Sources/GPX/Element/GPXTrack.swift /Users/admin/builder/spi-builder-workspace/Sources/GPX/Element/GPXTrackPoint.swift (in target 'GPX' from project 'GPX')
SwiftCompile normal arm64 /Users/admin/builder/spi-builder-workspace/Sources/GPX/Element/GPXTrack.swift (in target 'GPX' from project 'GPX')
    cd /Users/admin/builder/spi-builder-workspace/.swiftpm/xcode
    builtin-SwiftPerFileCompile GPXTrack.swift
SwiftCompile normal arm64 /Users/admin/builder/spi-builder-workspace/Sources/GPX/Element/GPXTrackPoint.swift (in target 'GPX' from project 'GPX')
    cd /Users/admin/builder/spi-builder-workspace/.swiftpm/xcode
    builtin-SwiftPerFileCompile GPXTrackPoint.swift
SwiftCompile normal arm64 Compiling\ GPXExtensions.swift,\ GPXPoint.swift /Users/admin/builder/spi-builder-workspace/Sources/GPX/Element/GPXExtensions.swift /Users/admin/builder/spi-builder-workspace/Sources/GPX/Element/GPXPoint.swift (in target 'GPX' from project 'GPX')
SwiftCompile normal arm64 /Users/admin/builder/spi-builder-workspace/Sources/GPX/Element/GPXExtensions.swift (in target 'GPX' from project 'GPX')
    cd /Users/admin/builder/spi-builder-workspace/.swiftpm/xcode
    builtin-SwiftPerFileCompile GPXExtensions.swift
SwiftCompile normal arm64 /Users/admin/builder/spi-builder-workspace/Sources/GPX/Element/GPXPoint.swift (in target 'GPX' from project 'GPX')
    cd /Users/admin/builder/spi-builder-workspace/.swiftpm/xcode
    builtin-SwiftPerFileCompile GPXPoint.swift
SwiftCompile normal arm64 Compiling\ GPXElement.swift,\ GPXEmail.swift /Users/admin/builder/spi-builder-workspace/Sources/GPX/Element/GPXElement.swift /Users/admin/builder/spi-builder-workspace/Sources/GPX/Element/GPXEmail.swift (in target 'GPX' from project 'GPX')
SwiftCompile normal arm64 /Users/admin/builder/spi-builder-workspace/Sources/GPX/Element/GPXElement.swift (in target 'GPX' from project 'GPX')
    cd /Users/admin/builder/spi-builder-workspace/.swiftpm/xcode
    builtin-SwiftPerFileCompile GPXElement.swift
SwiftCompile normal arm64 /Users/admin/builder/spi-builder-workspace/Sources/GPX/Element/GPXEmail.swift (in target 'GPX' from project 'GPX')
    cd /Users/admin/builder/spi-builder-workspace/.swiftpm/xcode
    builtin-SwiftPerFileCompile GPXEmail.swift
SwiftCompile normal arm64 Compiling\ GPXWaypoint.swift,\ GPX-Extensions.swift /Users/admin/builder/spi-builder-workspace/Sources/GPX/Element/GPXWaypoint.swift /Users/admin/builder/spi-builder-workspace/Sources/GPX/GPX-Extensions.swift (in target 'GPX' from project 'GPX')
SwiftCompile normal arm64 /Users/admin/builder/spi-builder-workspace/Sources/GPX/Element/GPXWaypoint.swift (in target 'GPX' from project 'GPX')
    cd /Users/admin/builder/spi-builder-workspace/.swiftpm/xcode
    builtin-SwiftPerFileCompile GPXWaypoint.swift
SwiftCompile normal arm64 /Users/admin/builder/spi-builder-workspace/Sources/GPX/GPX-Extensions.swift (in target 'GPX' from project 'GPX')
    cd /Users/admin/builder/spi-builder-workspace/.swiftpm/xcode
    builtin-SwiftPerFileCompile GPX-Extensions.swift
SwiftEmitModule normal arm64 Emitting\ module\ for\ GPX (in target 'GPX' from project 'GPX')
SwiftCompile normal arm64 (in target 'GPX' from project 'GPX')
    cd /Users/admin/builder/spi-builder-workspace/.swiftpm/xcode

SwiftCompile normal arm64 Compiling\ GPXLogger.swift,\ GPXParser.swift /Users/admin/builder/spi-builder-workspace/Sources/GPX/GPXLogger.swift /Users/admin/builder/spi-builder-workspace/Sources/GPX/GPXParser.swift (in target 'GPX' from project 'GPX')
/Users/admin/builder/spi-builder-workspace/Sources/GPX/GPXParser.swift:48:19: error: 'init(filePath:directoryHint:relativeTo:)' is only available in tvOS 16.0 or newer
 17 | /** Instances of this class parse GPX documents.
 18 |  */
 19 | public class GPXParser: NSObject, GPXParsing {
    |              `- note: add '@available' attribute to enclosing class
 20 |
 21 |     var gpxXMLParser: GPXXMLParser;
    :
 43 |      - Returns: An initialized GPXRoot object or nil if an error occurs.
 44 |      */
 45 |     public init?(_ path: String) {
    |            `- note: add '@available' attribute to enclosing initializer
 46 |         var url: URL?
 47 |         if #available(iOS 16, macOS 13.0, *) {
 48 |             url = URL(filePath: path);
    |                   |- error: 'init(filePath:directoryHint:relativeTo:)' is only available in tvOS 16.0 or newer
    |                   `- note: add 'if #available' version check
 49 |         }
 50 |         else {
Failed frontend command:
/Applications/Xcode-27.0.0-Release.Candidate.app/Contents/Developer/Toolchains/XcodeDefault.xctoolchain/usr/bin/swift-frontend -frontend -c /Users/admin/builder/spi-builder-workspace/Sources/GPX/Element/GPXAuthor.swift /Users/admin/builder/spi-builder-workspace/Sources/GPX/Element/GPXBounds.swift /Users/admin/builder/spi-builder-workspace/Sources/GPX/Element/GPXCopyright.swift /Users/admin/builder/spi-builder-workspace/Sources/GPX/Element/GPXElement.swift /Users/admin/builder/spi-builder-workspace/Sources/GPX/Element/GPXEmail.swift /Users/admin/builder/spi-builder-workspace/Sources/GPX/Element/GPXExtensions.swift /Users/admin/builder/spi-builder-workspace/Sources/GPX/Element/GPXLink.swift /Users/admin/builder/spi-builder-workspace/Sources/GPX/Element/GPXMetadata.swift /Users/admin/builder/spi-builder-workspace/Sources/GPX/Element/GPXPerson.swift /Users/admin/builder/spi-builder-workspace/Sources/GPX/Element/GPXPoint.swift /Users/admin/builder/spi-builder-workspace/Sources/GPX/Element/GPXPointSegment.swift /Users/admin/builder/spi-builder-workspace/Sources/GPX/Element/GPXRoot.swift /Users/admin/builder/spi-builder-workspace/Sources/GPX/Element/GPXRoute.swift /Users/admin/builder/spi-builder-workspace/Sources/GPX/Element/GPXRoutePoint.swift /Users/admin/builder/spi-builder-workspace/Sources/GPX/Element/GPXTrack.swift /Users/admin/builder/spi-builder-workspace/Sources/GPX/Element/GPXTrackPoint.swift /Users/admin/builder/spi-builder-workspace/Sources/GPX/Element/GPXTrackPointExtensions.swift /Users/admin/builder/spi-builder-workspace/Sources/GPX/Element/GPXTrackSegment.swift /Users/admin/builder/spi-builder-workspace/Sources/GPX/Element/GPXTrailsTrackExtensions.swift /Users/admin/builder/spi-builder-workspace/Sources/GPX/Element/GPXTrailsTrackPointExtensions.swift /Users/admin/builder/spi-builder-workspace/Sources/GPX/Element/GPXWaypoint.swift /Users/admin/builder/spi-builder-workspace/Sources/GPX/GPX-Extensions.swift -primary-file /Users/admin/builder/spi-builder-workspace/Sources/GPX/GPXLogger.swift -primary-file /Users/admin/builder/spi-builder-workspace/Sources/GPX/GPXParser.swift /Users/admin/builder/spi-builder-workspace/Sources/GPX/GPXType.swift /Users/admin/builder/spi-builder-workspace/Sources/GPX/GPXXMLParser.swift -emit-dependencies-path /Users/admin/builder/spi-builder-workspace/.derivedData/Build/Intermediates.noindex/GPX.build/Debug-appletvos/GPX-t.build/Objects-normal/arm64/GPXLogger.d -emit-const-values-path /Users/admin/builder/spi-builder-workspace/.derivedData/Build/Intermediates.noindex/GPX.build/Debug-appletvos/GPX-t.build/Objects-normal/arm64/GPXLogger.swiftconstvalues -emit-reference-dependencies-path /Users/admin/builder/spi-builder-workspace/.derivedData/Build/Intermediates.noindex/GPX.build/Debug-appletvos/GPX-t.build/Objects-normal/arm64/GPXLogger.swiftdeps -serialize-diagnostics-path /Users/admin/builder/spi-builder-workspace/.derivedData/Build/Intermediates.noindex/GPX.build/Debug-appletvos/GPX-t.build/Objects-normal/arm64/GPXLogger.dia -emit-dependencies-path /Users/admin/builder/spi-builder-workspace/.derivedData/Build/Intermediates.noindex/GPX.build/Debug-appletvos/GPX-t.build/Objects-normal/arm64/GPXParser.d -emit-const-values-path /Users/admin/builder/spi-builder-workspace/.derivedData/Build/Intermediates.noindex/GPX.build/Debug-appletvos/GPX-t.build/Objects-normal/arm64/GPXParser.swiftconstvalues -emit-reference-dependencies-path /Users/admin/builder/spi-builder-workspace/.derivedData/Build/Intermediates.noindex/GPX.build/Debug-appletvos/GPX-t.build/Objects-normal/arm64/GPXParser.swiftdeps -serialize-diagnostics-path /Users/admin/builder/spi-builder-workspace/.derivedData/Build/Intermediates.noindex/GPX.build/Debug-appletvos/GPX-t.build/Objects-normal/arm64/GPXParser.dia -target arm64-apple-tvos15.0 -disable-cross-import-overlay-search -load-resolved-plugin /Applications/Xcode-27.0.0-Release.Candidate.app/Contents/Developer/Platforms/AppleTVOS.platform/Developer/usr/lib/swift/host/plugins/libFoundationMacros.dylib\#/Applications/Xcode-27.0.0-Release.Candidate.app/Contents/Developer/Platforms/AppleTVOS.platform/Developer/usr/bin/swift-plugin-server\#FoundationMacros -load-resolved-plugin /Applications/Xcode-27.0.0-Release.Candidate.app/Contents/Developer/Platforms/AppleTVOS.platform/Developer/usr/lib/swift/host/plugins/libObservationMacros.dylib\#/Applications/Xcode-27.0.0-Release.Candidate.app/Contents/Developer/Platforms/AppleTVOS.platform/Developer/usr/bin/swift-plugin-server\#ObservationMacros -load-resolved-plugin /Applications/Xcode-27.0.0-Release.Candidate.app/Contents/Developer/Platforms/AppleTVOS.platform/Developer/usr/lib/swift/host/plugins/libSwiftMacros.dylib\#/Applications/Xcode-27.0.0-Release.Candidate.app/Contents/Developer/Platforms/AppleTVOS.platform/Developer/usr/bin/swift-plugin-server\#SwiftMacros -disable-implicit-swift-modules -Xcc -fno-implicit-modules -Xcc -fno-implicit-module-maps -explicit-swift-module-map-file /Users/admin/builder/spi-builder-workspace/.derivedData/Build/Intermediates.noindex/GPX.build/Debug-appletvos/GPX-t.build/Objects-normal/arm64/GPX-dependencies-1.json -Xllvm -aarch64-use-tbi -enable-objc-interop -stack-check -sdk /Applications/Xcode-27.0.0-Release.Candidate.app/Contents/Developer/Platforms/AppleTVOS.platform/Developer/SDKs/AppleTVOS27.0.sdk -I /Users/admin/builder/spi-builder-workspace/.derivedData/Build/Products/Debug-appletvos -Isystem /Applications/Xcode-27.0.0-Release.Candidate.app/Contents/Developer/Platforms/AppleTVOS.platform/Developer/usr/lib -F /Users/admin/builder/spi-builder-workspace/.derivedData/Build/Products/Debug-appletvos -F /Applications/Xcode-27.0.0-Release.Candidate.app/Contents/Developer/Platforms/AppleTVOS.platform/Developer/Library/Frameworks -F /Applications/Xcode-27.0.0-Release.Candidate.app/Contents/Developer/Platforms/AppleTVOS.platform/Developer/SDKs/AppleTVOS27.0.sdk/Developer/Library/Frameworks -module-cache-path /Users/admin/builder/spi-builder-workspace/.derivedData/Build/Intermediates.noindex/SwiftExplicitPrecompiledModules -no-color-diagnostics -Xcc -fno-color-diagnostics -enable-testing -g -debug-info-format\=dwarf -dwarf-version\=4 -profile-generate -profile-coverage-mapping -swift-version 5 -Onone -D SWIFT_PACKAGE -D DEBUG -D SWIFT_MODULE_RESOURCE_BUNDLE_UNAVAILABLE -D Xcode -serialize-debugging-options -enable-experimental-feature DebugDescriptionMacro -empty-abi-descriptor -validate-clang-modules-once -clang-build-session-file /Users/admin/builder/spi-builder-workspace/.derivedData/ModuleCache.noindex/Session.modulevalidation -Xcc -working-directory -Xcc /Users/admin/builder/spi-builder-workspace/.swiftpm/xcode -enable-anonymous-context-mangled-names -file-compilation-dir /Users/admin/builder/spi-builder-workspace/.swiftpm/xcode -Xcc -D_LIBCPP_HARDENING_MODE\=_LIBCPP_HARDENING_MODE_DEBUG -Xcc -ivfsstatcache -Xcc /Users/admin/builder/spi-builder-workspace/.derivedData/SDKStatCaches.noindex/appletvos27.0-24J360-e829b21a6f8c9b70876ba0858053c044b32bfd8d43560033f8d89884cdb90028.sdkstatcache -Xcc -fmodules-prune-interval\=86400 -Xcc -fmodules-prune-after\=345600 -Xcc -I/Users/admin/builder/spi-builder-workspace/.derivedData/Build/Products/Debug-appletvos/include -Xcc -I/Users/admin/builder/spi-builder-workspace/.derivedData/Build/Intermediates.noindex/GPX.build/Debug-appletvos/GPX-t.build/DerivedSources-normal/arm64 -Xcc -I/Users/admin/builder/spi-builder-workspace/.derivedData/Build/Intermediates.noindex/GPX.build/Debug-appletvos/GPX-t.build/DerivedSources/arm64 -Xcc -I/Users/admin/builder/spi-builder-workspace/.derivedData/Build/Intermediates.noindex/GPX.build/Debug-appletvos/GPX-t.build/DerivedSources -Xcc -DSWIFT_PACKAGE -Xcc -DDEBUG\=1 -no-auto-bridging-header-chaining -module-name GPX -const-gather-protocols-file /Users/admin/builder/spi-builder-workspace/.derivedData/Build/Intermediates.noindex/GPX.build/Debug-appletvos/GPX-t.build/Objects-normal/arm64/GPX_const_extract_protocols.json -disable-clang-spi -clang-target arm64-apple-tvos27.0 -target-sdk-version 27.0 -target-sdk-name appletvos27.0 -in-process-plugin-server-path /Applications/Xcode-27.0.0-Release.Candidate.app/Contents/Developer/Toolchains/XcodeDefault.xctoolchain/usr/lib/swift/host/libSwiftInProcPluginServer.dylib -parse-as-library -o /Users/admin/builder/spi-builder-workspace/.derivedData/Build/Intermediates.noindex/GPX.build/Debug-appletvos/GPX-t.build/Objects-normal/arm64/GPXLogger.o -o /Users/admin/builder/spi-builder-workspace/.derivedData/Build/Intermediates.noindex/GPX.build/Debug-appletvos/GPX-t.build/Objects-normal/arm64/GPXParser.o -debug-module-path /Users/admin/builder/spi-builder-workspace/.derivedData/Build/Intermediates.noindex/GPX.build/Debug-appletvos/GPX-t.build/Objects-normal/arm64/GPX.swiftmodule -index-unit-output-path /GPX.build/Debug-appletvos/GPX-t.build/Objects-normal/arm64/GPXLogger.o -index-unit-output-path /GPX.build/Debug-appletvos/GPX-t.build/Objects-normal/arm64/GPXParser.o -index-store-path /Users/admin/builder/spi-builder-workspace/.derivedData/Index.noindex/DataStore -index-system-modules
SwiftCompile normal arm64 /Users/admin/builder/spi-builder-workspace/Sources/GPX/GPXLogger.swift (in target 'GPX' from project 'GPX')
    cd /Users/admin/builder/spi-builder-workspace/.swiftpm/xcode
    builtin-SwiftPerFileCompile GPXLogger.swift
SwiftCompile normal arm64 /Users/admin/builder/spi-builder-workspace/Sources/GPX/GPXParser.swift (in target 'GPX' from project 'GPX')
    cd /Users/admin/builder/spi-builder-workspace/.swiftpm/xcode
    builtin-SwiftPerFileCompile GPXParser.swift
SwiftCompile normal arm64 Compiling\ GPXType.swift,\ GPXXMLParser.swift /Users/admin/builder/spi-builder-workspace/Sources/GPX/GPXType.swift /Users/admin/builder/spi-builder-workspace/Sources/GPX/GPXXMLParser.swift (in target 'GPX' from project 'GPX')
SwiftCompile normal arm64 /Users/admin/builder/spi-builder-workspace/Sources/GPX/GPXType.swift (in target 'GPX' from project 'GPX')
    cd /Users/admin/builder/spi-builder-workspace/.swiftpm/xcode
    builtin-SwiftPerFileCompile GPXType.swift
SwiftCompile normal arm64 /Users/admin/builder/spi-builder-workspace/Sources/GPX/GPXXMLParser.swift (in target 'GPX' from project 'GPX')
    cd /Users/admin/builder/spi-builder-workspace/.swiftpm/xcode
    builtin-SwiftPerFileCompile GPXXMLParser.swift
SwiftCompile normal arm64 Compiling\ GPXRoute.swift,\ GPXRoutePoint.swift /Users/admin/builder/spi-builder-workspace/Sources/GPX/Element/GPXRoute.swift /Users/admin/builder/spi-builder-workspace/Sources/GPX/Element/GPXRoutePoint.swift (in target 'GPX' from project 'GPX')
SwiftCompile normal arm64 /Users/admin/builder/spi-builder-workspace/Sources/GPX/Element/GPXRoute.swift (in target 'GPX' from project 'GPX')
    cd /Users/admin/builder/spi-builder-workspace/.swiftpm/xcode
    builtin-SwiftPerFileCompile GPXRoute.swift
SwiftCompile normal arm64 /Users/admin/builder/spi-builder-workspace/Sources/GPX/Element/GPXRoutePoint.swift (in target 'GPX' from project 'GPX')
    cd /Users/admin/builder/spi-builder-workspace/.swiftpm/xcode
    builtin-SwiftPerFileCompile GPXRoutePoint.swift
SwiftCompile normal arm64 Compiling\ GPXTrackPointExtensions.swift,\ GPXTrackSegment.swift /Users/admin/builder/spi-builder-workspace/Sources/GPX/Element/GPXTrackPointExtensions.swift /Users/admin/builder/spi-builder-workspace/Sources/GPX/Element/GPXTrackSegment.swift (in target 'GPX' from project 'GPX')
SwiftCompile normal arm64 /Users/admin/builder/spi-builder-workspace/Sources/GPX/Element/GPXTrackPointExtensions.swift (in target 'GPX' from project 'GPX')
    cd /Users/admin/builder/spi-builder-workspace/.swiftpm/xcode
    builtin-SwiftPerFileCompile GPXTrackPointExtensions.swift
SwiftCompile normal arm64 /Users/admin/builder/spi-builder-workspace/Sources/GPX/Element/GPXTrackSegment.swift (in target 'GPX' from project 'GPX')
    cd /Users/admin/builder/spi-builder-workspace/.swiftpm/xcode
    builtin-SwiftPerFileCompile GPXTrackSegment.swift
PruneExplicitPrecompiledModules /Users/admin/builder/spi-builder-workspace/.derivedData/Build/Intermediates.noindex/ExplicitPrecompiledModules
PruneExplicitPrecompiledModules /Users/admin/builder/spi-builder-workspace/.derivedData/SDKExplicitPrecompiledModules
PruneExplicitPrecompiledModules /Users/admin/builder/spi-builder-workspace/.derivedData/Build/Intermediates.noindex/SwiftExplicitPrecompiledModules
2026-09-18 22:13:44.661 xcodebuild[715:4592] [MT] IDERunDestination: Supported platforms for the buildables in the current scheme is empty.
** BUILD FAILED **
The following build commands failed:
	SwiftCompile normal arm64 Compiling\ GPXLogger.swift,\ GPXParser.swift /Users/admin/builder/spi-builder-workspace/Sources/GPX/GPXLogger.swift /Users/admin/builder/spi-builder-workspace/Sources/GPX/GPXParser.swift (in target 'GPX' from project 'GPX')
	SwiftCompile normal arm64 /Users/admin/builder/spi-builder-workspace/Sources/GPX/GPXParser.swift (in target 'GPX' from project 'GPX')
	Building workspace GPX with scheme GPX
(3 failures)
BUILD FAILURE 6.4 tvOS