The Swift Package Index logo.Swift Package Index

Track the adoption of Swift 6 strict concurrency checks for data race safety. How many packages are Ready for Swift 6?

Build Information

Failed to build PackageConfig with Swift 5.10 for tvOS using Xcode 15.4 at 1.1.3.

Build Command

env DEVELOPER_DIR=/Applications/Xcode-15.3.0-Beta.2.app xcrun xcodebuild -IDEClonedSourcePackagesDirPathOverride=$workDir/.dependencies -skipMacroValidation -skipPackagePluginValidation -derivedDataPath $workDir/.derivedData build -scheme PackageConfig-Package -destination generic/platform=tvos

Build Log

SwiftDriver PackageConfig normal arm64 com.apple.xcode.tools.swift.compiler (in target 'PackageConfig' from project 'PackageConfig')
    cd /Users/builder/builds/UKfvDsi8u/1/finestructure/swiftpackageindex-builder/spi-builder-workspace
    builtin-SwiftDriver -- /Applications/Xcode-15.3.0-Beta.2.app/Contents/Developer/Toolchains/XcodeDefault.xctoolchain/usr/bin/swiftc -module-name PackageConfig -Onone -enforce-exclusivity\=checked @/Users/builder/builds/UKfvDsi8u/1/finestructure/swiftpackageindex-builder/spi-builder-workspace/.derivedData/Build/Intermediates.noindex/PackageConfig.build/Debug-appletvos/PackageConfig.build/Objects-normal/arm64/PackageConfig.SwiftFileList -DSWIFT_PACKAGE -DDEBUG -DXcode -sdk /Applications/Xcode-15.3.0-Beta.2.app/Contents/Developer/Platforms/AppleTVOS.platform/Developer/SDKs/AppleTVOS17.4.sdk -target arm64-apple-tvos12.0 -g -module-cache-path /Users/builder/builds/UKfvDsi8u/1/finestructure/swiftpackageindex-builder/spi-builder-workspace/.derivedData/ModuleCache.noindex -Xfrontend -serialize-debugging-options -enable-testing -index-store-path /Users/builder/builds/UKfvDsi8u/1/finestructure/swiftpackageindex-builder/spi-builder-workspace/.derivedData/Index.noindex/DataStore -swift-version 4.2 -I /Users/builder/builds/UKfvDsi8u/1/finestructure/swiftpackageindex-builder/spi-builder-workspace/.derivedData/Build/Products/Debug-appletvos -I /Applications/Xcode-15.3.0-Beta.2.app/Contents/Developer/Platforms/AppleTVOS.platform/Developer/usr/lib -F /Users/builder/builds/UKfvDsi8u/1/finestructure/swiftpackageindex-builder/spi-builder-workspace/.derivedData/Build/Products/Debug-appletvos -F /Applications/Xcode-15.3.0-Beta.2.app/Contents/Developer/Platforms/AppleTVOS.platform/Developer/Library/Frameworks -F /Applications/Xcode-15.3.0-Beta.2.app/Contents/Developer/Platforms/AppleTVOS.platform/Developer/SDKs/AppleTVOS17.4.sdk/Developer/Library/Frameworks -c -j8 -enable-batch-mode -incremental -Xcc -ivfsstatcache -Xcc /Users/builder/builds/UKfvDsi8u/1/finestructure/swiftpackageindex-builder/spi-builder-workspace/.derivedData/SDKStatCaches.noindex/appletvos17.4-21L5206e-a3897aa5c9b1d3e18efb168a98ac3602.sdkstatcache -output-file-map /Users/builder/builds/UKfvDsi8u/1/finestructure/swiftpackageindex-builder/spi-builder-workspace/.derivedData/Build/Intermediates.noindex/PackageConfig.build/Debug-appletvos/PackageConfig.build/Objects-normal/arm64/PackageConfig-OutputFileMap.json -use-frontend-parseable-output -save-temps -no-color-diagnostics -serialize-diagnostics -emit-dependencies -emit-module -emit-module-path /Users/builder/builds/UKfvDsi8u/1/finestructure/swiftpackageindex-builder/spi-builder-workspace/.derivedData/Build/Intermediates.noindex/PackageConfig.build/Debug-appletvos/PackageConfig.build/Objects-normal/arm64/PackageConfig.swiftmodule -validate-clang-modules-once -clang-build-session-file /Users/builder/builds/UKfvDsi8u/1/finestructure/swiftpackageindex-builder/spi-builder-workspace/.derivedData/ModuleCache.noindex/Session.modulevalidation -Xcc -I/Users/builder/builds/UKfvDsi8u/1/finestructure/swiftpackageindex-builder/spi-builder-workspace/.derivedData/Build/Intermediates.noindex/PackageConfig.build/Debug-appletvos/PackageConfig.build/swift-overrides.hmap -emit-const-values -Xfrontend -const-gather-protocols-file -Xfrontend /Users/builder/builds/UKfvDsi8u/1/finestructure/swiftpackageindex-builder/spi-builder-workspace/.derivedData/Build/Intermediates.noindex/PackageConfig.build/Debug-appletvos/PackageConfig.build/Objects-normal/arm64/PackageConfig_const_extract_protocols.json -Xcc -I/Users/builder/builds/UKfvDsi8u/1/finestructure/swiftpackageindex-builder/spi-builder-workspace/.derivedData/Build/Products/Debug-appletvos/include -Xcc -I/Users/builder/builds/UKfvDsi8u/1/finestructure/swiftpackageindex-builder/spi-builder-workspace/.derivedData/Build/Intermediates.noindex/PackageConfig.build/Debug-appletvos/PackageConfig.build/DerivedSources-normal/arm64 -Xcc -I/Users/builder/builds/UKfvDsi8u/1/finestructure/swiftpackageindex-builder/spi-builder-workspace/.derivedData/Build/Intermediates.noindex/PackageConfig.build/Debug-appletvos/PackageConfig.build/DerivedSources/arm64 -Xcc -I/Users/builder/builds/UKfvDsi8u/1/finestructure/swiftpackageindex-builder/spi-builder-workspace/.derivedData/Build/Intermediates.noindex/PackageConfig.build/Debug-appletvos/PackageConfig.build/DerivedSources -Xcc -DSWIFT_PACKAGE -Xcc -DDEBUG\=1 -emit-objc-header -emit-objc-header-path /Users/builder/builds/UKfvDsi8u/1/finestructure/swiftpackageindex-builder/spi-builder-workspace/.derivedData/Build/Intermediates.noindex/PackageConfig.build/Debug-appletvos/PackageConfig.build/Objects-normal/arm64/PackageConfig-Swift.h -working-directory /Users/builder/builds/UKfvDsi8u/1/finestructure/swiftpackageindex-builder/spi-builder-workspace -experimental-emit-module-separately -disable-cmo
SwiftEmitModule normal arm64 Emitting\ module\ for\ package_config (in target 'package-config' from project 'PackageConfig')
    cd /Users/builder/builds/UKfvDsi8u/1/finestructure/swiftpackageindex-builder/spi-builder-workspace
    builtin-swiftTaskExecution -- /Applications/Xcode-15.3.0-Beta.2.app/Contents/Developer/Toolchains/XcodeDefault.xctoolchain/usr/bin/swift-frontend -frontend -emit-module -experimental-skip-non-inlinable-function-bodies-without-types /Users/builder/builds/UKfvDsi8u/1/finestructure/swiftpackageindex-builder/spi-builder-workspace/Sources/PackageConfigExecutable/main.swift -target arm64-apple-tvos12.0 -Xllvm -aarch64-use-tbi -enable-objc-interop -sdk /Applications/Xcode-15.3.0-Beta.2.app/Contents/Developer/Platforms/AppleTVOS.platform/Developer/SDKs/AppleTVOS17.4.sdk -I /Users/builder/builds/UKfvDsi8u/1/finestructure/swiftpackageindex-builder/spi-builder-workspace/.derivedData/Build/Products/Debug-appletvos -I /Applications/Xcode-15.3.0-Beta.2.app/Contents/Developer/Platforms/AppleTVOS.platform/Developer/usr/lib -F /Users/builder/builds/UKfvDsi8u/1/finestructure/swiftpackageindex-builder/spi-builder-workspace/.derivedData/Build/Products/Debug-appletvos -F /Applications/Xcode-15.3.0-Beta.2.app/Contents/Developer/Platforms/AppleTVOS.platform/Developer/Library/Frameworks -F /Applications/Xcode-15.3.0-Beta.2.app/Contents/Developer/Platforms/AppleTVOS.platform/Developer/SDKs/AppleTVOS17.4.sdk/Developer/Library/Frameworks -no-color-diagnostics -enable-testing -g -module-cache-path /Users/builder/builds/UKfvDsi8u/1/finestructure/swiftpackageindex-builder/spi-builder-workspace/.derivedData/ModuleCache.noindex -swift-version 4.2 -enforce-exclusivity\=checked -Onone -D SWIFT_PACKAGE -D DEBUG -D Xcode -serialize-debugging-options -const-gather-protocols-file /Users/builder/builds/UKfvDsi8u/1/finestructure/swiftpackageindex-builder/spi-builder-workspace/.derivedData/Build/Intermediates.noindex/PackageConfig.build/Debug-appletvos/package-config.build/Objects-normal/arm64/package-config_const_extract_protocols.json -empty-abi-descriptor -validate-clang-modules-once -clang-build-session-file /Users/builder/builds/UKfvDsi8u/1/finestructure/swiftpackageindex-builder/spi-builder-workspace/.derivedData/ModuleCache.noindex/Session.modulevalidation -Xcc -working-directory -Xcc /Users/builder/builds/UKfvDsi8u/1/finestructure/swiftpackageindex-builder/spi-builder-workspace -resource-dir /Applications/Xcode-15.3.0-Beta.2.app/Contents/Developer/Toolchains/XcodeDefault.xctoolchain/usr/lib/swift -enable-anonymous-context-mangled-names -Xcc -ivfsstatcache -Xcc /Users/builder/builds/UKfvDsi8u/1/finestructure/swiftpackageindex-builder/spi-builder-workspace/.derivedData/SDKStatCaches.noindex/appletvos17.4-21L5206e-a3897aa5c9b1d3e18efb168a98ac3602.sdkstatcache -Xcc -I/Users/builder/builds/UKfvDsi8u/1/finestructure/swiftpackageindex-builder/spi-builder-workspace/.derivedData/Build/Products/Debug-appletvos/include -Xcc -I/Users/builder/builds/UKfvDsi8u/1/finestructure/swiftpackageindex-builder/spi-builder-workspace/.derivedData/Build/Intermediates.noindex/PackageConfig.build/Debug-appletvos/package-config.build/DerivedSources-normal/arm64 -Xcc -I/Users/builder/builds/UKfvDsi8u/1/finestructure/swiftpackageindex-builder/spi-builder-workspace/.derivedData/Build/Intermediates.noindex/PackageConfig.build/Debug-appletvos/package-config.build/DerivedSources/arm64 -Xcc -I/Users/builder/builds/UKfvDsi8u/1/finestructure/swiftpackageindex-builder/spi-builder-workspace/.derivedData/Build/Intermediates.noindex/PackageConfig.build/Debug-appletvos/package-config.build/DerivedSources -Xcc -DSWIFT_PACKAGE -Xcc -DDEBUG\=1 -module-name package_config -disable-clang-spi -target-sdk-version 17.4 -target-sdk-name appletvos17.4 -external-plugin-path /Applications/Xcode-15.3.0-Beta.2.app/Contents/Developer/Platforms/AppleTVOS.platform/Developer/SDKs/AppleTVOS17.4.sdk/usr/lib/swift/host/plugins\#/Applications/Xcode-15.3.0-Beta.2.app/Contents/Developer/Platforms/AppleTVOS.platform/Developer/SDKs/AppleTVOS17.4.sdk/usr/bin/swift-plugin-server -external-plugin-path /Applications/Xcode-15.3.0-Beta.2.app/Contents/Developer/Platforms/AppleTVOS.platform/Developer/SDKs/AppleTVOS17.4.sdk/usr/local/lib/swift/host/plugins\#/Applications/Xcode-15.3.0-Beta.2.app/Contents/Developer/Platforms/AppleTVOS.platform/Developer/SDKs/AppleTVOS17.4.sdk/usr/bin/swift-plugin-server -external-plugin-path /Applications/Xcode-15.3.0-Beta.2.app/Contents/Developer/Platforms/AppleTVOS.platform/Developer/usr/lib/swift/host/plugins\#/Applications/Xcode-15.3.0-Beta.2.app/Contents/Developer/Platforms/AppleTVOS.platform/Developer/usr/bin/swift-plugin-server -external-plugin-path /Applications/Xcode-15.3.0-Beta.2.app/Contents/Developer/Platforms/AppleTVOS.platform/Developer/usr/local/lib/swift/host/plugins\#/Applications/Xcode-15.3.0-Beta.2.app/Contents/Developer/Platforms/AppleTVOS.platform/Developer/usr/bin/swift-plugin-server -plugin-path /Applications/Xcode-15.3.0-Beta.2.app/Contents/Developer/Toolchains/XcodeDefault.xctoolchain/usr/lib/swift/host/plugins -plugin-path /Applications/Xcode-15.3.0-Beta.2.app/Contents/Developer/Toolchains/XcodeDefault.xctoolchain/usr/local/lib/swift/host/plugins -emit-module-doc-path /Users/builder/builds/UKfvDsi8u/1/finestructure/swiftpackageindex-builder/spi-builder-workspace/.derivedData/Build/Intermediates.noindex/PackageConfig.build/Debug-appletvos/package-config.build/Objects-normal/arm64/package_config.swiftdoc -emit-module-source-info-path /Users/builder/builds/UKfvDsi8u/1/finestructure/swiftpackageindex-builder/spi-builder-workspace/.derivedData/Build/Intermediates.noindex/PackageConfig.build/Debug-appletvos/package-config.build/Objects-normal/arm64/package_config.swiftsourceinfo -serialize-diagnostics-path /Users/builder/builds/UKfvDsi8u/1/finestructure/swiftpackageindex-builder/spi-builder-workspace/.derivedData/Build/Intermediates.noindex/PackageConfig.build/Debug-appletvos/package-config.build/Objects-normal/arm64/package-config-master-emit-module.dia -emit-dependencies-path /Users/builder/builds/UKfvDsi8u/1/finestructure/swiftpackageindex-builder/spi-builder-workspace/.derivedData/Build/Intermediates.noindex/PackageConfig.build/Debug-appletvos/package-config.build/Objects-normal/arm64/package-config-master-emit-module.d -o /Users/builder/builds/UKfvDsi8u/1/finestructure/swiftpackageindex-builder/spi-builder-workspace/.derivedData/Build/Intermediates.noindex/PackageConfig.build/Debug-appletvos/package-config.build/Objects-normal/arm64/package_config.swiftmodule -emit-abi-descriptor-path /Users/builder/builds/UKfvDsi8u/1/finestructure/swiftpackageindex-builder/spi-builder-workspace/.derivedData/Build/Intermediates.noindex/PackageConfig.build/Debug-appletvos/package-config.build/Objects-normal/arm64/package_config.abi.json
/Users/builder/builds/UKfvDsi8u/1/finestructure/swiftpackageindex-builder/spi-builder-workspace/Sources/PackageConfigExecutable/main.swift:2:14: error: class 'Process' does not exist in module 'Foundation'
import class Foundation.Process
             ^          ~~~~~~~
/Users/builder/builds/UKfvDsi8u/1/finestructure/swiftpackageindex-builder/spi-builder-workspace/Sources/PackageConfigExecutable/main.swift:4:15: error: cannot find 'Process' in scope
let process = Process()
              ^~~~~~~
SwiftCompile normal arm64 Compiling\ main.swift /Users/builder/builds/UKfvDsi8u/1/finestructure/swiftpackageindex-builder/spi-builder-workspace/Sources/PackageConfigExecutable/main.swift (in target 'package-config' from project 'PackageConfig')
    cd /Users/builder/builds/UKfvDsi8u/1/finestructure/swiftpackageindex-builder/spi-builder-workspace
    builtin-swiftTaskExecution -- /Applications/Xcode-15.3.0-Beta.2.app/Contents/Developer/Toolchains/XcodeDefault.xctoolchain/usr/bin/swift-frontend -frontend -c -primary-file /Users/builder/builds/UKfvDsi8u/1/finestructure/swiftpackageindex-builder/spi-builder-workspace/Sources/PackageConfigExecutable/main.swift -emit-dependencies-path /Users/builder/builds/UKfvDsi8u/1/finestructure/swiftpackageindex-builder/spi-builder-workspace/.derivedData/Build/Intermediates.noindex/PackageConfig.build/Debug-appletvos/package-config.build/Objects-normal/arm64/main.d -emit-const-values-path /Users/builder/builds/UKfvDsi8u/1/finestructure/swiftpackageindex-builder/spi-builder-workspace/.derivedData/Build/Intermediates.noindex/PackageConfig.build/Debug-appletvos/package-config.build/Objects-normal/arm64/main.swiftconstvalues -emit-reference-dependencies-path /Users/builder/builds/UKfvDsi8u/1/finestructure/swiftpackageindex-builder/spi-builder-workspace/.derivedData/Build/Intermediates.noindex/PackageConfig.build/Debug-appletvos/package-config.build/Objects-normal/arm64/main.swiftdeps -serialize-diagnostics-path /Users/builder/builds/UKfvDsi8u/1/finestructure/swiftpackageindex-builder/spi-builder-workspace/.derivedData/Build/Intermediates.noindex/PackageConfig.build/Debug-appletvos/package-config.build/Objects-normal/arm64/main.dia -target arm64-apple-tvos12.0 -Xllvm -aarch64-use-tbi -enable-objc-interop -sdk /Applications/Xcode-15.3.0-Beta.2.app/Contents/Developer/Platforms/AppleTVOS.platform/Developer/SDKs/AppleTVOS17.4.sdk -I /Users/builder/builds/UKfvDsi8u/1/finestructure/swiftpackageindex-builder/spi-builder-workspace/.derivedData/Build/Products/Debug-appletvos -I /Applications/Xcode-15.3.0-Beta.2.app/Contents/Developer/Platforms/AppleTVOS.platform/Developer/usr/lib -F /Users/builder/builds/UKfvDsi8u/1/finestructure/swiftpackageindex-builder/spi-builder-workspace/.derivedData/Build/Products/Debug-appletvos -F /Applications/Xcode-15.3.0-Beta.2.app/Contents/Developer/Platforms/AppleTVOS.platform/Developer/Library/Frameworks -F /Applications/Xcode-15.3.0-Beta.2.app/Contents/Developer/Platforms/AppleTVOS.platform/Developer/SDKs/AppleTVOS17.4.sdk/Developer/Library/Frameworks -no-color-diagnostics -enable-testing -g -module-cache-path /Users/builder/builds/UKfvDsi8u/1/finestructure/swiftpackageindex-builder/spi-builder-workspace/.derivedData/ModuleCache.noindex -swift-version 4.2 -enforce-exclusivity\=checked -Onone -D SWIFT_PACKAGE -D DEBUG -D Xcode -serialize-debugging-options -const-gather-protocols-file /Users/builder/builds/UKfvDsi8u/1/finestructure/swiftpackageindex-builder/spi-builder-workspace/.derivedData/Build/Intermediates.noindex/PackageConfig.build/Debug-appletvos/package-config.build/Objects-normal/arm64/package-config_const_extract_protocols.json -empty-abi-descriptor -validate-clang-modules-once -clang-build-session-file /Users/builder/builds/UKfvDsi8u/1/finestructure/swiftpackageindex-builder/spi-builder-workspace/.derivedData/ModuleCache.noindex/Session.modulevalidation -Xcc -working-directory -Xcc /Users/builder/builds/UKfvDsi8u/1/finestructure/swiftpackageindex-builder/spi-builder-workspace -resource-dir /Applications/Xcode-15.3.0-Beta.2.app/Contents/Developer/Toolchains/XcodeDefault.xctoolchain/usr/lib/swift -enable-anonymous-context-mangled-names -Xcc -ivfsstatcache -Xcc /Users/builder/builds/UKfvDsi8u/1/finestructure/swiftpackageindex-builder/spi-builder-workspace/.derivedData/SDKStatCaches.noindex/appletvos17.4-21L5206e-a3897aa5c9b1d3e18efb168a98ac3602.sdkstatcache -Xcc -I/Users/builder/builds/UKfvDsi8u/1/finestructure/swiftpackageindex-builder/spi-builder-workspace/.derivedData/Build/Products/Debug-appletvos/include -Xcc -I/Users/builder/builds/UKfvDsi8u/1/finestructure/swiftpackageindex-builder/spi-builder-workspace/.derivedData/Build/Intermediates.noindex/PackageConfig.build/Debug-appletvos/package-config.build/DerivedSources-normal/arm64 -Xcc -I/Users/builder/builds/UKfvDsi8u/1/finestructure/swiftpackageindex-builder/spi-builder-workspace/.derivedData/Build/Intermediates.noindex/PackageConfig.build/Debug-appletvos/package-config.build/DerivedSources/arm64 -Xcc -I/Users/builder/builds/UKfvDsi8u/1/finestructure/swiftpackageindex-builder/spi-builder-workspace/.derivedData/Build/Intermediates.noindex/PackageConfig.build/Debug-appletvos/package-config.build/DerivedSources -Xcc -DSWIFT_PACKAGE -Xcc -DDEBUG\=1 -module-name package_config -frontend-parseable-output -disable-clang-spi -target-sdk-version 17.4 -target-sdk-name appletvos17.4 -external-plugin-path /Applications/Xcode-15.3.0-Beta.2.app/Contents/Developer/Platforms/AppleTVOS.platform/Developer/SDKs/AppleTVOS17.4.sdk/usr/lib/swift/host/plugins\#/Applications/Xcode-15.3.0-Beta.2.app/Contents/Developer/Platforms/AppleTVOS.platform/Developer/SDKs/AppleTVOS17.4.sdk/usr/bin/swift-plugin-server -external-plugin-path /Applications/Xcode-15.3.0-Beta.2.app/Contents/Developer/Platforms/AppleTVOS.platform/Developer/SDKs/AppleTVOS17.4.sdk/usr/local/lib/swift/host/plugins\#/Applications/Xcode-15.3.0-Beta.2.app/Contents/Developer/Platforms/AppleTVOS.platform/Developer/SDKs/AppleTVOS17.4.sdk/usr/bin/swift-plugin-server -external-plugin-path /Applications/Xcode-15.3.0-Beta.2.app/Contents/Developer/Platforms/AppleTVOS.platform/Developer/usr/lib/swift/host/plugins\#/Applications/Xcode-15.3.0-Beta.2.app/Contents/Developer/Platforms/AppleTVOS.platform/Developer/usr/bin/swift-plugin-server -external-plugin-path /Applications/Xcode-15.3.0-Beta.2.app/Contents/Developer/Platforms/AppleTVOS.platform/Developer/usr/local/lib/swift/host/plugins\#/Applications/Xcode-15.3.0-Beta.2.app/Contents/Developer/Platforms/AppleTVOS.platform/Developer/usr/bin/swift-plugin-server -plugin-path /Applications/Xcode-15.3.0-Beta.2.app/Contents/Developer/Toolchains/XcodeDefault.xctoolchain/usr/lib/swift/host/plugins -plugin-path /Applications/Xcode-15.3.0-Beta.2.app/Contents/Developer/Toolchains/XcodeDefault.xctoolchain/usr/local/lib/swift/host/plugins -o /Users/builder/builds/UKfvDsi8u/1/finestructure/swiftpackageindex-builder/spi-builder-workspace/.derivedData/Build/Intermediates.noindex/PackageConfig.build/Debug-appletvos/package-config.build/Objects-normal/arm64/main.o -index-unit-output-path /PackageConfig.build/Debug-appletvos/package-config.build/Objects-normal/arm64/main.o -index-store-path /Users/builder/builds/UKfvDsi8u/1/finestructure/swiftpackageindex-builder/spi-builder-workspace/.derivedData/Index.noindex/DataStore -index-system-modules
SwiftCompile normal arm64 /Users/builder/builds/UKfvDsi8u/1/finestructure/swiftpackageindex-builder/spi-builder-workspace/Sources/PackageConfigExecutable/main.swift (in target 'package-config' from project 'PackageConfig')
    cd /Users/builder/builds/UKfvDsi8u/1/finestructure/swiftpackageindex-builder/spi-builder-workspace
    /Applications/Xcode-15.3.0-Beta.2.app/Contents/Developer/Toolchains/XcodeDefault.xctoolchain/usr/bin/swift-frontend -c -primary-file /Users/builder/builds/UKfvDsi8u/1/finestructure/swiftpackageindex-builder/spi-builder-workspace/Sources/PackageConfigExecutable/main.swift -emit-dependencies-path /Users/builder/builds/UKfvDsi8u/1/finestructure/swiftpackageindex-builder/spi-builder-workspace/.derivedData/Build/Intermediates.noindex/PackageConfig.build/Debug-appletvos/package-config.build/Objects-normal/arm64/main.d -emit-const-values-path /Users/builder/builds/UKfvDsi8u/1/finestructure/swiftpackageindex-builder/spi-builder-workspace/.derivedData/Build/Intermediates.noindex/PackageConfig.build/Debug-appletvos/package-config.build/Objects-normal/arm64/main.swiftconstvalues -emit-reference-dependencies-path /Users/builder/builds/UKfvDsi8u/1/finestructure/swiftpackageindex-builder/spi-builder-workspace/.derivedData/Build/Intermediates.noindex/PackageConfig.build/Debug-appletvos/package-config.build/Objects-normal/arm64/main.swiftdeps -serialize-diagnostics-path /Users/builder/builds/UKfvDsi8u/1/finestructure/swiftpackageindex-builder/spi-builder-workspace/.derivedData/Build/Intermediates.noindex/PackageConfig.build/Debug-appletvos/package-config.build/Objects-normal/arm64/main.dia -target arm64-apple-tvos12.0 -Xllvm -aarch64-use-tbi -enable-objc-interop -sdk /Applications/Xcode-15.3.0-Beta.2.app/Contents/Developer/Platforms/AppleTVOS.platform/Developer/SDKs/AppleTVOS17.4.sdk -I /Users/builder/builds/UKfvDsi8u/1/finestructure/swiftpackageindex-builder/spi-builder-workspace/.derivedData/Build/Products/Debug-appletvos -I /Applications/Xcode-15.3.0-Beta.2.app/Contents/Developer/Platforms/AppleTVOS.platform/Developer/usr/lib -F /Users/builder/builds/UKfvDsi8u/1/finestructure/swiftpackageindex-builder/spi-builder-workspace/.derivedData/Build/Products/Debug-appletvos -F /Applications/Xcode-15.3.0-Beta.2.app/Contents/Developer/Platforms/AppleTVOS.platform/Developer/Library/Frameworks -F /Applications/Xcode-15.3.0-Beta.2.app/Contents/Developer/Platforms/AppleTVOS.platform/Developer/SDKs/AppleTVOS17.4.sdk/Developer/Library/Frameworks -no-color-diagnostics -enable-testing -g -module-cache-path /Users/builder/builds/UKfvDsi8u/1/finestructure/swiftpackageindex-builder/spi-builder-workspace/.derivedData/ModuleCache.noindex -swift-version 4.2 -enforce-exclusivity\=checked -Onone -D SWIFT_PACKAGE -D DEBUG -D Xcode -serialize-debugging-options -const-gather-protocols-file /Users/builder/builds/UKfvDsi8u/1/finestructure/swiftpackageindex-builder/spi-builder-workspace/.derivedData/Build/Intermediates.noindex/PackageConfig.build/Debug-appletvos/package-config.build/Objects-normal/arm64/package-config_const_extract_protocols.json -empty-abi-descriptor -validate-clang-modules-once -clang-build-session-file /Users/builder/builds/UKfvDsi8u/1/finestructure/swiftpackageindex-builder/spi-builder-workspace/.derivedData/ModuleCache.noindex/Session.modulevalidation -Xcc -working-directory -Xcc /Users/builder/builds/UKfvDsi8u/1/finestructure/swiftpackageindex-builder/spi-builder-workspace -resource-dir /Applications/Xcode-15.3.0-Beta.2.app/Contents/Developer/Toolchains/XcodeDefault.xctoolchain/usr/lib/swift -enable-anonymous-context-mangled-names -Xcc -ivfsstatcache -Xcc /Users/builder/builds/UKfvDsi8u/1/finestructure/swiftpackageindex-builder/spi-builder-workspace/.derivedData/SDKStatCaches.noindex/appletvos17.4-21L5206e-a3897aa5c9b1d3e18efb168a98ac3602.sdkstatcache -Xcc -I/Users/builder/builds/UKfvDsi8u/1/finestructure/swiftpackageindex-builder/spi-builder-workspace/.derivedData/Build/Products/Debug-appletvos/include -Xcc -I/Users/builder/builds/UKfvDsi8u/1/finestructure/swiftpackageindex-builder/spi-builder-workspace/.derivedData/Build/Intermediates.noindex/PackageConfig.build/Debug-appletvos/package-config.build/DerivedSources-normal/arm64 -Xcc -I/Users/builder/builds/UKfvDsi8u/1/finestructure/swiftpackageindex-builder/spi-builder-workspace/.derivedData/Build/Intermediates.noindex/PackageConfig.build/Debug-appletvos/package-config.build/DerivedSources/arm64 -Xcc -I/Users/builder/builds/UKfvDsi8u/1/finestructure/swiftpackageindex-builder/spi-builder-workspace/.derivedData/Build/Intermediates.noindex/PackageConfig.build/Debug-appletvos/package-config.build/DerivedSources -Xcc -DSWIFT_PACKAGE -Xcc -DDEBUG\=1 -module-name package_config -frontend-parseable-output -disable-clang-spi -target-sdk-version 17.4 -target-sdk-name appletvos17.4 -external-plugin-path /Applications/Xcode-15.3.0-Beta.2.app/Contents/Developer/Platforms/AppleTVOS.platform/Developer/SDKs/AppleTVOS17.4.sdk/usr/lib/swift/host/plugins\#/Applications/Xcode-15.3.0-Beta.2.app/Contents/Developer/Platforms/AppleTVOS.platform/Developer/SDKs/AppleTVOS17.4.sdk/usr/bin/swift-plugin-server -external-plugin-path /Applications/Xcode-15.3.0-Beta.2.app/Contents/Developer/Platforms/AppleTVOS.platform/Developer/SDKs/AppleTVOS17.4.sdk/usr/local/lib/swift/host/plugins\#/Applications/Xcode-15.3.0-Beta.2.app/Contents/Developer/Platforms/AppleTVOS.platform/Developer/SDKs/AppleTVOS17.4.sdk/usr/bin/swift-plugin-server -external-plugin-path /Applications/Xcode-15.3.0-Beta.2.app/Contents/Developer/Platforms/AppleTVOS.platform/Developer/usr/lib/swift/host/plugins\#/Applications/Xcode-15.3.0-Beta.2.app/Contents/Developer/Platforms/AppleTVOS.platform/Developer/usr/bin/swift-plugin-server -external-plugin-path /Applications/Xcode-15.3.0-Beta.2.app/Contents/Developer/Platforms/AppleTVOS.platform/Developer/usr/local/lib/swift/host/plugins\#/Applications/Xcode-15.3.0-Beta.2.app/Contents/Developer/Platforms/AppleTVOS.platform/Developer/usr/bin/swift-plugin-server -plugin-path /Applications/Xcode-15.3.0-Beta.2.app/Contents/Developer/Toolchains/XcodeDefault.xctoolchain/usr/lib/swift/host/plugins -plugin-path /Applications/Xcode-15.3.0-Beta.2.app/Contents/Developer/Toolchains/XcodeDefault.xctoolchain/usr/local/lib/swift/host/plugins -o /Users/builder/builds/UKfvDsi8u/1/finestructure/swiftpackageindex-builder/spi-builder-workspace/.derivedData/Build/Intermediates.noindex/PackageConfig.build/Debug-appletvos/package-config.build/Objects-normal/arm64/main.o -index-unit-output-path /PackageConfig.build/Debug-appletvos/package-config.build/Objects-normal/arm64/main.o -index-store-path /Users/builder/builds/UKfvDsi8u/1/finestructure/swiftpackageindex-builder/spi-builder-workspace/.derivedData/Index.noindex/DataStore -index-system-modules
SwiftCompile normal arm64 Compiling\ PackageConfig.swift /Users/builder/builds/UKfvDsi8u/1/finestructure/swiftpackageindex-builder/spi-builder-workspace/Sources/PackageConfig/PackageConfig.swift (in target 'PackageConfig' from project 'PackageConfig')
    cd /Users/builder/builds/UKfvDsi8u/1/finestructure/swiftpackageindex-builder/spi-builder-workspace
    builtin-swiftTaskExecution -- /Applications/Xcode-15.3.0-Beta.2.app/Contents/Developer/Toolchains/XcodeDefault.xctoolchain/usr/bin/swift-frontend -frontend -c /Users/builder/builds/UKfvDsi8u/1/finestructure/swiftpackageindex-builder/spi-builder-workspace/Sources/PackageConfig/DynamicLibraries.swift /Users/builder/builds/UKfvDsi8u/1/finestructure/swiftpackageindex-builder/spi-builder-workspace/Sources/PackageConfig/Error.swift /Users/builder/builds/UKfvDsi8u/1/finestructure/swiftpackageindex-builder/spi-builder-workspace/Sources/PackageConfig/Loader.swift /Users/builder/builds/UKfvDsi8u/1/finestructure/swiftpackageindex-builder/spi-builder-workspace/Sources/PackageConfig/Package.swift -primary-file /Users/builder/builds/UKfvDsi8u/1/finestructure/swiftpackageindex-builder/spi-builder-workspace/Sources/PackageConfig/PackageConfig.swift /Users/builder/builds/UKfvDsi8u/1/finestructure/swiftpackageindex-builder/spi-builder-workspace/Sources/PackageConfig/PackageConfiguration.swift /Users/builder/builds/UKfvDsi8u/1/finestructure/swiftpackageindex-builder/spi-builder-workspace/Sources/PackageConfig/Writer.swift -emit-dependencies-path /Users/builder/builds/UKfvDsi8u/1/finestructure/swiftpackageindex-builder/spi-builder-workspace/.derivedData/Build/Intermediates.noindex/PackageConfig.build/Debug-appletvos/PackageConfig.build/Objects-normal/arm64/PackageConfig.d -emit-const-values-path /Users/builder/builds/UKfvDsi8u/1/finestructure/swiftpackageindex-builder/spi-builder-workspace/.derivedData/Build/Intermediates.noindex/PackageConfig.build/Debug-appletvos/PackageConfig.build/Objects-normal/arm64/PackageConfig.swiftconstvalues -emit-reference-dependencies-path /Users/builder/builds/UKfvDsi8u/1/finestructure/swiftpackageindex-builder/spi-builder-workspace/.derivedData/Build/Intermediates.noindex/PackageConfig.build/Debug-appletvos/PackageConfig.build/Objects-normal/arm64/PackageConfig.swiftdeps -serialize-diagnostics-path /Users/builder/builds/UKfvDsi8u/1/finestructure/swiftpackageindex-builder/spi-builder-workspace/.derivedData/Build/Intermediates.noindex/PackageConfig.build/Debug-appletvos/PackageConfig.build/Objects-normal/arm64/PackageConfig.dia -target arm64-apple-tvos12.0 -Xllvm -aarch64-use-tbi -enable-objc-interop -sdk /Applications/Xcode-15.3.0-Beta.2.app/Contents/Developer/Platforms/AppleTVOS.platform/Developer/SDKs/AppleTVOS17.4.sdk -I /Users/builder/builds/UKfvDsi8u/1/finestructure/swiftpackageindex-builder/spi-builder-workspace/.derivedData/Build/Products/Debug-appletvos -I /Applications/Xcode-15.3.0-Beta.2.app/Contents/Developer/Platforms/AppleTVOS.platform/Developer/usr/lib -F /Users/builder/builds/UKfvDsi8u/1/finestructure/swiftpackageindex-builder/spi-builder-workspace/.derivedData/Build/Products/Debug-appletvos -F /Applications/Xcode-15.3.0-Beta.2.app/Contents/Developer/Platforms/AppleTVOS.platform/Developer/Library/Frameworks -F /Applications/Xcode-15.3.0-Beta.2.app/Contents/Developer/Platforms/AppleTVOS.platform/Developer/SDKs/AppleTVOS17.4.sdk/Developer/Library/Frameworks -no-color-diagnostics -enable-testing -g -module-cache-path /Users/builder/builds/UKfvDsi8u/1/finestructure/swiftpackageindex-builder/spi-builder-workspace/.derivedData/ModuleCache.noindex -swift-version 4.2 -enforce-exclusivity\=checked -Onone -D SWIFT_PACKAGE -D DEBUG -D Xcode -serialize-debugging-options -const-gather-protocols-file /Users/builder/builds/UKfvDsi8u/1/finestructure/swiftpackageindex-builder/spi-builder-workspace/.derivedData/Build/Intermediates.noindex/PackageConfig.build/Debug-appletvos/PackageConfig.build/Objects-normal/arm64/PackageConfig_const_extract_protocols.json -empty-abi-descriptor -validate-clang-modules-once -clang-build-session-file /Users/builder/builds/UKfvDsi8u/1/finestructure/swiftpackageindex-builder/spi-builder-workspace/.derivedData/ModuleCache.noindex/Session.modulevalidation -Xcc -working-directory -Xcc /Users/builder/builds/UKfvDsi8u/1/finestructure/swiftpackageindex-builder/spi-builder-workspace -resource-dir /Applications/Xcode-15.3.0-Beta.2.app/Contents/Developer/Toolchains/XcodeDefault.xctoolchain/usr/lib/swift -enable-anonymous-context-mangled-names -Xcc -ivfsstatcache -Xcc /Users/builder/builds/UKfvDsi8u/1/finestructure/swiftpackageindex-builder/spi-builder-workspace/.derivedData/SDKStatCaches.noindex/appletvos17.4-21L5206e-a3897aa5c9b1d3e18efb168a98ac3602.sdkstatcache -Xcc -I/Users/builder/builds/UKfvDsi8u/1/finestructure/swiftpackageindex-builder/spi-builder-workspace/.derivedData/Build/Intermediates.noindex/PackageConfig.build/Debug-appletvos/PackageConfig.build/swift-overrides.hmap -Xcc -I/Users/builder/builds/UKfvDsi8u/1/finestructure/swiftpackageindex-builder/spi-builder-workspace/.derivedData/Build/Products/Debug-appletvos/include -Xcc -I/Users/builder/builds/UKfvDsi8u/1/finestructure/swiftpackageindex-builder/spi-builder-workspace/.derivedData/Build/Intermediates.noindex/PackageConfig.build/Debug-appletvos/PackageConfig.build/DerivedSources-normal/arm64 -Xcc -I/Users/builder/builds/UKfvDsi8u/1/finestructure/swiftpackageindex-builder/spi-builder-workspace/.derivedData/Build/Intermediates.noindex/PackageConfig.build/Debug-appletvos/PackageConfig.build/DerivedSources/arm64 -Xcc -I/Users/builder/builds/UKfvDsi8u/1/finestructure/swiftpackageindex-builder/spi-builder-workspace/.derivedData/Build/Intermediates.noindex/PackageConfig.build/Debug-appletvos/PackageConfig.build/DerivedSources -Xcc -DSWIFT_PACKAGE -Xcc -DDEBUG\=1 -module-name PackageConfig -frontend-parseable-output -disable-clang-spi -target-sdk-version 17.4 -target-sdk-name appletvos17.4 -external-plugin-path /Applications/Xcode-15.3.0-Beta.2.app/Contents/Developer/Platforms/AppleTVOS.platform/Developer/SDKs/AppleTVOS17.4.sdk/usr/lib/swift/host/plugins\#/Applications/Xcode-15.3.0-Beta.2.app/Contents/Developer/Platforms/AppleTVOS.platform/Developer/SDKs/AppleTVOS17.4.sdk/usr/bin/swift-plugin-server -external-plugin-path /Applications/Xcode-15.3.0-Beta.2.app/Contents/Developer/Platforms/AppleTVOS.platform/Developer/SDKs/AppleTVOS17.4.sdk/usr/local/lib/swift/host/plugins\#/Applications/Xcode-15.3.0-Beta.2.app/Contents/Developer/Platforms/AppleTVOS.platform/Developer/SDKs/AppleTVOS17.4.sdk/usr/bin/swift-plugin-server -external-plugin-path /Applications/Xcode-15.3.0-Beta.2.app/Contents/Developer/Platforms/AppleTVOS.platform/Developer/usr/lib/swift/host/plugins\#/Applications/Xcode-15.3.0-Beta.2.app/Contents/Developer/Platforms/AppleTVOS.platform/Developer/usr/bin/swift-plugin-server -external-plugin-path /Applications/Xcode-15.3.0-Beta.2.app/Contents/Developer/Platforms/AppleTVOS.platform/Developer/usr/local/lib/swift/host/plugins\#/Applications/Xcode-15.3.0-Beta.2.app/Contents/Developer/Platforms/AppleTVOS.platform/Developer/usr/bin/swift-plugin-server -plugin-path /Applications/Xcode-15.3.0-Beta.2.app/Contents/Developer/Toolchains/XcodeDefault.xctoolchain/usr/lib/swift/host/plugins -plugin-path /Applications/Xcode-15.3.0-Beta.2.app/Contents/Developer/Toolchains/XcodeDefault.xctoolchain/usr/local/lib/swift/host/plugins -o /Users/builder/builds/UKfvDsi8u/1/finestructure/swiftpackageindex-builder/spi-builder-workspace/.derivedData/Build/Intermediates.noindex/PackageConfig.build/Debug-appletvos/PackageConfig.build/Objects-normal/arm64/PackageConfig.o -index-unit-output-path /PackageConfig.build/Debug-appletvos/PackageConfig.build/Objects-normal/arm64/PackageConfig.o -index-store-path /Users/builder/builds/UKfvDsi8u/1/finestructure/swiftpackageindex-builder/spi-builder-workspace/.derivedData/Index.noindex/DataStore -index-system-modules
SwiftCompile normal arm64 /Users/builder/builds/UKfvDsi8u/1/finestructure/swiftpackageindex-builder/spi-builder-workspace/Sources/PackageConfig/PackageConfig.swift (in target 'PackageConfig' from project 'PackageConfig')
    cd /Users/builder/builds/UKfvDsi8u/1/finestructure/swiftpackageindex-builder/spi-builder-workspace
    /Applications/Xcode-15.3.0-Beta.2.app/Contents/Developer/Toolchains/XcodeDefault.xctoolchain/usr/bin/swift-frontend -c /Users/builder/builds/UKfvDsi8u/1/finestructure/swiftpackageindex-builder/spi-builder-workspace/Sources/PackageConfig/DynamicLibraries.swift /Users/builder/builds/UKfvDsi8u/1/finestructure/swiftpackageindex-builder/spi-builder-workspace/Sources/PackageConfig/Error.swift /Users/builder/builds/UKfvDsi8u/1/finestructure/swiftpackageindex-builder/spi-builder-workspace/Sources/PackageConfig/Loader.swift /Users/builder/builds/UKfvDsi8u/1/finestructure/swiftpackageindex-builder/spi-builder-workspace/Sources/PackageConfig/Package.swift -primary-file /Users/builder/builds/UKfvDsi8u/1/finestructure/swiftpackageindex-builder/spi-builder-workspace/Sources/PackageConfig/PackageConfig.swift /Users/builder/builds/UKfvDsi8u/1/finestructure/swiftpackageindex-builder/spi-builder-workspace/Sources/PackageConfig/PackageConfiguration.swift /Users/builder/builds/UKfvDsi8u/1/finestructure/swiftpackageindex-builder/spi-builder-workspace/Sources/PackageConfig/Writer.swift -emit-dependencies-path /Users/builder/builds/UKfvDsi8u/1/finestructure/swiftpackageindex-builder/spi-builder-workspace/.derivedData/Build/Intermediates.noindex/PackageConfig.build/Debug-appletvos/PackageConfig.build/Objects-normal/arm64/PackageConfig.d -emit-const-values-path /Users/builder/builds/UKfvDsi8u/1/finestructure/swiftpackageindex-builder/spi-builder-workspace/.derivedData/Build/Intermediates.noindex/PackageConfig.build/Debug-appletvos/PackageConfig.build/Objects-normal/arm64/PackageConfig.swiftconstvalues -emit-reference-dependencies-path /Users/builder/builds/UKfvDsi8u/1/finestructure/swiftpackageindex-builder/spi-builder-workspace/.derivedData/Build/Intermediates.noindex/PackageConfig.build/Debug-appletvos/PackageConfig.build/Objects-normal/arm64/PackageConfig.swiftdeps -serialize-diagnostics-path /Users/builder/builds/UKfvDsi8u/1/finestructure/swiftpackageindex-builder/spi-builder-workspace/.derivedData/Build/Intermediates.noindex/PackageConfig.build/Debug-appletvos/PackageConfig.build/Objects-normal/arm64/PackageConfig.dia -target arm64-apple-tvos12.0 -Xllvm -aarch64-use-tbi -enable-objc-interop -sdk /Applications/Xcode-15.3.0-Beta.2.app/Contents/Developer/Platforms/AppleTVOS.platform/Developer/SDKs/AppleTVOS17.4.sdk -I /Users/builder/builds/UKfvDsi8u/1/finestructure/swiftpackageindex-builder/spi-builder-workspace/.derivedData/Build/Products/Debug-appletvos -I /Applications/Xcode-15.3.0-Beta.2.app/Contents/Developer/Platforms/AppleTVOS.platform/Developer/usr/lib -F /Users/builder/builds/UKfvDsi8u/1/finestructure/swiftpackageindex-builder/spi-builder-workspace/.derivedData/Build/Products/Debug-appletvos -F /Applications/Xcode-15.3.0-Beta.2.app/Contents/Developer/Platforms/AppleTVOS.platform/Developer/Library/Frameworks -F /Applications/Xcode-15.3.0-Beta.2.app/Contents/Developer/Platforms/AppleTVOS.platform/Developer/SDKs/AppleTVOS17.4.sdk/Developer/Library/Frameworks -no-color-diagnostics -enable-testing -g -module-cache-path /Users/builder/builds/UKfvDsi8u/1/finestructure/swiftpackageindex-builder/spi-builder-workspace/.derivedData/ModuleCache.noindex -swift-version 4.2 -enforce-exclusivity\=checked -Onone -D SWIFT_PACKAGE -D DEBUG -D Xcode -serialize-debugging-options -const-gather-protocols-file /Users/builder/builds/UKfvDsi8u/1/finestructure/swiftpackageindex-builder/spi-builder-workspace/.derivedData/Build/Intermediates.noindex/PackageConfig.build/Debug-appletvos/PackageConfig.build/Objects-normal/arm64/PackageConfig_const_extract_protocols.json -empty-abi-descriptor -validate-clang-modules-once -clang-build-session-file /Users/builder/builds/UKfvDsi8u/1/finestructure/swiftpackageindex-builder/spi-builder-workspace/.derivedData/ModuleCache.noindex/Session.modulevalidation -Xcc -working-directory -Xcc /Users/builder/builds/UKfvDsi8u/1/finestructure/swiftpackageindex-builder/spi-builder-workspace -resource-dir /Applications/Xcode-15.3.0-Beta.2.app/Contents/Developer/Toolchains/XcodeDefault.xctoolchain/usr/lib/swift -enable-anonymous-context-mangled-names -Xcc -ivfsstatcache -Xcc /Users/builder/builds/UKfvDsi8u/1/finestructure/swiftpackageindex-builder/spi-builder-workspace/.derivedData/SDKStatCaches.noindex/appletvos17.4-21L5206e-a3897aa5c9b1d3e18efb168a98ac3602.sdkstatcache -Xcc -I/Users/builder/builds/UKfvDsi8u/1/finestructure/swiftpackageindex-builder/spi-builder-workspace/.derivedData/Build/Intermediates.noindex/PackageConfig.build/Debug-appletvos/PackageConfig.build/swift-overrides.hmap -Xcc -I/Users/builder/builds/UKfvDsi8u/1/finestructure/swiftpackageindex-builder/spi-builder-workspace/.derivedData/Build/Products/Debug-appletvos/include -Xcc -I/Users/builder/builds/UKfvDsi8u/1/finestructure/swiftpackageindex-builder/spi-builder-workspace/.derivedData/Build/Intermediates.noindex/PackageConfig.build/Debug-appletvos/PackageConfig.build/DerivedSources-normal/arm64 -Xcc -I/Users/builder/builds/UKfvDsi8u/1/finestructure/swiftpackageindex-builder/spi-builder-workspace/.derivedData/Build/Intermediates.noindex/PackageConfig.build/Debug-appletvos/PackageConfig.build/DerivedSources/arm64 -Xcc -I/Users/builder/builds/UKfvDsi8u/1/finestructure/swiftpackageindex-builder/spi-builder-workspace/.derivedData/Build/Intermediates.noindex/PackageConfig.build/Debug-appletvos/PackageConfig.build/DerivedSources -Xcc -DSWIFT_PACKAGE -Xcc -DDEBUG\=1 -module-name PackageConfig -frontend-parseable-output -disable-clang-spi -target-sdk-version 17.4 -target-sdk-name appletvos17.4 -external-plugin-path /Applications/Xcode-15.3.0-Beta.2.app/Contents/Developer/Platforms/AppleTVOS.platform/Developer/SDKs/AppleTVOS17.4.sdk/usr/lib/swift/host/plugins\#/Applications/Xcode-15.3.0-Beta.2.app/Contents/Developer/Platforms/AppleTVOS.platform/Developer/SDKs/AppleTVOS17.4.sdk/usr/bin/swift-plugin-server -external-plugin-path /Applications/Xcode-15.3.0-Beta.2.app/Contents/Developer/Platforms/AppleTVOS.platform/Developer/SDKs/AppleTVOS17.4.sdk/usr/local/lib/swift/host/plugins\#/Applications/Xcode-15.3.0-Beta.2.app/Contents/Developer/Platforms/AppleTVOS.platform/Developer/SDKs/AppleTVOS17.4.sdk/usr/bin/swift-plugin-server -external-plugin-path /Applications/Xcode-15.3.0-Beta.2.app/Contents/Developer/Platforms/AppleTVOS.platform/Developer/usr/lib/swift/host/plugins\#/Applications/Xcode-15.3.0-Beta.2.app/Contents/Developer/Platforms/AppleTVOS.platform/Developer/usr/bin/swift-plugin-server -external-plugin-path /Applications/Xcode-15.3.0-Beta.2.app/Contents/Developer/Platforms/AppleTVOS.platform/Developer/usr/local/lib/swift/host/plugins\#/Applications/Xcode-15.3.0-Beta.2.app/Contents/Developer/Platforms/AppleTVOS.platform/Developer/usr/bin/swift-plugin-server -plugin-path /Applications/Xcode-15.3.0-Beta.2.app/Contents/Developer/Toolchains/XcodeDefault.xctoolchain/usr/lib/swift/host/plugins -plugin-path /Applications/Xcode-15.3.0-Beta.2.app/Contents/Developer/Toolchains/XcodeDefault.xctoolchain/usr/local/lib/swift/host/plugins -o /Users/builder/builds/UKfvDsi8u/1/finestructure/swiftpackageindex-builder/spi-builder-workspace/.derivedData/Build/Intermediates.noindex/PackageConfig.build/Debug-appletvos/PackageConfig.build/Objects-normal/arm64/PackageConfig.o -index-unit-output-path /PackageConfig.build/Debug-appletvos/PackageConfig.build/Objects-normal/arm64/PackageConfig.o -index-store-path /Users/builder/builds/UKfvDsi8u/1/finestructure/swiftpackageindex-builder/spi-builder-workspace/.derivedData/Index.noindex/DataStore -index-system-modules
SwiftCompile normal arm64 Compiling\ PackageConfiguration.swift /Users/builder/builds/UKfvDsi8u/1/finestructure/swiftpackageindex-builder/spi-builder-workspace/Sources/PackageConfig/PackageConfiguration.swift (in target 'PackageConfig' from project 'PackageConfig')
    cd /Users/builder/builds/UKfvDsi8u/1/finestructure/swiftpackageindex-builder/spi-builder-workspace
    builtin-swiftTaskExecution -- /Applications/Xcode-15.3.0-Beta.2.app/Contents/Developer/Toolchains/XcodeDefault.xctoolchain/usr/bin/swift-frontend -frontend -c /Users/builder/builds/UKfvDsi8u/1/finestructure/swiftpackageindex-builder/spi-builder-workspace/Sources/PackageConfig/DynamicLibraries.swift /Users/builder/builds/UKfvDsi8u/1/finestructure/swiftpackageindex-builder/spi-builder-workspace/Sources/PackageConfig/Error.swift /Users/builder/builds/UKfvDsi8u/1/finestructure/swiftpackageindex-builder/spi-builder-workspace/Sources/PackageConfig/Loader.swift /Users/builder/builds/UKfvDsi8u/1/finestructure/swiftpackageindex-builder/spi-builder-workspace/Sources/PackageConfig/Package.swift /Users/builder/builds/UKfvDsi8u/1/finestructure/swiftpackageindex-builder/spi-builder-workspace/Sources/PackageConfig/PackageConfig.swift -primary-file /Users/builder/builds/UKfvDsi8u/1/finestructure/swiftpackageindex-builder/spi-builder-workspace/Sources/PackageConfig/PackageConfiguration.swift /Users/builder/builds/UKfvDsi8u/1/finestructure/swiftpackageindex-builder/spi-builder-workspace/Sources/PackageConfig/Writer.swift -emit-dependencies-path /Users/builder/builds/UKfvDsi8u/1/finestructure/swiftpackageindex-builder/spi-builder-workspace/.derivedData/Build/Intermediates.noindex/PackageConfig.build/Debug-appletvos/PackageConfig.build/Objects-normal/arm64/PackageConfiguration.d -emit-const-values-path /Users/builder/builds/UKfvDsi8u/1/finestructure/swiftpackageindex-builder/spi-builder-workspace/.derivedData/Build/Intermediates.noindex/PackageConfig.build/Debug-appletvos/PackageConfig.build/Objects-normal/arm64/PackageConfiguration.swiftconstvalues -emit-reference-dependencies-path /Users/builder/builds/UKfvDsi8u/1/finestructure/swiftpackageindex-builder/spi-builder-workspace/.derivedData/Build/Intermediates.noindex/PackageConfig.build/Debug-appletvos/PackageConfig.build/Objects-normal/arm64/PackageConfiguration.swiftdeps -serialize-diagnostics-path /Users/builder/builds/UKfvDsi8u/1/finestructure/swiftpackageindex-builder/spi-builder-workspace/.derivedData/Build/Intermediates.noindex/PackageConfig.build/Debug-appletvos/PackageConfig.build/Objects-normal/arm64/PackageConfiguration.dia -target arm64-apple-tvos12.0 -Xllvm -aarch64-use-tbi -enable-objc-interop -sdk /Applications/Xcode-15.3.0-Beta.2.app/Contents/Developer/Platforms/AppleTVOS.platform/Developer/SDKs/AppleTVOS17.4.sdk -I /Users/builder/builds/UKfvDsi8u/1/finestructure/swiftpackageindex-builder/spi-builder-workspace/.derivedData/Build/Products/Debug-appletvos -I /Applications/Xcode-15.3.0-Beta.2.app/Contents/Developer/Platforms/AppleTVOS.platform/Developer/usr/lib -F /Users/builder/builds/UKfvDsi8u/1/finestructure/swiftpackageindex-builder/spi-builder-workspace/.derivedData/Build/Products/Debug-appletvos -F /Applications/Xcode-15.3.0-Beta.2.app/Contents/Developer/Platforms/AppleTVOS.platform/Developer/Library/Frameworks -F /Applications/Xcode-15.3.0-Beta.2.app/Contents/Developer/Platforms/AppleTVOS.platform/Developer/SDKs/AppleTVOS17.4.sdk/Developer/Library/Frameworks -no-color-diagnostics -enable-testing -g -module-cache-path /Users/builder/builds/UKfvDsi8u/1/finestructure/swiftpackageindex-builder/spi-builder-workspace/.derivedData/ModuleCache.noindex -swift-version 4.2 -enforce-exclusivity\=checked -Onone -D SWIFT_PACKAGE -D DEBUG -D Xcode -serialize-debugging-options -const-gather-protocols-file /Users/builder/builds/UKfvDsi8u/1/finestructure/swiftpackageindex-builder/spi-builder-workspace/.derivedData/Build/Intermediates.noindex/PackageConfig.build/Debug-appletvos/PackageConfig.build/Objects-normal/arm64/PackageConfig_const_extract_protocols.json -empty-abi-descriptor -validate-clang-modules-once -clang-build-session-file /Users/builder/builds/UKfvDsi8u/1/finestructure/swiftpackageindex-builder/spi-builder-workspace/.derivedData/ModuleCache.noindex/Session.modulevalidation -Xcc -working-directory -Xcc /Users/builder/builds/UKfvDsi8u/1/finestructure/swiftpackageindex-builder/spi-builder-workspace -resource-dir /Applications/Xcode-15.3.0-Beta.2.app/Contents/Developer/Toolchains/XcodeDefault.xctoolchain/usr/lib/swift -enable-anonymous-context-mangled-names -Xcc -ivfsstatcache -Xcc /Users/builder/builds/UKfvDsi8u/1/finestructure/swiftpackageindex-builder/spi-builder-workspace/.derivedData/SDKStatCaches.noindex/appletvos17.4-21L5206e-a3897aa5c9b1d3e18efb168a98ac3602.sdkstatcache -Xcc -I/Users/builder/builds/UKfvDsi8u/1/finestructure/swiftpackageindex-builder/spi-builder-workspace/.derivedData/Build/Intermediates.noindex/PackageConfig.build/Debug-appletvos/PackageConfig.build/swift-overrides.hmap -Xcc -I/Users/builder/builds/UKfvDsi8u/1/finestructure/swiftpackageindex-builder/spi-builder-workspace/.derivedData/Build/Products/Debug-appletvos/include -Xcc -I/Users/builder/builds/UKfvDsi8u/1/finestructure/swiftpackageindex-builder/spi-builder-workspace/.derivedData/Build/Intermediates.noindex/PackageConfig.build/Debug-appletvos/PackageConfig.build/DerivedSources-normal/arm64 -Xcc -I/Users/builder/builds/UKfvDsi8u/1/finestructure/swiftpackageindex-builder/spi-builder-workspace/.derivedData/Build/Intermediates.noindex/PackageConfig.build/Debug-appletvos/PackageConfig.build/DerivedSources/arm64 -Xcc -I/Users/builder/builds/UKfvDsi8u/1/finestructure/swiftpackageindex-builder/spi-builder-workspace/.derivedData/Build/Intermediates.noindex/PackageConfig.build/Debug-appletvos/PackageConfig.build/DerivedSources -Xcc -DSWIFT_PACKAGE -Xcc -DDEBUG\=1 -module-name PackageConfig -frontend-parseable-output -disable-clang-spi -target-sdk-version 17.4 -target-sdk-name appletvos17.4 -external-plugin-path /Applications/Xcode-15.3.0-Beta.2.app/Contents/Developer/Platforms/AppleTVOS.platform/Developer/SDKs/AppleTVOS17.4.sdk/usr/lib/swift/host/plugins\#/Applications/Xcode-15.3.0-Beta.2.app/Contents/Developer/Platforms/AppleTVOS.platform/Developer/SDKs/AppleTVOS17.4.sdk/usr/bin/swift-plugin-server -external-plugin-path /Applications/Xcode-15.3.0-Beta.2.app/Contents/Developer/Platforms/AppleTVOS.platform/Developer/SDKs/AppleTVOS17.4.sdk/usr/local/lib/swift/host/plugins\#/Applications/Xcode-15.3.0-Beta.2.app/Contents/Developer/Platforms/AppleTVOS.platform/Developer/SDKs/AppleTVOS17.4.sdk/usr/bin/swift-plugin-server -external-plugin-path /Applications/Xcode-15.3.0-Beta.2.app/Contents/Developer/Platforms/AppleTVOS.platform/Developer/usr/lib/swift/host/plugins\#/Applications/Xcode-15.3.0-Beta.2.app/Contents/Developer/Platforms/AppleTVOS.platform/Developer/usr/bin/swift-plugin-server -external-plugin-path /Applications/Xcode-15.3.0-Beta.2.app/Contents/Developer/Platforms/AppleTVOS.platform/Developer/usr/local/lib/swift/host/plugins\#/Applications/Xcode-15.3.0-Beta.2.app/Contents/Developer/Platforms/AppleTVOS.platform/Developer/usr/bin/swift-plugin-server -plugin-path /Applications/Xcode-15.3.0-Beta.2.app/Contents/Developer/Toolchains/XcodeDefault.xctoolchain/usr/lib/swift/host/plugins -plugin-path /Applications/Xcode-15.3.0-Beta.2.app/Contents/Developer/Toolchains/XcodeDefault.xctoolchain/usr/local/lib/swift/host/plugins -o /Users/builder/builds/UKfvDsi8u/1/finestructure/swiftpackageindex-builder/spi-builder-workspace/.derivedData/Build/Intermediates.noindex/PackageConfig.build/Debug-appletvos/PackageConfig.build/Objects-normal/arm64/PackageConfiguration.o -index-unit-output-path /PackageConfig.build/Debug-appletvos/PackageConfig.build/Objects-normal/arm64/PackageConfiguration.o -index-store-path /Users/builder/builds/UKfvDsi8u/1/finestructure/swiftpackageindex-builder/spi-builder-workspace/.derivedData/Index.noindex/DataStore -index-system-modules
SwiftCompile normal arm64 /Users/builder/builds/UKfvDsi8u/1/finestructure/swiftpackageindex-builder/spi-builder-workspace/Sources/PackageConfig/PackageConfiguration.swift (in target 'PackageConfig' from project 'PackageConfig')
    cd /Users/builder/builds/UKfvDsi8u/1/finestructure/swiftpackageindex-builder/spi-builder-workspace
    /Applications/Xcode-15.3.0-Beta.2.app/Contents/Developer/Toolchains/XcodeDefault.xctoolchain/usr/bin/swift-frontend -c /Users/builder/builds/UKfvDsi8u/1/finestructure/swiftpackageindex-builder/spi-builder-workspace/Sources/PackageConfig/DynamicLibraries.swift /Users/builder/builds/UKfvDsi8u/1/finestructure/swiftpackageindex-builder/spi-builder-workspace/Sources/PackageConfig/Error.swift /Users/builder/builds/UKfvDsi8u/1/finestructure/swiftpackageindex-builder/spi-builder-workspace/Sources/PackageConfig/Loader.swift /Users/builder/builds/UKfvDsi8u/1/finestructure/swiftpackageindex-builder/spi-builder-workspace/Sources/PackageConfig/Package.swift /Users/builder/builds/UKfvDsi8u/1/finestructure/swiftpackageindex-builder/spi-builder-workspace/Sources/PackageConfig/PackageConfig.swift -primary-file /Users/builder/builds/UKfvDsi8u/1/finestructure/swiftpackageindex-builder/spi-builder-workspace/Sources/PackageConfig/PackageConfiguration.swift /Users/builder/builds/UKfvDsi8u/1/finestructure/swiftpackageindex-builder/spi-builder-workspace/Sources/PackageConfig/Writer.swift -emit-dependencies-path /Users/builder/builds/UKfvDsi8u/1/finestructure/swiftpackageindex-builder/spi-builder-workspace/.derivedData/Build/Intermediates.noindex/PackageConfig.build/Debug-appletvos/PackageConfig.build/Objects-normal/arm64/PackageConfiguration.d -emit-const-values-path /Users/builder/builds/UKfvDsi8u/1/finestructure/swiftpackageindex-builder/spi-builder-workspace/.derivedData/Build/Intermediates.noindex/PackageConfig.build/Debug-appletvos/PackageConfig.build/Objects-normal/arm64/PackageConfiguration.swiftconstvalues -emit-reference-dependencies-path /Users/builder/builds/UKfvDsi8u/1/finestructure/swiftpackageindex-builder/spi-builder-workspace/.derivedData/Build/Intermediates.noindex/PackageConfig.build/Debug-appletvos/PackageConfig.build/Objects-normal/arm64/PackageConfiguration.swiftdeps -serialize-diagnostics-path /Users/builder/builds/UKfvDsi8u/1/finestructure/swiftpackageindex-builder/spi-builder-workspace/.derivedData/Build/Intermediates.noindex/PackageConfig.build/Debug-appletvos/PackageConfig.build/Objects-normal/arm64/PackageConfiguration.dia -target arm64-apple-tvos12.0 -Xllvm -aarch64-use-tbi -enable-objc-interop -sdk /Applications/Xcode-15.3.0-Beta.2.app/Contents/Developer/Platforms/AppleTVOS.platform/Developer/SDKs/AppleTVOS17.4.sdk -I /Users/builder/builds/UKfvDsi8u/1/finestructure/swiftpackageindex-builder/spi-builder-workspace/.derivedData/Build/Products/Debug-appletvos -I /Applications/Xcode-15.3.0-Beta.2.app/Contents/Developer/Platforms/AppleTVOS.platform/Developer/usr/lib -F /Users/builder/builds/UKfvDsi8u/1/finestructure/swiftpackageindex-builder/spi-builder-workspace/.derivedData/Build/Products/Debug-appletvos -F /Applications/Xcode-15.3.0-Beta.2.app/Contents/Developer/Platforms/AppleTVOS.platform/Developer/Library/Frameworks -F /Applications/Xcode-15.3.0-Beta.2.app/Contents/Developer/Platforms/AppleTVOS.platform/Developer/SDKs/AppleTVOS17.4.sdk/Developer/Library/Frameworks -no-color-diagnostics -enable-testing -g -module-cache-path /Users/builder/builds/UKfvDsi8u/1/finestructure/swiftpackageindex-builder/spi-builder-workspace/.derivedData/ModuleCache.noindex -swift-version 4.2 -enforce-exclusivity\=checked -Onone -D SWIFT_PACKAGE -D DEBUG -D Xcode -serialize-debugging-options -const-gather-protocols-file /Users/builder/builds/UKfvDsi8u/1/finestructure/swiftpackageindex-builder/spi-builder-workspace/.derivedData/Build/Intermediates.noindex/PackageConfig.build/Debug-appletvos/PackageConfig.build/Objects-normal/arm64/PackageConfig_const_extract_protocols.json -empty-abi-descriptor -validate-clang-modules-once -clang-build-session-file /Users/builder/builds/UKfvDsi8u/1/finestructure/swiftpackageindex-builder/spi-builder-workspace/.derivedData/ModuleCache.noindex/Session.modulevalidation -Xcc -working-directory -Xcc /Users/builder/builds/UKfvDsi8u/1/finestructure/swiftpackageindex-builder/spi-builder-workspace -resource-dir /Applications/Xcode-15.3.0-Beta.2.app/Contents/Developer/Toolchains/XcodeDefault.xctoolchain/usr/lib/swift -enable-anonymous-context-mangled-names -Xcc -ivfsstatcache -Xcc /Users/builder/builds/UKfvDsi8u/1/finestructure/swiftpackageindex-builder/spi-builder-workspace/.derivedData/SDKStatCaches.noindex/appletvos17.4-21L5206e-a3897aa5c9b1d3e18efb168a98ac3602.sdkstatcache -Xcc -I/Users/builder/builds/UKfvDsi8u/1/finestructure/swiftpackageindex-builder/spi-builder-workspace/.derivedData/Build/Intermediates.noindex/PackageConfig.build/Debug-appletvos/PackageConfig.build/swift-overrides.hmap -Xcc -I/Users/builder/builds/UKfvDsi8u/1/finestructure/swiftpackageindex-builder/spi-builder-workspace/.derivedData/Build/Products/Debug-appletvos/include -Xcc -I/Users/builder/builds/UKfvDsi8u/1/finestructure/swiftpackageindex-builder/spi-builder-workspace/.derivedData/Build/Intermediates.noindex/PackageConfig.build/Debug-appletvos/PackageConfig.build/DerivedSources-normal/arm64 -Xcc -I/Users/builder/builds/UKfvDsi8u/1/finestructure/swiftpackageindex-builder/spi-builder-workspace/.derivedData/Build/Intermediates.noindex/PackageConfig.build/Debug-appletvos/PackageConfig.build/DerivedSources/arm64 -Xcc -I/Users/builder/builds/UKfvDsi8u/1/finestructure/swiftpackageindex-builder/spi-builder-workspace/.derivedData/Build/Intermediates.noindex/PackageConfig.build/Debug-appletvos/PackageConfig.build/DerivedSources -Xcc -DSWIFT_PACKAGE -Xcc -DDEBUG\=1 -module-name PackageConfig -frontend-parseable-output -disable-clang-spi -target-sdk-version 17.4 -target-sdk-name appletvos17.4 -external-plugin-path /Applications/Xcode-15.3.0-Beta.2.app/Contents/Developer/Platforms/AppleTVOS.platform/Developer/SDKs/AppleTVOS17.4.sdk/usr/lib/swift/host/plugins\#/Applications/Xcode-15.3.0-Beta.2.app/Contents/Developer/Platforms/AppleTVOS.platform/Developer/SDKs/AppleTVOS17.4.sdk/usr/bin/swift-plugin-server -external-plugin-path /Applications/Xcode-15.3.0-Beta.2.app/Contents/Developer/Platforms/AppleTVOS.platform/Developer/SDKs/AppleTVOS17.4.sdk/usr/local/lib/swift/host/plugins\#/Applications/Xcode-15.3.0-Beta.2.app/Contents/Developer/Platforms/AppleTVOS.platform/Developer/SDKs/AppleTVOS17.4.sdk/usr/bin/swift-plugin-server -external-plugin-path /Applications/Xcode-15.3.0-Beta.2.app/Contents/Developer/Platforms/AppleTVOS.platform/Developer/usr/lib/swift/host/plugins\#/Applications/Xcode-15.3.0-Beta.2.app/Contents/Developer/Platforms/AppleTVOS.platform/Developer/usr/bin/swift-plugin-server -external-plugin-path /Applications/Xcode-15.3.0-Beta.2.app/Contents/Developer/Platforms/AppleTVOS.platform/Developer/usr/local/lib/swift/host/plugins\#/Applications/Xcode-15.3.0-Beta.2.app/Contents/Developer/Platforms/AppleTVOS.platform/Developer/usr/bin/swift-plugin-server -plugin-path /Applications/Xcode-15.3.0-Beta.2.app/Contents/Developer/Toolchains/XcodeDefault.xctoolchain/usr/lib/swift/host/plugins -plugin-path /Applications/Xcode-15.3.0-Beta.2.app/Contents/Developer/Toolchains/XcodeDefault.xctoolchain/usr/local/lib/swift/host/plugins -o /Users/builder/builds/UKfvDsi8u/1/finestructure/swiftpackageindex-builder/spi-builder-workspace/.derivedData/Build/Intermediates.noindex/PackageConfig.build/Debug-appletvos/PackageConfig.build/Objects-normal/arm64/PackageConfiguration.o -index-unit-output-path /PackageConfig.build/Debug-appletvos/PackageConfig.build/Objects-normal/arm64/PackageConfiguration.o -index-store-path /Users/builder/builds/UKfvDsi8u/1/finestructure/swiftpackageindex-builder/spi-builder-workspace/.derivedData/Index.noindex/DataStore -index-system-modules
SwiftEmitModule normal arm64 Emitting\ module\ for\ PackageConfig (in target 'PackageConfig' from project 'PackageConfig')
    cd /Users/builder/builds/UKfvDsi8u/1/finestructure/swiftpackageindex-builder/spi-builder-workspace
    builtin-swiftTaskExecution -- /Applications/Xcode-15.3.0-Beta.2.app/Contents/Developer/Toolchains/XcodeDefault.xctoolchain/usr/bin/swift-frontend -frontend -emit-module -experimental-skip-non-inlinable-function-bodies-without-types /Users/builder/builds/UKfvDsi8u/1/finestructure/swiftpackageindex-builder/spi-builder-workspace/Sources/PackageConfig/DynamicLibraries.swift /Users/builder/builds/UKfvDsi8u/1/finestructure/swiftpackageindex-builder/spi-builder-workspace/Sources/PackageConfig/Error.swift /Users/builder/builds/UKfvDsi8u/1/finestructure/swiftpackageindex-builder/spi-builder-workspace/Sources/PackageConfig/Loader.swift /Users/builder/builds/UKfvDsi8u/1/finestructure/swiftpackageindex-builder/spi-builder-workspace/Sources/PackageConfig/Package.swift /Users/builder/builds/UKfvDsi8u/1/finestructure/swiftpackageindex-builder/spi-builder-workspace/Sources/PackageConfig/PackageConfig.swift /Users/builder/builds/UKfvDsi8u/1/finestructure/swiftpackageindex-builder/spi-builder-workspace/Sources/PackageConfig/PackageConfiguration.swift /Users/builder/builds/UKfvDsi8u/1/finestructure/swiftpackageindex-builder/spi-builder-workspace/Sources/PackageConfig/Writer.swift -target arm64-apple-tvos12.0 -Xllvm -aarch64-use-tbi -enable-objc-interop -sdk /Applications/Xcode-15.3.0-Beta.2.app/Contents/Developer/Platforms/AppleTVOS.platform/Developer/SDKs/AppleTVOS17.4.sdk -I /Users/builder/builds/UKfvDsi8u/1/finestructure/swiftpackageindex-builder/spi-builder-workspace/.derivedData/Build/Products/Debug-appletvos -I /Applications/Xcode-15.3.0-Beta.2.app/Contents/Developer/Platforms/AppleTVOS.platform/Developer/usr/lib -F /Users/builder/builds/UKfvDsi8u/1/finestructure/swiftpackageindex-builder/spi-builder-workspace/.derivedData/Build/Products/Debug-appletvos -F /Applications/Xcode-15.3.0-Beta.2.app/Contents/Developer/Platforms/AppleTVOS.platform/Developer/Library/Frameworks -F /Applications/Xcode-15.3.0-Beta.2.app/Contents/Developer/Platforms/AppleTVOS.platform/Developer/SDKs/AppleTVOS17.4.sdk/Developer/Library/Frameworks -no-color-diagnostics -enable-testing -g -module-cache-path /Users/builder/builds/UKfvDsi8u/1/finestructure/swiftpackageindex-builder/spi-builder-workspace/.derivedData/ModuleCache.noindex -swift-version 4.2 -enforce-exclusivity\=checked -Onone -D SWIFT_PACKAGE -D DEBUG -D Xcode -serialize-debugging-options -const-gather-protocols-file /Users/builder/builds/UKfvDsi8u/1/finestructure/swiftpackageindex-builder/spi-builder-workspace/.derivedData/Build/Intermediates.noindex/PackageConfig.build/Debug-appletvos/PackageConfig.build/Objects-normal/arm64/PackageConfig_const_extract_protocols.json -empty-abi-descriptor -validate-clang-modules-once -clang-build-session-file /Users/builder/builds/UKfvDsi8u/1/finestructure/swiftpackageindex-builder/spi-builder-workspace/.derivedData/ModuleCache.noindex/Session.modulevalidation -Xcc -working-directory -Xcc /Users/builder/builds/UKfvDsi8u/1/finestructure/swiftpackageindex-builder/spi-builder-workspace -resource-dir /Applications/Xcode-15.3.0-Beta.2.app/Contents/Developer/Toolchains/XcodeDefault.xctoolchain/usr/lib/swift -enable-anonymous-context-mangled-names -Xcc -ivfsstatcache -Xcc /Users/builder/builds/UKfvDsi8u/1/finestructure/swiftpackageindex-builder/spi-builder-workspace/.derivedData/SDKStatCaches.noindex/appletvos17.4-21L5206e-a3897aa5c9b1d3e18efb168a98ac3602.sdkstatcache -Xcc -I/Users/builder/builds/UKfvDsi8u/1/finestructure/swiftpackageindex-builder/spi-builder-workspace/.derivedData/Build/Intermediates.noindex/PackageConfig.build/Debug-appletvos/PackageConfig.build/swift-overrides.hmap -Xcc -I/Users/builder/builds/UKfvDsi8u/1/finestructure/swiftpackageindex-builder/spi-builder-workspace/.derivedData/Build/Products/Debug-appletvos/include -Xcc -I/Users/builder/builds/UKfvDsi8u/1/finestructure/swiftpackageindex-builder/spi-builder-workspace/.derivedData/Build/Intermediates.noindex/PackageConfig.build/Debug-appletvos/PackageConfig.build/DerivedSources-normal/arm64 -Xcc -I/Users/builder/builds/UKfvDsi8u/1/finestructure/swiftpackageindex-builder/spi-builder-workspace/.derivedData/Build/Intermediates.noindex/PackageConfig.build/Debug-appletvos/PackageConfig.build/DerivedSources/arm64 -Xcc -I/Users/builder/builds/UKfvDsi8u/1/finestructure/swiftpackageindex-builder/spi-builder-workspace/.derivedData/Build/Intermediates.noindex/PackageConfig.build/Debug-appletvos/PackageConfig.build/DerivedSources -Xcc -DSWIFT_PACKAGE -Xcc -DDEBUG\=1 -module-name PackageConfig -disable-clang-spi -target-sdk-version 17.4 -target-sdk-name appletvos17.4 -external-plugin-path /Applications/Xcode-15.3.0-Beta.2.app/Contents/Developer/Platforms/AppleTVOS.platform/Developer/SDKs/AppleTVOS17.4.sdk/usr/lib/swift/host/plugins\#/Applications/Xcode-15.3.0-Beta.2.app/Contents/Developer/Platforms/AppleTVOS.platform/Developer/SDKs/AppleTVOS17.4.sdk/usr/bin/swift-plugin-server -external-plugin-path /Applications/Xcode-15.3.0-Beta.2.app/Contents/Developer/Platforms/AppleTVOS.platform/Developer/SDKs/AppleTVOS17.4.sdk/usr/local/lib/swift/host/plugins\#/Applications/Xcode-15.3.0-Beta.2.app/Contents/Developer/Platforms/AppleTVOS.platform/Developer/SDKs/AppleTVOS17.4.sdk/usr/bin/swift-plugin-server -external-plugin-path /Applications/Xcode-15.3.0-Beta.2.app/Contents/Developer/Platforms/AppleTVOS.platform/Developer/usr/lib/swift/host/plugins\#/Applications/Xcode-15.3.0-Beta.2.app/Contents/Developer/Platforms/AppleTVOS.platform/Developer/usr/bin/swift-plugin-server -external-plugin-path /Applications/Xcode-15.3.0-Beta.2.app/Contents/Developer/Platforms/AppleTVOS.platform/Developer/usr/local/lib/swift/host/plugins\#/Applications/Xcode-15.3.0-Beta.2.app/Contents/Developer/Platforms/AppleTVOS.platform/Developer/usr/bin/swift-plugin-server -plugin-path /Applications/Xcode-15.3.0-Beta.2.app/Contents/Developer/Toolchains/XcodeDefault.xctoolchain/usr/lib/swift/host/plugins -plugin-path /Applications/Xcode-15.3.0-Beta.2.app/Contents/Developer/Toolchains/XcodeDefault.xctoolchain/usr/local/lib/swift/host/plugins -emit-module-doc-path /Users/builder/builds/UKfvDsi8u/1/finestructure/swiftpackageindex-builder/spi-builder-workspace/.derivedData/Build/Intermediates.noindex/PackageConfig.build/Debug-appletvos/PackageConfig.build/Objects-normal/arm64/PackageConfig.swiftdoc -emit-module-source-info-path /Users/builder/builds/UKfvDsi8u/1/finestructure/swiftpackageindex-builder/spi-builder-workspace/.derivedData/Build/Intermediates.noindex/PackageConfig.build/Debug-appletvos/PackageConfig.build/Objects-normal/arm64/PackageConfig.swiftsourceinfo -emit-objc-header-path /Users/builder/builds/UKfvDsi8u/1/finestructure/swiftpackageindex-builder/spi-builder-workspace/.derivedData/Build/Intermediates.noindex/PackageConfig.build/Debug-appletvos/PackageConfig.build/Objects-normal/arm64/PackageConfig-Swift.h -serialize-diagnostics-path /Users/builder/builds/UKfvDsi8u/1/finestructure/swiftpackageindex-builder/spi-builder-workspace/.derivedData/Build/Intermediates.noindex/PackageConfig.build/Debug-appletvos/PackageConfig.build/Objects-normal/arm64/PackageConfig-master-emit-module.dia -emit-dependencies-path /Users/builder/builds/UKfvDsi8u/1/finestructure/swiftpackageindex-builder/spi-builder-workspace/.derivedData/Build/Intermediates.noindex/PackageConfig.build/Debug-appletvos/PackageConfig.build/Objects-normal/arm64/PackageConfig-master-emit-module.d -o /Users/builder/builds/UKfvDsi8u/1/finestructure/swiftpackageindex-builder/spi-builder-workspace/.derivedData/Build/Intermediates.noindex/PackageConfig.build/Debug-appletvos/PackageConfig.build/Objects-normal/arm64/PackageConfig.swiftmodule -emit-abi-descriptor-path /Users/builder/builds/UKfvDsi8u/1/finestructure/swiftpackageindex-builder/spi-builder-workspace/.derivedData/Build/Intermediates.noindex/PackageConfig.build/Debug-appletvos/PackageConfig.build/Objects-normal/arm64/PackageConfig.abi.json
/Users/builder/builds/UKfvDsi8u/1/finestructure/swiftpackageindex-builder/spi-builder-workspace/Sources/PackageConfig/DynamicLibraries.swift:2:14: error: class 'Process' does not exist in module 'Foundation'
import class Foundation.Process
             ^          ~~~~~~~
SwiftCompile normal arm64 Compiling\ DynamicLibraries.swift /Users/builder/builds/UKfvDsi8u/1/finestructure/swiftpackageindex-builder/spi-builder-workspace/Sources/PackageConfig/DynamicLibraries.swift (in target 'PackageConfig' from project 'PackageConfig')
    cd /Users/builder/builds/UKfvDsi8u/1/finestructure/swiftpackageindex-builder/spi-builder-workspace
    builtin-swiftTaskExecution -- /Applications/Xcode-15.3.0-Beta.2.app/Contents/Developer/Toolchains/XcodeDefault.xctoolchain/usr/bin/swift-frontend -frontend -c -primary-file /Users/builder/builds/UKfvDsi8u/1/finestructure/swiftpackageindex-builder/spi-builder-workspace/Sources/PackageConfig/DynamicLibraries.swift /Users/builder/builds/UKfvDsi8u/1/finestructure/swiftpackageindex-builder/spi-builder-workspace/Sources/PackageConfig/Error.swift /Users/builder/builds/UKfvDsi8u/1/finestructure/swiftpackageindex-builder/spi-builder-workspace/Sources/PackageConfig/Loader.swift /Users/builder/builds/UKfvDsi8u/1/finestructure/swiftpackageindex-builder/spi-builder-workspace/Sources/PackageConfig/Package.swift /Users/builder/builds/UKfvDsi8u/1/finestructure/swiftpackageindex-builder/spi-builder-workspace/Sources/PackageConfig/PackageConfig.swift /Users/builder/builds/UKfvDsi8u/1/finestructure/swiftpackageindex-builder/spi-builder-workspace/Sources/PackageConfig/PackageConfiguration.swift /Users/builder/builds/UKfvDsi8u/1/finestructure/swiftpackageindex-builder/spi-builder-workspace/Sources/PackageConfig/Writer.swift -emit-dependencies-path /Users/builder/builds/UKfvDsi8u/1/finestructure/swiftpackageindex-builder/spi-builder-workspace/.derivedData/Build/Intermediates.noindex/PackageConfig.build/Debug-appletvos/PackageConfig.build/Objects-normal/arm64/DynamicLibraries.d -emit-const-values-path /Users/builder/builds/UKfvDsi8u/1/finestructure/swiftpackageindex-builder/spi-builder-workspace/.derivedData/Build/Intermediates.noindex/PackageConfig.build/Debug-appletvos/PackageConfig.build/Objects-normal/arm64/DynamicLibraries.swiftconstvalues -emit-reference-dependencies-path /Users/builder/builds/UKfvDsi8u/1/finestructure/swiftpackageindex-builder/spi-builder-workspace/.derivedData/Build/Intermediates.noindex/PackageConfig.build/Debug-appletvos/PackageConfig.build/Objects-normal/arm64/DynamicLibraries.swiftdeps -serialize-diagnostics-path /Users/builder/builds/UKfvDsi8u/1/finestructure/swiftpackageindex-builder/spi-builder-workspace/.derivedData/Build/Intermediates.noindex/PackageConfig.build/Debug-appletvos/PackageConfig.build/Objects-normal/arm64/DynamicLibraries.dia -target arm64-apple-tvos12.0 -Xllvm -aarch64-use-tbi -enable-objc-interop -sdk /Applications/Xcode-15.3.0-Beta.2.app/Contents/Developer/Platforms/AppleTVOS.platform/Developer/SDKs/AppleTVOS17.4.sdk -I /Users/builder/builds/UKfvDsi8u/1/finestructure/swiftpackageindex-builder/spi-builder-workspace/.derivedData/Build/Products/Debug-appletvos -I /Applications/Xcode-15.3.0-Beta.2.app/Contents/Developer/Platforms/AppleTVOS.platform/Developer/usr/lib -F /Users/builder/builds/UKfvDsi8u/1/finestructure/swiftpackageindex-builder/spi-builder-workspace/.derivedData/Build/Products/Debug-appletvos -F /Applications/Xcode-15.3.0-Beta.2.app/Contents/Developer/Platforms/AppleTVOS.platform/Developer/Library/Frameworks -F /Applications/Xcode-15.3.0-Beta.2.app/Contents/Developer/Platforms/AppleTVOS.platform/Developer/SDKs/AppleTVOS17.4.sdk/Developer/Library/Frameworks -no-color-diagnostics -enable-testing -g -module-cache-path /Users/builder/builds/UKfvDsi8u/1/finestructure/swiftpackageindex-builder/spi-builder-workspace/.derivedData/ModuleCache.noindex -swift-version 4.2 -enforce-exclusivity\=checked -Onone -D SWIFT_PACKAGE -D DEBUG -D Xcode -serialize-debugging-options -const-gather-protocols-file /Users/builder/builds/UKfvDsi8u/1/finestructure/swiftpackageindex-builder/spi-builder-workspace/.derivedData/Build/Intermediates.noindex/PackageConfig.build/Debug-appletvos/PackageConfig.build/Objects-normal/arm64/PackageConfig_const_extract_protocols.json -empty-abi-descriptor -validate-clang-modules-once -clang-build-session-file /Users/builder/builds/UKfvDsi8u/1/finestructure/swiftpackageindex-builder/spi-builder-workspace/.derivedData/ModuleCache.noindex/Session.modulevalidation -Xcc -working-directory -Xcc /Users/builder/builds/UKfvDsi8u/1/finestructure/swiftpackageindex-builder/spi-builder-workspace -resource-dir /Applications/Xcode-15.3.0-Beta.2.app/Contents/Developer/Toolchains/XcodeDefault.xctoolchain/usr/lib/swift -enable-anonymous-context-mangled-names -Xcc -ivfsstatcache -Xcc /Users/builder/builds/UKfvDsi8u/1/finestructure/swiftpackageindex-builder/spi-builder-workspace/.derivedData/SDKStatCaches.noindex/appletvos17.4-21L5206e-a3897aa5c9b1d3e18efb168a98ac3602.sdkstatcache -Xcc -I/Users/builder/builds/UKfvDsi8u/1/finestructure/swiftpackageindex-builder/spi-builder-workspace/.derivedData/Build/Intermediates.noindex/PackageConfig.build/Debug-appletvos/PackageConfig.build/swift-overrides.hmap -Xcc -I/Users/builder/builds/UKfvDsi8u/1/finestructure/swiftpackageindex-builder/spi-builder-workspace/.derivedData/Build/Products/Debug-appletvos/include -Xcc -I/Users/builder/builds/UKfvDsi8u/1/finestructure/swiftpackageindex-builder/spi-builder-workspace/.derivedData/Build/Intermediates.noindex/PackageConfig.build/Debug-appletvos/PackageConfig.build/DerivedSources-normal/arm64 -Xcc -I/Users/builder/builds/UKfvDsi8u/1/finestructure/swiftpackageindex-builder/spi-builder-workspace/.derivedData/Build/Intermediates.noindex/PackageConfig.build/Debug-appletvos/PackageConfig.build/DerivedSources/arm64 -Xcc -I/Users/builder/builds/UKfvDsi8u/1/finestructure/swiftpackageindex-builder/spi-builder-workspace/.derivedData/Build/Intermediates.noindex/PackageConfig.build/Debug-appletvos/PackageConfig.build/DerivedSources -Xcc -DSWIFT_PACKAGE -Xcc -DDEBUG\=1 -module-name PackageConfig -frontend-parseable-output -disable-clang-spi -target-sdk-version 17.4 -target-sdk-name appletvos17.4 -external-plugin-path /Applications/Xcode-15.3.0-Beta.2.app/Contents/Developer/Platforms/AppleTVOS.platform/Developer/SDKs/AppleTVOS17.4.sdk/usr/lib/swift/host/plugins\#/Applications/Xcode-15.3.0-Beta.2.app/Contents/Developer/Platforms/AppleTVOS.platform/Developer/SDKs/AppleTVOS17.4.sdk/usr/bin/swift-plugin-server -external-plugin-path /Applications/Xcode-15.3.0-Beta.2.app/Contents/Developer/Platforms/AppleTVOS.platform/Developer/SDKs/AppleTVOS17.4.sdk/usr/local/lib/swift/host/plugins\#/Applications/Xcode-15.3.0-Beta.2.app/Contents/Developer/Platforms/AppleTVOS.platform/Developer/SDKs/AppleTVOS17.4.sdk/usr/bin/swift-plugin-server -external-plugin-path /Applications/Xcode-15.3.0-Beta.2.app/Contents/Developer/Platforms/AppleTVOS.platform/Developer/usr/lib/swift/host/plugins\#/Applications/Xcode-15.3.0-Beta.2.app/Contents/Developer/Platforms/AppleTVOS.platform/Developer/usr/bin/swift-plugin-server -external-plugin-path /Applications/Xcode-15.3.0-Beta.2.app/Contents/Developer/Platforms/AppleTVOS.platform/Developer/usr/local/lib/swift/host/plugins\#/Applications/Xcode-15.3.0-Beta.2.app/Contents/Developer/Platforms/AppleTVOS.platform/Developer/usr/bin/swift-plugin-server -plugin-path /Applications/Xcode-15.3.0-Beta.2.app/Contents/Developer/Toolchains/XcodeDefault.xctoolchain/usr/lib/swift/host/plugins -plugin-path /Applications/Xcode-15.3.0-Beta.2.app/Contents/Developer/Toolchains/XcodeDefault.xctoolchain/usr/local/lib/swift/host/plugins -o /Users/builder/builds/UKfvDsi8u/1/finestructure/swiftpackageindex-builder/spi-builder-workspace/.derivedData/Build/Intermediates.noindex/PackageConfig.build/Debug-appletvos/PackageConfig.build/Objects-normal/arm64/DynamicLibraries.o -index-unit-output-path /PackageConfig.build/Debug-appletvos/PackageConfig.build/Objects-normal/arm64/DynamicLibraries.o -index-store-path /Users/builder/builds/UKfvDsi8u/1/finestructure/swiftpackageindex-builder/spi-builder-workspace/.derivedData/Index.noindex/DataStore -index-system-modules
SwiftCompile normal arm64 /Users/builder/builds/UKfvDsi8u/1/finestructure/swiftpackageindex-builder/spi-builder-workspace/Sources/PackageConfig/DynamicLibraries.swift (in target 'PackageConfig' from project 'PackageConfig')
    cd /Users/builder/builds/UKfvDsi8u/1/finestructure/swiftpackageindex-builder/spi-builder-workspace
    /Applications/Xcode-15.3.0-Beta.2.app/Contents/Developer/Toolchains/XcodeDefault.xctoolchain/usr/bin/swift-frontend -c -primary-file /Users/builder/builds/UKfvDsi8u/1/finestructure/swiftpackageindex-builder/spi-builder-workspace/Sources/PackageConfig/DynamicLibraries.swift /Users/builder/builds/UKfvDsi8u/1/finestructure/swiftpackageindex-builder/spi-builder-workspace/Sources/PackageConfig/Error.swift /Users/builder/builds/UKfvDsi8u/1/finestructure/swiftpackageindex-builder/spi-builder-workspace/Sources/PackageConfig/Loader.swift /Users/builder/builds/UKfvDsi8u/1/finestructure/swiftpackageindex-builder/spi-builder-workspace/Sources/PackageConfig/Package.swift /Users/builder/builds/UKfvDsi8u/1/finestructure/swiftpackageindex-builder/spi-builder-workspace/Sources/PackageConfig/PackageConfig.swift /Users/builder/builds/UKfvDsi8u/1/finestructure/swiftpackageindex-builder/spi-builder-workspace/Sources/PackageConfig/PackageConfiguration.swift /Users/builder/builds/UKfvDsi8u/1/finestructure/swiftpackageindex-builder/spi-builder-workspace/Sources/PackageConfig/Writer.swift -emit-dependencies-path /Users/builder/builds/UKfvDsi8u/1/finestructure/swiftpackageindex-builder/spi-builder-workspace/.derivedData/Build/Intermediates.noindex/PackageConfig.build/Debug-appletvos/PackageConfig.build/Objects-normal/arm64/DynamicLibraries.d -emit-const-values-path /Users/builder/builds/UKfvDsi8u/1/finestructure/swiftpackageindex-builder/spi-builder-workspace/.derivedData/Build/Intermediates.noindex/PackageConfig.build/Debug-appletvos/PackageConfig.build/Objects-normal/arm64/DynamicLibraries.swiftconstvalues -emit-reference-dependencies-path /Users/builder/builds/UKfvDsi8u/1/finestructure/swiftpackageindex-builder/spi-builder-workspace/.derivedData/Build/Intermediates.noindex/PackageConfig.build/Debug-appletvos/PackageConfig.build/Objects-normal/arm64/DynamicLibraries.swiftdeps -serialize-diagnostics-path /Users/builder/builds/UKfvDsi8u/1/finestructure/swiftpackageindex-builder/spi-builder-workspace/.derivedData/Build/Intermediates.noindex/PackageConfig.build/Debug-appletvos/PackageConfig.build/Objects-normal/arm64/DynamicLibraries.dia -target arm64-apple-tvos12.0 -Xllvm -aarch64-use-tbi -enable-objc-interop -sdk /Applications/Xcode-15.3.0-Beta.2.app/Contents/Developer/Platforms/AppleTVOS.platform/Developer/SDKs/AppleTVOS17.4.sdk -I /Users/builder/builds/UKfvDsi8u/1/finestructure/swiftpackageindex-builder/spi-builder-workspace/.derivedData/Build/Products/Debug-appletvos -I /Applications/Xcode-15.3.0-Beta.2.app/Contents/Developer/Platforms/AppleTVOS.platform/Developer/usr/lib -F /Users/builder/builds/UKfvDsi8u/1/finestructure/swiftpackageindex-builder/spi-builder-workspace/.derivedData/Build/Products/Debug-appletvos -F /Applications/Xcode-15.3.0-Beta.2.app/Contents/Developer/Platforms/AppleTVOS.platform/Developer/Library/Frameworks -F /Applications/Xcode-15.3.0-Beta.2.app/Contents/Developer/Platforms/AppleTVOS.platform/Developer/SDKs/AppleTVOS17.4.sdk/Developer/Library/Frameworks -no-color-diagnostics -enable-testing -g -module-cache-path /Users/builder/builds/UKfvDsi8u/1/finestructure/swiftpackageindex-builder/spi-builder-workspace/.derivedData/ModuleCache.noindex -swift-version 4.2 -enforce-exclusivity\=checked -Onone -D SWIFT_PACKAGE -D DEBUG -D Xcode -serialize-debugging-options -const-gather-protocols-file /Users/builder/builds/UKfvDsi8u/1/finestructure/swiftpackageindex-builder/spi-builder-workspace/.derivedData/Build/Intermediates.noindex/PackageConfig.build/Debug-appletvos/PackageConfig.build/Objects-normal/arm64/PackageConfig_const_extract_protocols.json -empty-abi-descriptor -validate-clang-modules-once -clang-build-session-file /Users/builder/builds/UKfvDsi8u/1/finestructure/swiftpackageindex-builder/spi-builder-workspace/.derivedData/ModuleCache.noindex/Session.modulevalidation -Xcc -working-directory -Xcc /Users/builder/builds/UKfvDsi8u/1/finestructure/swiftpackageindex-builder/spi-builder-workspace -resource-dir /Applications/Xcode-15.3.0-Beta.2.app/Contents/Developer/Toolchains/XcodeDefault.xctoolchain/usr/lib/swift -enable-anonymous-context-mangled-names -Xcc -ivfsstatcache -Xcc /Users/builder/builds/UKfvDsi8u/1/finestructure/swiftpackageindex-builder/spi-builder-workspace/.derivedData/SDKStatCaches.noindex/appletvos17.4-21L5206e-a3897aa5c9b1d3e18efb168a98ac3602.sdkstatcache -Xcc -I/Users/builder/builds/UKfvDsi8u/1/finestructure/swiftpackageindex-builder/spi-builder-workspace/.derivedData/Build/Intermediates.noindex/PackageConfig.build/Debug-appletvos/PackageConfig.build/swift-overrides.hmap -Xcc -I/Users/builder/builds/UKfvDsi8u/1/finestructure/swiftpackageindex-builder/spi-builder-workspace/.derivedData/Build/Products/Debug-appletvos/include -Xcc -I/Users/builder/builds/UKfvDsi8u/1/finestructure/swiftpackageindex-builder/spi-builder-workspace/.derivedData/Build/Intermediates.noindex/PackageConfig.build/Debug-appletvos/PackageConfig.build/DerivedSources-normal/arm64 -Xcc -I/Users/builder/builds/UKfvDsi8u/1/finestructure/swiftpackageindex-builder/spi-builder-workspace/.derivedData/Build/Intermediates.noindex/PackageConfig.build/Debug-appletvos/PackageConfig.build/DerivedSources/arm64 -Xcc -I/Users/builder/builds/UKfvDsi8u/1/finestructure/swiftpackageindex-builder/spi-builder-workspace/.derivedData/Build/Intermediates.noindex/PackageConfig.build/Debug-appletvos/PackageConfig.build/DerivedSources -Xcc -DSWIFT_PACKAGE -Xcc -DDEBUG\=1 -module-name PackageConfig -frontend-parseable-output -disable-clang-spi -target-sdk-version 17.4 -target-sdk-name appletvos17.4 -external-plugin-path /Applications/Xcode-15.3.0-Beta.2.app/Contents/Developer/Platforms/AppleTVOS.platform/Developer/SDKs/AppleTVOS17.4.sdk/usr/lib/swift/host/plugins\#/Applications/Xcode-15.3.0-Beta.2.app/Contents/Developer/Platforms/AppleTVOS.platform/Developer/SDKs/AppleTVOS17.4.sdk/usr/bin/swift-plugin-server -external-plugin-path /Applications/Xcode-15.3.0-Beta.2.app/Contents/Developer/Platforms/AppleTVOS.platform/Developer/SDKs/AppleTVOS17.4.sdk/usr/local/lib/swift/host/plugins\#/Applications/Xcode-15.3.0-Beta.2.app/Contents/Developer/Platforms/AppleTVOS.platform/Developer/SDKs/AppleTVOS17.4.sdk/usr/bin/swift-plugin-server -external-plugin-path /Applications/Xcode-15.3.0-Beta.2.app/Contents/Developer/Platforms/AppleTVOS.platform/Developer/usr/lib/swift/host/plugins\#/Applications/Xcode-15.3.0-Beta.2.app/Contents/Developer/Platforms/AppleTVOS.platform/Developer/usr/bin/swift-plugin-server -external-plugin-path /Applications/Xcode-15.3.0-Beta.2.app/Contents/Developer/Platforms/AppleTVOS.platform/Developer/usr/local/lib/swift/host/plugins\#/Applications/Xcode-15.3.0-Beta.2.app/Contents/Developer/Platforms/AppleTVOS.platform/Developer/usr/bin/swift-plugin-server -plugin-path /Applications/Xcode-15.3.0-Beta.2.app/Contents/Developer/Toolchains/XcodeDefault.xctoolchain/usr/lib/swift/host/plugins -plugin-path /Applications/Xcode-15.3.0-Beta.2.app/Contents/Developer/Toolchains/XcodeDefault.xctoolchain/usr/local/lib/swift/host/plugins -o /Users/builder/builds/UKfvDsi8u/1/finestructure/swiftpackageindex-builder/spi-builder-workspace/.derivedData/Build/Intermediates.noindex/PackageConfig.build/Debug-appletvos/PackageConfig.build/Objects-normal/arm64/DynamicLibraries.o -index-unit-output-path /PackageConfig.build/Debug-appletvos/PackageConfig.build/Objects-normal/arm64/DynamicLibraries.o -index-store-path /Users/builder/builds/UKfvDsi8u/1/finestructure/swiftpackageindex-builder/spi-builder-workspace/.derivedData/Index.noindex/DataStore -index-system-modules
SwiftCompile normal arm64 Compiling\ Package.swift /Users/builder/builds/UKfvDsi8u/1/finestructure/swiftpackageindex-builder/spi-builder-workspace/Sources/PackageConfig/Package.swift (in target 'PackageConfig' from project 'PackageConfig')
    cd /Users/builder/builds/UKfvDsi8u/1/finestructure/swiftpackageindex-builder/spi-builder-workspace
    builtin-swiftTaskExecution -- /Applications/Xcode-15.3.0-Beta.2.app/Contents/Developer/Toolchains/XcodeDefault.xctoolchain/usr/bin/swift-frontend -frontend -c /Users/builder/builds/UKfvDsi8u/1/finestructure/swiftpackageindex-builder/spi-builder-workspace/Sources/PackageConfig/DynamicLibraries.swift /Users/builder/builds/UKfvDsi8u/1/finestructure/swiftpackageindex-builder/spi-builder-workspace/Sources/PackageConfig/Error.swift /Users/builder/builds/UKfvDsi8u/1/finestructure/swiftpackageindex-builder/spi-builder-workspace/Sources/PackageConfig/Loader.swift -primary-file /Users/builder/builds/UKfvDsi8u/1/finestructure/swiftpackageindex-builder/spi-builder-workspace/Sources/PackageConfig/Package.swift /Users/builder/builds/UKfvDsi8u/1/finestructure/swiftpackageindex-builder/spi-builder-workspace/Sources/PackageConfig/PackageConfig.swift /Users/builder/builds/UKfvDsi8u/1/finestructure/swiftpackageindex-builder/spi-builder-workspace/Sources/PackageConfig/PackageConfiguration.swift /Users/builder/builds/UKfvDsi8u/1/finestructure/swiftpackageindex-builder/spi-builder-workspace/Sources/PackageConfig/Writer.swift -emit-dependencies-path /Users/builder/builds/UKfvDsi8u/1/finestructure/swiftpackageindex-builder/spi-builder-workspace/.derivedData/Build/Intermediates.noindex/PackageConfig.build/Debug-appletvos/PackageConfig.build/Objects-normal/arm64/Package.d -emit-const-values-path /Users/builder/builds/UKfvDsi8u/1/finestructure/swiftpackageindex-builder/spi-builder-workspace/.derivedData/Build/Intermediates.noindex/PackageConfig.build/Debug-appletvos/PackageConfig.build/Objects-normal/arm64/Package.swiftconstvalues -emit-reference-dependencies-path /Users/builder/builds/UKfvDsi8u/1/finestructure/swiftpackageindex-builder/spi-builder-workspace/.derivedData/Build/Intermediates.noindex/PackageConfig.build/Debug-appletvos/PackageConfig.build/Objects-normal/arm64/Package.swiftdeps -serialize-diagnostics-path /Users/builder/builds/UKfvDsi8u/1/finestructure/swiftpackageindex-builder/spi-builder-workspace/.derivedData/Build/Intermediates.noindex/PackageConfig.build/Debug-appletvos/PackageConfig.build/Objects-normal/arm64/Package.dia -target arm64-apple-tvos12.0 -Xllvm -aarch64-use-tbi -enable-objc-interop -sdk /Applications/Xcode-15.3.0-Beta.2.app/Contents/Developer/Platforms/AppleTVOS.platform/Developer/SDKs/AppleTVOS17.4.sdk -I /Users/builder/builds/UKfvDsi8u/1/finestructure/swiftpackageindex-builder/spi-builder-workspace/.derivedData/Build/Products/Debug-appletvos -I /Applications/Xcode-15.3.0-Beta.2.app/Contents/Developer/Platforms/AppleTVOS.platform/Developer/usr/lib -F /Users/builder/builds/UKfvDsi8u/1/finestructure/swiftpackageindex-builder/spi-builder-workspace/.derivedData/Build/Products/Debug-appletvos -F /Applications/Xcode-15.3.0-Beta.2.app/Contents/Developer/Platforms/AppleTVOS.platform/Developer/Library/Frameworks -F /Applications/Xcode-15.3.0-Beta.2.app/Contents/Developer/Platforms/AppleTVOS.platform/Developer/SDKs/AppleTVOS17.4.sdk/Developer/Library/Frameworks -no-color-diagnostics -enable-testing -g -module-cache-path /Users/builder/builds/UKfvDsi8u/1/finestructure/swiftpackageindex-builder/spi-builder-workspace/.derivedData/ModuleCache.noindex -swift-version 4.2 -enforce-exclusivity\=checked -Onone -D SWIFT_PACKAGE -D DEBUG -D Xcode -serialize-debugging-options -const-gather-protocols-file /Users/builder/builds/UKfvDsi8u/1/finestructure/swiftpackageindex-builder/spi-builder-workspace/.derivedData/Build/Intermediates.noindex/PackageConfig.build/Debug-appletvos/PackageConfig.build/Objects-normal/arm64/PackageConfig_const_extract_protocols.json -empty-abi-descriptor -validate-clang-modules-once -clang-build-session-file /Users/builder/builds/UKfvDsi8u/1/finestructure/swiftpackageindex-builder/spi-builder-workspace/.derivedData/ModuleCache.noindex/Session.modulevalidation -Xcc -working-directory -Xcc /Users/builder/builds/UKfvDsi8u/1/finestructure/swiftpackageindex-builder/spi-builder-workspace -resource-dir /Applications/Xcode-15.3.0-Beta.2.app/Contents/Developer/Toolchains/XcodeDefault.xctoolchain/usr/lib/swift -enable-anonymous-context-mangled-names -Xcc -ivfsstatcache -Xcc /Users/builder/builds/UKfvDsi8u/1/finestructure/swiftpackageindex-builder/spi-builder-workspace/.derivedData/SDKStatCaches.noindex/appletvos17.4-21L5206e-a3897aa5c9b1d3e18efb168a98ac3602.sdkstatcache -Xcc -I/Users/builder/builds/UKfvDsi8u/1/finestructure/swiftpackageindex-builder/spi-builder-workspace/.derivedData/Build/Intermediates.noindex/PackageConfig.build/Debug-appletvos/PackageConfig.build/swift-overrides.hmap -Xcc -I/Users/builder/builds/UKfvDsi8u/1/finestructure/swiftpackageindex-builder/spi-builder-workspace/.derivedData/Build/Products/Debug-appletvos/include -Xcc -I/Users/builder/builds/UKfvDsi8u/1/finestructure/swiftpackageindex-builder/spi-builder-workspace/.derivedData/Build/Intermediates.noindex/PackageConfig.build/Debug-appletvos/PackageConfig.build/DerivedSources-normal/arm64 -Xcc -I/Users/builder/builds/UKfvDsi8u/1/finestructure/swiftpackageindex-builder/spi-builder-workspace/.derivedData/Build/Intermediates.noindex/PackageConfig.build/Debug-appletvos/PackageConfig.build/DerivedSources/arm64 -Xcc -I/Users/builder/builds/UKfvDsi8u/1/finestructure/swiftpackageindex-builder/spi-builder-workspace/.derivedData/Build/Intermediates.noindex/PackageConfig.build/Debug-appletvos/PackageConfig.build/DerivedSources -Xcc -DSWIFT_PACKAGE -Xcc -DDEBUG\=1 -module-name PackageConfig -frontend-parseable-output -disable-clang-spi -target-sdk-version 17.4 -target-sdk-name appletvos17.4 -external-plugin-path /Applications/Xcode-15.3.0-Beta.2.app/Contents/Developer/Platforms/AppleTVOS.platform/Developer/SDKs/AppleTVOS17.4.sdk/usr/lib/swift/host/plugins\#/Applications/Xcode-15.3.0-Beta.2.app/Contents/Developer/Platforms/AppleTVOS.platform/Developer/SDKs/AppleTVOS17.4.sdk/usr/bin/swift-plugin-server -external-plugin-path /Applications/Xcode-15.3.0-Beta.2.app/Contents/Developer/Platforms/AppleTVOS.platform/Developer/SDKs/AppleTVOS17.4.sdk/usr/local/lib/swift/host/plugins\#/Applications/Xcode-15.3.0-Beta.2.app/Contents/Developer/Platforms/AppleTVOS.platform/Developer/SDKs/AppleTVOS17.4.sdk/usr/bin/swift-plugin-server -external-plugin-path /Applications/Xcode-15.3.0-Beta.2.app/Contents/Developer/Platforms/AppleTVOS.platform/Developer/usr/lib/swift/host/plugins\#/Applications/Xcode-15.3.0-Beta.2.app/Contents/Developer/Platforms/AppleTVOS.platform/Developer/usr/bin/swift-plugin-server -external-plugin-path /Applications/Xcode-15.3.0-Beta.2.app/Contents/Developer/Platforms/AppleTVOS.platform/Developer/usr/local/lib/swift/host/plugins\#/Applications/Xcode-15.3.0-Beta.2.app/Contents/Developer/Platforms/AppleTVOS.platform/Developer/usr/bin/swift-plugin-server -plugin-path /Applications/Xcode-15.3.0-Beta.2.app/Contents/Developer/Toolchains/XcodeDefault.xctoolchain/usr/lib/swift/host/plugins -plugin-path /Applications/Xcode-15.3.0-Beta.2.app/Contents/Developer/Toolchains/XcodeDefault.xctoolchain/usr/local/lib/swift/host/plugins -o /Users/builder/builds/UKfvDsi8u/1/finestructure/swiftpackageindex-builder/spi-builder-workspace/.derivedData/Build/Intermediates.noindex/PackageConfig.build/Debug-appletvos/PackageConfig.build/Objects-normal/arm64/Package.o -index-unit-output-path /PackageConfig.build/Debug-appletvos/PackageConfig.build/Objects-normal/arm64/Package.o -index-store-path /Users/builder/builds/UKfvDsi8u/1/finestructure/swiftpackageindex-builder/spi-builder-workspace/.derivedData/Index.noindex/DataStore -index-system-modules
SwiftCompile normal arm64 /Users/builder/builds/UKfvDsi8u/1/finestructure/swiftpackageindex-builder/spi-builder-workspace/Sources/PackageConfig/Package.swift (in target 'PackageConfig' from project 'PackageConfig')
    cd /Users/builder/builds/UKfvDsi8u/1/finestructure/swiftpackageindex-builder/spi-builder-workspace
    /Applications/Xcode-15.3.0-Beta.2.app/Contents/Developer/Toolchains/XcodeDefault.xctoolchain/usr/bin/swift-frontend -c /Users/builder/builds/UKfvDsi8u/1/finestructure/swiftpackageindex-builder/spi-builder-workspace/Sources/PackageConfig/DynamicLibraries.swift /Users/builder/builds/UKfvDsi8u/1/finestructure/swiftpackageindex-builder/spi-builder-workspace/Sources/PackageConfig/Error.swift /Users/builder/builds/UKfvDsi8u/1/finestructure/swiftpackageindex-builder/spi-builder-workspace/Sources/PackageConfig/Loader.swift -primary-file /Users/builder/builds/UKfvDsi8u/1/finestructure/swiftpackageindex-builder/spi-builder-workspace/Sources/PackageConfig/Package.swift /Users/builder/builds/UKfvDsi8u/1/finestructure/swiftpackageindex-builder/spi-builder-workspace/Sources/PackageConfig/PackageConfig.swift /Users/builder/builds/UKfvDsi8u/1/finestructure/swiftpackageindex-builder/spi-builder-workspace/Sources/PackageConfig/PackageConfiguration.swift /Users/builder/builds/UKfvDsi8u/1/finestructure/swiftpackageindex-builder/spi-builder-workspace/Sources/PackageConfig/Writer.swift -emit-dependencies-path /Users/builder/builds/UKfvDsi8u/1/finestructure/swiftpackageindex-builder/spi-builder-workspace/.derivedData/Build/Intermediates.noindex/PackageConfig.build/Debug-appletvos/PackageConfig.build/Objects-normal/arm64/Package.d -emit-const-values-path /Users/builder/builds/UKfvDsi8u/1/finestructure/swiftpackageindex-builder/spi-builder-workspace/.derivedData/Build/Intermediates.noindex/PackageConfig.build/Debug-appletvos/PackageConfig.build/Objects-normal/arm64/Package.swiftconstvalues -emit-reference-dependencies-path /Users/builder/builds/UKfvDsi8u/1/finestructure/swiftpackageindex-builder/spi-builder-workspace/.derivedData/Build/Intermediates.noindex/PackageConfig.build/Debug-appletvos/PackageConfig.build/Objects-normal/arm64/Package.swiftdeps -serialize-diagnostics-path /Users/builder/builds/UKfvDsi8u/1/finestructure/swiftpackageindex-builder/spi-builder-workspace/.derivedData/Build/Intermediates.noindex/PackageConfig.build/Debug-appletvos/PackageConfig.build/Objects-normal/arm64/Package.dia -target arm64-apple-tvos12.0 -Xllvm -aarch64-use-tbi -enable-objc-interop -sdk /Applications/Xcode-15.3.0-Beta.2.app/Contents/Developer/Platforms/AppleTVOS.platform/Developer/SDKs/AppleTVOS17.4.sdk -I /Users/builder/builds/UKfvDsi8u/1/finestructure/swiftpackageindex-builder/spi-builder-workspace/.derivedData/Build/Products/Debug-appletvos -I /Applications/Xcode-15.3.0-Beta.2.app/Contents/Developer/Platforms/AppleTVOS.platform/Developer/usr/lib -F /Users/builder/builds/UKfvDsi8u/1/finestructure/swiftpackageindex-builder/spi-builder-workspace/.derivedData/Build/Products/Debug-appletvos -F /Applications/Xcode-15.3.0-Beta.2.app/Contents/Developer/Platforms/AppleTVOS.platform/Developer/Library/Frameworks -F /Applications/Xcode-15.3.0-Beta.2.app/Contents/Developer/Platforms/AppleTVOS.platform/Developer/SDKs/AppleTVOS17.4.sdk/Developer/Library/Frameworks -no-color-diagnostics -enable-testing -g -module-cache-path /Users/builder/builds/UKfvDsi8u/1/finestructure/swiftpackageindex-builder/spi-builder-workspace/.derivedData/ModuleCache.noindex -swift-version 4.2 -enforce-exclusivity\=checked -Onone -D SWIFT_PACKAGE -D DEBUG -D Xcode -serialize-debugging-options -const-gather-protocols-file /Users/builder/builds/UKfvDsi8u/1/finestructure/swiftpackageindex-builder/spi-builder-workspace/.derivedData/Build/Intermediates.noindex/PackageConfig.build/Debug-appletvos/PackageConfig.build/Objects-normal/arm64/PackageConfig_const_extract_protocols.json -empty-abi-descriptor -validate-clang-modules-once -clang-build-session-file /Users/builder/builds/UKfvDsi8u/1/finestructure/swiftpackageindex-builder/spi-builder-workspace/.derivedData/ModuleCache.noindex/Session.modulevalidation -Xcc -working-directory -Xcc /Users/builder/builds/UKfvDsi8u/1/finestructure/swiftpackageindex-builder/spi-builder-workspace -resource-dir /Applications/Xcode-15.3.0-Beta.2.app/Contents/Developer/Toolchains/XcodeDefault.xctoolchain/usr/lib/swift -enable-anonymous-context-mangled-names -Xcc -ivfsstatcache -Xcc /Users/builder/builds/UKfvDsi8u/1/finestructure/swiftpackageindex-builder/spi-builder-workspace/.derivedData/SDKStatCaches.noindex/appletvos17.4-21L5206e-a3897aa5c9b1d3e18efb168a98ac3602.sdkstatcache -Xcc -I/Users/builder/builds/UKfvDsi8u/1/finestructure/swiftpackageindex-builder/spi-builder-workspace/.derivedData/Build/Intermediates.noindex/PackageConfig.build/Debug-appletvos/PackageConfig.build/swift-overrides.hmap -Xcc -I/Users/builder/builds/UKfvDsi8u/1/finestructure/swiftpackageindex-builder/spi-builder-workspace/.derivedData/Build/Products/Debug-appletvos/include -Xcc -I/Users/builder/builds/UKfvDsi8u/1/finestructure/swiftpackageindex-builder/spi-builder-workspace/.derivedData/Build/Intermediates.noindex/PackageConfig.build/Debug-appletvos/PackageConfig.build/DerivedSources-normal/arm64 -Xcc -I/Users/builder/builds/UKfvDsi8u/1/finestructure/swiftpackageindex-builder/spi-builder-workspace/.derivedData/Build/Intermediates.noindex/PackageConfig.build/Debug-appletvos/PackageConfig.build/DerivedSources/arm64 -Xcc -I/Users/builder/builds/UKfvDsi8u/1/finestructure/swiftpackageindex-builder/spi-builder-workspace/.derivedData/Build/Intermediates.noindex/PackageConfig.build/Debug-appletvos/PackageConfig.build/DerivedSources -Xcc -DSWIFT_PACKAGE -Xcc -DDEBUG\=1 -module-name PackageConfig -frontend-parseable-output -disable-clang-spi -target-sdk-version 17.4 -target-sdk-name appletvos17.4 -external-plugin-path /Applications/Xcode-15.3.0-Beta.2.app/Contents/Developer/Platforms/AppleTVOS.platform/Developer/SDKs/AppleTVOS17.4.sdk/usr/lib/swift/host/plugins\#/Applications/Xcode-15.3.0-Beta.2.app/Contents/Developer/Platforms/AppleTVOS.platform/Developer/SDKs/AppleTVOS17.4.sdk/usr/bin/swift-plugin-server -external-plugin-path /Applications/Xcode-15.3.0-Beta.2.app/Contents/Developer/Platforms/AppleTVOS.platform/Developer/SDKs/AppleTVOS17.4.sdk/usr/local/lib/swift/host/plugins\#/Applications/Xcode-15.3.0-Beta.2.app/Contents/Developer/Platforms/AppleTVOS.platform/Developer/SDKs/AppleTVOS17.4.sdk/usr/bin/swift-plugin-server -external-plugin-path /Applications/Xcode-15.3.0-Beta.2.app/Contents/Developer/Platforms/AppleTVOS.platform/Developer/usr/lib/swift/host/plugins\#/Applications/Xcode-15.3.0-Beta.2.app/Contents/Developer/Platforms/AppleTVOS.platform/Developer/usr/bin/swift-plugin-server -external-plugin-path /Applications/Xcode-15.3.0-Beta.2.app/Contents/Developer/Platforms/AppleTVOS.platform/Developer/usr/local/lib/swift/host/plugins\#/Applications/Xcode-15.3.0-Beta.2.app/Contents/Developer/Platforms/AppleTVOS.platform/Developer/usr/bin/swift-plugin-server -plugin-path /Applications/Xcode-15.3.0-Beta.2.app/Contents/Developer/Toolchains/XcodeDefault.xctoolchain/usr/lib/swift/host/plugins -plugin-path /Applications/Xcode-15.3.0-Beta.2.app/Contents/Developer/Toolchains/XcodeDefault.xctoolchain/usr/local/lib/swift/host/plugins -o /Users/builder/builds/UKfvDsi8u/1/finestructure/swiftpackageindex-builder/spi-builder-workspace/.derivedData/Build/Intermediates.noindex/PackageConfig.build/Debug-appletvos/PackageConfig.build/Objects-normal/arm64/Package.o -index-unit-output-path /PackageConfig.build/Debug-appletvos/PackageConfig.build/Objects-normal/arm64/Package.o -index-store-path /Users/builder/builds/UKfvDsi8u/1/finestructure/swiftpackageindex-builder/spi-builder-workspace/.derivedData/Index.noindex/DataStore -index-system-modules
SwiftCompile normal arm64 Compiling\ Loader.swift /Users/builder/builds/UKfvDsi8u/1/finestructure/swiftpackageindex-builder/spi-builder-workspace/Sources/PackageConfig/Loader.swift (in target 'PackageConfig' from project 'PackageConfig')
    cd /Users/builder/builds/UKfvDsi8u/1/finestructure/swiftpackageindex-builder/spi-builder-workspace
    builtin-swiftTaskExecution -- /Applications/Xcode-15.3.0-Beta.2.app/Contents/Developer/Toolchains/XcodeDefault.xctoolchain/usr/bin/swift-frontend -frontend -c /Users/builder/builds/UKfvDsi8u/1/finestructure/swiftpackageindex-builder/spi-builder-workspace/Sources/PackageConfig/DynamicLibraries.swift /Users/builder/builds/UKfvDsi8u/1/finestructure/swiftpackageindex-builder/spi-builder-workspace/Sources/PackageConfig/Error.swift -primary-file /Users/builder/builds/UKfvDsi8u/1/finestructure/swiftpackageindex-builder/spi-builder-workspace/Sources/PackageConfig/Loader.swift /Users/builder/builds/UKfvDsi8u/1/finestructure/swiftpackageindex-builder/spi-builder-workspace/Sources/PackageConfig/Package.swift /Users/builder/builds/UKfvDsi8u/1/finestructure/swiftpackageindex-builder/spi-builder-workspace/Sources/PackageConfig/PackageConfig.swift /Users/builder/builds/UKfvDsi8u/1/finestructure/swiftpackageindex-builder/spi-builder-workspace/Sources/PackageConfig/PackageConfiguration.swift /Users/builder/builds/UKfvDsi8u/1/finestructure/swiftpackageindex-builder/spi-builder-workspace/Sources/PackageConfig/Writer.swift -emit-dependencies-path /Users/builder/builds/UKfvDsi8u/1/finestructure/swiftpackageindex-builder/spi-builder-workspace/.derivedData/Build/Intermediates.noindex/PackageConfig.build/Debug-appletvos/PackageConfig.build/Objects-normal/arm64/Loader.d -emit-const-values-path /Users/builder/builds/UKfvDsi8u/1/finestructure/swiftpackageindex-builder/spi-builder-workspace/.derivedData/Build/Intermediates.noindex/PackageConfig.build/Debug-appletvos/PackageConfig.build/Objects-normal/arm64/Loader.swiftconstvalues -emit-reference-dependencies-path /Users/builder/builds/UKfvDsi8u/1/finestructure/swiftpackageindex-builder/spi-builder-workspace/.derivedData/Build/Intermediates.noindex/PackageConfig.build/Debug-appletvos/PackageConfig.build/Objects-normal/arm64/Loader.swiftdeps -serialize-diagnostics-path /Users/builder/builds/UKfvDsi8u/1/finestructure/swiftpackageindex-builder/spi-builder-workspace/.derivedData/Build/Intermediates.noindex/PackageConfig.build/Debug-appletvos/PackageConfig.build/Objects-normal/arm64/Loader.dia -target arm64-apple-tvos12.0 -Xllvm -aarch64-use-tbi -enable-objc-interop -sdk /Applications/Xcode-15.3.0-Beta.2.app/Contents/Developer/Platforms/AppleTVOS.platform/Developer/SDKs/AppleTVOS17.4.sdk -I /Users/builder/builds/UKfvDsi8u/1/finestructure/swiftpackageindex-builder/spi-builder-workspace/.derivedData/Build/Products/Debug-appletvos -I /Applications/Xcode-15.3.0-Beta.2.app/Contents/Developer/Platforms/AppleTVOS.platform/Developer/usr/lib -F /Users/builder/builds/UKfvDsi8u/1/finestructure/swiftpackageindex-builder/spi-builder-workspace/.derivedData/Build/Products/Debug-appletvos -F /Applications/Xcode-15.3.0-Beta.2.app/Contents/Developer/Platforms/AppleTVOS.platform/Developer/Library/Frameworks -F /Applications/Xcode-15.3.0-Beta.2.app/Contents/Developer/Platforms/AppleTVOS.platform/Developer/SDKs/AppleTVOS17.4.sdk/Developer/Library/Frameworks -no-color-diagnostics -enable-testing -g -module-cache-path /Users/builder/builds/UKfvDsi8u/1/finestructure/swiftpackageindex-builder/spi-builder-workspace/.derivedData/ModuleCache.noindex -swift-version 4.2 -enforce-exclusivity\=checked -Onone -D SWIFT_PACKAGE -D DEBUG -D Xcode -serialize-debugging-options -const-gather-protocols-file /Users/builder/builds/UKfvDsi8u/1/finestructure/swiftpackageindex-builder/spi-builder-workspace/.derivedData/Build/Intermediates.noindex/PackageConfig.build/Debug-appletvos/PackageConfig.build/Objects-normal/arm64/PackageConfig_const_extract_protocols.json -empty-abi-descriptor -validate-clang-modules-once -clang-build-session-file /Users/builder/builds/UKfvDsi8u/1/finestructure/swiftpackageindex-builder/spi-builder-workspace/.derivedData/ModuleCache.noindex/Session.modulevalidation -Xcc -working-directory -Xcc /Users/builder/builds/UKfvDsi8u/1/finestructure/swiftpackageindex-builder/spi-builder-workspace -resource-dir /Applications/Xcode-15.3.0-Beta.2.app/Contents/Developer/Toolchains/XcodeDefault.xctoolchain/usr/lib/swift -enable-anonymous-context-mangled-names -Xcc -ivfsstatcache -Xcc /Users/builder/builds/UKfvDsi8u/1/finestructure/swiftpackageindex-builder/spi-builder-workspace/.derivedData/SDKStatCaches.noindex/appletvos17.4-21L5206e-a3897aa5c9b1d3e18efb168a98ac3602.sdkstatcache -Xcc -I/Users/builder/builds/UKfvDsi8u/1/finestructure/swiftpackageindex-builder/spi-builder-workspace/.derivedData/Build/Intermediates.noindex/PackageConfig.build/Debug-appletvos/PackageConfig.build/swift-overrides.hmap -Xcc -I/Users/builder/builds/UKfvDsi8u/1/finestructure/swiftpackageindex-builder/spi-builder-workspace/.derivedData/Build/Products/Debug-appletvos/include -Xcc -I/Users/builder/builds/UKfvDsi8u/1/finestructure/swiftpackageindex-builder/spi-builder-workspace/.derivedData/Build/Intermediates.noindex/PackageConfig.build/Debug-appletvos/PackageConfig.build/DerivedSources-normal/arm64 -Xcc -I/Users/builder/builds/UKfvDsi8u/1/finestructure/swiftpackageindex-builder/spi-builder-workspace/.derivedData/Build/Intermediates.noindex/PackageConfig.build/Debug-appletvos/PackageConfig.build/DerivedSources/arm64 -Xcc -I/Users/builder/builds/UKfvDsi8u/1/finestructure/swiftpackageindex-builder/spi-builder-workspace/.derivedData/Build/Intermediates.noindex/PackageConfig.build/Debug-appletvos/PackageConfig.build/DerivedSources -Xcc -DSWIFT_PACKAGE -Xcc -DDEBUG\=1 -module-name PackageConfig -frontend-parseable-output -disable-clang-spi -target-sdk-version 17.4 -target-sdk-name appletvos17.4 -external-plugin-path /Applications/Xcode-15.3.0-Beta.2.app/Contents/Developer/Platforms/AppleTVOS.platform/Developer/SDKs/AppleTVOS17.4.sdk/usr/lib/swift/host/plugins\#/Applications/Xcode-15.3.0-Beta.2.app/Contents/Developer/Platforms/AppleTVOS.platform/Developer/SDKs/AppleTVOS17.4.sdk/usr/bin/swift-plugin-server -external-plugin-path /Applications/Xcode-15.3.0-Beta.2.app/Contents/Developer/Platforms/AppleTVOS.platform/Developer/SDKs/AppleTVOS17.4.sdk/usr/local/lib/swift/host/plugins\#/Applications/Xcode-15.3.0-Beta.2.app/Contents/Developer/Platforms/AppleTVOS.platform/Developer/SDKs/AppleTVOS17.4.sdk/usr/bin/swift-plugin-server -external-plugin-path /Applications/Xcode-15.3.0-Beta.2.app/Contents/Developer/Platforms/AppleTVOS.platform/Developer/usr/lib/swift/host/plugins\#/Applications/Xcode-15.3.0-Beta.2.app/Contents/Developer/Platforms/AppleTVOS.platform/Developer/usr/bin/swift-plugin-server -external-plugin-path /Applications/Xcode-15.3.0-Beta.2.app/Contents/Developer/Platforms/AppleTVOS.platform/Developer/usr/local/lib/swift/host/plugins\#/Applications/Xcode-15.3.0-Beta.2.app/Contents/Developer/Platforms/AppleTVOS.platform/Developer/usr/bin/swift-plugin-server -plugin-path /Applications/Xcode-15.3.0-Beta.2.app/Contents/Developer/Toolchains/XcodeDefault.xctoolchain/usr/lib/swift/host/plugins -plugin-path /Applications/Xcode-15.3.0-Beta.2.app/Contents/Developer/Toolchains/XcodeDefault.xctoolchain/usr/local/lib/swift/host/plugins -o /Users/builder/builds/UKfvDsi8u/1/finestructure/swiftpackageindex-builder/spi-builder-workspace/.derivedData/Build/Intermediates.noindex/PackageConfig.build/Debug-appletvos/PackageConfig.build/Objects-normal/arm64/Loader.o -index-unit-output-path /PackageConfig.build/Debug-appletvos/PackageConfig.build/Objects-normal/arm64/Loader.o -index-store-path /Users/builder/builds/UKfvDsi8u/1/finestructure/swiftpackageindex-builder/spi-builder-workspace/.derivedData/Index.noindex/DataStore -index-system-modules
SwiftCompile normal arm64 /Users/builder/builds/UKfvDsi8u/1/finestructure/swiftpackageindex-builder/spi-builder-workspace/Sources/PackageConfig/Loader.swift (in target 'PackageConfig' from project 'PackageConfig')
    cd /Users/builder/builds/UKfvDsi8u/1/finestructure/swiftpackageindex-builder/spi-builder-workspace
    /Applications/Xcode-15.3.0-Beta.2.app/Contents/Developer/Toolchains/XcodeDefault.xctoolchain/usr/bin/swift-frontend -c /Users/builder/builds/UKfvDsi8u/1/finestructure/swiftpackageindex-builder/spi-builder-workspace/Sources/PackageConfig/DynamicLibraries.swift /Users/builder/builds/UKfvDsi8u/1/finestructure/swiftpackageindex-builder/spi-builder-workspace/Sources/PackageConfig/Error.swift -primary-file /Users/builder/builds/UKfvDsi8u/1/finestructure/swiftpackageindex-builder/spi-builder-workspace/Sources/PackageConfig/Loader.swift /Users/builder/builds/UKfvDsi8u/1/finestructure/swiftpackageindex-builder/spi-builder-workspace/Sources/PackageConfig/Package.swift /Users/builder/builds/UKfvDsi8u/1/finestructure/swiftpackageindex-builder/spi-builder-workspace/Sources/PackageConfig/PackageConfig.swift /Users/builder/builds/UKfvDsi8u/1/finestructure/swiftpackageindex-builder/spi-builder-workspace/Sources/PackageConfig/PackageConfiguration.swift /Users/builder/builds/UKfvDsi8u/1/finestructure/swiftpackageindex-builder/spi-builder-workspace/Sources/PackageConfig/Writer.swift -emit-dependencies-path /Users/builder/builds/UKfvDsi8u/1/finestructure/swiftpackageindex-builder/spi-builder-workspace/.derivedData/Build/Intermediates.noindex/PackageConfig.build/Debug-appletvos/PackageConfig.build/Objects-normal/arm64/Loader.d -emit-const-values-path /Users/builder/builds/UKfvDsi8u/1/finestructure/swiftpackageindex-builder/spi-builder-workspace/.derivedData/Build/Intermediates.noindex/PackageConfig.build/Debug-appletvos/PackageConfig.build/Objects-normal/arm64/Loader.swiftconstvalues -emit-reference-dependencies-path /Users/builder/builds/UKfvDsi8u/1/finestructure/swiftpackageindex-builder/spi-builder-workspace/.derivedData/Build/Intermediates.noindex/PackageConfig.build/Debug-appletvos/PackageConfig.build/Objects-normal/arm64/Loader.swiftdeps -serialize-diagnostics-path /Users/builder/builds/UKfvDsi8u/1/finestructure/swiftpackageindex-builder/spi-builder-workspace/.derivedData/Build/Intermediates.noindex/PackageConfig.build/Debug-appletvos/PackageConfig.build/Objects-normal/arm64/Loader.dia -target arm64-apple-tvos12.0 -Xllvm -aarch64-use-tbi -enable-objc-interop -sdk /Applications/Xcode-15.3.0-Beta.2.app/Contents/Developer/Platforms/AppleTVOS.platform/Developer/SDKs/AppleTVOS17.4.sdk -I /Users/builder/builds/UKfvDsi8u/1/finestructure/swiftpackageindex-builder/spi-builder-workspace/.derivedData/Build/Products/Debug-appletvos -I /Applications/Xcode-15.3.0-Beta.2.app/Contents/Developer/Platforms/AppleTVOS.platform/Developer/usr/lib -F /Users/builder/builds/UKfvDsi8u/1/finestructure/swiftpackageindex-builder/spi-builder-workspace/.derivedData/Build/Products/Debug-appletvos -F /Applications/Xcode-15.3.0-Beta.2.app/Contents/Developer/Platforms/AppleTVOS.platform/Developer/Library/Frameworks -F /Applications/Xcode-15.3.0-Beta.2.app/Contents/Developer/Platforms/AppleTVOS.platform/Developer/SDKs/AppleTVOS17.4.sdk/Developer/Library/Frameworks -no-color-diagnostics -enable-testing -g -module-cache-path /Users/builder/builds/UKfvDsi8u/1/finestructure/swiftpackageindex-builder/spi-builder-workspace/.derivedData/ModuleCache.noindex -swift-version 4.2 -enforce-exclusivity\=checked -Onone -D SWIFT_PACKAGE -D DEBUG -D Xcode -serialize-debugging-options -const-gather-protocols-file /Users/builder/builds/UKfvDsi8u/1/finestructure/swiftpackageindex-builder/spi-builder-workspace/.derivedData/Build/Intermediates.noindex/PackageConfig.build/Debug-appletvos/PackageConfig.build/Objects-normal/arm64/PackageConfig_const_extract_protocols.json -empty-abi-descriptor -validate-clang-modules-once -clang-build-session-file /Users/builder/builds/UKfvDsi8u/1/finestructure/swiftpackageindex-builder/spi-builder-workspace/.derivedData/ModuleCache.noindex/Session.modulevalidation -Xcc -working-directory -Xcc /Users/builder/builds/UKfvDsi8u/1/finestructure/swiftpackageindex-builder/spi-builder-workspace -resource-dir /Applications/Xcode-15.3.0-Beta.2.app/Contents/Developer/Toolchains/XcodeDefault.xctoolchain/usr/lib/swift -enable-anonymous-context-mangled-names -Xcc -ivfsstatcache -Xcc /Users/builder/builds/UKfvDsi8u/1/finestructure/swiftpackageindex-builder/spi-builder-workspace/.derivedData/SDKStatCaches.noindex/appletvos17.4-21L5206e-a3897aa5c9b1d3e18efb168a98ac3602.sdkstatcache -Xcc -I/Users/builder/builds/UKfvDsi8u/1/finestructure/swiftpackageindex-builder/spi-builder-workspace/.derivedData/Build/Intermediates.noindex/PackageConfig.build/Debug-appletvos/PackageConfig.build/swift-overrides.hmap -Xcc -I/Users/builder/builds/UKfvDsi8u/1/finestructure/swiftpackageindex-builder/spi-builder-workspace/.derivedData/Build/Products/Debug-appletvos/include -Xcc -I/Users/builder/builds/UKfvDsi8u/1/finestructure/swiftpackageindex-builder/spi-builder-workspace/.derivedData/Build/Intermediates.noindex/PackageConfig.build/Debug-appletvos/PackageConfig.build/DerivedSources-normal/arm64 -Xcc -I/Users/builder/builds/UKfvDsi8u/1/finestructure/swiftpackageindex-builder/spi-builder-workspace/.derivedData/Build/Intermediates.noindex/PackageConfig.build/Debug-appletvos/PackageConfig.build/DerivedSources/arm64 -Xcc -I/Users/builder/builds/UKfvDsi8u/1/finestructure/swiftpackageindex-builder/spi-builder-workspace/.derivedData/Build/Intermediates.noindex/PackageConfig.build/Debug-appletvos/PackageConfig.build/DerivedSources -Xcc -DSWIFT_PACKAGE -Xcc -DDEBUG\=1 -module-name PackageConfig -frontend-parseable-output -disable-clang-spi -target-sdk-version 17.4 -target-sdk-name appletvos17.4 -external-plugin-path /Applications/Xcode-15.3.0-Beta.2.app/Contents/Developer/Platforms/AppleTVOS.platform/Developer/SDKs/AppleTVOS17.4.sdk/usr/lib/swift/host/plugins\#/Applications/Xcode-15.3.0-Beta.2.app/Contents/Developer/Platforms/AppleTVOS.platform/Developer/SDKs/AppleTVOS17.4.sdk/usr/bin/swift-plugin-server -external-plugin-path /Applications/Xcode-15.3.0-Beta.2.app/Contents/Developer/Platforms/AppleTVOS.platform/Developer/SDKs/AppleTVOS17.4.sdk/usr/local/lib/swift/host/plugins\#/Applications/Xcode-15.3.0-Beta.2.app/Contents/Developer/Platforms/AppleTVOS.platform/Developer/SDKs/AppleTVOS17.4.sdk/usr/bin/swift-plugin-server -external-plugin-path /Applications/Xcode-15.3.0-Beta.2.app/Contents/Developer/Platforms/AppleTVOS.platform/Developer/usr/lib/swift/host/plugins\#/Applications/Xcode-15.3.0-Beta.2.app/Contents/Developer/Platforms/AppleTVOS.platform/Developer/usr/bin/swift-plugin-server -external-plugin-path /Applications/Xcode-15.3.0-Beta.2.app/Contents/Developer/Platforms/AppleTVOS.platform/Developer/usr/local/lib/swift/host/plugins\#/Applications/Xcode-15.3.0-Beta.2.app/Contents/Developer/Platforms/AppleTVOS.platform/Developer/usr/bin/swift-plugin-server -plugin-path /Applications/Xcode-15.3.0-Beta.2.app/Contents/Developer/Toolchains/XcodeDefault.xctoolchain/usr/lib/swift/host/plugins -plugin-path /Applications/Xcode-15.3.0-Beta.2.app/Contents/Developer/Toolchains/XcodeDefault.xctoolchain/usr/local/lib/swift/host/plugins -o /Users/builder/builds/UKfvDsi8u/1/finestructure/swiftpackageindex-builder/spi-builder-workspace/.derivedData/Build/Intermediates.noindex/PackageConfig.build/Debug-appletvos/PackageConfig.build/Objects-normal/arm64/Loader.o -index-unit-output-path /PackageConfig.build/Debug-appletvos/PackageConfig.build/Objects-normal/arm64/Loader.o -index-store-path /Users/builder/builds/UKfvDsi8u/1/finestructure/swiftpackageindex-builder/spi-builder-workspace/.derivedData/Index.noindex/DataStore -index-system-modules
SwiftCompile normal arm64 Compiling\ Error.swift /Users/builder/builds/UKfvDsi8u/1/finestructure/swiftpackageindex-builder/spi-builder-workspace/Sources/PackageConfig/Error.swift (in target 'PackageConfig' from project 'PackageConfig')
    cd /Users/builder/builds/UKfvDsi8u/1/finestructure/swiftpackageindex-builder/spi-builder-workspace
    builtin-swiftTaskExecution -- /Applications/Xcode-15.3.0-Beta.2.app/Contents/Developer/Toolchains/XcodeDefault.xctoolchain/usr/bin/swift-frontend -frontend -c /Users/builder/builds/UKfvDsi8u/1/finestructure/swiftpackageindex-builder/spi-builder-workspace/Sources/PackageConfig/DynamicLibraries.swift -primary-file /Users/builder/builds/UKfvDsi8u/1/finestructure/swiftpackageindex-builder/spi-builder-workspace/Sources/PackageConfig/Error.swift /Users/builder/builds/UKfvDsi8u/1/finestructure/swiftpackageindex-builder/spi-builder-workspace/Sources/PackageConfig/Loader.swift /Users/builder/builds/UKfvDsi8u/1/finestructure/swiftpackageindex-builder/spi-builder-workspace/Sources/PackageConfig/Package.swift /Users/builder/builds/UKfvDsi8u/1/finestructure/swiftpackageindex-builder/spi-builder-workspace/Sources/PackageConfig/PackageConfig.swift /Users/builder/builds/UKfvDsi8u/1/finestructure/swiftpackageindex-builder/spi-builder-workspace/Sources/PackageConfig/PackageConfiguration.swift /Users/builder/builds/UKfvDsi8u/1/finestructure/swiftpackageindex-builder/spi-builder-workspace/Sources/PackageConfig/Writer.swift -emit-dependencies-path /Users/builder/builds/UKfvDsi8u/1/finestructure/swiftpackageindex-builder/spi-builder-workspace/.derivedData/Build/Intermediates.noindex/PackageConfig.build/Debug-appletvos/PackageConfig.build/Objects-normal/arm64/Error.d -emit-const-values-path /Users/builder/builds/UKfvDsi8u/1/finestructure/swiftpackageindex-builder/spi-builder-workspace/.derivedData/Build/Intermediates.noindex/PackageConfig.build/Debug-appletvos/PackageConfig.build/Objects-normal/arm64/Error.swiftconstvalues -emit-reference-dependencies-path /Users/builder/builds/UKfvDsi8u/1/finestructure/swiftpackageindex-builder/spi-builder-workspace/.derivedData/Build/Intermediates.noindex/PackageConfig.build/Debug-appletvos/PackageConfig.build/Objects-normal/arm64/Error.swiftdeps -serialize-diagnostics-path /Users/builder/builds/UKfvDsi8u/1/finestructure/swiftpackageindex-builder/spi-builder-workspace/.derivedData/Build/Intermediates.noindex/PackageConfig.build/Debug-appletvos/PackageConfig.build/Objects-normal/arm64/Error.dia -target arm64-apple-tvos12.0 -Xllvm -aarch64-use-tbi -enable-objc-interop -sdk /Applications/Xcode-15.3.0-Beta.2.app/Contents/Developer/Platforms/AppleTVOS.platform/Developer/SDKs/AppleTVOS17.4.sdk -I /Users/builder/builds/UKfvDsi8u/1/finestructure/swiftpackageindex-builder/spi-builder-workspace/.derivedData/Build/Products/Debug-appletvos -I /Applications/Xcode-15.3.0-Beta.2.app/Contents/Developer/Platforms/AppleTVOS.platform/Developer/usr/lib -F /Users/builder/builds/UKfvDsi8u/1/finestructure/swiftpackageindex-builder/spi-builder-workspace/.derivedData/Build/Products/Debug-appletvos -F /Applications/Xcode-15.3.0-Beta.2.app/Contents/Developer/Platforms/AppleTVOS.platform/Developer/Library/Frameworks -F /Applications/Xcode-15.3.0-Beta.2.app/Contents/Developer/Platforms/AppleTVOS.platform/Developer/SDKs/AppleTVOS17.4.sdk/Developer/Library/Frameworks -no-color-diagnostics -enable-testing -g -module-cache-path /Users/builder/builds/UKfvDsi8u/1/finestructure/swiftpackageindex-builder/spi-builder-workspace/.derivedData/ModuleCache.noindex -swift-version 4.2 -enforce-exclusivity\=checked -Onone -D SWIFT_PACKAGE -D DEBUG -D Xcode -serialize-debugging-options -const-gather-protocols-file /Users/builder/builds/UKfvDsi8u/1/finestructure/swiftpackageindex-builder/spi-builder-workspace/.derivedData/Build/Intermediates.noindex/PackageConfig.build/Debug-appletvos/PackageConfig.build/Objects-normal/arm64/PackageConfig_const_extract_protocols.json -empty-abi-descriptor -validate-clang-modules-once -clang-build-session-file /Users/builder/builds/UKfvDsi8u/1/finestructure/swiftpackageindex-builder/spi-builder-workspace/.derivedData/ModuleCache.noindex/Session.modulevalidation -Xcc -working-directory -Xcc /Users/builder/builds/UKfvDsi8u/1/finestructure/swiftpackageindex-builder/spi-builder-workspace -resource-dir /Applications/Xcode-15.3.0-Beta.2.app/Contents/Developer/Toolchains/XcodeDefault.xctoolchain/usr/lib/swift -enable-anonymous-context-mangled-names -Xcc -ivfsstatcache -Xcc /Users/builder/builds/UKfvDsi8u/1/finestructure/swiftpackageindex-builder/spi-builder-workspace/.derivedData/SDKStatCaches.noindex/appletvos17.4-21L5206e-a3897aa5c9b1d3e18efb168a98ac3602.sdkstatcache -Xcc -I/Users/builder/builds/UKfvDsi8u/1/finestructure/swiftpackageindex-builder/spi-builder-workspace/.derivedData/Build/Intermediates.noindex/PackageConfig.build/Debug-appletvos/PackageConfig.build/swift-overrides.hmap -Xcc -I/Users/builder/builds/UKfvDsi8u/1/finestructure/swiftpackageindex-builder/spi-builder-workspace/.derivedData/Build/Products/Debug-appletvos/include -Xcc -I/Users/builder/builds/UKfvDsi8u/1/finestructure/swiftpackageindex-builder/spi-builder-workspace/.derivedData/Build/Intermediates.noindex/PackageConfig.build/Debug-appletvos/PackageConfig.build/DerivedSources-normal/arm64 -Xcc -I/Users/builder/builds/UKfvDsi8u/1/finestructure/swiftpackageindex-builder/spi-builder-workspace/.derivedData/Build/Intermediates.noindex/PackageConfig.build/Debug-appletvos/PackageConfig.build/DerivedSources/arm64 -Xcc -I/Users/builder/builds/UKfvDsi8u/1/finestructure/swiftpackageindex-builder/spi-builder-workspace/.derivedData/Build/Intermediates.noindex/PackageConfig.build/Debug-appletvos/PackageConfig.build/DerivedSources -Xcc -DSWIFT_PACKAGE -Xcc -DDEBUG\=1 -module-name PackageConfig -frontend-parseable-output -disable-clang-spi -target-sdk-version 17.4 -target-sdk-name appletvos17.4 -external-plugin-path /Applications/Xcode-15.3.0-Beta.2.app/Contents/Developer/Platforms/AppleTVOS.platform/Developer/SDKs/AppleTVOS17.4.sdk/usr/lib/swift/host/plugins\#/Applications/Xcode-15.3.0-Beta.2.app/Contents/Developer/Platforms/AppleTVOS.platform/Developer/SDKs/AppleTVOS17.4.sdk/usr/bin/swift-plugin-server -external-plugin-path /Applications/Xcode-15.3.0-Beta.2.app/Contents/Developer/Platforms/AppleTVOS.platform/Developer/SDKs/AppleTVOS17.4.sdk/usr/local/lib/swift/host/plugins\#/Applications/Xcode-15.3.0-Beta.2.app/Contents/Developer/Platforms/AppleTVOS.platform/Developer/SDKs/AppleTVOS17.4.sdk/usr/bin/swift-plugin-server -external-plugin-path /Applications/Xcode-15.3.0-Beta.2.app/Contents/Developer/Platforms/AppleTVOS.platform/Developer/usr/lib/swift/host/plugins\#/Applications/Xcode-15.3.0-Beta.2.app/Contents/Developer/Platforms/AppleTVOS.platform/Developer/usr/bin/swift-plugin-server -external-plugin-path /Applications/Xcode-15.3.0-Beta.2.app/Contents/Developer/Platforms/AppleTVOS.platform/Developer/usr/local/lib/swift/host/plugins\#/Applications/Xcode-15.3.0-Beta.2.app/Contents/Developer/Platforms/AppleTVOS.platform/Developer/usr/bin/swift-plugin-server -plugin-path /Applications/Xcode-15.3.0-Beta.2.app/Contents/Developer/Toolchains/XcodeDefault.xctoolchain/usr/lib/swift/host/plugins -plugin-path /Applications/Xcode-15.3.0-Beta.2.app/Contents/Developer/Toolchains/XcodeDefault.xctoolchain/usr/local/lib/swift/host/plugins -o /Users/builder/builds/UKfvDsi8u/1/finestructure/swiftpackageindex-builder/spi-builder-workspace/.derivedData/Build/Intermediates.noindex/PackageConfig.build/Debug-appletvos/PackageConfig.build/Objects-normal/arm64/Error.o -index-unit-output-path /PackageConfig.build/Debug-appletvos/PackageConfig.build/Objects-normal/arm64/Error.o -index-store-path /Users/builder/builds/UKfvDsi8u/1/finestructure/swiftpackageindex-builder/spi-builder-workspace/.derivedData/Index.noindex/DataStore -index-system-modules
Command SwiftCompile failed with a nonzero exit code
2024-02-15 06:20:15.854 xcodebuild[71122:12441517] Requested but did not find extension point with identifier Xcode.DVTDeviceFoundation.Aspect for extension Xcode.IDEiOSSupportCore.Aspect.NBDD of plug-in com.apple.dt.IDE.IDEiOSSupportCore
2024-02-15 06:20:16.436 xcodebuild[71122:12441517] [MT] DVTPlugInQuery: Requested but did not find extension point with identifier 'Xcode.DVTDeviceFoundation.CompatibleDeviceFamilyPair'. This is programmer error; code should only request extension points that are defined by itself or its dependencies.
** BUILD FAILED **
The following build commands failed:
	SwiftEmitModule normal arm64 Emitting\ module\ for\ package_config (in target 'package-config' from project 'PackageConfig')
	SwiftEmitModule normal arm64 Emitting\ module\ for\ PackageConfig (in target 'PackageConfig' from project 'PackageConfig')
	SwiftCompile normal arm64 Compiling\ Error.swift /Users/builder/builds/UKfvDsi8u/1/finestructure/swiftpackageindex-builder/spi-builder-workspace/Sources/PackageConfig/Error.swift (in target 'PackageConfig' from project 'PackageConfig')
(3 failures)
Command line invocation:
    /Applications/Xcode-15.3.0-Beta.2.app/Contents/Developer/usr/bin/xcodebuild -IDEClonedSourcePackagesDirPathOverride=/Users/builder/builds/UKfvDsi8u/1/finestructure/swiftpackageindex-builder/spi-builder-workspace/.dependencies -skipMacroValidation -skipPackagePluginValidation -derivedDataPath /Users/builder/builds/UKfvDsi8u/1/finestructure/swiftpackageindex-builder/spi-builder-workspace/.derivedData build -scheme PackageConfig-Package -destination generic/platform=tvos
User defaults from command line:
    IDEClonedSourcePackagesDirPathOverride = /Users/builder/builds/UKfvDsi8u/1/finestructure/swiftpackageindex-builder/spi-builder-workspace/.dependencies
    IDEDerivedDataPathOverride = /Users/builder/builds/UKfvDsi8u/1/finestructure/swiftpackageindex-builder/spi-builder-workspace/.derivedData
    IDEPackageSupportUseBuiltinSCM = YES
Resolve Package Graph
Resolved source packages:
  PackageConfig: /Users/builder/builds/UKfvDsi8u/1/finestructure/swiftpackageindex-builder/spi-builder-workspace
Prepare packages
ComputeTargetDependencyGraph
note: Building targets in dependency order
note: Target dependency graph (6 targets)
    Target 'package-config-example' in project 'PackageConfig'
        ➜ Explicit dependency on target 'PackageConfig' in project 'PackageConfig'
        ➜ Explicit dependency on target 'ExampleConfig' in project 'PackageConfig'
    Target 'package-config' in project 'PackageConfig' (no dependencies)
    Target 'PackageConfig' in project 'PackageConfig'
        ➜ Explicit dependency on target 'PackageConfig' in project 'PackageConfig'
    Target 'ExampleConfig' in project 'PackageConfig'
        ➜ Explicit dependency on target 'ExampleConfig' in project 'PackageConfig'
        ➜ Explicit dependency on target 'PackageConfig' in project 'PackageConfig'
    Target 'ExampleConfig' in project 'PackageConfig'
        ➜ Explicit dependency on target 'PackageConfig' in project 'PackageConfig'
    Target 'PackageConfig' in project 'PackageConfig' (no dependencies)
GatherProvisioningInputs
CreateBuildDescription
ClangStatCache /Applications/Xcode-15.3.0-Beta.2.app/Contents/Developer/Toolchains/XcodeDefault.xctoolchain/usr/bin/clang-stat-cache /Applications/Xcode-15.3.0-Beta.2.app/Contents/Developer/Platforms/AppleTVOS.platform/Developer/SDKs/AppleTVOS17.4.sdk /Users/builder/builds/UKfvDsi8u/1/finestructure/swiftpackageindex-builder/spi-builder-workspace/.derivedData/SDKStatCaches.noindex/appletvos17.4-21L5206e-a3897aa5c9b1d3e18efb168a98ac3602.sdkstatcache
    cd /Users/builder/builds/UKfvDsi8u/1/finestructure/swiftpackageindex-builder/spi-builder-workspace/.swiftpm/xcode
    /Applications/Xcode-15.3.0-Beta.2.app/Contents/Developer/Toolchains/XcodeDefault.xctoolchain/usr/bin/clang-stat-cache /Applications/Xcode-15.3.0-Beta.2.app/Contents/Developer/Platforms/AppleTVOS.platform/Developer/SDKs/AppleTVOS17.4.sdk -o /Users/builder/builds/UKfvDsi8u/1/finestructure/swiftpackageindex-builder/spi-builder-workspace/.derivedData/SDKStatCaches.noindex/appletvos17.4-21L5206e-a3897aa5c9b1d3e18efb168a98ac3602.sdkstatcache
SwiftDriver package-config normal arm64 com.apple.xcode.tools.swift.compiler (in target 'package-config' from project 'PackageConfig')
    cd /Users/builder/builds/UKfvDsi8u/1/finestructure/swiftpackageindex-builder/spi-builder-workspace
    builtin-SwiftDriver -- /Applications/Xcode-15.3.0-Beta.2.app/Contents/Developer/Toolchains/XcodeDefault.xctoolchain/usr/bin/swiftc -module-name package_config -Onone -enforce-exclusivity\=checked @/Users/builder/builds/UKfvDsi8u/1/finestructure/swiftpackageindex-builder/spi-builder-workspace/.derivedData/Build/Intermediates.noindex/PackageConfig.build/Debug-appletvos/package-config.build/Objects-normal/arm64/package-config.SwiftFileList -DSWIFT_PACKAGE -DDEBUG -DXcode -sdk /Applications/Xcode-15.3.0-Beta.2.app/Contents/Developer/Platforms/AppleTVOS.platform/Developer/SDKs/AppleTVOS17.4.sdk -target arm64-apple-tvos12.0 -g -module-cache-path /Users/builder/builds/UKfvDsi8u/1/finestructure/swiftpackageindex-builder/spi-builder-workspace/.derivedData/ModuleCache.noindex -Xfrontend -serialize-debugging-options -enable-testing -index-store-path /Users/builder/builds/UKfvDsi8u/1/finestructure/swiftpackageindex-builder/spi-builder-workspace/.derivedData/Index.noindex/DataStore -swift-version 4.2 -I /Users/builder/builds/UKfvDsi8u/1/finestructure/swiftpackageindex-builder/spi-builder-workspace/.derivedData/Build/Products/Debug-appletvos -I /Applications/Xcode-15.3.0-Beta.2.app/Contents/Developer/Platforms/AppleTVOS.platform/Developer/usr/lib -F /Users/builder/builds/UKfvDsi8u/1/finestructure/swiftpackageindex-builder/spi-builder-workspace/.derivedData/Build/Products/Debug-appletvos -F /Applications/Xcode-15.3.0-Beta.2.app/Contents/Developer/Platforms/AppleTVOS.platform/Developer/Library/Frameworks -F /Applications/Xcode-15.3.0-Beta.2.app/Contents/Developer/Platforms/AppleTVOS.platform/Developer/SDKs/AppleTVOS17.4.sdk/Developer/Library/Frameworks -c -j8 -enable-batch-mode -incremental -Xcc -ivfsstatcache -Xcc /Users/builder/builds/UKfvDsi8u/1/finestructure/swiftpackageindex-builder/spi-builder-workspace/.derivedData/SDKStatCaches.noindex/appletvos17.4-21L5206e-a3897aa5c9b1d3e18efb168a98ac3602.sdkstatcache -output-file-map /Users/builder/builds/UKfvDsi8u/1/finestructure/swiftpackageindex-builder/spi-builder-workspace/.derivedData/Build/Intermediates.noindex/PackageConfig.build/Debug-appletvos/package-config.build/Objects-normal/arm64/package-config-OutputFileMap.json -use-frontend-parseable-output -save-temps -no-color-diagnostics -serialize-diagnostics -emit-dependencies -emit-module -emit-module-path /Users/builder/builds/UKfvDsi8u/1/finestructure/swiftpackageindex-builder/spi-builder-workspace/.derivedData/Build/Intermediates.noindex/PackageConfig.build/Debug-appletvos/package-config.build/Objects-normal/arm64/package_config.swiftmodule -validate-clang-modules-once -clang-build-session-file /Users/builder/builds/UKfvDsi8u/1/finestructure/swiftpackageindex-builder/spi-builder-workspace/.derivedData/ModuleCache.noindex/Session.modulevalidation -emit-const-values -Xfrontend -const-gather-protocols-file -Xfrontend /Users/builder/builds/UKfvDsi8u/1/finestructure/swiftpackageindex-builder/spi-builder-workspace/.derivedData/Build/Intermediates.noindex/PackageConfig.build/Debug-appletvos/package-config.build/Objects-normal/arm64/package-config_const_extract_protocols.json -Xcc -I/Users/builder/builds/UKfvDsi8u/1/finestructure/swiftpackageindex-builder/spi-builder-workspace/.derivedData/Build/Products/Debug-appletvos/include -Xcc -I/Users/builder/builds/UKfvDsi8u/1/finestructure/swiftpackageindex-builder/spi-builder-workspace/.derivedData/Build/Intermediates.noindex/PackageConfig.build/Debug-appletvos/package-config.build/DerivedSources-normal/arm64 -Xcc -I/Users/builder/builds/UKfvDsi8u/1/finestructure/swiftpackageindex-builder/spi-builder-workspace/.derivedData/Build/Intermediates.noindex/PackageConfig.build/Debug-appletvos/package-config.build/DerivedSources/arm64 -Xcc -I/Users/builder/builds/UKfvDsi8u/1/finestructure/swiftpackageindex-builder/spi-builder-workspace/.derivedData/Build/Intermediates.noindex/PackageConfig.build/Debug-appletvos/package-config.build/DerivedSources -Xcc -DSWIFT_PACKAGE -Xcc -DDEBUG\=1 -working-directory /Users/builder/builds/UKfvDsi8u/1/finestructure/swiftpackageindex-builder/spi-builder-workspace -experimental-emit-module-separately -disable-cmo
SwiftDriver PackageConfig normal arm64 com.apple.xcode.tools.swift.compiler (in target 'PackageConfig' from project 'PackageConfig')
    cd /Users/builder/builds/UKfvDsi8u/1/finestructure/swiftpackageindex-builder/spi-builder-workspace
    builtin-SwiftDriver -- /Applications/Xcode-15.3.0-Beta.2.app/Contents/Developer/Toolchains/XcodeDefault.xctoolchain/usr/bin/swiftc -module-name PackageConfig -Onone -enforce-exclusivity\=checked @/Users/builder/builds/UKfvDsi8u/1/finestructure/swiftpackageindex-builder/spi-builder-workspace/.derivedData/Build/Intermediates.noindex/PackageConfig.build/Debug-appletvos/PackageConfig.build/Objects-normal/arm64/PackageConfig.SwiftFileList -DSWIFT_PACKAGE -DDEBUG -DXcode -sdk /Applications/Xcode-15.3.0-Beta.2.app/Contents/Developer/Platforms/AppleTVOS.platform/Developer/SDKs/AppleTVOS17.4.sdk -target arm64-apple-tvos12.0 -g -module-cache-path /Users/builder/builds/UKfvDsi8u/1/finestructure/swiftpackageindex-builder/spi-builder-workspace/.derivedData/ModuleCache.noindex -Xfrontend -serialize-debugging-options -enable-testing -index-store-path /Users/builder/builds/UKfvDsi8u/1/finestructure/swiftpackageindex-builder/spi-builder-workspace/.derivedData/Index.noindex/DataStore -swift-version 4.2 -I /Users/builder/builds/UKfvDsi8u/1/finestructure/swiftpackageindex-builder/spi-builder-workspace/.derivedData/Build/Products/Debug-appletvos -I /Applications/Xcode-15.3.0-Beta.2.app/Contents/Developer/Platforms/AppleTVOS.platform/Developer/usr/lib -F /Users/builder/builds/UKfvDsi8u/1/finestructure/swiftpackageindex-builder/spi-builder-workspace/.derivedData/Build/Products/Debug-appletvos -F /Applications/Xcode-15.3.0-Beta.2.app/Contents/Developer/Platforms/AppleTVOS.platform/Developer/Library/Frameworks -F /Applications/Xcode-15.3.0-Beta.2.app/Contents/Developer/Platforms/AppleTVOS.platform/Developer/SDKs/AppleTVOS17.4.sdk/Developer/Library/Frameworks -c -j8 -enable-batch-mode -incremental -Xcc -ivfsstatcache -Xcc /Users/builder/builds/UKfvDsi8u/1/finestructure/swiftpackageindex-builder/spi-builder-workspace/.derivedData/SDKStatCaches.noindex/appletvos17.4-21L5206e-a3897aa5c9b1d3e18efb168a98ac3602.sdkstatcache -output-file-map /Users/builder/builds/UKfvDsi8u/1/finestructure/swiftpackageindex-builder/spi-builder-workspace/.derivedData/Build/Intermediates.noindex/PackageConfig.build/Debug-appletvos/PackageConfig.build/Objects-normal/arm64/PackageConfig-OutputFileMap.json -use-frontend-parseable-output -save-temps -no-color-diagnostics -serialize-diagnostics -emit-dependencies -emit-module -emit-module-path /Users/builder/builds/UKfvDsi8u/1/finestructure/swiftpackageindex-builder/spi-builder-workspace/.derivedData/Build/Intermediates.noindex/PackageConfig.build/Debug-appletvos/PackageConfig.build/Objects-normal/arm64/PackageConfig.swiftmodule -validate-clang-modules-once -clang-build-session-file /Users/builder/builds/UKfvDsi8u/1/finestructure/swiftpackageindex-builder/spi-builder-workspace/.derivedData/ModuleCache.noindex/Session.modulevalidation -Xcc -I/Users/builder/builds/UKfvDsi8u/1/finestructure/swiftpackageindex-builder/spi-builder-workspace/.derivedData/Build/Intermediates.noindex/PackageConfig.build/Debug-appletvos/PackageConfig.build/swift-overrides.hmap -emit-const-values -Xfrontend -const-gather-protocols-file -Xfrontend /Users/builder/builds/UKfvDsi8u/1/finestructure/swiftpackageindex-builder/spi-builder-workspace/.derivedData/Build/Intermediates.noindex/PackageConfig.build/Debug-appletvos/PackageConfig.build/Objects-normal/arm64/PackageConfig_const_extract_protocols.json -Xcc -I/Users/builder/builds/UKfvDsi8u/1/finestructure/swiftpackageindex-builder/spi-builder-workspace/.derivedData/Build/Products/Debug-appletvos/include -Xcc -I/Users/builder/builds/UKfvDsi8u/1/finestructure/swiftpackageindex-builder/spi-builder-workspace/.derivedData/Build/Intermediates.noindex/PackageConfig.build/Debug-appletvos/PackageConfig.build/DerivedSources-normal/arm64 -Xcc -I/Users/builder/builds/UKfvDsi8u/1/finestructure/swiftpackageindex-builder/spi-builder-workspace/.derivedData/Build/Intermediates.noindex/PackageConfig.build/Debug-appletvos/PackageConfig.build/DerivedSources/arm64 -Xcc -I/Users/builder/builds/UKfvDsi8u/1/finestructure/swiftpackageindex-builder/spi-builder-workspace/.derivedData/Build/Intermediates.noindex/PackageConfig.build/Debug-appletvos/PackageConfig.build/DerivedSources -Xcc -DSWIFT_PACKAGE -Xcc -DDEBUG\=1 -emit-objc-header -emit-objc-header-path /Users/builder/builds/UKfvDsi8u/1/finestructure/swiftpackageindex-builder/spi-builder-workspace/.derivedData/Build/Intermediates.noindex/PackageConfig.build/Debug-appletvos/PackageConfig.build/Objects-normal/arm64/PackageConfig-Swift.h -working-directory /Users/builder/builds/UKfvDsi8u/1/finestructure/swiftpackageindex-builder/spi-builder-workspace -experimental-emit-module-separately -disable-cmo
SwiftEmitModule normal arm64 Emitting\ module\ for\ package_config (in target 'package-config' from project 'PackageConfig')
    cd /Users/builder/builds/UKfvDsi8u/1/finestructure/swiftpackageindex-builder/spi-builder-workspace
    builtin-swiftTaskExecution -- /Applications/Xcode-15.3.0-Beta.2.app/Contents/Developer/Toolchains/XcodeDefault.xctoolchain/usr/bin/swift-frontend -frontend -emit-module -experimental-skip-non-inlinable-function-bodies-without-types /Users/builder/builds/UKfvDsi8u/1/finestructure/swiftpackageindex-builder/spi-builder-workspace/Sources/PackageConfigExecutable/main.swift -target arm64-apple-tvos12.0 -Xllvm -aarch64-use-tbi -enable-objc-interop -sdk /Applications/Xcode-15.3.0-Beta.2.app/Contents/Developer/Platforms/AppleTVOS.platform/Developer/SDKs/AppleTVOS17.4.sdk -I /Users/builder/builds/UKfvDsi8u/1/finestructure/swiftpackageindex-builder/spi-builder-workspace/.derivedData/Build/Products/Debug-appletvos -I /Applications/Xcode-15.3.0-Beta.2.app/Contents/Developer/Platforms/AppleTVOS.platform/Developer/usr/lib -F /Users/builder/builds/UKfvDsi8u/1/finestructure/swiftpackageindex-builder/spi-builder-workspace/.derivedData/Build/Products/Debug-appletvos -F /Applications/Xcode-15.3.0-Beta.2.app/Contents/Developer/Platforms/AppleTVOS.platform/Developer/Library/Frameworks -F /Applications/Xcode-15.3.0-Beta.2.app/Contents/Developer/Platforms/AppleTVOS.platform/Developer/SDKs/AppleTVOS17.4.sdk/Developer/Library/Frameworks -no-color-diagnostics -enable-testing -g -module-cache-path /Users/builder/builds/UKfvDsi8u/1/finestructure/swiftpackageindex-builder/spi-builder-workspace/.derivedData/ModuleCache.noindex -swift-version 4.2 -enforce-exclusivity\=checked -Onone -D SWIFT_PACKAGE -D DEBUG -D Xcode -serialize-debugging-options -const-gather-protocols-file /Users/builder/builds/UKfvDsi8u/1/finestructure/swiftpackageindex-builder/spi-builder-workspace/.derivedData/Build/Intermediates.noindex/PackageConfig.build/Debug-appletvos/package-config.build/Objects-normal/arm64/package-config_const_extract_protocols.json -empty-abi-descriptor -validate-clang-modules-once -clang-build-session-file /Users/builder/builds/UKfvDsi8u/1/finestructure/swiftpackageindex-builder/spi-builder-workspace/.derivedData/ModuleCache.noindex/Session.modulevalidation -Xcc -working-directory -Xcc /Users/builder/builds/UKfvDsi8u/1/finestructure/swiftpackageindex-builder/spi-builder-workspace -resource-dir /Applications/Xcode-15.3.0-Beta.2.app/Contents/Developer/Toolchains/XcodeDefault.xctoolchain/usr/lib/swift -enable-anonymous-context-mangled-names -Xcc -ivfsstatcache -Xcc /Users/builder/builds/UKfvDsi8u/1/finestructure/swiftpackageindex-builder/spi-builder-workspace/.derivedData/SDKStatCaches.noindex/appletvos17.4-21L5206e-a3897aa5c9b1d3e18efb168a98ac3602.sdkstatcache -Xcc -I/Users/builder/builds/UKfvDsi8u/1/finestructure/swiftpackageindex-builder/spi-builder-workspace/.derivedData/Build/Products/Debug-appletvos/include -Xcc -I/Users/builder/builds/UKfvDsi8u/1/finestructure/swiftpackageindex-builder/spi-builder-workspace/.derivedData/Build/Intermediates.noindex/PackageConfig.build/Debug-appletvos/package-config.build/DerivedSources-normal/arm64 -Xcc -I/Users/builder/builds/UKfvDsi8u/1/finestructure/swiftpackageindex-builder/spi-builder-workspace/.derivedData/Build/Intermediates.noindex/PackageConfig.build/Debug-appletvos/package-config.build/DerivedSources/arm64 -Xcc -I/Users/builder/builds/UKfvDsi8u/1/finestructure/swiftpackageindex-builder/spi-builder-workspace/.derivedData/Build/Intermediates.noindex/PackageConfig.build/Debug-appletvos/package-config.build/DerivedSources -Xcc -DSWIFT_PACKAGE -Xcc -DDEBUG\=1 -module-name package_config -disable-clang-spi -target-sdk-version 17.4 -target-sdk-name appletvos17.4 -external-plugin-path /Applications/Xcode-15.3.0-Beta.2.app/Contents/Developer/Platforms/AppleTVOS.platform/Developer/SDKs/AppleTVOS17.4.sdk/usr/lib/swift/host/plugins\#/Applications/Xcode-15.3.0-Beta.2.app/Contents/Developer/Platforms/AppleTVOS.platform/Developer/SDKs/AppleTVOS17.4.sdk/usr/bin/swift-plugin-server -external-plugin-path /Applications/Xcode-15.3.0-Beta.2.app/Contents/Developer/Platforms/AppleTVOS.platform/Developer/SDKs/AppleTVOS17.4.sdk/usr/local/lib/swift/host/plugins\#/Applications/Xcode-15.3.0-Beta.2.app/Contents/Developer/Platforms/AppleTVOS.platform/Developer/SDKs/AppleTVOS17.4.sdk/usr/bin/swift-plugin-server -external-plugin-path /Applications/Xcode-15.3.0-Beta.2.app/Contents/Developer/Platforms/AppleTVOS.platform/Developer/usr/lib/swift/host/plugins\#/Applications/Xcode-15.3.0-Beta.2.app/Contents/Developer/Platforms/AppleTVOS.platform/Developer/usr/bin/swift-plugin-server -external-plugin-path /Applications/Xcode-15.3.0-Beta.2.app/Contents/Developer/Platforms/AppleTVOS.platform/Developer/usr/local/lib/swift/host/plugins\#/Applications/Xcode-15.3.0-Beta.2.app/Contents/Developer/Platforms/AppleTVOS.platform/Developer/usr/bin/swift-plugin-server -plugin-path /Applications/Xcode-15.3.0-Beta.2.app/Contents/Developer/Toolchains/XcodeDefault.xctoolchain/usr/lib/swift/host/plugins -plugin-path /Applications/Xcode-15.3.0-Beta.2.app/Contents/Developer/Toolchains/XcodeDefault.xctoolchain/usr/local/lib/swift/host/plugins -emit-module-doc-path /Users/builder/builds/UKfvDsi8u/1/finestructure/swiftpackageindex-builder/spi-builder-workspace/.derivedData/Build/Intermediates.noindex/PackageConfig.build/Debug-appletvos/package-config.build/Objects-normal/arm64/package_config.swiftdoc -emit-module-source-info-path /Users/builder/builds/UKfvDsi8u/1/finestructure/swiftpackageindex-builder/spi-builder-workspace/.derivedData/Build/Intermediates.noindex/PackageConfig.build/Debug-appletvos/package-config.build/Objects-normal/arm64/package_config.swiftsourceinfo -serialize-diagnostics-path /Users/builder/builds/UKfvDsi8u/1/finestructure/swiftpackageindex-builder/spi-builder-workspace/.derivedData/Build/Intermediates.noindex/PackageConfig.build/Debug-appletvos/package-config.build/Objects-normal/arm64/package-config-master-emit-module.dia -emit-dependencies-path /Users/builder/builds/UKfvDsi8u/1/finestructure/swiftpackageindex-builder/spi-builder-workspace/.derivedData/Build/Intermediates.noindex/PackageConfig.build/Debug-appletvos/package-config.build/Objects-normal/arm64/package-config-master-emit-module.d -o /Users/builder/builds/UKfvDsi8u/1/finestructure/swiftpackageindex-builder/spi-builder-workspace/.derivedData/Build/Intermediates.noindex/PackageConfig.build/Debug-appletvos/package-config.build/Objects-normal/arm64/package_config.swiftmodule -emit-abi-descriptor-path /Users/builder/builds/UKfvDsi8u/1/finestructure/swiftpackageindex-builder/spi-builder-workspace/.derivedData/Build/Intermediates.noindex/PackageConfig.build/Debug-appletvos/package-config.build/Objects-normal/arm64/package_config.abi.json
/Users/builder/builds/UKfvDsi8u/1/finestructure/swiftpackageindex-builder/spi-builder-workspace/Sources/PackageConfigExecutable/main.swift:2:14: error: class 'Process' does not exist in module 'Foundation'
import class Foundation.Process
             ^          ~~~~~~~
/Users/builder/builds/UKfvDsi8u/1/finestructure/swiftpackageindex-builder/spi-builder-workspace/Sources/PackageConfigExecutable/main.swift:4:15: error: cannot find 'Process' in scope
let process = Process()
              ^~~~~~~
SwiftCompile normal arm64 Compiling\ main.swift /Users/builder/builds/UKfvDsi8u/1/finestructure/swiftpackageindex-builder/spi-builder-workspace/Sources/PackageConfigExecutable/main.swift (in target 'package-config' from project 'PackageConfig')
    cd /Users/builder/builds/UKfvDsi8u/1/finestructure/swiftpackageindex-builder/spi-builder-workspace
    builtin-swiftTaskExecution -- /Applications/Xcode-15.3.0-Beta.2.app/Contents/Developer/Toolchains/XcodeDefault.xctoolchain/usr/bin/swift-frontend -frontend -c -primary-file /Users/builder/builds/UKfvDsi8u/1/finestructure/swiftpackageindex-builder/spi-builder-workspace/Sources/PackageConfigExecutable/main.swift -emit-dependencies-path /Users/builder/builds/UKfvDsi8u/1/finestructure/swiftpackageindex-builder/spi-builder-workspace/.derivedData/Build/Intermediates.noindex/PackageConfig.build/Debug-appletvos/package-config.build/Objects-normal/arm64/main.d -emit-const-values-path /Users/builder/builds/UKfvDsi8u/1/finestructure/swiftpackageindex-builder/spi-builder-workspace/.derivedData/Build/Intermediates.noindex/PackageConfig.build/Debug-appletvos/package-config.build/Objects-normal/arm64/main.swiftconstvalues -emit-reference-dependencies-path /Users/builder/builds/UKfvDsi8u/1/finestructure/swiftpackageindex-builder/spi-builder-workspace/.derivedData/Build/Intermediates.noindex/PackageConfig.build/Debug-appletvos/package-config.build/Objects-normal/arm64/main.swiftdeps -serialize-diagnostics-path /Users/builder/builds/UKfvDsi8u/1/finestructure/swiftpackageindex-builder/spi-builder-workspace/.derivedData/Build/Intermediates.noindex/PackageConfig.build/Debug-appletvos/package-config.build/Objects-normal/arm64/main.dia -target arm64-apple-tvos12.0 -Xllvm -aarch64-use-tbi -enable-objc-interop -sdk /Applications/Xcode-15.3.0-Beta.2.app/Contents/Developer/Platforms/AppleTVOS.platform/Developer/SDKs/AppleTVOS17.4.sdk -I /Users/builder/builds/UKfvDsi8u/1/finestructure/swiftpackageindex-builder/spi-builder-workspace/.derivedData/Build/Products/Debug-appletvos -I /Applications/Xcode-15.3.0-Beta.2.app/Contents/Developer/Platforms/AppleTVOS.platform/Developer/usr/lib -F /Users/builder/builds/UKfvDsi8u/1/finestructure/swiftpackageindex-builder/spi-builder-workspace/.derivedData/Build/Products/Debug-appletvos -F /Applications/Xcode-15.3.0-Beta.2.app/Contents/Developer/Platforms/AppleTVOS.platform/Developer/Library/Frameworks -F /Applications/Xcode-15.3.0-Beta.2.app/Contents/Developer/Platforms/AppleTVOS.platform/Developer/SDKs/AppleTVOS17.4.sdk/Developer/Library/Frameworks -no-color-diagnostics -enable-testing -g -module-cache-path /Users/builder/builds/UKfvDsi8u/1/finestructure/swiftpackageindex-builder/spi-builder-workspace/.derivedData/ModuleCache.noindex -swift-version 4.2 -enforce-exclusivity\=checked -Onone -D SWIFT_PACKAGE -D DEBUG -D Xcode -serialize-debugging-options -const-gather-protocols-file /Users/builder/builds/UKfvDsi8u/1/finestructure/swiftpackageindex-builder/spi-builder-workspace/.derivedData/Build/Intermediates.noindex/PackageConfig.build/Debug-appletvos/package-config.build/Objects-normal/arm64/package-config_const_extract_protocols.json -empty-abi-descriptor -validate-clang-modules-once -clang-build-session-file /Users/builder/builds/UKfvDsi8u/1/finestructure/swiftpackageindex-builder/spi-builder-workspace/.derivedData/ModuleCache.noindex/Session.modulevalidation -Xcc -working-directory -Xcc /Users/builder/builds/UKfvDsi8u/1/finestructure/swiftpackageindex-builder/spi-builder-workspace -resource-dir /Applications/Xcode-15.3.0-Beta.2.app/Contents/Developer/Toolchains/XcodeDefault.xctoolchain/usr/lib/swift -enable-anonymous-context-mangled-names -Xcc -ivfsstatcache -Xcc /Users/builder/builds/UKfvDsi8u/1/finestructure/swiftpackageindex-builder/spi-builder-workspace/.derivedData/SDKStatCaches.noindex/appletvos17.4-21L5206e-a3897aa5c9b1d3e18efb168a98ac3602.sdkstatcache -Xcc -I/Users/builder/builds/UKfvDsi8u/1/finestructure/swiftpackageindex-builder/spi-builder-workspace/.derivedData/Build/Products/Debug-appletvos/include -Xcc -I/Users/builder/builds/UKfvDsi8u/1/finestructure/swiftpackageindex-builder/spi-builder-workspace/.derivedData/Build/Intermediates.noindex/PackageConfig.build/Debug-appletvos/package-config.build/DerivedSources-normal/arm64 -Xcc -I/Users/builder/builds/UKfvDsi8u/1/finestructure/swiftpackageindex-builder/spi-builder-workspace/.derivedData/Build/Intermediates.noindex/PackageConfig.build/Debug-appletvos/package-config.build/DerivedSources/arm64 -Xcc -I/Users/builder/builds/UKfvDsi8u/1/finestructure/swiftpackageindex-builder/spi-builder-workspace/.derivedData/Build/Intermediates.noindex/PackageConfig.build/Debug-appletvos/package-config.build/DerivedSources -Xcc -DSWIFT_PACKAGE -Xcc -DDEBUG\=1 -module-name package_config -frontend-parseable-output -disable-clang-spi -target-sdk-version 17.4 -target-sdk-name appletvos17.4 -external-plugin-path /Applications/Xcode-15.3.0-Beta.2.app/Contents/Developer/Platforms/AppleTVOS.platform/Developer/SDKs/AppleTVOS17.4.sdk/usr/lib/swift/host/plugins\#/Applications/Xcode-15.3.0-Beta.2.app/Contents/Developer/Platforms/AppleTVOS.platform/Developer/SDKs/AppleTVOS17.4.sdk/usr/bin/swift-plugin-server -external-plugin-path /Applications/Xcode-15.3.0-Beta.2.app/Contents/Developer/Platforms/AppleTVOS.platform/Developer/SDKs/AppleTVOS17.4.sdk/usr/local/lib/swift/host/plugins\#/Applications/Xcode-15.3.0-Beta.2.app/Contents/Developer/Platforms/AppleTVOS.platform/Developer/SDKs/AppleTVOS17.4.sdk/usr/bin/swift-plugin-server -external-plugin-path /Applications/Xcode-15.3.0-Beta.2.app/Contents/Developer/Platforms/AppleTVOS.platform/Developer/usr/lib/swift/host/plugins\#/Applications/Xcode-15.3.0-Beta.2.app/Contents/Developer/Platforms/AppleTVOS.platform/Developer/usr/bin/swift-plugin-server -external-plugin-path /Applications/Xcode-15.3.0-Beta.2.app/Contents/Developer/Platforms/AppleTVOS.platform/Developer/usr/local/lib/swift/host/plugins\#/Applications/Xcode-15.3.0-Beta.2.app/Contents/Developer/Platforms/AppleTVOS.platform/Developer/usr/bin/swift-plugin-server -plugin-path /Applications/Xcode-15.3.0-Beta.2.app/Contents/Developer/Toolchains/XcodeDefault.xctoolchain/usr/lib/swift/host/plugins -plugin-path /Applications/Xcode-15.3.0-Beta.2.app/Contents/Developer/Toolchains/XcodeDefault.xctoolchain/usr/local/lib/swift/host/plugins -o /Users/builder/builds/UKfvDsi8u/1/finestructure/swiftpackageindex-builder/spi-builder-workspace/.derivedData/Build/Intermediates.noindex/PackageConfig.build/Debug-appletvos/package-config.build/Objects-normal/arm64/main.o -index-unit-output-path /PackageConfig.build/Debug-appletvos/package-config.build/Objects-normal/arm64/main.o -index-store-path /Users/builder/builds/UKfvDsi8u/1/finestructure/swiftpackageindex-builder/spi-builder-workspace/.derivedData/Index.noindex/DataStore -index-system-modules
Command SwiftCompile failed with a nonzero exit code
SwiftEmitModule normal arm64 Emitting\ module\ for\ PackageConfig (in target 'PackageConfig' from project 'PackageConfig')
    cd /Users/builder/builds/UKfvDsi8u/1/finestructure/swiftpackageindex-builder/spi-builder-workspace
    builtin-swiftTaskExecution -- /Applications/Xcode-15.3.0-Beta.2.app/Contents/Developer/Toolchains/XcodeDefault.xctoolchain/usr/bin/swift-frontend -frontend -emit-module -experimental-skip-non-inlinable-function-bodies-without-types /Users/builder/builds/UKfvDsi8u/1/finestructure/swiftpackageindex-builder/spi-builder-workspace/Sources/PackageConfig/DynamicLibraries.swift /Users/builder/builds/UKfvDsi8u/1/finestructure/swiftpackageindex-builder/spi-builder-workspace/Sources/PackageConfig/Error.swift /Users/builder/builds/UKfvDsi8u/1/finestructure/swiftpackageindex-builder/spi-builder-workspace/Sources/PackageConfig/Loader.swift /Users/builder/builds/UKfvDsi8u/1/finestructure/swiftpackageindex-builder/spi-builder-workspace/Sources/PackageConfig/Package.swift /Users/builder/builds/UKfvDsi8u/1/finestructure/swiftpackageindex-builder/spi-builder-workspace/Sources/PackageConfig/PackageConfig.swift /Users/builder/builds/UKfvDsi8u/1/finestructure/swiftpackageindex-builder/spi-builder-workspace/Sources/PackageConfig/PackageConfiguration.swift /Users/builder/builds/UKfvDsi8u/1/finestructure/swiftpackageindex-builder/spi-builder-workspace/Sources/PackageConfig/Writer.swift -target arm64-apple-tvos12.0 -Xllvm -aarch64-use-tbi -enable-objc-interop -sdk /Applications/Xcode-15.3.0-Beta.2.app/Contents/Developer/Platforms/AppleTVOS.platform/Developer/SDKs/AppleTVOS17.4.sdk -I /Users/builder/builds/UKfvDsi8u/1/finestructure/swiftpackageindex-builder/spi-builder-workspace/.derivedData/Build/Products/Debug-appletvos -I /Applications/Xcode-15.3.0-Beta.2.app/Contents/Developer/Platforms/AppleTVOS.platform/Developer/usr/lib -F /Users/builder/builds/UKfvDsi8u/1/finestructure/swiftpackageindex-builder/spi-builder-workspace/.derivedData/Build/Products/Debug-appletvos -F /Applications/Xcode-15.3.0-Beta.2.app/Contents/Developer/Platforms/AppleTVOS.platform/Developer/Library/Frameworks -F /Applications/Xcode-15.3.0-Beta.2.app/Contents/Developer/Platforms/AppleTVOS.platform/Developer/SDKs/AppleTVOS17.4.sdk/Developer/Library/Frameworks -no-color-diagnostics -enable-testing -g -module-cache-path /Users/builder/builds/UKfvDsi8u/1/finestructure/swiftpackageindex-builder/spi-builder-workspace/.derivedData/ModuleCache.noindex -swift-version 4.2 -enforce-exclusivity\=checked -Onone -D SWIFT_PACKAGE -D DEBUG -D Xcode -serialize-debugging-options -const-gather-protocols-file /Users/builder/builds/UKfvDsi8u/1/finestructure/swiftpackageindex-builder/spi-builder-workspace/.derivedData/Build/Intermediates.noindex/PackageConfig.build/Debug-appletvos/PackageConfig.build/Objects-normal/arm64/PackageConfig_const_extract_protocols.json -empty-abi-descriptor -validate-clang-modules-once -clang-build-session-file /Users/builder/builds/UKfvDsi8u/1/finestructure/swiftpackageindex-builder/spi-builder-workspace/.derivedData/ModuleCache.noindex/Session.modulevalidation -Xcc -working-directory -Xcc /Users/builder/builds/UKfvDsi8u/1/finestructure/swiftpackageindex-builder/spi-builder-workspace -resource-dir /Applications/Xcode-15.3.0-Beta.2.app/Contents/Developer/Toolchains/XcodeDefault.xctoolchain/usr/lib/swift -enable-anonymous-context-mangled-names -Xcc -ivfsstatcache -Xcc /Users/builder/builds/UKfvDsi8u/1/finestructure/swiftpackageindex-builder/spi-builder-workspace/.derivedData/SDKStatCaches.noindex/appletvos17.4-21L5206e-a3897aa5c9b1d3e18efb168a98ac3602.sdkstatcache -Xcc -I/Users/builder/builds/UKfvDsi8u/1/finestructure/swiftpackageindex-builder/spi-builder-workspace/.derivedData/Build/Intermediates.noindex/PackageConfig.build/Debug-appletvos/PackageConfig.build/swift-overrides.hmap -Xcc -I/Users/builder/builds/UKfvDsi8u/1/finestructure/swiftpackageindex-builder/spi-builder-workspace/.derivedData/Build/Products/Debug-appletvos/include -Xcc -I/Users/builder/builds/UKfvDsi8u/1/finestructure/swiftpackageindex-builder/spi-builder-workspace/.derivedData/Build/Intermediates.noindex/PackageConfig.build/Debug-appletvos/PackageConfig.build/DerivedSources-normal/arm64 -Xcc -I/Users/builder/builds/UKfvDsi8u/1/finestructure/swiftpackageindex-builder/spi-builder-workspace/.derivedData/Build/Intermediates.noindex/PackageConfig.build/Debug-appletvos/PackageConfig.build/DerivedSources/arm64 -Xcc -I/Users/builder/builds/UKfvDsi8u/1/finestructure/swiftpackageindex-builder/spi-builder-workspace/.derivedData/Build/Intermediates.noindex/PackageConfig.build/Debug-appletvos/PackageConfig.build/DerivedSources -Xcc -DSWIFT_PACKAGE -Xcc -DDEBUG\=1 -module-name PackageConfig -disable-clang-spi -target-sdk-version 17.4 -target-sdk-name appletvos17.4 -external-plugin-path /Applications/Xcode-15.3.0-Beta.2.app/Contents/Developer/Platforms/AppleTVOS.platform/Developer/SDKs/AppleTVOS17.4.sdk/usr/lib/swift/host/plugins\#/Applications/Xcode-15.3.0-Beta.2.app/Contents/Developer/Platforms/AppleTVOS.platform/Developer/SDKs/AppleTVOS17.4.sdk/usr/bin/swift-plugin-server -external-plugin-path /Applications/Xcode-15.3.0-Beta.2.app/Contents/Developer/Platforms/AppleTVOS.platform/Developer/SDKs/AppleTVOS17.4.sdk/usr/local/lib/swift/host/plugins\#/Applications/Xcode-15.3.0-Beta.2.app/Contents/Developer/Platforms/AppleTVOS.platform/Developer/SDKs/AppleTVOS17.4.sdk/usr/bin/swift-plugin-server -external-plugin-path /Applications/Xcode-15.3.0-Beta.2.app/Contents/Developer/Platforms/AppleTVOS.platform/Developer/usr/lib/swift/host/plugins\#/Applications/Xcode-15.3.0-Beta.2.app/Contents/Developer/Platforms/AppleTVOS.platform/Developer/usr/bin/swift-plugin-server -external-plugin-path /Applications/Xcode-15.3.0-Beta.2.app/Contents/Developer/Platforms/AppleTVOS.platform/Developer/usr/local/lib/swift/host/plugins\#/Applications/Xcode-15.3.0-Beta.2.app/Contents/Developer/Platforms/AppleTVOS.platform/Developer/usr/bin/swift-plugin-server -plugin-path /Applications/Xcode-15.3.0-Beta.2.app/Contents/Developer/Toolchains/XcodeDefault.xctoolchain/usr/lib/swift/host/plugins -plugin-path /Applications/Xcode-15.3.0-Beta.2.app/Contents/Developer/Toolchains/XcodeDefault.xctoolchain/usr/local/lib/swift/host/plugins -emit-module-doc-path /Users/builder/builds/UKfvDsi8u/1/finestructure/swiftpackageindex-builder/spi-builder-workspace/.derivedData/Build/Intermediates.noindex/PackageConfig.build/Debug-appletvos/PackageConfig.build/Objects-normal/arm64/PackageConfig.swiftdoc -emit-module-source-info-path /Users/builder/builds/UKfvDsi8u/1/finestructure/swiftpackageindex-builder/spi-builder-workspace/.derivedData/Build/Intermediates.noindex/PackageConfig.build/Debug-appletvos/PackageConfig.build/Objects-normal/arm64/PackageConfig.swiftsourceinfo -emit-objc-header-path /Users/builder/builds/UKfvDsi8u/1/finestructure/swiftpackageindex-builder/spi-builder-workspace/.derivedData/Build/Intermediates.noindex/PackageConfig.build/Debug-appletvos/PackageConfig.build/Objects-normal/arm64/PackageConfig-Swift.h -serialize-diagnostics-path /Users/builder/builds/UKfvDsi8u/1/finestructure/swiftpackageindex-builder/spi-builder-workspace/.derivedData/Build/Intermediates.noindex/PackageConfig.build/Debug-appletvos/PackageConfig.build/Objects-normal/arm64/PackageConfig-master-emit-module.dia -emit-dependencies-path /Users/builder/builds/UKfvDsi8u/1/finestructure/swiftpackageindex-builder/spi-builder-workspace/.derivedData/Build/Intermediates.noindex/PackageConfig.build/Debug-appletvos/PackageConfig.build/Objects-normal/arm64/PackageConfig-master-emit-module.d -o /Users/builder/builds/UKfvDsi8u/1/finestructure/swiftpackageindex-builder/spi-builder-workspace/.derivedData/Build/Intermediates.noindex/PackageConfig.build/Debug-appletvos/PackageConfig.build/Objects-normal/arm64/PackageConfig.swiftmodule -emit-abi-descriptor-path /Users/builder/builds/UKfvDsi8u/1/finestructure/swiftpackageindex-builder/spi-builder-workspace/.derivedData/Build/Intermediates.noindex/PackageConfig.build/Debug-appletvos/PackageConfig.build/Objects-normal/arm64/PackageConfig.abi.json
SwiftCompile normal arm64 Compiling\ Writer.swift /Users/builder/builds/UKfvDsi8u/1/finestructure/swiftpackageindex-builder/spi-builder-workspace/Sources/PackageConfig/Writer.swift (in target 'PackageConfig' from project 'PackageConfig')
    cd /Users/builder/builds/UKfvDsi8u/1/finestructure/swiftpackageindex-builder/spi-builder-workspace
    builtin-swiftTaskExecution -- /Applications/Xcode-15.3.0-Beta.2.app/Contents/Developer/Toolchains/XcodeDefault.xctoolchain/usr/bin/swift-frontend -frontend -c /Users/builder/builds/UKfvDsi8u/1/finestructure/swiftpackageindex-builder/spi-builder-workspace/Sources/PackageConfig/DynamicLibraries.swift /Users/builder/builds/UKfvDsi8u/1/finestructure/swiftpackageindex-builder/spi-builder-workspace/Sources/PackageConfig/Error.swift /Users/builder/builds/UKfvDsi8u/1/finestructure/swiftpackageindex-builder/spi-builder-workspace/Sources/PackageConfig/Loader.swift /Users/builder/builds/UKfvDsi8u/1/finestructure/swiftpackageindex-builder/spi-builder-workspace/Sources/PackageConfig/Package.swift /Users/builder/builds/UKfvDsi8u/1/finestructure/swiftpackageindex-builder/spi-builder-workspace/Sources/PackageConfig/PackageConfig.swift /Users/builder/builds/UKfvDsi8u/1/finestructure/swiftpackageindex-builder/spi-builder-workspace/Sources/PackageConfig/PackageConfiguration.swift -primary-file /Users/builder/builds/UKfvDsi8u/1/finestructure/swiftpackageindex-builder/spi-builder-workspace/Sources/PackageConfig/Writer.swift -emit-dependencies-path /Users/builder/builds/UKfvDsi8u/1/finestructure/swiftpackageindex-builder/spi-builder-workspace/.derivedData/Build/Intermediates.noindex/PackageConfig.build/Debug-appletvos/PackageConfig.build/Objects-normal/arm64/Writer.d -emit-const-values-path /Users/builder/builds/UKfvDsi8u/1/finestructure/swiftpackageindex-builder/spi-builder-workspace/.derivedData/Build/Intermediates.noindex/PackageConfig.build/Debug-appletvos/PackageConfig.build/Objects-normal/arm64/Writer.swiftconstvalues -emit-reference-dependencies-path /Users/builder/builds/UKfvDsi8u/1/finestructure/swiftpackageindex-builder/spi-builder-workspace/.derivedData/Build/Intermediates.noindex/PackageConfig.build/Debug-appletvos/PackageConfig.build/Objects-normal/arm64/Writer.swiftdeps -serialize-diagnostics-path /Users/builder/builds/UKfvDsi8u/1/finestructure/swiftpackageindex-builder/spi-builder-workspace/.derivedData/Build/Intermediates.noindex/PackageConfig.build/Debug-appletvos/PackageConfig.build/Objects-normal/arm64/Writer.dia -target arm64-apple-tvos12.0 -Xllvm -aarch64-use-tbi -enable-objc-interop -sdk /Applications/Xcode-15.3.0-Beta.2.app/Contents/Developer/Platforms/AppleTVOS.platform/Developer/SDKs/AppleTVOS17.4.sdk -I /Users/builder/builds/UKfvDsi8u/1/finestructure/swiftpackageindex-builder/spi-builder-workspace/.derivedData/Build/Products/Debug-appletvos -I /Applications/Xcode-15.3.0-Beta.2.app/Contents/Developer/Platforms/AppleTVOS.platform/Developer/usr/lib -F /Users/builder/builds/UKfvDsi8u/1/finestructure/swiftpackageindex-builder/spi-builder-workspace/.derivedData/Build/Products/Debug-appletvos -F /Applications/Xcode-15.3.0-Beta.2.app/Contents/Developer/Platforms/AppleTVOS.platform/Developer/Library/Frameworks -F /Applications/Xcode-15.3.0-Beta.2.app/Contents/Developer/Platforms/AppleTVOS.platform/Developer/SDKs/AppleTVOS17.4.sdk/Developer/Library/Frameworks -no-color-diagnostics -enable-testing -g -module-cache-path /Users/builder/builds/UKfvDsi8u/1/finestructure/swiftpackageindex-builder/spi-builder-workspace/.derivedData/ModuleCache.noindex -swift-version 4.2 -enforce-exclusivity\=checked -Onone -D SWIFT_PACKAGE -D DEBUG -D Xcode -serialize-debugging-options -const-gather-protocols-file /Users/builder/builds/UKfvDsi8u/1/finestructure/swiftpackageindex-builder/spi-builder-workspace/.derivedData/Build/Intermediates.noindex/PackageConfig.build/Debug-appletvos/PackageConfig.build/Objects-normal/arm64/PackageConfig_const_extract_protocols.json -empty-abi-descriptor -validate-clang-modules-once -clang-build-session-file /Users/builder/builds/UKfvDsi8u/1/finestructure/swiftpackageindex-builder/spi-builder-workspace/.derivedData/ModuleCache.noindex/Session.modulevalidation -Xcc -working-directory -Xcc /Users/builder/builds/UKfvDsi8u/1/finestructure/swiftpackageindex-builder/spi-builder-workspace -resource-dir /Applications/Xcode-15.3.0-Beta.2.app/Contents/Developer/Toolchains/XcodeDefault.xctoolchain/usr/lib/swift -enable-anonymous-context-mangled-names -Xcc -ivfsstatcache -Xcc /Users/builder/builds/UKfvDsi8u/1/finestructure/swiftpackageindex-builder/spi-builder-workspace/.derivedData/SDKStatCaches.noindex/appletvos17.4-21L5206e-a3897aa5c9b1d3e18efb168a98ac3602.sdkstatcache -Xcc -I/Users/builder/builds/UKfvDsi8u/1/finestructure/swiftpackageindex-builder/spi-builder-workspace/.derivedData/Build/Intermediates.noindex/PackageConfig.build/Debug-appletvos/PackageConfig.build/swift-overrides.hmap -Xcc -I/Users/builder/builds/UKfvDsi8u/1/finestructure/swiftpackageindex-builder/spi-builder-workspace/.derivedData/Build/Products/Debug-appletvos/include -Xcc -I/Users/builder/builds/UKfvDsi8u/1/finestructure/swiftpackageindex-builder/spi-builder-workspace/.derivedData/Build/Intermediates.noindex/PackageConfig.build/Debug-appletvos/PackageConfig.build/DerivedSources-normal/arm64 -Xcc -I/Users/builder/builds/UKfvDsi8u/1/finestructure/swiftpackageindex-builder/spi-builder-workspace/.derivedData/Build/Intermediates.noindex/PackageConfig.build/Debug-appletvos/PackageConfig.build/DerivedSources/arm64 -Xcc -I/Users/builder/builds/UKfvDsi8u/1/finestructure/swiftpackageindex-builder/spi-builder-workspace/.derivedData/Build/Intermediates.noindex/PackageConfig.build/Debug-appletvos/PackageConfig.build/DerivedSources -Xcc -DSWIFT_PACKAGE -Xcc -DDEBUG\=1 -module-name PackageConfig -frontend-parseable-output -disable-clang-spi -target-sdk-version 17.4 -target-sdk-name appletvos17.4 -external-plugin-path /Applications/Xcode-15.3.0-Beta.2.app/Contents/Developer/Platforms/AppleTVOS.platform/Developer/SDKs/AppleTVOS17.4.sdk/usr/lib/swift/host/plugins\#/Applications/Xcode-15.3.0-Beta.2.app/Contents/Developer/Platforms/AppleTVOS.platform/Developer/SDKs/AppleTVOS17.4.sdk/usr/bin/swift-plugin-server -external-plugin-path /Applications/Xcode-15.3.0-Beta.2.app/Contents/Developer/Platforms/AppleTVOS.platform/Developer/SDKs/AppleTVOS17.4.sdk/usr/local/lib/swift/host/plugins\#/Applications/Xcode-15.3.0-Beta.2.app/Contents/Developer/Platforms/AppleTVOS.platform/Developer/SDKs/AppleTVOS17.4.sdk/usr/bin/swift-plugin-server -external-plugin-path /Applications/Xcode-15.3.0-Beta.2.app/Contents/Developer/Platforms/AppleTVOS.platform/Developer/usr/lib/swift/host/plugins\#/Applications/Xcode-15.3.0-Beta.2.app/Contents/Developer/Platforms/AppleTVOS.platform/Developer/usr/bin/swift-plugin-server -external-plugin-path /Applications/Xcode-15.3.0-Beta.2.app/Contents/Developer/Platforms/AppleTVOS.platform/Developer/usr/local/lib/swift/host/plugins\#/Applications/Xcode-15.3.0-Beta.2.app/Contents/Developer/Platforms/AppleTVOS.platform/Developer/usr/bin/swift-plugin-server -plugin-path /Applications/Xcode-15.3.0-Beta.2.app/Contents/Developer/Toolchains/XcodeDefault.xctoolchain/usr/lib/swift/host/plugins -plugin-path /Applications/Xcode-15.3.0-Beta.2.app/Contents/Developer/Toolchains/XcodeDefault.xctoolchain/usr/local/lib/swift/host/plugins -o /Users/builder/builds/UKfvDsi8u/1/finestructure/swiftpackageindex-builder/spi-builder-workspace/.derivedData/Build/Intermediates.noindex/PackageConfig.build/Debug-appletvos/PackageConfig.build/Objects-normal/arm64/Writer.o -index-unit-output-path /PackageConfig.build/Debug-appletvos/PackageConfig.build/Objects-normal/arm64/Writer.o -index-store-path /Users/builder/builds/UKfvDsi8u/1/finestructure/swiftpackageindex-builder/spi-builder-workspace/.derivedData/Index.noindex/DataStore -index-system-modules
Command SwiftCompile failed with a nonzero exit code
SwiftCompile normal arm64 Compiling\ DynamicLibraries.swift /Users/builder/builds/UKfvDsi8u/1/finestructure/swiftpackageindex-builder/spi-builder-workspace/Sources/PackageConfig/DynamicLibraries.swift (in target 'PackageConfig' from project 'PackageConfig')
    cd /Users/builder/builds/UKfvDsi8u/1/finestructure/swiftpackageindex-builder/spi-builder-workspace
    builtin-swiftTaskExecution -- /Applications/Xcode-15.3.0-Beta.2.app/Contents/Developer/Toolchains/XcodeDefault.xctoolchain/usr/bin/swift-frontend -frontend -c -primary-file /Users/builder/builds/UKfvDsi8u/1/finestructure/swiftpackageindex-builder/spi-builder-workspace/Sources/PackageConfig/DynamicLibraries.swift /Users/builder/builds/UKfvDsi8u/1/finestructure/swiftpackageindex-builder/spi-builder-workspace/Sources/PackageConfig/Error.swift /Users/builder/builds/UKfvDsi8u/1/finestructure/swiftpackageindex-builder/spi-builder-workspace/Sources/PackageConfig/Loader.swift /Users/builder/builds/UKfvDsi8u/1/finestructure/swiftpackageindex-builder/spi-builder-workspace/Sources/PackageConfig/Package.swift /Users/builder/builds/UKfvDsi8u/1/finestructure/swiftpackageindex-builder/spi-builder-workspace/Sources/PackageConfig/PackageConfig.swift /Users/builder/builds/UKfvDsi8u/1/finestructure/swiftpackageindex-builder/spi-builder-workspace/Sources/PackageConfig/PackageConfiguration.swift /Users/builder/builds/UKfvDsi8u/1/finestructure/swiftpackageindex-builder/spi-builder-workspace/Sources/PackageConfig/Writer.swift -emit-dependencies-path /Users/builder/builds/UKfvDsi8u/1/finestructure/swiftpackageindex-builder/spi-builder-workspace/.derivedData/Build/Intermediates.noindex/PackageConfig.build/Debug-appletvos/PackageConfig.build/Objects-normal/arm64/DynamicLibraries.d -emit-const-values-path /Users/builder/builds/UKfvDsi8u/1/finestructure/swiftpackageindex-builder/spi-builder-workspace/.derivedData/Build/Intermediates.noindex/PackageConfig.build/Debug-appletvos/PackageConfig.build/Objects-normal/arm64/DynamicLibraries.swiftconstvalues -emit-reference-dependencies-path /Users/builder/builds/UKfvDsi8u/1/finestructure/swiftpackageindex-builder/spi-builder-workspace/.derivedData/Build/Intermediates.noindex/PackageConfig.build/Debug-appletvos/PackageConfig.build/Objects-normal/arm64/DynamicLibraries.swiftdeps -serialize-diagnostics-path /Users/builder/builds/UKfvDsi8u/1/finestructure/swiftpackageindex-builder/spi-builder-workspace/.derivedData/Build/Intermediates.noindex/PackageConfig.build/Debug-appletvos/PackageConfig.build/Objects-normal/arm64/DynamicLibraries.dia -target arm64-apple-tvos12.0 -Xllvm -aarch64-use-tbi -enable-objc-interop -sdk /Applications/Xcode-15.3.0-Beta.2.app/Contents/Developer/Platforms/AppleTVOS.platform/Developer/SDKs/AppleTVOS17.4.sdk -I /Users/builder/builds/UKfvDsi8u/1/finestructure/swiftpackageindex-builder/spi-builder-workspace/.derivedData/Build/Products/Debug-appletvos -I /Applications/Xcode-15.3.0-Beta.2.app/Contents/Developer/Platforms/AppleTVOS.platform/Developer/usr/lib -F /Users/builder/builds/UKfvDsi8u/1/finestructure/swiftpackageindex-builder/spi-builder-workspace/.derivedData/Build/Products/Debug-appletvos -F /Applications/Xcode-15.3.0-Beta.2.app/Contents/Developer/Platforms/AppleTVOS.platform/Developer/Library/Frameworks -F /Applications/Xcode-15.3.0-Beta.2.app/Contents/Developer/Platforms/AppleTVOS.platform/Developer/SDKs/AppleTVOS17.4.sdk/Developer/Library/Frameworks -no-color-diagnostics -enable-testing -g -module-cache-path /Users/builder/builds/UKfvDsi8u/1/finestructure/swiftpackageindex-builder/spi-builder-workspace/.derivedData/ModuleCache.noindex -swift-version 4.2 -enforce-exclusivity\=checked -Onone -D SWIFT_PACKAGE -D DEBUG -D Xcode -serialize-debugging-options -const-gather-protocols-file /Users/builder/builds/UKfvDsi8u/1/finestructure/swiftpackageindex-builder/spi-builder-workspace/.derivedData/Build/Intermediates.noindex/PackageConfig.build/Debug-appletvos/PackageConfig.build/Objects-normal/arm64/PackageConfig_const_extract_protocols.json -empty-abi-descriptor -validate-clang-modules-once -clang-build-session-file /Users/builder/builds/UKfvDsi8u/1/finestructure/swiftpackageindex-builder/spi-builder-workspace/.derivedData/ModuleCache.noindex/Session.modulevalidation -Xcc -working-directory -Xcc /Users/builder/builds/UKfvDsi8u/1/finestructure/swiftpackageindex-builder/spi-builder-workspace -resource-dir /Applications/Xcode-15.3.0-Beta.2.app/Contents/Developer/Toolchains/XcodeDefault.xctoolchain/usr/lib/swift -enable-anonymous-context-mangled-names -Xcc -ivfsstatcache -Xcc /Users/builder/builds/UKfvDsi8u/1/finestructure/swiftpackageindex-builder/spi-builder-workspace/.derivedData/SDKStatCaches.noindex/appletvos17.4-21L5206e-a3897aa5c9b1d3e18efb168a98ac3602.sdkstatcache -Xcc -I/Users/builder/builds/UKfvDsi8u/1/finestructure/swiftpackageindex-builder/spi-builder-workspace/.derivedData/Build/Intermediates.noindex/PackageConfig.build/Debug-appletvos/PackageConfig.build/swift-overrides.hmap -Xcc -I/Users/builder/builds/UKfvDsi8u/1/finestructure/swiftpackageindex-builder/spi-builder-workspace/.derivedData/Build/Products/Debug-appletvos/include -Xcc -I/Users/builder/builds/UKfvDsi8u/1/finestructure/swiftpackageindex-builder/spi-builder-workspace/.derivedData/Build/Intermediates.noindex/PackageConfig.build/Debug-appletvos/PackageConfig.build/DerivedSources-normal/arm64 -Xcc -I/Users/builder/builds/UKfvDsi8u/1/finestructure/swiftpackageindex-builder/spi-builder-workspace/.derivedData/Build/Intermediates.noindex/PackageConfig.build/Debug-appletvos/PackageConfig.build/DerivedSources/arm64 -Xcc -I/Users/builder/builds/UKfvDsi8u/1/finestructure/swiftpackageindex-builder/spi-builder-workspace/.derivedData/Build/Intermediates.noindex/PackageConfig.build/Debug-appletvos/PackageConfig.build/DerivedSources -Xcc -DSWIFT_PACKAGE -Xcc -DDEBUG\=1 -module-name PackageConfig -frontend-parseable-output -disable-clang-spi -target-sdk-version 17.4 -target-sdk-name appletvos17.4 -external-plugin-path /Applications/Xcode-15.3.0-Beta.2.app/Contents/Developer/Platforms/AppleTVOS.platform/Developer/SDKs/AppleTVOS17.4.sdk/usr/lib/swift/host/plugins\#/Applications/Xcode-15.3.0-Beta.2.app/Contents/Developer/Platforms/AppleTVOS.platform/Developer/SDKs/AppleTVOS17.4.sdk/usr/bin/swift-plugin-server -external-plugin-path /Applications/Xcode-15.3.0-Beta.2.app/Contents/Developer/Platforms/AppleTVOS.platform/Developer/SDKs/AppleTVOS17.4.sdk/usr/local/lib/swift/host/plugins\#/Applications/Xcode-15.3.0-Beta.2.app/Contents/Developer/Platforms/AppleTVOS.platform/Developer/SDKs/AppleTVOS17.4.sdk/usr/bin/swift-plugin-server -external-plugin-path /Applications/Xcode-15.3.0-Beta.2.app/Contents/Developer/Platforms/AppleTVOS.platform/Developer/usr/lib/swift/host/plugins\#/Applications/Xcode-15.3.0-Beta.2.app/Contents/Developer/Platforms/AppleTVOS.platform/Developer/usr/bin/swift-plugin-server -external-plugin-path /Applications/Xcode-15.3.0-Beta.2.app/Contents/Developer/Platforms/AppleTVOS.platform/Developer/usr/local/lib/swift/host/plugins\#/Applications/Xcode-15.3.0-Beta.2.app/Contents/Developer/Platforms/AppleTVOS.platform/Developer/usr/bin/swift-plugin-server -plugin-path /Applications/Xcode-15.3.0-Beta.2.app/Contents/Developer/Toolchains/XcodeDefault.xctoolchain/usr/lib/swift/host/plugins -plugin-path /Applications/Xcode-15.3.0-Beta.2.app/Contents/Developer/Toolchains/XcodeDefault.xctoolchain/usr/local/lib/swift/host/plugins -o /Users/builder/builds/UKfvDsi8u/1/finestructure/swiftpackageindex-builder/spi-builder-workspace/.derivedData/Build/Intermediates.noindex/PackageConfig.build/Debug-appletvos/PackageConfig.build/Objects-normal/arm64/DynamicLibraries.o -index-unit-output-path /PackageConfig.build/Debug-appletvos/PackageConfig.build/Objects-normal/arm64/DynamicLibraries.o -index-store-path /Users/builder/builds/UKfvDsi8u/1/finestructure/swiftpackageindex-builder/spi-builder-workspace/.derivedData/Index.noindex/DataStore -index-system-modules
Command SwiftCompile failed with a nonzero exit code
SwiftCompile normal arm64 Compiling\ PackageConfig.swift /Users/builder/builds/UKfvDsi8u/1/finestructure/swiftpackageindex-builder/spi-builder-workspace/Sources/PackageConfig/PackageConfig.swift (in target 'PackageConfig' from project 'PackageConfig')
    cd /Users/builder/builds/UKfvDsi8u/1/finestructure/swiftpackageindex-builder/spi-builder-workspace
    builtin-swiftTaskExecution -- /Applications/Xcode-15.3.0-Beta.2.app/Contents/Developer/Toolchains/XcodeDefault.xctoolchain/usr/bin/swift-frontend -frontend -c /Users/builder/builds/UKfvDsi8u/1/finestructure/swiftpackageindex-builder/spi-builder-workspace/Sources/PackageConfig/DynamicLibraries.swift /Users/builder/builds/UKfvDsi8u/1/finestructure/swiftpackageindex-builder/spi-builder-workspace/Sources/PackageConfig/Error.swift /Users/builder/builds/UKfvDsi8u/1/finestructure/swiftpackageindex-builder/spi-builder-workspace/Sources/PackageConfig/Loader.swift /Users/builder/builds/UKfvDsi8u/1/finestructure/swiftpackageindex-builder/spi-builder-workspace/Sources/PackageConfig/Package.swift -primary-file /Users/builder/builds/UKfvDsi8u/1/finestructure/swiftpackageindex-builder/spi-builder-workspace/Sources/PackageConfig/PackageConfig.swift /Users/builder/builds/UKfvDsi8u/1/finestructure/swiftpackageindex-builder/spi-builder-workspace/Sources/PackageConfig/PackageConfiguration.swift /Users/builder/builds/UKfvDsi8u/1/finestructure/swiftpackageindex-builder/spi-builder-workspace/Sources/PackageConfig/Writer.swift -emit-dependencies-path /Users/builder/builds/UKfvDsi8u/1/finestructure/swiftpackageindex-builder/spi-builder-workspace/.derivedData/Build/Intermediates.noindex/PackageConfig.build/Debug-appletvos/PackageConfig.build/Objects-normal/arm64/PackageConfig.d -emit-const-values-path /Users/builder/builds/UKfvDsi8u/1/finestructure/swiftpackageindex-builder/spi-builder-workspace/.derivedData/Build/Intermediates.noindex/PackageConfig.build/Debug-appletvos/PackageConfig.build/Objects-normal/arm64/PackageConfig.swiftconstvalues -emit-reference-dependencies-path /Users/builder/builds/UKfvDsi8u/1/finestructure/swiftpackageindex-builder/spi-builder-workspace/.derivedData/Build/Intermediates.noindex/PackageConfig.build/Debug-appletvos/PackageConfig.build/Objects-normal/arm64/PackageConfig.swiftdeps -serialize-diagnostics-path /Users/builder/builds/UKfvDsi8u/1/finestructure/swiftpackageindex-builder/spi-builder-workspace/.derivedData/Build/Intermediates.noindex/PackageConfig.build/Debug-appletvos/PackageConfig.build/Objects-normal/arm64/PackageConfig.dia -target arm64-apple-tvos12.0 -Xllvm -aarch64-use-tbi -enable-objc-interop -sdk /Applications/Xcode-15.3.0-Beta.2.app/Contents/Developer/Platforms/AppleTVOS.platform/Developer/SDKs/AppleTVOS17.4.sdk -I /Users/builder/builds/UKfvDsi8u/1/finestructure/swiftpackageindex-builder/spi-builder-workspace/.derivedData/Build/Products/Debug-appletvos -I /Applications/Xcode-15.3.0-Beta.2.app/Contents/Developer/Platforms/AppleTVOS.platform/Developer/usr/lib -F /Users/builder/builds/UKfvDsi8u/1/finestructure/swiftpackageindex-builder/spi-builder-workspace/.derivedData/Build/Products/Debug-appletvos -F /Applications/Xcode-15.3.0-Beta.2.app/Contents/Developer/Platforms/AppleTVOS.platform/Developer/Library/Frameworks -F /Applications/Xcode-15.3.0-Beta.2.app/Contents/Developer/Platforms/AppleTVOS.platform/Developer/SDKs/AppleTVOS17.4.sdk/Developer/Library/Frameworks -no-color-diagnostics -enable-testing -g -module-cache-path /Users/builder/builds/UKfvDsi8u/1/finestructure/swiftpackageindex-builder/spi-builder-workspace/.derivedData/ModuleCache.noindex -swift-version 4.2 -enforce-exclusivity\=checked -Onone -D SWIFT_PACKAGE -D DEBUG -D Xcode -serialize-debugging-options -const-gather-protocols-file /Users/builder/builds/UKfvDsi8u/1/finestructure/swiftpackageindex-builder/spi-builder-workspace/.derivedData/Build/Intermediates.noindex/PackageConfig.build/Debug-appletvos/PackageConfig.build/Objects-normal/arm64/PackageConfig_const_extract_protocols.json -empty-abi-descriptor -validate-clang-modules-once -clang-build-session-file /Users/builder/builds/UKfvDsi8u/1/finestructure/swiftpackageindex-builder/spi-builder-workspace/.derivedData/ModuleCache.noindex/Session.modulevalidation -Xcc -working-directory -Xcc /Users/builder/builds/UKfvDsi8u/1/finestructure/swiftpackageindex-builder/spi-builder-workspace -resource-dir /Applications/Xcode-15.3.0-Beta.2.app/Contents/Developer/Toolchains/XcodeDefault.xctoolchain/usr/lib/swift -enable-anonymous-context-mangled-names -Xcc -ivfsstatcache -Xcc /Users/builder/builds/UKfvDsi8u/1/finestructure/swiftpackageindex-builder/spi-builder-workspace/.derivedData/SDKStatCaches.noindex/appletvos17.4-21L5206e-a3897aa5c9b1d3e18efb168a98ac3602.sdkstatcache -Xcc -I/Users/builder/builds/UKfvDsi8u/1/finestructure/swiftpackageindex-builder/spi-builder-workspace/.derivedData/Build/Intermediates.noindex/PackageConfig.build/Debug-appletvos/PackageConfig.build/swift-overrides.hmap -Xcc -I/Users/builder/builds/UKfvDsi8u/1/finestructure/swiftpackageindex-builder/spi-builder-workspace/.derivedData/Build/Products/Debug-appletvos/include -Xcc -I/Users/builder/builds/UKfvDsi8u/1/finestructure/swiftpackageindex-builder/spi-builder-workspace/.derivedData/Build/Intermediates.noindex/PackageConfig.build/Debug-appletvos/PackageConfig.build/DerivedSources-normal/arm64 -Xcc -I/Users/builder/builds/UKfvDsi8u/1/finestructure/swiftpackageindex-builder/spi-builder-workspace/.derivedData/Build/Intermediates.noindex/PackageConfig.build/Debug-appletvos/PackageConfig.build/DerivedSources/arm64 -Xcc -I/Users/builder/builds/UKfvDsi8u/1/finestructure/swiftpackageindex-builder/spi-builder-workspace/.derivedData/Build/Intermediates.noindex/PackageConfig.build/Debug-appletvos/PackageConfig.build/DerivedSources -Xcc -DSWIFT_PACKAGE -Xcc -DDEBUG\=1 -module-name PackageConfig -frontend-parseable-output -disable-clang-spi -target-sdk-version 17.4 -target-sdk-name appletvos17.4 -external-plugin-path /Applications/Xcode-15.3.0-Beta.2.app/Contents/Developer/Platforms/AppleTVOS.platform/Developer/SDKs/AppleTVOS17.4.sdk/usr/lib/swift/host/plugins\#/Applications/Xcode-15.3.0-Beta.2.app/Contents/Developer/Platforms/AppleTVOS.platform/Developer/SDKs/AppleTVOS17.4.sdk/usr/bin/swift-plugin-server -external-plugin-path /Applications/Xcode-15.3.0-Beta.2.app/Contents/Developer/Platforms/AppleTVOS.platform/Developer/SDKs/AppleTVOS17.4.sdk/usr/local/lib/swift/host/plugins\#/Applications/Xcode-15.3.0-Beta.2.app/Contents/Developer/Platforms/AppleTVOS.platform/Developer/SDKs/AppleTVOS17.4.sdk/usr/bin/swift-plugin-server -external-plugin-path /Applications/Xcode-15.3.0-Beta.2.app/Contents/Developer/Platforms/AppleTVOS.platform/Developer/usr/lib/swift/host/plugins\#/Applications/Xcode-15.3.0-Beta.2.app/Contents/Developer/Platforms/AppleTVOS.platform/Developer/usr/bin/swift-plugin-server -external-plugin-path /Applications/Xcode-15.3.0-Beta.2.app/Contents/Developer/Platforms/AppleTVOS.platform/Developer/usr/local/lib/swift/host/plugins\#/Applications/Xcode-15.3.0-Beta.2.app/Contents/Developer/Platforms/AppleTVOS.platform/Developer/usr/bin/swift-plugin-server -plugin-path /Applications/Xcode-15.3.0-Beta.2.app/Contents/Developer/Toolchains/XcodeDefault.xctoolchain/usr/lib/swift/host/plugins -plugin-path /Applications/Xcode-15.3.0-Beta.2.app/Contents/Developer/Toolchains/XcodeDefault.xctoolchain/usr/local/lib/swift/host/plugins -o /Users/builder/builds/UKfvDsi8u/1/finestructure/swiftpackageindex-builder/spi-builder-workspace/.derivedData/Build/Intermediates.noindex/PackageConfig.build/Debug-appletvos/PackageConfig.build/Objects-normal/arm64/PackageConfig.o -index-unit-output-path /PackageConfig.build/Debug-appletvos/PackageConfig.build/Objects-normal/arm64/PackageConfig.o -index-store-path /Users/builder/builds/UKfvDsi8u/1/finestructure/swiftpackageindex-builder/spi-builder-workspace/.derivedData/Index.noindex/DataStore -index-system-modules
Command SwiftCompile failed with a nonzero exit code
SwiftCompile normal arm64 Compiling\ Error.swift /Users/builder/builds/UKfvDsi8u/1/finestructure/swiftpackageindex-builder/spi-builder-workspace/Sources/PackageConfig/Error.swift (in target 'PackageConfig' from project 'PackageConfig')
    cd /Users/builder/builds/UKfvDsi8u/1/finestructure/swiftpackageindex-builder/spi-builder-workspace
    builtin-swiftTaskExecution -- /Applications/Xcode-15.3.0-Beta.2.app/Contents/Developer/Toolchains/XcodeDefault.xctoolchain/usr/bin/swift-frontend -frontend -c /Users/builder/builds/UKfvDsi8u/1/finestructure/swiftpackageindex-builder/spi-builder-workspace/Sources/PackageConfig/DynamicLibraries.swift -primary-file /Users/builder/builds/UKfvDsi8u/1/finestructure/swiftpackageindex-builder/spi-builder-workspace/Sources/PackageConfig/Error.swift /Users/builder/builds/UKfvDsi8u/1/finestructure/swiftpackageindex-builder/spi-builder-workspace/Sources/PackageConfig/Loader.swift /Users/builder/builds/UKfvDsi8u/1/finestructure/swiftpackageindex-builder/spi-builder-workspace/Sources/PackageConfig/Package.swift /Users/builder/builds/UKfvDsi8u/1/finestructure/swiftpackageindex-builder/spi-builder-workspace/Sources/PackageConfig/PackageConfig.swift /Users/builder/builds/UKfvDsi8u/1/finestructure/swiftpackageindex-builder/spi-builder-workspace/Sources/PackageConfig/PackageConfiguration.swift /Users/builder/builds/UKfvDsi8u/1/finestructure/swiftpackageindex-builder/spi-builder-workspace/Sources/PackageConfig/Writer.swift -emit-dependencies-path /Users/builder/builds/UKfvDsi8u/1/finestructure/swiftpackageindex-builder/spi-builder-workspace/.derivedData/Build/Intermediates.noindex/PackageConfig.build/Debug-appletvos/PackageConfig.build/Objects-normal/arm64/Error.d -emit-const-values-path /Users/builder/builds/UKfvDsi8u/1/finestructure/swiftpackageindex-builder/spi-builder-workspace/.derivedData/Build/Intermediates.noindex/PackageConfig.build/Debug-appletvos/PackageConfig.build/Objects-normal/arm64/Error.swiftconstvalues -emit-reference-dependencies-path /Users/builder/builds/UKfvDsi8u/1/finestructure/swiftpackageindex-builder/spi-builder-workspace/.derivedData/Build/Intermediates.noindex/PackageConfig.build/Debug-appletvos/PackageConfig.build/Objects-normal/arm64/Error.swiftdeps -serialize-diagnostics-path /Users/builder/builds/UKfvDsi8u/1/finestructure/swiftpackageindex-builder/spi-builder-workspace/.derivedData/Build/Intermediates.noindex/PackageConfig.build/Debug-appletvos/PackageConfig.build/Objects-normal/arm64/Error.dia -target arm64-apple-tvos12.0 -Xllvm -aarch64-use-tbi -enable-objc-interop -sdk /Applications/Xcode-15.3.0-Beta.2.app/Contents/Developer/Platforms/AppleTVOS.platform/Developer/SDKs/AppleTVOS17.4.sdk -I /Users/builder/builds/UKfvDsi8u/1/finestructure/swiftpackageindex-builder/spi-builder-workspace/.derivedData/Build/Products/Debug-appletvos -I /Applications/Xcode-15.3.0-Beta.2.app/Contents/Developer/Platforms/AppleTVOS.platform/Developer/usr/lib -F /Users/builder/builds/UKfvDsi8u/1/finestructure/swiftpackageindex-builder/spi-builder-workspace/.derivedData/Build/Products/Debug-appletvos -F /Applications/Xcode-15.3.0-Beta.2.app/Contents/Developer/Platforms/AppleTVOS.platform/Developer/Library/Frameworks -F /Applications/Xcode-15.3.0-Beta.2.app/Contents/Developer/Platforms/AppleTVOS.platform/Developer/SDKs/AppleTVOS17.4.sdk/Developer/Library/Frameworks -no-color-diagnostics -enable-testing -g -module-cache-path /Users/builder/builds/UKfvDsi8u/1/finestructure/swiftpackageindex-builder/spi-builder-workspace/.derivedData/ModuleCache.noindex -swift-version 4.2 -enforce-exclusivity\=checked -Onone -D SWIFT_PACKAGE -D DEBUG -D Xcode -serialize-debugging-options -const-gather-protocols-file /Users/builder/builds/UKfvDsi8u/1/finestructure/swiftpackageindex-builder/spi-builder-workspace/.derivedData/Build/Intermediates.noindex/PackageConfig.build/Debug-appletvos/PackageConfig.build/Objects-normal/arm64/PackageConfig_const_extract_protocols.json -empty-abi-descriptor -validate-clang-modules-once -clang-build-session-file /Users/builder/builds/UKfvDsi8u/1/finestructure/swiftpackageindex-builder/spi-builder-workspace/.derivedData/ModuleCache.noindex/Session.modulevalidation -Xcc -working-directory -Xcc /Users/builder/builds/UKfvDsi8u/1/finestructure/swiftpackageindex-builder/spi-builder-workspace -resource-dir /Applications/Xcode-15.3.0-Beta.2.app/Contents/Developer/Toolchains/XcodeDefault.xctoolchain/usr/lib/swift -enable-anonymous-context-mangled-names -Xcc -ivfsstatcache -Xcc /Users/builder/builds/UKfvDsi8u/1/finestructure/swiftpackageindex-builder/spi-builder-workspace/.derivedData/SDKStatCaches.noindex/appletvos17.4-21L5206e-a3897aa5c9b1d3e18efb168a98ac3602.sdkstatcache -Xcc -I/Users/builder/builds/UKfvDsi8u/1/finestructure/swiftpackageindex-builder/spi-builder-workspace/.derivedData/Build/Intermediates.noindex/PackageConfig.build/Debug-appletvos/PackageConfig.build/swift-overrides.hmap -Xcc -I/Users/builder/builds/UKfvDsi8u/1/finestructure/swiftpackageindex-builder/spi-builder-workspace/.derivedData/Build/Products/Debug-appletvos/include -Xcc -I/Users/builder/builds/UKfvDsi8u/1/finestructure/swiftpackageindex-builder/spi-builder-workspace/.derivedData/Build/Intermediates.noindex/PackageConfig.build/Debug-appletvos/PackageConfig.build/DerivedSources-normal/arm64 -Xcc -I/Users/builder/builds/UKfvDsi8u/1/finestructure/swiftpackageindex-builder/spi-builder-workspace/.derivedData/Build/Intermediates.noindex/PackageConfig.build/Debug-appletvos/PackageConfig.build/DerivedSources/arm64 -Xcc -I/Users/builder/builds/UKfvDsi8u/1/finestructure/swiftpackageindex-builder/spi-builder-workspace/.derivedData/Build/Intermediates.noindex/PackageConfig.build/Debug-appletvos/PackageConfig.build/DerivedSources -Xcc -DSWIFT_PACKAGE -Xcc -DDEBUG\=1 -module-name PackageConfig -frontend-parseable-output -disable-clang-spi -target-sdk-version 17.4 -target-sdk-name appletvos17.4 -external-plugin-path /Applications/Xcode-15.3.0-Beta.2.app/Contents/Developer/Platforms/AppleTVOS.platform/Developer/SDKs/AppleTVOS17.4.sdk/usr/lib/swift/host/plugins\#/Applications/Xcode-15.3.0-Beta.2.app/Contents/Developer/Platforms/AppleTVOS.platform/Developer/SDKs/AppleTVOS17.4.sdk/usr/bin/swift-plugin-server -external-plugin-path /Applications/Xcode-15.3.0-Beta.2.app/Contents/Developer/Platforms/AppleTVOS.platform/Developer/SDKs/AppleTVOS17.4.sdk/usr/local/lib/swift/host/plugins\#/Applications/Xcode-15.3.0-Beta.2.app/Contents/Developer/Platforms/AppleTVOS.platform/Developer/SDKs/AppleTVOS17.4.sdk/usr/bin/swift-plugin-server -external-plugin-path /Applications/Xcode-15.3.0-Beta.2.app/Contents/Developer/Platforms/AppleTVOS.platform/Developer/usr/lib/swift/host/plugins\#/Applications/Xcode-15.3.0-Beta.2.app/Contents/Developer/Platforms/AppleTVOS.platform/Developer/usr/bin/swift-plugin-server -external-plugin-path /Applications/Xcode-15.3.0-Beta.2.app/Contents/Developer/Platforms/AppleTVOS.platform/Developer/usr/local/lib/swift/host/plugins\#/Applications/Xcode-15.3.0-Beta.2.app/Contents/Developer/Platforms/AppleTVOS.platform/Developer/usr/bin/swift-plugin-server -plugin-path /Applications/Xcode-15.3.0-Beta.2.app/Contents/Developer/Toolchains/XcodeDefault.xctoolchain/usr/lib/swift/host/plugins -plugin-path /Applications/Xcode-15.3.0-Beta.2.app/Contents/Developer/Toolchains/XcodeDefault.xctoolchain/usr/local/lib/swift/host/plugins -o /Users/builder/builds/UKfvDsi8u/1/finestructure/swiftpackageindex-builder/spi-builder-workspace/.derivedData/Build/Intermediates.noindex/PackageConfig.build/Debug-appletvos/PackageConfig.build/Objects-normal/arm64/Error.o -index-unit-output-path /PackageConfig.build/Debug-appletvos/PackageConfig.build/Objects-normal/arm64/Error.o -index-store-path /Users/builder/builds/UKfvDsi8u/1/finestructure/swiftpackageindex-builder/spi-builder-workspace/.derivedData/Index.noindex/DataStore -index-system-modules
Command SwiftCompile failed with a nonzero exit code
SwiftCompile normal arm64 Compiling\ PackageConfiguration.swift /Users/builder/builds/UKfvDsi8u/1/finestructure/swiftpackageindex-builder/spi-builder-workspace/Sources/PackageConfig/PackageConfiguration.swift (in target 'PackageConfig' from project 'PackageConfig')
    cd /Users/builder/builds/UKfvDsi8u/1/finestructure/swiftpackageindex-builder/spi-builder-workspace
    builtin-swiftTaskExecution -- /Applications/Xcode-15.3.0-Beta.2.app/Contents/Developer/Toolchains/XcodeDefault.xctoolchain/usr/bin/swift-frontend -frontend -c /Users/builder/builds/UKfvDsi8u/1/finestructure/swiftpackageindex-builder/spi-builder-workspace/Sources/PackageConfig/DynamicLibraries.swift /Users/builder/builds/UKfvDsi8u/1/finestructure/swiftpackageindex-builder/spi-builder-workspace/Sources/PackageConfig/Error.swift /Users/builder/builds/UKfvDsi8u/1/finestructure/swiftpackageindex-builder/spi-builder-workspace/Sources/PackageConfig/Loader.swift /Users/builder/builds/UKfvDsi8u/1/finestructure/swiftpackageindex-builder/spi-builder-workspace/Sources/PackageConfig/Package.swift /Users/builder/builds/UKfvDsi8u/1/finestructure/swiftpackageindex-builder/spi-builder-workspace/Sources/PackageConfig/PackageConfig.swift -primary-file /Users/builder/builds/UKfvDsi8u/1/finestructure/swiftpackageindex-builder/spi-builder-workspace/Sources/PackageConfig/PackageConfiguration.swift /Users/builder/builds/UKfvDsi8u/1/finestructure/swiftpackageindex-builder/spi-builder-workspace/Sources/PackageConfig/Writer.swift -emit-dependencies-path /Users/builder/builds/UKfvDsi8u/1/finestructure/swiftpackageindex-builder/spi-builder-workspace/.derivedData/Build/Intermediates.noindex/PackageConfig.build/Debug-appletvos/PackageConfig.build/Objects-normal/arm64/PackageConfiguration.d -emit-const-values-path /Users/builder/builds/UKfvDsi8u/1/finestructure/swiftpackageindex-builder/spi-builder-workspace/.derivedData/Build/Intermediates.noindex/PackageConfig.build/Debug-appletvos/PackageConfig.build/Objects-normal/arm64/PackageConfiguration.swiftconstvalues -emit-reference-dependencies-path /Users/builder/builds/UKfvDsi8u/1/finestructure/swiftpackageindex-builder/spi-builder-workspace/.derivedData/Build/Intermediates.noindex/PackageConfig.build/Debug-appletvos/PackageConfig.build/Objects-normal/arm64/PackageConfiguration.swiftdeps -serialize-diagnostics-path /Users/builder/builds/UKfvDsi8u/1/finestructure/swiftpackageindex-builder/spi-builder-workspace/.derivedData/Build/Intermediates.noindex/PackageConfig.build/Debug-appletvos/PackageConfig.build/Objects-normal/arm64/PackageConfiguration.dia -target arm64-apple-tvos12.0 -Xllvm -aarch64-use-tbi -enable-objc-interop -sdk /Applications/Xcode-15.3.0-Beta.2.app/Contents/Developer/Platforms/AppleTVOS.platform/Developer/SDKs/AppleTVOS17.4.sdk -I /Users/builder/builds/UKfvDsi8u/1/finestructure/swiftpackageindex-builder/spi-builder-workspace/.derivedData/Build/Products/Debug-appletvos -I /Applications/Xcode-15.3.0-Beta.2.app/Contents/Developer/Platforms/AppleTVOS.platform/Developer/usr/lib -F /Users/builder/builds/UKfvDsi8u/1/finestructure/swiftpackageindex-builder/spi-builder-workspace/.derivedData/Build/Products/Debug-appletvos -F /Applications/Xcode-15.3.0-Beta.2.app/Contents/Developer/Platforms/AppleTVOS.platform/Developer/Library/Frameworks -F /Applications/Xcode-15.3.0-Beta.2.app/Contents/Developer/Platforms/AppleTVOS.platform/Developer/SDKs/AppleTVOS17.4.sdk/Developer/Library/Frameworks -no-color-diagnostics -enable-testing -g -module-cache-path /Users/builder/builds/UKfvDsi8u/1/finestructure/swiftpackageindex-builder/spi-builder-workspace/.derivedData/ModuleCache.noindex -swift-version 4.2 -enforce-exclusivity\=checked -Onone -D SWIFT_PACKAGE -D DEBUG -D Xcode -serialize-debugging-options -const-gather-protocols-file /Users/builder/builds/UKfvDsi8u/1/finestructure/swiftpackageindex-builder/spi-builder-workspace/.derivedData/Build/Intermediates.noindex/PackageConfig.build/Debug-appletvos/PackageConfig.build/Objects-normal/arm64/PackageConfig_const_extract_protocols.json -empty-abi-descriptor -validate-clang-modules-once -clang-build-session-file /Users/builder/builds/UKfvDsi8u/1/finestructure/swiftpackageindex-builder/spi-builder-workspace/.derivedData/ModuleCache.noindex/Session.modulevalidation -Xcc -working-directory -Xcc /Users/builder/builds/UKfvDsi8u/1/finestructure/swiftpackageindex-builder/spi-builder-workspace -resource-dir /Applications/Xcode-15.3.0-Beta.2.app/Contents/Developer/Toolchains/XcodeDefault.xctoolchain/usr/lib/swift -enable-anonymous-context-mangled-names -Xcc -ivfsstatcache -Xcc /Users/builder/builds/UKfvDsi8u/1/finestructure/swiftpackageindex-builder/spi-builder-workspace/.derivedData/SDKStatCaches.noindex/appletvos17.4-21L5206e-a3897aa5c9b1d3e18efb168a98ac3602.sdkstatcache -Xcc -I/Users/builder/builds/UKfvDsi8u/1/finestructure/swiftpackageindex-builder/spi-builder-workspace/.derivedData/Build/Intermediates.noindex/PackageConfig.build/Debug-appletvos/PackageConfig.build/swift-overrides.hmap -Xcc -I/Users/builder/builds/UKfvDsi8u/1/finestructure/swiftpackageindex-builder/spi-builder-workspace/.derivedData/Build/Products/Debug-appletvos/include -Xcc -I/Users/builder/builds/UKfvDsi8u/1/finestructure/swiftpackageindex-builder/spi-builder-workspace/.derivedData/Build/Intermediates.noindex/PackageConfig.build/Debug-appletvos/PackageConfig.build/DerivedSources-normal/arm64 -Xcc -I/Users/builder/builds/UKfvDsi8u/1/finestructure/swiftpackageindex-builder/spi-builder-workspace/.derivedData/Build/Intermediates.noindex/PackageConfig.build/Debug-appletvos/PackageConfig.build/DerivedSources/arm64 -Xcc -I/Users/builder/builds/UKfvDsi8u/1/finestructure/swiftpackageindex-builder/spi-builder-workspace/.derivedData/Build/Intermediates.noindex/PackageConfig.build/Debug-appletvos/PackageConfig.build/DerivedSources -Xcc -DSWIFT_PACKAGE -Xcc -DDEBUG\=1 -module-name PackageConfig -frontend-parseable-output -disable-clang-spi -target-sdk-version 17.4 -target-sdk-name appletvos17.4 -external-plugin-path /Applications/Xcode-15.3.0-Beta.2.app/Contents/Developer/Platforms/AppleTVOS.platform/Developer/SDKs/AppleTVOS17.4.sdk/usr/lib/swift/host/plugins\#/Applications/Xcode-15.3.0-Beta.2.app/Contents/Developer/Platforms/AppleTVOS.platform/Developer/SDKs/AppleTVOS17.4.sdk/usr/bin/swift-plugin-server -external-plugin-path /Applications/Xcode-15.3.0-Beta.2.app/Contents/Developer/Platforms/AppleTVOS.platform/Developer/SDKs/AppleTVOS17.4.sdk/usr/local/lib/swift/host/plugins\#/Applications/Xcode-15.3.0-Beta.2.app/Contents/Developer/Platforms/AppleTVOS.platform/Developer/SDKs/AppleTVOS17.4.sdk/usr/bin/swift-plugin-server -external-plugin-path /Applications/Xcode-15.3.0-Beta.2.app/Contents/Developer/Platforms/AppleTVOS.platform/Developer/usr/lib/swift/host/plugins\#/Applications/Xcode-15.3.0-Beta.2.app/Contents/Developer/Platforms/AppleTVOS.platform/Developer/usr/bin/swift-plugin-server -external-plugin-path /Applications/Xcode-15.3.0-Beta.2.app/Contents/Developer/Platforms/AppleTVOS.platform/Developer/usr/local/lib/swift/host/plugins\#/Applications/Xcode-15.3.0-Beta.2.app/Contents/Developer/Platforms/AppleTVOS.platform/Developer/usr/bin/swift-plugin-server -plugin-path /Applications/Xcode-15.3.0-Beta.2.app/Contents/Developer/Toolchains/XcodeDefault.xctoolchain/usr/lib/swift/host/plugins -plugin-path /Applications/Xcode-15.3.0-Beta.2.app/Contents/Developer/Toolchains/XcodeDefault.xctoolchain/usr/local/lib/swift/host/plugins -o /Users/builder/builds/UKfvDsi8u/1/finestructure/swiftpackageindex-builder/spi-builder-workspace/.derivedData/Build/Intermediates.noindex/PackageConfig.build/Debug-appletvos/PackageConfig.build/Objects-normal/arm64/PackageConfiguration.o -index-unit-output-path /PackageConfig.build/Debug-appletvos/PackageConfig.build/Objects-normal/arm64/PackageConfiguration.o -index-store-path /Users/builder/builds/UKfvDsi8u/1/finestructure/swiftpackageindex-builder/spi-builder-workspace/.derivedData/Index.noindex/DataStore -index-system-modules
Command SwiftCompile failed with a nonzero exit code
2024-02-15 06:20:18.088 xcodebuild[71246:12441879] Requested but did not find extension point with identifier Xcode.DVTDeviceFoundation.Aspect for extension Xcode.IDEiOSSupportCore.Aspect.NBDD of plug-in com.apple.dt.IDE.IDEiOSSupportCore
2024-02-15 06:20:18.417 xcodebuild[71246:12441879] [MT] DVTPlugInQuery: Requested but did not find extension point with identifier 'Xcode.DVTDeviceFoundation.CompatibleDeviceFamilyPair'. This is programmer error; code should only request extension points that are defined by itself or its dependencies.
** BUILD FAILED **
The following build commands failed:
	SwiftEmitModule normal arm64 Emitting\ module\ for\ package_config (in target 'package-config' from project 'PackageConfig')
	SwiftCompile normal arm64 Compiling\ main.swift /Users/builder/builds/UKfvDsi8u/1/finestructure/swiftpackageindex-builder/spi-builder-workspace/Sources/PackageConfigExecutable/main.swift (in target 'package-config' from project 'PackageConfig')
	SwiftEmitModule normal arm64 Emitting\ module\ for\ PackageConfig (in target 'PackageConfig' from project 'PackageConfig')
	SwiftCompile normal arm64 Compiling\ Writer.swift /Users/builder/builds/UKfvDsi8u/1/finestructure/swiftpackageindex-builder/spi-builder-workspace/Sources/PackageConfig/Writer.swift (in target 'PackageConfig' from project 'PackageConfig')
	SwiftCompile normal arm64 Compiling\ DynamicLibraries.swift /Users/builder/builds/UKfvDsi8u/1/finestructure/swiftpackageindex-builder/spi-builder-workspace/Sources/PackageConfig/DynamicLibraries.swift (in target 'PackageConfig' from project 'PackageConfig')
	SwiftCompile normal arm64 Compiling\ PackageConfig.swift /Users/builder/builds/UKfvDsi8u/1/finestructure/swiftpackageindex-builder/spi-builder-workspace/Sources/PackageConfig/PackageConfig.swift (in target 'PackageConfig' from project 'PackageConfig')
	SwiftCompile normal arm64 Compiling\ Error.swift /Users/builder/builds/UKfvDsi8u/1/finestructure/swiftpackageindex-builder/spi-builder-workspace/Sources/PackageConfig/Error.swift (in target 'PackageConfig' from project 'PackageConfig')
	SwiftCompile normal arm64 Compiling\ PackageConfiguration.swift /Users/builder/builds/UKfvDsi8u/1/finestructure/swiftpackageindex-builder/spi-builder-workspace/Sources/PackageConfig/PackageConfiguration.swift (in target 'PackageConfig' from project 'PackageConfig')
(8 failures)
BUILD FAILURE 5.10 tvOS

Build Machine: Mac 7