The Swift Package Index logo.Swift Package Index

Build Information

Failed to build Applivery, reference master (9c7e33), with Swift 6.4 for visionOS using Xcode 27.0 on 23 Sep 2026 10:39:44 UTC.

Build Command

env DEVELOPER_DIR=/Applications/Xcode-27.0.0-Release.Candidate.app xcrun xcodebuild -IDEClonedSourcePackagesDirPathOverride=$PWD/.dependencies -skipMacroValidation -skipPackagePluginValidation -derivedDataPath $PWD/.derivedData build -scheme Applivery-Package -destination generic/platform=xrOS

Build Log

========================================
RunAll
========================================
Builder version: 5.1.0
Interrupt handler set up.
========================================
Checkout
========================================
Clone URL: https://github.com/applivery/applivery-ios-sdk.git
Reference: master
Initialized empty Git repository in /Users/admin/builder/spi-builder-workspace/.git/
From https://github.com/applivery/applivery-ios-sdk
 * branch            master     -> FETCH_HEAD
 * [new branch]      master     -> origin/master
HEAD is now at 9c7e33f Merge pull request #111 from applivery/release/4.5.4
Cloned https://github.com/applivery/applivery-ios-sdk.git
Revision (git rev-parse @):
9c7e33fa37308c5306d842ccc524a8cb2bc92bb9
SUCCESS checkout https://github.com/applivery/applivery-ios-sdk.git at master
========================================
Build
========================================
Selected platform:         visionOS
Swift version:             6.4
Building package at path:  $PWD
https://github.com/applivery/applivery-ios-sdk.git
Command line invocation:
    /Applications/Xcode-27.0.0-Release.Candidate.app/Contents/Developer/usr/bin/xcodebuild -IDEClonedSourcePackagesDirPathOverride=/Users/admin/builder/spi-builder-workspace/.dependencies -resolvePackageDependencies
Resolve Package Graph
Fetching from https://github.com/Quick/Nimble.git
Fetching from https://github.com/AliSoftware/OHHTTPStubs.git
Fetching from https://github.com/Quick/Quick.git
Fetching from https://github.com/mattgallagher/CwlPreconditionTesting.git
Fetching from https://github.com/mattgallagher/CwlCatchException.git
Creating working copy of package ‘Quick’
Checking out 4.0.0 of package ‘Quick’
Creating working copy of package ‘CwlPreconditionTesting’
Checking out 2.2.2 of package ‘CwlPreconditionTesting’
Creating working copy of package ‘OHHTTPStubs’
Checking out 9.1.0 of package ‘OHHTTPStubs’
Creating working copy of package ‘Nimble’
Checking out 9.2.1 of package ‘Nimble’
Creating working copy of package ‘CwlCatchException’
Checking out 2.2.1 of package ‘CwlCatchException’
Resolved source packages:
  OHHTTPStubs: https://github.com/AliSoftware/OHHTTPStubs.git @ 9.1.0
  Quick: https://github.com/Quick/Quick.git @ 4.0.0
  CwlPreconditionTesting: https://github.com/mattgallagher/CwlPreconditionTesting.git @ 2.2.2
  CwlCatchException: https://github.com/mattgallagher/CwlCatchException.git @ 2.2.1
  Nimble: https://github.com/Quick/Nimble.git @ 9.2.1
resolved source packages: OHHTTPStubs, Quick, CwlPreconditionTesting, CwlCatchException, Nimble
{
  "default_localization" : "en",
  "dependencies" : [
    {
      "identity" : "quick",
      "requirement" : {
        "range" : [
          {
            "lower_bound" : "4.0.0",
            "upper_bound" : "5.0.0"
          }
        ]
      },
      "type" : "sourceControl",
      "url" : "https://github.com/Quick/Quick.git"
    },
    {
      "identity" : "nimble",
      "requirement" : {
        "range" : [
          {
            "lower_bound" : "9.0.0",
            "upper_bound" : "10.0.0"
          }
        ]
      },
      "type" : "sourceControl",
      "url" : "https://github.com/Quick/Nimble.git"
    },
    {
      "identity" : "ohhttpstubs",
      "requirement" : {
        "range" : [
          {
            "lower_bound" : "9.0.0",
            "upper_bound" : "10.0.0"
          }
        ]
      },
      "type" : "sourceControl",
      "url" : "https://github.com/AliSoftware/OHHTTPStubs.git"
    }
  ],
  "manifest_display_name" : "Applivery",
  "name" : "Applivery",
  "path" : "/Users/admin/builder/spi-builder-workspace",
  "platforms" : [
    {
      "name" : "ios",
      "version" : "13.0"
    }
  ],
  "products" : [
    {
      "name" : "Applivery",
      "targets" : [
        "Applivery"
      ],
      "type" : {
        "library" : [
          "automatic"
        ]
      }
    },
    {
      "name" : "AppliveryDynamic",
      "targets" : [
        "Applivery"
      ],
      "type" : {
        "library" : [
          "dynamic"
        ]
      }
    }
  ],
  "targets" : [
    {
      "c99name" : "AppliveryBehaviorTests",
      "module_type" : "SwiftTarget",
      "name" : "AppliveryBehaviorTests",
      "path" : "AppliveryBehaviorTests",
      "product_dependencies" : [
        "Quick",
        "Nimble",
        "OHHTTPStubs",
        "OHHTTPStubsSwift"
      ],
      "resources" : [
        {
          "path" : "/Users/admin/builder/spi-builder-workspace/AppliveryBehaviorTests/Mocks/Images/test_images.xcassets",
          "rule" : {
            "process" : {
            }
          }
        },
        {
          "path" : "/Users/admin/builder/spi-builder-workspace/AppliveryBehaviorTests/Mocks/JSON/config_success.json",
          "rule" : {
            "process" : {
            }
          }
        },
        {
          "path" : "/Users/admin/builder/spi-builder-workspace/AppliveryBehaviorTests/Mocks/JSON/error_4002.json",
          "rule" : {
            "process" : {
            }
          }
        },
        {
          "path" : "/Users/admin/builder/spi-builder-workspace/AppliveryBehaviorTests/Mocks/JSON/error_5003.json",
          "rule" : {
            "process" : {
            }
          }
        },
        {
          "path" : "/Users/admin/builder/spi-builder-workspace/AppliveryBehaviorTests/Mocks/JSON/error_5004.json",
          "rule" : {
            "process" : {
            }
          }
        },
        {
          "path" : "/Users/admin/builder/spi-builder-workspace/AppliveryBehaviorTests/Mocks/JSON/feedback_ok.json",
          "rule" : {
            "process" : {
            }
          }
        },
        {
          "path" : "/Users/admin/builder/spi-builder-workspace/AppliveryBehaviorTests/Mocks/JSON/invalid_credentials.json",
          "rule" : {
            "process" : {
            }
          }
        },
        {
          "path" : "/Users/admin/builder/spi-builder-workspace/AppliveryBehaviorTests/Mocks/JSON/ko.json",
          "rule" : {
            "process" : {
            }
          }
        },
        {
          "path" : "/Users/admin/builder/spi-builder-workspace/AppliveryBehaviorTests/Mocks/JSON/login_success.json",
          "rule" : {
            "process" : {
            }
          }
        },
        {
          "path" : "/Users/admin/builder/spi-builder-workspace/AppliveryBehaviorTests/Mocks/JSON/request_token_ok.json",
          "rule" : {
            "process" : {
            }
          }
        },
        {
          "path" : "/Users/admin/builder/spi-builder-workspace/AppliveryBehaviorTests/Mocks/JSON/request_token_ok_no_token.json",
          "rule" : {
            "process" : {
            }
          }
        }
      ],
      "sources" : [
        "EnvironmentTests.swift",
        "EventDetectorTests.swift",
        "Fakes/UserDefaults.swift",
        "Helpers/StubResponseHelper.swift",
        "MockData/ConfigMockData.swift",
        "Mockits/MockAPIClient.swift",
        "Mocks/AppMock.swift",
        "Mocks/ConfigPersisterMock.swift",
        "Mocks/ConfigServiceMock.swift",
        "Mocks/DeviceMock.swift",
        "Mocks/DownloadServiceMock.swift",
        "Mocks/EventDetectorMock.swift",
        "Mocks/FeedbackServiceMock.swift",
        "Mocks/ImageManagerMock.swift",
        "Mocks/LoginRepositoryMock.swift",
        "Mocks/MockEnvironments.swift",
        "Mocks/MockEventDetector.swift",
        "Mocks/MockKeychainManager.swift",
        "Mocks/MockSessionPersister.swift",
        "Mocks/MockUpdateService.swift",
        "Mocks/StartInteractorOutputMock.swift",
        "Mocks/UpdateInteractoMock.swift",
        "Mocks/UserDefaultsMock.swift",
        "ServicesTests/ConfigServiceTests.swift",
        "ServicesTests/LoginServiceTests.swift",
        "ServicesTests/UpdateServiceTests.swift",
        "Specs/FeedbackSpecs.swift",
        "Specs/ForceUpdateSpecs.swift",
        "Specs/OTAUpdateSpecs.swift",
        "Specs/RequestSpecs.swift",
        "Specs/StartSpecs.swift",
        "Utils/EnvironmentsTests.swift"
      ],
      "target_dependencies" : [
        "Applivery"
      ],
      "type" : "test"
    },
    {
      "c99name" : "Applivery",
      "module_type" : "SwiftTarget",
      "name" : "Applivery",
      "path" : "AppliverySDK",
      "product_memberships" : [
        "Applivery",
        "AppliveryDynamic"
      ],
      "sources" : [
        "API/APIClient.swift",
        "API/APIError.swift",
        "API/APIErrorResponse.swift",
        "API/AppliveryEndpoint.swift",
        "API/Endpoint.swift",
        "API/HTTPMethod.swift",
        "Applivery/AppliverySDK.swift",
        "Applivery/AppliveryService.swift",
        "Core/Extensions/TimeInterval+Extensions.swift",
        "Core/UserDefaults+keys.swift",
        "Core/Views/OptionsListView.swift",
        "Data/Persisters/ConfigPersister.swift",
        "Data/Persisters/Keychain.swift",
        "Data/Persisters/SessionPersister.swift",
        "Interactors/StartInteractor.swift",
        "Managers/AppliverySafariManager.swift",
        "Managers/ErrorManager.swift",
        "Managers/ImageManager.swift",
        "Managers/LoginManager.swift",
        "Managers/WindowManager.swift",
        "Model/AccessToken.swift",
        "Model/Config.swift",
        "Model/ConfigurationUpdate.swift",
        "Model/CustomLogin.swift",
        "Model/Feedback.swift",
        "Model/FeedbackData.swift",
        "Model/Palette.swift",
        "Model/Public/TextLiterals.swift",
        "Model/TokenData.swift",
        "Model/UpdateConfigResponse.swift",
        "Model/User.swift",
        "Model/VideoFile.swift",
        "Modules/ForceUpdateScreen.swift",
        "Modules/ScreenshotReport/Screens/ScreenshootPreviewScreen.swift",
        "Modules/ScreenshotReport/ViewModel/ScreenshootViewModel.swift",
        "Modules/ScreenshotReport/Views/EditScreenshotView.swift",
        "Modules/ScreenshotReport/Views/EmailTextFieldView.swift",
        "Modules/ScreenshotReport/Views/MultilineTextView.swift",
        "Modules/ScreenshotReport/Views/ReportTypeView.swift",
        "Modules/ScreenshotReport/Views/Rows/ScreenShootRowView.swift",
        "Modules/VideoReport/RecordingViewController.swift",
        "Modules/VideoReport/VideoPreviewRow.swift",
        "Modules/VideoReport/VideoPreviewScreen.swift",
        "Modules/VideoReport/ViedeoPlayerView.swift",
        "Repositories/LoginRepository.swift",
        "Resources/LocalizableConstants.swift",
        "SDKConfig/Colors.swift",
        "SDKConfig/ErrorCodes/ErrorCodes.swift",
        "SDKConfig/GlobalConfig.swift",
        "Services/ConfigService.swift",
        "Services/DownloadService.swift",
        "Services/FeedbackService.swift",
        "Services/LoginService.swift",
        "Services/UpdateService.swift",
        "Utils/Background.swift",
        "Utils/DateExtension.swift",
        "Utils/DiskStatus.swift",
        "Utils/Environments.swift",
        "Utils/GeometryExtensions.swift",
        "Utils/Json.swift",
        "Utils/Layout.swift",
        "Utils/ListHelper.swift",
        "Utils/Localize.swift",
        "Utils/Log.swift",
        "Utils/NSBundle+Applivery.swift",
        "Utils/NSError+Applivery.swift",
        "Utils/Ram.swift",
        "Utils/Result.swift",
        "Utils/Storyboard+Applivery.swift",
        "Utils/UIDevice+ModelName.swift",
        "Utils/UIImageExtension.swift",
        "Utils/UserDefaultsExtension.swift",
        "Utils/Wifi.swift",
        "Views/AppliveryWindow.swift",
        "Wrappers/App.swift",
        "Wrappers/AppliveryNavigationController.swift",
        "Wrappers/Device.swift",
        "Wrappers/EventDetector.swift",
        "Wrappers/Keyboard.swift",
        "Wrappers/ScreenRecorderManager.swift",
        "Wrappers/Screenshot.swift"
      ],
      "type" : "library"
    }
  ],
  "tools_version" : "5.5"
}
warning: 'spi-builder-workspace': Invalid Exclude '/Users/admin/builder/spi-builder-workspace/AppliverySDK/exclude': File not found.
warning: 'spi-builder-workspace': Invalid Exclude '/Users/admin/builder/spi-builder-workspace/AppliveryBehaviorTests/Info.plist': File not found.
{
  "project" : {
    "configurations" : [
      "Debug",
      "Release"
    ],
    "name" : "AppliverySDK",
    "schemes" : [
      "Applivery",
      "AppliveryBehaviorTests"
    ],
    "targets" : [
      "Applivery",
      "AppliveryBehaviorTests"
    ]
  }
}
{
  "workspace" : {
    "name" : "Applivery",
    "schemes" : [
      "Applivery",
      "Applivery-Package",
      "AppliveryDynamic"
    ]
  }
}
2026-09-23 06:39:27.241 xcodebuild[889:5168] [MT] IDERunDestination: Supported platforms for the buildables in the current scheme is empty.
2026-09-23 06:39:27.344 xcodebuild[889:5168] [MT] IDERunDestination: Supported platforms for the buildables in the current scheme is empty.
Running build ...
env DEVELOPER_DIR=/Applications/Xcode-27.0.0-Release.Candidate.app xcrun xcodebuild -IDEClonedSourcePackagesDirPathOverride=$PWD/.dependencies -skipMacroValidation -skipPackagePluginValidation -derivedDataPath $PWD/.derivedData build -scheme Applivery-Package -destination generic/platform=xrOS
Command line invocation:
    /Applications/Xcode-27.0.0-Release.Candidate.app/Contents/Developer/usr/bin/xcodebuild -IDEClonedSourcePackagesDirPathOverride=/Users/admin/builder/spi-builder-workspace/.dependencies -skipMacroValidation -skipPackagePluginValidation -derivedDataPath /Users/admin/builder/spi-builder-workspace/.derivedData build -scheme Applivery-Package -destination generic/platform=xrOS
Resolve Package Graph
Invalid Exclude '/Users/admin/builder/spi-builder-workspace/AppliverySDK/exclude': File not found.Invalid Exclude '/Users/admin/builder/spi-builder-workspace/AppliveryBehaviorTests/Info.plist': File not found.
Resolve Package Graph
Invalid Exclude '/Users/admin/builder/spi-builder-workspace/AppliverySDK/exclude': File not found.Invalid Exclude '/Users/admin/builder/spi-builder-workspace/AppliveryBehaviorTests/Info.plist': File not found.
Resolved source packages:
  Quick: https://github.com/Quick/Quick.git @ 4.0.0
  CwlPreconditionTesting: https://github.com/mattgallagher/CwlPreconditionTesting.git @ 2.2.2
  Applivery: /Users/admin/builder/spi-builder-workspace
  OHHTTPStubs: https://github.com/AliSoftware/OHHTTPStubs.git @ 9.1.0
  Nimble: https://github.com/Quick/Nimble.git @ 9.2.1
  CwlCatchException: https://github.com/mattgallagher/CwlCatchException.git @ 2.2.1
ComputePackagePrebuildTargetDependencyGraph
Prepare packages
CreateBuildRequest
SendProjectDescription
CreateBuildOperation
ComputeTargetDependencyGraph
note: Building targets in dependency order
note: Target dependency graph (4 targets)
    Target 'AppliveryDynamic-product' in project 'Applivery'
        ➜ Explicit dependency on target 'Applivery' in project 'Applivery'
        ➜ Explicit dependency on target 'Applivery_Applivery' in project 'Applivery'
    Target 'Applivery-product' in project 'Applivery'
        ➜ Explicit dependency on target 'Applivery' in project 'Applivery'
        ➜ Explicit dependency on target 'Applivery_Applivery' in project 'Applivery'
    Target 'Applivery' in project 'Applivery'
        ➜ Explicit dependency on target 'Applivery_Applivery' in project 'Applivery'
    Target 'Applivery_Applivery' in project 'Applivery' (no dependencies)
GatherProvisioningInputs
CreateBuildDescription
ExecuteExternalTool /Applications/Xcode-27.0.0-Release.Candidate.app/Contents/Developer/usr/bin/ibtool --version --output-format xml1
ExecuteExternalTool /Applications/Xcode-27.0.0-Release.Candidate.app/Contents/Developer/Toolchains/XcodeDefault.xctoolchain/usr/bin/clang -v -E -dM -isysroot /Applications/Xcode-27.0.0-Release.Candidate.app/Contents/Developer/Platforms/XROS.platform/Developer/SDKs/XROS27.0.sdk -x c -c /dev/null
ExecuteExternalTool /Applications/Xcode-27.0.0-Release.Candidate.app/Contents/Developer/Toolchains/XcodeDefault.xctoolchain/usr/bin/swiftc --version
ExecuteExternalTool /Applications/Xcode-27.0.0-Release.Candidate.app/Contents/Developer/Toolchains/XcodeDefault.xctoolchain/usr/bin/ld -version_details
Build description signature: d1bdf8081ba806e2f45dcd685adeaa30
Build description path: /Users/admin/builder/spi-builder-workspace/.derivedData/Build/Intermediates.noindex/XCBuildData/d1bdf8081ba806e2f45dcd685adeaa30.xcbuilddata
CreateBuildDirectory /Users/admin/builder/spi-builder-workspace/.derivedData/SDKExplicitPrecompiledModules
    cd /Users/admin/builder/spi-builder-workspace/.swiftpm/xcode
    builtin-create-build-directory /Users/admin/builder/spi-builder-workspace/.derivedData/SDKExplicitPrecompiledModules
CreateBuildDirectory /Users/admin/builder/spi-builder-workspace/.derivedData/ModuleCache.noindex
    cd /Users/admin/builder/spi-builder-workspace/.swiftpm/xcode
    builtin-create-build-directory /Users/admin/builder/spi-builder-workspace/.derivedData/ModuleCache.noindex
CreateBuildDirectory /Users/admin/builder/spi-builder-workspace/.derivedData/CompilationCache.noindex
    cd /Users/admin/builder/spi-builder-workspace/.swiftpm/xcode
    builtin-create-build-directory /Users/admin/builder/spi-builder-workspace/.derivedData/CompilationCache.noindex
ClangStatCache /Applications/Xcode-27.0.0-Release.Candidate.app/Contents/Developer/Toolchains/XcodeDefault.xctoolchain/usr/bin/clang-stat-cache /Applications/Xcode-27.0.0-Release.Candidate.app/Contents/Developer/Platforms/XROS.platform/Developer/SDKs/XROS27.0.sdk /Users/admin/builder/spi-builder-workspace/.derivedData/SDKStatCaches.noindex/xros27.0-24M361-e829b21a6f8c9b70876ba0858053c044735bd543db762f57723cac368afd1ce4.sdkstatcache
    cd /Users/admin/builder/spi-builder-workspace/.swiftpm/xcode
    /Applications/Xcode-27.0.0-Release.Candidate.app/Contents/Developer/Toolchains/XcodeDefault.xctoolchain/usr/bin/clang-stat-cache /Applications/Xcode-27.0.0-Release.Candidate.app/Contents/Developer/Platforms/XROS.platform/Developer/SDKs/XROS27.0.sdk -o /Users/admin/builder/spi-builder-workspace/.derivedData/SDKStatCaches.noindex/xros27.0-24M361-e829b21a6f8c9b70876ba0858053c044735bd543db762f57723cac368afd1ce4.sdkstatcache
CreateBuildDirectory /Users/admin/builder/spi-builder-workspace/.derivedData/Build/Products
    cd /Users/admin/builder/spi-builder-workspace/.swiftpm/xcode
    builtin-create-build-directory /Users/admin/builder/spi-builder-workspace/.derivedData/Build/Products
CreateBuildDirectory /Users/admin/builder/spi-builder-workspace/.derivedData/Build/Intermediates.noindex
    cd /Users/admin/builder/spi-builder-workspace/.swiftpm/xcode
    builtin-create-build-directory /Users/admin/builder/spi-builder-workspace/.derivedData/Build/Intermediates.noindex
CreateBuildDirectory /Users/admin/builder/spi-builder-workspace/.derivedData/Build/Intermediates.noindex/SwiftExplicitPrecompiledModules
    cd /Users/admin/builder/spi-builder-workspace/.swiftpm/xcode
    builtin-create-build-directory /Users/admin/builder/spi-builder-workspace/.derivedData/Build/Intermediates.noindex/SwiftExplicitPrecompiledModules
CreateBuildDirectory /Users/admin/builder/spi-builder-workspace/.derivedData/Build/Intermediates.noindex/ExplicitPrecompiledModules
    cd /Users/admin/builder/spi-builder-workspace/.swiftpm/xcode
    builtin-create-build-directory /Users/admin/builder/spi-builder-workspace/.derivedData/Build/Intermediates.noindex/ExplicitPrecompiledModules
CreateBuildDirectory /Users/admin/builder/spi-builder-workspace/.derivedData/Build/Intermediates.noindex/PrecompiledHeaders
    cd /Users/admin/builder/spi-builder-workspace/.swiftpm/xcode
    builtin-create-build-directory /Users/admin/builder/spi-builder-workspace/.derivedData/Build/Intermediates.noindex/PrecompiledHeaders
CreateBuildDirectory /Users/admin/builder/spi-builder-workspace/.derivedData/Build/Intermediates.noindex/EagerLinkingTBDs/Debug-xros
    cd /Users/admin/builder/spi-builder-workspace/.swiftpm/xcode
    builtin-create-build-directory /Users/admin/builder/spi-builder-workspace/.derivedData/Build/Intermediates.noindex/EagerLinkingTBDs/Debug-xros
CreateBuildDirectory /Users/admin/builder/spi-builder-workspace/.derivedData/Build/Products/Debug-xros
    cd /Users/admin/builder/spi-builder-workspace/.swiftpm/xcode
    builtin-create-build-directory /Users/admin/builder/spi-builder-workspace/.derivedData/Build/Products/Debug-xros
CreateBuildDirectory /Users/admin/builder/spi-builder-workspace/.derivedData/Build/Products/Debug-xros/PackageFrameworks
    cd /Users/admin/builder/spi-builder-workspace/.swiftpm/xcode
    builtin-create-build-directory /Users/admin/builder/spi-builder-workspace/.derivedData/Build/Products/Debug-xros/PackageFrameworks
WriteAuxiliaryFile /Users/admin/builder/spi-builder-workspace/.derivedData/Build/Intermediates.noindex/Applivery.build/Debug-xros/Applivery_Applivery-b.build/Applivery_Applivery.DependencyStaticMetadataFileList (in target 'Applivery_Applivery' from project 'Applivery')
    cd /Users/admin/builder/spi-builder-workspace
    write-file /Users/admin/builder/spi-builder-workspace/.derivedData/Build/Intermediates.noindex/Applivery.build/Debug-xros/Applivery_Applivery-b.build/Applivery_Applivery.DependencyStaticMetadataFileList
WriteAuxiliaryFile /Users/admin/builder/spi-builder-workspace/.derivedData/Build/Intermediates.noindex/Applivery.build/Debug-xros/Applivery_Applivery-b.build/Applivery_Applivery.DependencyMetadataFileList (in target 'Applivery_Applivery' from project 'Applivery')
    cd /Users/admin/builder/spi-builder-workspace
    write-file /Users/admin/builder/spi-builder-workspace/.derivedData/Build/Intermediates.noindex/Applivery.build/Debug-xros/Applivery_Applivery-b.build/Applivery_Applivery.DependencyMetadataFileList
WriteAuxiliaryFile /Users/admin/builder/spi-builder-workspace/.derivedData/Build/Intermediates.noindex/Applivery.build/Debug-xros/AppliveryDynamic-product-t.build/AppliveryDynamic.DependencyMetadataFileList (in target 'AppliveryDynamic-product' from project 'Applivery')
    cd /Users/admin/builder/spi-builder-workspace
    write-file /Users/admin/builder/spi-builder-workspace/.derivedData/Build/Intermediates.noindex/Applivery.build/Debug-xros/AppliveryDynamic-product-t.build/AppliveryDynamic.DependencyMetadataFileList
WriteAuxiliaryFile /Users/admin/builder/spi-builder-workspace/.derivedData/Build/Intermediates.noindex/Applivery.build/Debug-xros/Applivery_Applivery-b.build/empty-Applivery_Applivery.plist (in target 'Applivery_Applivery' from project 'Applivery')
    cd /Users/admin/builder/spi-builder-workspace
    write-file /Users/admin/builder/spi-builder-workspace/.derivedData/Build/Intermediates.noindex/Applivery.build/Debug-xros/Applivery_Applivery-b.build/empty-Applivery_Applivery.plist
WriteAuxiliaryFile /Users/admin/builder/spi-builder-workspace/.derivedData/Build/Intermediates.noindex/Applivery.build/Debug-xros/AppliveryDynamic-product-t.build/AppliveryDynamic.DependencyStaticMetadataFileList (in target 'AppliveryDynamic-product' from project 'Applivery')
    cd /Users/admin/builder/spi-builder-workspace
    write-file /Users/admin/builder/spi-builder-workspace/.derivedData/Build/Intermediates.noindex/Applivery.build/Debug-xros/AppliveryDynamic-product-t.build/AppliveryDynamic.DependencyStaticMetadataFileList
WriteAuxiliaryFile /Users/admin/builder/spi-builder-workspace/.derivedData/Build/Intermediates.noindex/Applivery.build/Debug-xros/AppliveryDynamic-product-t.build/empty-AppliveryDynamic.plist (in target 'AppliveryDynamic-product' from project 'Applivery')
    cd /Users/admin/builder/spi-builder-workspace
    write-file /Users/admin/builder/spi-builder-workspace/.derivedData/Build/Intermediates.noindex/Applivery.build/Debug-xros/AppliveryDynamic-product-t.build/empty-AppliveryDynamic.plist
WriteAuxiliaryFile /Users/admin/builder/spi-builder-workspace/.derivedData/Build/Intermediates.noindex/Applivery.build/Debug-xros/Applivery-t.build/Objects-normal/arm64/Applivery_const_extract_protocols.json (in target 'Applivery' from project 'Applivery')
    cd /Users/admin/builder/spi-builder-workspace
    write-file /Users/admin/builder/spi-builder-workspace/.derivedData/Build/Intermediates.noindex/Applivery.build/Debug-xros/Applivery-t.build/Objects-normal/arm64/Applivery_const_extract_protocols.json
WriteAuxiliaryFile /Users/admin/builder/spi-builder-workspace/.derivedData/Build/Intermediates.noindex/Applivery.build/Debug-xros/AppliveryDynamic-product-t.build/Objects-normal/arm64/AppliveryDynamic.LinkFileList (in target 'AppliveryDynamic-product' from project 'Applivery')
    cd /Users/admin/builder/spi-builder-workspace
    write-file /Users/admin/builder/spi-builder-workspace/.derivedData/Build/Intermediates.noindex/Applivery.build/Debug-xros/AppliveryDynamic-product-t.build/Objects-normal/arm64/AppliveryDynamic.LinkFileList
WriteAuxiliaryFile /Users/admin/builder/spi-builder-workspace/.derivedData/Build/Intermediates.noindex/Applivery.build/Debug-xros/Applivery-t.build/Objects-normal/arm64/Applivery.SwiftFileList (in target 'Applivery' from project 'Applivery')
    cd /Users/admin/builder/spi-builder-workspace
    write-file /Users/admin/builder/spi-builder-workspace/.derivedData/Build/Intermediates.noindex/Applivery.build/Debug-xros/Applivery-t.build/Objects-normal/arm64/Applivery.SwiftFileList
WriteAuxiliaryFile /Users/admin/builder/spi-builder-workspace/.derivedData/Build/Intermediates.noindex/Applivery.build/Debug-xros/Applivery-t.build/Objects-normal/arm64/Applivery.SwiftConstValuesFileList (in target 'Applivery' from project 'Applivery')
    cd /Users/admin/builder/spi-builder-workspace
    write-file /Users/admin/builder/spi-builder-workspace/.derivedData/Build/Intermediates.noindex/Applivery.build/Debug-xros/Applivery-t.build/Objects-normal/arm64/Applivery.SwiftConstValuesFileList
WriteAuxiliaryFile /Users/admin/builder/spi-builder-workspace/.derivedData/Build/Intermediates.noindex/Applivery.build/Debug-xros/Applivery-t.build/Objects-normal/arm64/Applivery.LinkFileList (in target 'Applivery' from project 'Applivery')
    cd /Users/admin/builder/spi-builder-workspace
    write-file /Users/admin/builder/spi-builder-workspace/.derivedData/Build/Intermediates.noindex/Applivery.build/Debug-xros/Applivery-t.build/Objects-normal/arm64/Applivery.LinkFileList
WriteAuxiliaryFile /Users/admin/builder/spi-builder-workspace/.derivedData/Build/Intermediates.noindex/Applivery.build/Debug-xros/Applivery-t.build/Objects-normal/arm64/Applivery-OutputFileMap.json (in target 'Applivery' from project 'Applivery')
    cd /Users/admin/builder/spi-builder-workspace
    write-file /Users/admin/builder/spi-builder-workspace/.derivedData/Build/Intermediates.noindex/Applivery.build/Debug-xros/Applivery-t.build/Objects-normal/arm64/Applivery-OutputFileMap.json
WriteAuxiliaryFile /Users/admin/builder/spi-builder-workspace/.derivedData/Build/Intermediates.noindex/Applivery.build/Debug-xros/Applivery-t.build/Applivery.modulemap (in target 'Applivery' from project 'Applivery')
    cd /Users/admin/builder/spi-builder-workspace
    write-file /Users/admin/builder/spi-builder-workspace/.derivedData/Build/Intermediates.noindex/Applivery.build/Debug-xros/Applivery-t.build/Applivery.modulemap
WriteAuxiliaryFile /Users/admin/builder/spi-builder-workspace/.derivedData/Build/Intermediates.noindex/Applivery.build/Debug-xros/Applivery-t.build/Applivery.DependencyStaticMetadataFileList (in target 'Applivery' from project 'Applivery')
    cd /Users/admin/builder/spi-builder-workspace
    write-file /Users/admin/builder/spi-builder-workspace/.derivedData/Build/Intermediates.noindex/Applivery.build/Debug-xros/Applivery-t.build/Applivery.DependencyStaticMetadataFileList
WriteAuxiliaryFile /Users/admin/builder/spi-builder-workspace/.derivedData/Build/Intermediates.noindex/Applivery.build/Debug-xros/Applivery-t.build/DerivedSources/resource_bundle_accessor.swift (in target 'Applivery' from project 'Applivery')
    cd /Users/admin/builder/spi-builder-workspace
    write-file /Users/admin/builder/spi-builder-workspace/.derivedData/Build/Intermediates.noindex/Applivery.build/Debug-xros/Applivery-t.build/DerivedSources/resource_bundle_accessor.swift
WriteAuxiliaryFile /Users/admin/builder/spi-builder-workspace/.derivedData/Build/Intermediates.noindex/Applivery.build/Debug-xros/Applivery-t.build/Applivery.DependencyMetadataFileList (in target 'Applivery' from project 'Applivery')
    cd /Users/admin/builder/spi-builder-workspace
    write-file /Users/admin/builder/spi-builder-workspace/.derivedData/Build/Intermediates.noindex/Applivery.build/Debug-xros/Applivery-t.build/Applivery.DependencyMetadataFileList
MkDir /Users/admin/builder/spi-builder-workspace/.derivedData/Build/Products/Debug-xros/Applivery_Applivery.bundle (in target 'Applivery_Applivery' from project 'Applivery')
    cd /Users/admin/builder/spi-builder-workspace
    /bin/mkdir -p /Users/admin/builder/spi-builder-workspace/.derivedData/Build/Products/Debug-xros/Applivery_Applivery.bundle
MkDir /Users/admin/builder/spi-builder-workspace/.derivedData/Build/Products/Debug-xros/PackageFrameworks/AppliveryDynamic.framework (in target 'AppliveryDynamic-product' from project 'Applivery')
    cd /Users/admin/builder/spi-builder-workspace
    /bin/mkdir -p /Users/admin/builder/spi-builder-workspace/.derivedData/Build/Products/Debug-xros/PackageFrameworks/AppliveryDynamic.framework
Copy /Users/admin/builder/spi-builder-workspace/.derivedData/Build/Intermediates.noindex/GeneratedModuleMaps-xros/Applivery.modulemap /Users/admin/builder/spi-builder-workspace/.derivedData/Build/Intermediates.noindex/Applivery.build/Debug-xros/Applivery-t.build/Applivery.modulemap (in target 'Applivery' from project 'Applivery')
    cd /Users/admin/builder/spi-builder-workspace
    builtin-copy -exclude .DS_Store -exclude CVS -exclude .svn -exclude .git -exclude .hg -resolve-src-symlinks /Users/admin/builder/spi-builder-workspace/.derivedData/Build/Intermediates.noindex/Applivery.build/Debug-xros/Applivery-t.build/Applivery.modulemap /Users/admin/builder/spi-builder-workspace/.derivedData/Build/Intermediates.noindex/GeneratedModuleMaps-xros
CompileStoryboard /Users/admin/builder/spi-builder-workspace/AppliverySDK/Views/Applivery.storyboard (in target 'Applivery_Applivery' from project 'Applivery')
    cd /Users/admin/builder/spi-builder-workspace
    /Applications/Xcode-27.0.0-Release.Candidate.app/Contents/Developer/usr/bin/ibtool --errors --warnings --notices --platform xros --module Applivery_Applivery --output-partial-info-plist /Users/admin/builder/spi-builder-workspace/.derivedData/Build/Intermediates.noindex/Applivery.build/Debug-xros/Applivery_Applivery-b.build/Applivery-SBPartialInfo.plist --auto-activate-custom-fonts --target-device vision --minimum-deployment-target 1.0 --output-format human-readable-text /Users/admin/builder/spi-builder-workspace/AppliverySDK/Views/Applivery.storyboard --compilation-directory /Users/admin/builder/spi-builder-workspace/.derivedData/Build/Intermediates.noindex/Applivery.build/Debug-xros/Applivery_Applivery-b.build
/* com.apple.ibtool.document.warnings */
/Users/admin/builder/spi-builder-workspace/AppliverySDK/Views/Applivery.storyboard:global: warning: Compiling Interface Builder products for visionOS will not be supported in a future version of Xcode. [9]
LinkStoryboards (in target 'Applivery_Applivery' from project 'Applivery')
    cd /Users/admin/builder/spi-builder-workspace
    /Applications/Xcode-27.0.0-Release.Candidate.app/Contents/Developer/usr/bin/ibtool --errors --warnings --notices --platform xros --module Applivery_Applivery --target-device vision --minimum-deployment-target 1.0 --output-format human-readable-text --link /Users/admin/builder/spi-builder-workspace/.derivedData/Build/Products/Debug-xros/Applivery_Applivery.bundle /Users/admin/builder/spi-builder-workspace/.derivedData/Build/Intermediates.noindex/Applivery.build/Debug-xros/Applivery_Applivery-b.build/Applivery.storyboardc
ProcessInfoPlistFile /Users/admin/builder/spi-builder-workspace/.derivedData/Build/Products/Debug-xros/Applivery_Applivery.bundle/Info.plist /Users/admin/builder/spi-builder-workspace/.derivedData/Build/Intermediates.noindex/Applivery.build/Debug-xros/Applivery_Applivery-b.build/empty-Applivery_Applivery.plist (in target 'Applivery_Applivery' from project 'Applivery')
    cd /Users/admin/builder/spi-builder-workspace
    builtin-infoPlistUtility /Users/admin/builder/spi-builder-workspace/.derivedData/Build/Intermediates.noindex/Applivery.build/Debug-xros/Applivery_Applivery-b.build/empty-Applivery_Applivery.plist -producttype com.apple.product-type.bundle -expandbuildsettings -format binary -platform xros -additionalcontentfile /Users/admin/builder/spi-builder-workspace/.derivedData/Build/Intermediates.noindex/Applivery.build/Debug-xros/Applivery_Applivery-b.build/Applivery-SBPartialInfo.plist -o /Users/admin/builder/spi-builder-workspace/.derivedData/Build/Products/Debug-xros/Applivery_Applivery.bundle/Info.plist
RegisterExecutionPolicyException /Users/admin/builder/spi-builder-workspace/.derivedData/Build/Products/Debug-xros/Applivery_Applivery.bundle (in target 'Applivery_Applivery' from project 'Applivery')
    cd /Users/admin/builder/spi-builder-workspace
    builtin-RegisterExecutionPolicyException /Users/admin/builder/spi-builder-workspace/.derivedData/Build/Products/Debug-xros/Applivery_Applivery.bundle
Touch /Users/admin/builder/spi-builder-workspace/.derivedData/Build/Products/Debug-xros/Applivery_Applivery.bundle (in target 'Applivery_Applivery' from project 'Applivery')
    cd /Users/admin/builder/spi-builder-workspace
    /usr/bin/touch -c /Users/admin/builder/spi-builder-workspace/.derivedData/Build/Products/Debug-xros/Applivery_Applivery.bundle
SwiftDriver Applivery normal arm64 com.apple.xcode.tools.swift.compiler (in target 'Applivery' from project 'Applivery')
    cd /Users/admin/builder/spi-builder-workspace/.swiftpm/xcode
    builtin-SwiftDriver -- /Applications/Xcode-27.0.0-Release.Candidate.app/Contents/Developer/Toolchains/XcodeDefault.xctoolchain/usr/bin/swiftc -parse-as-library -module-name Applivery -Onone @/Users/admin/builder/spi-builder-workspace/.derivedData/Build/Intermediates.noindex/Applivery.build/Debug-xros/Applivery-t.build/Objects-normal/arm64/Applivery.SwiftFileList -DSWIFT_PACKAGE -DDEBUG -DSWIFT_MODULE_RESOURCE_BUNDLE_AVAILABLE -DXcode -plugin-path /Applications/Xcode-27.0.0-Release.Candidate.app/Contents/Developer/Toolchains/XcodeDefault.xctoolchain/usr/lib/swift/host/plugins/testing -enable-experimental-feature DebugDescriptionMacro -sdk /Applications/Xcode-27.0.0-Release.Candidate.app/Contents/Developer/Platforms/XROS.platform/Developer/SDKs/XROS27.0.sdk -target arm64-apple-xros1.0 -g -module-cache-path /Users/admin/builder/spi-builder-workspace/.derivedData/ModuleCache.noindex -Xfrontend -serialize-debugging-options -profile-coverage-mapping -profile-generate -enable-testing -index-store-path /Users/admin/builder/spi-builder-workspace/.derivedData/Index.noindex/DataStore -Xcc -D_LIBCPP_HARDENING_MODE\=_LIBCPP_HARDENING_MODE_DEBUG -swift-version 5 -I /Users/admin/builder/spi-builder-workspace/.derivedData/Build/Products/Debug-xros -Isystem /Applications/Xcode-27.0.0-Release.Candidate.app/Contents/Developer/Platforms/XROS.platform/Developer/usr/lib -F /Users/admin/builder/spi-builder-workspace/.derivedData/Build/Products/Debug-xros -F /Applications/Xcode-27.0.0-Release.Candidate.app/Contents/Developer/Platforms/XROS.platform/Developer/Library/Frameworks -F /Applications/Xcode-27.0.0-Release.Candidate.app/Contents/Developer/Platforms/XROS.platform/Developer/SDKs/XROS27.0.sdk/Developer/Library/Frameworks -emit-localized-strings -emit-localized-strings-path /Users/admin/builder/spi-builder-workspace/.derivedData/Build/Intermediates.noindex/Applivery.build/Debug-xros/Applivery-t.build/Objects-normal/arm64 -c -j10 -enable-batch-mode -incremental -Xcc -ivfsstatcache -Xcc /Users/admin/builder/spi-builder-workspace/.derivedData/SDKStatCaches.noindex/xros27.0-24M361-e829b21a6f8c9b70876ba0858053c044735bd543db762f57723cac368afd1ce4.sdkstatcache -output-file-map /Users/admin/builder/spi-builder-workspace/.derivedData/Build/Intermediates.noindex/Applivery.build/Debug-xros/Applivery-t.build/Objects-normal/arm64/Applivery-OutputFileMap.json -save-temps -no-color-diagnostics -explicit-module-build -module-cache-path /Users/admin/builder/spi-builder-workspace/.derivedData/Build/Intermediates.noindex/SwiftExplicitPrecompiledModules -clang-scanner-module-cache-path /Users/admin/builder/spi-builder-workspace/.derivedData/ModuleCache.noindex -sdk-module-cache-path /Users/admin/builder/spi-builder-workspace/.derivedData/SDKExplicitPrecompiledModules -emit-dependencies -emit-module -emit-module-path /Users/admin/builder/spi-builder-workspace/.derivedData/Build/Intermediates.noindex/Applivery.build/Debug-xros/Applivery-t.build/Objects-normal/arm64/Applivery.swiftmodule -serialize-diagnostics -dependency-scan-serialize-diagnostics-path /Users/admin/builder/spi-builder-workspace/.derivedData/Build/Intermediates.noindex/Applivery.build/Debug-xros/Applivery-t.build/Objects-normal/arm64/Applivery-dependency-scan.dia -validate-clang-modules-once -clang-build-session-file /Users/admin/builder/spi-builder-workspace/.derivedData/ModuleCache.noindex/Session.modulevalidation -Xcc -fmodules-prune-interval\=86400 -Xcc -fmodules-prune-after\=345600 -emit-const-values -const-gather-protocols-list /Users/admin/builder/spi-builder-workspace/.derivedData/Build/Intermediates.noindex/Applivery.build/Debug-xros/Applivery-t.build/Objects-normal/arm64/Applivery_const_extract_protocols.json -Xcc -I/Users/admin/builder/spi-builder-workspace/.derivedData/Build/Products/Debug-xros/include -Xcc -I/Users/admin/builder/spi-builder-workspace/.derivedData/Build/Intermediates.noindex/Applivery.build/Debug-xros/Applivery-t.build/DerivedSources-normal/arm64 -Xcc -I/Users/admin/builder/spi-builder-workspace/.derivedData/Build/Intermediates.noindex/Applivery.build/Debug-xros/Applivery-t.build/DerivedSources/arm64 -Xcc -I/Users/admin/builder/spi-builder-workspace/.derivedData/Build/Intermediates.noindex/Applivery.build/Debug-xros/Applivery-t.build/DerivedSources -Xcc -DSWIFT_PACKAGE -Xcc -DDEBUG\=1 -emit-objc-header -emit-objc-header-path /Users/admin/builder/spi-builder-workspace/.derivedData/Build/Intermediates.noindex/Applivery.build/Debug-xros/Applivery-t.build/Objects-normal/arm64/Applivery-Swift.h -working-directory /Users/admin/builder/spi-builder-workspace/.swiftpm/xcode -experimental-emit-module-separately -disable-cmo
/Users/admin/builder/spi-builder-workspace/AppliverySDK/Wrappers/Device.swift:10:8: error: Unable to resolve module dependency: 'CoreTelephony' (in target 'Applivery' from project 'Applivery')
    note: A dependency of main module 'Applivery'
/Users/admin/builder/spi-builder-workspace/AppliverySDK/Wrappers/Device.swift:10:8: note: A dependency of main module 'Applivery'
import CoreTelephony
       ^ (in target 'Applivery' from project 'Applivery')
PruneExplicitPrecompiledModules /Users/admin/builder/spi-builder-workspace/.derivedData/SDKExplicitPrecompiledModules
PruneExplicitPrecompiledModules /Users/admin/builder/spi-builder-workspace/.derivedData/Build/Intermediates.noindex/ExplicitPrecompiledModules
PruneExplicitPrecompiledModules /Users/admin/builder/spi-builder-workspace/.derivedData/Build/Intermediates.noindex/SwiftExplicitPrecompiledModules
2026-09-23 06:39:29.095 xcodebuild[898:5234] [MT] IDERunDestination: Supported platforms for the buildables in the current scheme is empty.
2026-09-23 06:39:29.202 xcodebuild[898:5234] [MT] IDERunDestination: Supported platforms for the buildables in the current scheme is empty.
** BUILD FAILED **
The following build commands failed:
	SwiftDriver Applivery normal arm64 com.apple.xcode.tools.swift.compiler (in target 'Applivery' from project 'Applivery')
	Building workspace Applivery with scheme Applivery-Package
(2 failures)
Command line invocation:
    /Applications/Xcode-27.0.0-Release.Candidate.app/Contents/Developer/usr/bin/xcodebuild -IDEClonedSourcePackagesDirPathOverride=/Users/admin/builder/spi-builder-workspace/.dependencies -resolvePackageDependencies
Resolve Package Graph
Invalid Exclude '/Users/admin/builder/spi-builder-workspace/AppliverySDK/exclude': File not found.Invalid Exclude '/Users/admin/builder/spi-builder-workspace/AppliveryBehaviorTests/Info.plist': File not found.
Resolved source packages:
  CwlCatchException: https://github.com/mattgallagher/CwlCatchException.git @ 2.2.1
  OHHTTPStubs: https://github.com/AliSoftware/OHHTTPStubs.git @ 9.1.0
  Nimble: https://github.com/Quick/Nimble.git @ 9.2.1
  Applivery: /Users/admin/builder/spi-builder-workspace
  CwlPreconditionTesting: https://github.com/mattgallagher/CwlPreconditionTesting.git @ 2.2.2
  Quick: https://github.com/Quick/Quick.git @ 4.0.0
resolved source packages: CwlCatchException, OHHTTPStubs, Nimble, Applivery, CwlPreconditionTesting, Quick
2026-09-23 06:39:38.890 xcodebuild[969:5747] [MT] IDERunDestination: Supported platforms for the buildables in the current scheme is empty.
2026-09-23 06:39:38.993 xcodebuild[969:5747] [MT] IDERunDestination: Supported platforms for the buildables in the current scheme is empty.
{
  "default_localization" : "en",
  "dependencies" : [
    {
      "identity" : "quick",
      "requirement" : {
        "range" : [
          {
            "lower_bound" : "4.0.0",
            "upper_bound" : "5.0.0"
          }
        ]
      },
      "type" : "sourceControl",
      "url" : "https://github.com/Quick/Quick.git"
    },
    {
      "identity" : "nimble",
      "requirement" : {
        "range" : [
          {
            "lower_bound" : "9.0.0",
            "upper_bound" : "10.0.0"
          }
        ]
      },
      "type" : "sourceControl",
      "url" : "https://github.com/Quick/Nimble.git"
    },
    {
      "identity" : "ohhttpstubs",
      "requirement" : {
        "range" : [
          {
            "lower_bound" : "9.0.0",
            "upper_bound" : "10.0.0"
          }
        ]
      },
      "type" : "sourceControl",
      "url" : "https://github.com/AliSoftware/OHHTTPStubs.git"
    }
  ],
  "manifest_display_name" : "Applivery",
  "name" : "Applivery",
  "path" : "/Users/admin/builder/spi-builder-workspace",
  "platforms" : [
    {
      "name" : "ios",
      "version" : "13.0"
    }
  ],
  "products" : [
    {
      "name" : "Applivery",
      "targets" : [
        "Applivery"
      ],
      "type" : {
        "library" : [
          "automatic"
        ]
      }
    },
    {
      "name" : "AppliveryDynamic",
      "targets" : [
        "Applivery"
      ],
      "type" : {
        "library" : [
          "dynamic"
        ]
      }
    }
  ],
  "targets" : [
    {
      "c99name" : "AppliveryBehaviorTests",
      "module_type" : "SwiftTarget",
      "name" : "AppliveryBehaviorTests",
      "path" : "AppliveryBehaviorTests",
      "product_dependencies" : [
        "Quick",
        "Nimble",
        "OHHTTPStubs",
        "OHHTTPStubsSwift"
      ],
      "resources" : [
        {
          "path" : "/Users/admin/builder/spi-builder-workspace/AppliveryBehaviorTests/Mocks/Images/test_images.xcassets",
          "rule" : {
            "process" : {
            }
          }
        },
        {
          "path" : "/Users/admin/builder/spi-builder-workspace/AppliveryBehaviorTests/Mocks/JSON/config_success.json",
          "rule" : {
            "process" : {
            }
          }
        },
        {
          "path" : "/Users/admin/builder/spi-builder-workspace/AppliveryBehaviorTests/Mocks/JSON/error_4002.json",
          "rule" : {
            "process" : {
            }
          }
        },
        {
          "path" : "/Users/admin/builder/spi-builder-workspace/AppliveryBehaviorTests/Mocks/JSON/error_5003.json",
          "rule" : {
            "process" : {
            }
          }
        },
        {
          "path" : "/Users/admin/builder/spi-builder-workspace/AppliveryBehaviorTests/Mocks/JSON/error_5004.json",
          "rule" : {
            "process" : {
            }
          }
        },
        {
          "path" : "/Users/admin/builder/spi-builder-workspace/AppliveryBehaviorTests/Mocks/JSON/feedback_ok.json",
          "rule" : {
            "process" : {
            }
          }
        },
        {
          "path" : "/Users/admin/builder/spi-builder-workspace/AppliveryBehaviorTests/Mocks/JSON/invalid_credentials.json",
          "rule" : {
            "process" : {
            }
          }
        },
        {
          "path" : "/Users/admin/builder/spi-builder-workspace/AppliveryBehaviorTests/Mocks/JSON/ko.json",
          "rule" : {
            "process" : {
            }
          }
        },
        {
          "path" : "/Users/admin/builder/spi-builder-workspace/AppliveryBehaviorTests/Mocks/JSON/login_success.json",
          "rule" : {
            "process" : {
            }
          }
        },
        {
          "path" : "/Users/admin/builder/spi-builder-workspace/AppliveryBehaviorTests/Mocks/JSON/request_token_ok.json",
          "rule" : {
            "process" : {
            }
          }
        },
        {
          "path" : "/Users/admin/builder/spi-builder-workspace/AppliveryBehaviorTests/Mocks/JSON/request_token_ok_no_token.json",
          "rule" : {
            "process" : {
            }
          }
        }
      ],
      "sources" : [
        "EnvironmentTests.swift",
        "EventDetectorTests.swift",
        "Fakes/UserDefaults.swift",
        "Helpers/StubResponseHelper.swift",
        "MockData/ConfigMockData.swift",
        "Mockits/MockAPIClient.swift",
        "Mocks/AppMock.swift",
        "Mocks/ConfigPersisterMock.swift",
        "Mocks/ConfigServiceMock.swift",
        "Mocks/DeviceMock.swift",
        "Mocks/DownloadServiceMock.swift",
        "Mocks/EventDetectorMock.swift",
        "Mocks/FeedbackServiceMock.swift",
        "Mocks/ImageManagerMock.swift",
        "Mocks/LoginRepositoryMock.swift",
        "Mocks/MockEnvironments.swift",
        "Mocks/MockEventDetector.swift",
        "Mocks/MockKeychainManager.swift",
        "Mocks/MockSessionPersister.swift",
        "Mocks/MockUpdateService.swift",
        "Mocks/StartInteractorOutputMock.swift",
        "Mocks/UpdateInteractoMock.swift",
        "Mocks/UserDefaultsMock.swift",
        "ServicesTests/ConfigServiceTests.swift",
        "ServicesTests/LoginServiceTests.swift",
        "ServicesTests/UpdateServiceTests.swift",
        "Specs/FeedbackSpecs.swift",
        "Specs/ForceUpdateSpecs.swift",
        "Specs/OTAUpdateSpecs.swift",
        "Specs/RequestSpecs.swift",
        "Specs/StartSpecs.swift",
        "Utils/EnvironmentsTests.swift"
      ],
      "target_dependencies" : [
        "Applivery"
      ],
      "type" : "test"
    },
    {
      "c99name" : "Applivery",
      "module_type" : "SwiftTarget",
      "name" : "Applivery",
      "path" : "AppliverySDK",
      "product_memberships" : [
        "Applivery",
        "AppliveryDynamic"
      ],
      "sources" : [
        "API/APIClient.swift",
        "API/APIError.swift",
        "API/APIErrorResponse.swift",
        "API/AppliveryEndpoint.swift",
        "API/Endpoint.swift",
        "API/HTTPMethod.swift",
        "Applivery/AppliverySDK.swift",
        "Applivery/AppliveryService.swift",
        "Core/Extensions/TimeInterval+Extensions.swift",
        "Core/UserDefaults+keys.swift",
        "Core/Views/OptionsListView.swift",
        "Data/Persisters/ConfigPersister.swift",
        "Data/Persisters/Keychain.swift",
        "Data/Persisters/SessionPersister.swift",
        "Interactors/StartInteractor.swift",
        "Managers/AppliverySafariManager.swift",
        "Managers/ErrorManager.swift",
        "Managers/ImageManager.swift",
        "Managers/LoginManager.swift",
        "Managers/WindowManager.swift",
        "Model/AccessToken.swift",
        "Model/Config.swift",
        "Model/ConfigurationUpdate.swift",
        "Model/CustomLogin.swift",
        "Model/Feedback.swift",
        "Model/FeedbackData.swift",
        "Model/Palette.swift",
        "Model/Public/TextLiterals.swift",
        "Model/TokenData.swift",
        "Model/UpdateConfigResponse.swift",
        "Model/User.swift",
        "Model/VideoFile.swift",
        "Modules/ForceUpdateScreen.swift",
        "Modules/ScreenshotReport/Screens/ScreenshootPreviewScreen.swift",
        "Modules/ScreenshotReport/ViewModel/ScreenshootViewModel.swift",
        "Modules/ScreenshotReport/Views/EditScreenshotView.swift",
        "Modules/ScreenshotReport/Views/EmailTextFieldView.swift",
        "Modules/ScreenshotReport/Views/MultilineTextView.swift",
        "Modules/ScreenshotReport/Views/ReportTypeView.swift",
        "Modules/ScreenshotReport/Views/Rows/ScreenShootRowView.swift",
        "Modules/VideoReport/RecordingViewController.swift",
        "Modules/VideoReport/VideoPreviewRow.swift",
        "Modules/VideoReport/VideoPreviewScreen.swift",
        "Modules/VideoReport/ViedeoPlayerView.swift",
        "Repositories/LoginRepository.swift",
        "Resources/LocalizableConstants.swift",
        "SDKConfig/Colors.swift",
        "SDKConfig/ErrorCodes/ErrorCodes.swift",
        "SDKConfig/GlobalConfig.swift",
        "Services/ConfigService.swift",
        "Services/DownloadService.swift",
        "Services/FeedbackService.swift",
        "Services/LoginService.swift",
        "Services/UpdateService.swift",
        "Utils/Background.swift",
        "Utils/DateExtension.swift",
        "Utils/DiskStatus.swift",
        "Utils/Environments.swift",
        "Utils/GeometryExtensions.swift",
        "Utils/Json.swift",
        "Utils/Layout.swift",
        "Utils/ListHelper.swift",
        "Utils/Localize.swift",
        "Utils/Log.swift",
        "Utils/NSBundle+Applivery.swift",
        "Utils/NSError+Applivery.swift",
        "Utils/Ram.swift",
        "Utils/Result.swift",
        "Utils/Storyboard+Applivery.swift",
        "Utils/UIDevice+ModelName.swift",
        "Utils/UIImageExtension.swift",
        "Utils/UserDefaultsExtension.swift",
        "Utils/Wifi.swift",
        "Views/AppliveryWindow.swift",
        "Wrappers/App.swift",
        "Wrappers/AppliveryNavigationController.swift",
        "Wrappers/Device.swift",
        "Wrappers/EventDetector.swift",
        "Wrappers/Keyboard.swift",
        "Wrappers/ScreenRecorderManager.swift",
        "Wrappers/Screenshot.swift"
      ],
      "type" : "library"
    }
  ],
  "tools_version" : "5.5"
}
warning: 'spi-builder-workspace': Invalid Exclude '/Users/admin/builder/spi-builder-workspace/AppliverySDK/exclude': File not found.
warning: 'spi-builder-workspace': Invalid Exclude '/Users/admin/builder/spi-builder-workspace/AppliveryBehaviorTests/Info.plist': File not found.
{
  "workspace" : {
    "name" : "Applivery",
    "schemes" : [
      "Applivery",
      "Applivery-Package",
      "AppliveryDynamic"
    ]
  }
}
2026-09-23 06:39:40.398 xcodebuild[977:5803] [MT] IDERunDestination: Supported platforms for the buildables in the current scheme is empty.
2026-09-23 06:39:40.501 xcodebuild[977:5803] [MT] IDERunDestination: Supported platforms for the buildables in the current scheme is empty.
{
  "workspace" : {
    "name" : "Applivery",
    "schemes" : [
      "Applivery",
      "Applivery-Package",
      "AppliveryDynamic"
    ]
  }
}
2026-09-23 06:39:41.596 xcodebuild[979:5834] [MT] IDERunDestination: Supported platforms for the buildables in the current scheme is empty.
2026-09-23 06:39:41.699 xcodebuild[979:5834] [MT] IDERunDestination: Supported platforms for the buildables in the current scheme is empty.
Running build ...
env DEVELOPER_DIR=/Applications/Xcode-27.0.0-Release.Candidate.app xcrun xcodebuild -IDEClonedSourcePackagesDirPathOverride=$PWD/.dependencies -skipMacroValidation -skipPackagePluginValidation -derivedDataPath $PWD/.derivedData build -scheme Applivery-Package -destination generic/platform=xrOS
Command line invocation:
    /Applications/Xcode-27.0.0-Release.Candidate.app/Contents/Developer/usr/bin/xcodebuild -IDEClonedSourcePackagesDirPathOverride=/Users/admin/builder/spi-builder-workspace/.dependencies -skipMacroValidation -skipPackagePluginValidation -derivedDataPath /Users/admin/builder/spi-builder-workspace/.derivedData build -scheme Applivery-Package -destination generic/platform=xrOS
Resolve Package Graph
Invalid Exclude '/Users/admin/builder/spi-builder-workspace/AppliverySDK/exclude': File not found.Invalid Exclude '/Users/admin/builder/spi-builder-workspace/AppliveryBehaviorTests/Info.plist': File not found.
Resolved source packages:
  CwlPreconditionTesting: https://github.com/mattgallagher/CwlPreconditionTesting.git @ 2.2.2
  Nimble: https://github.com/Quick/Nimble.git @ 9.2.1
  OHHTTPStubs: https://github.com/AliSoftware/OHHTTPStubs.git @ 9.1.0
  Quick: https://github.com/Quick/Quick.git @ 4.0.0
  Applivery: /Users/admin/builder/spi-builder-workspace
  CwlCatchException: https://github.com/mattgallagher/CwlCatchException.git @ 2.2.1
ComputePackagePrebuildTargetDependencyGraph
Prepare packages
CreateBuildRequest
SendProjectDescription
CreateBuildOperation
ComputeTargetDependencyGraph
note: Building targets in dependency order
note: Target dependency graph (4 targets)
    Target 'AppliveryDynamic-product' in project 'Applivery'
        ➜ Explicit dependency on target 'Applivery' in project 'Applivery'
        ➜ Explicit dependency on target 'Applivery_Applivery' in project 'Applivery'
    Target 'Applivery-product' in project 'Applivery'
        ➜ Explicit dependency on target 'Applivery' in project 'Applivery'
        ➜ Explicit dependency on target 'Applivery_Applivery' in project 'Applivery'
    Target 'Applivery' in project 'Applivery'
        ➜ Explicit dependency on target 'Applivery_Applivery' in project 'Applivery'
    Target 'Applivery_Applivery' in project 'Applivery' (no dependencies)
GatherProvisioningInputs
CreateBuildDescription
ClangStatCache /Applications/Xcode-27.0.0-Release.Candidate.app/Contents/Developer/Toolchains/XcodeDefault.xctoolchain/usr/bin/clang-stat-cache /Applications/Xcode-27.0.0-Release.Candidate.app/Contents/Developer/Platforms/XROS.platform/Developer/SDKs/XROS27.0.sdk /Users/admin/builder/spi-builder-workspace/.derivedData/SDKStatCaches.noindex/xros27.0-24M361-e829b21a6f8c9b70876ba0858053c044735bd543db762f57723cac368afd1ce4.sdkstatcache
    cd /Users/admin/builder/spi-builder-workspace/.swiftpm/xcode
    /Applications/Xcode-27.0.0-Release.Candidate.app/Contents/Developer/Toolchains/XcodeDefault.xctoolchain/usr/bin/clang-stat-cache /Applications/Xcode-27.0.0-Release.Candidate.app/Contents/Developer/Platforms/XROS.platform/Developer/SDKs/XROS27.0.sdk -o /Users/admin/builder/spi-builder-workspace/.derivedData/SDKStatCaches.noindex/xros27.0-24M361-e829b21a6f8c9b70876ba0858053c044735bd543db762f57723cac368afd1ce4.sdkstatcache
SwiftDriver Applivery normal arm64 com.apple.xcode.tools.swift.compiler (in target 'Applivery' from project 'Applivery')
    cd /Users/admin/builder/spi-builder-workspace/.swiftpm/xcode
    builtin-SwiftDriver -- /Applications/Xcode-27.0.0-Release.Candidate.app/Contents/Developer/Toolchains/XcodeDefault.xctoolchain/usr/bin/swiftc -parse-as-library -module-name Applivery -Onone @/Users/admin/builder/spi-builder-workspace/.derivedData/Build/Intermediates.noindex/Applivery.build/Debug-xros/Applivery-t.build/Objects-normal/arm64/Applivery.SwiftFileList -DSWIFT_PACKAGE -DDEBUG -DSWIFT_MODULE_RESOURCE_BUNDLE_AVAILABLE -DXcode -plugin-path /Applications/Xcode-27.0.0-Release.Candidate.app/Contents/Developer/Toolchains/XcodeDefault.xctoolchain/usr/lib/swift/host/plugins/testing -enable-experimental-feature DebugDescriptionMacro -sdk /Applications/Xcode-27.0.0-Release.Candidate.app/Contents/Developer/Platforms/XROS.platform/Developer/SDKs/XROS27.0.sdk -target arm64-apple-xros1.0 -g -module-cache-path /Users/admin/builder/spi-builder-workspace/.derivedData/ModuleCache.noindex -Xfrontend -serialize-debugging-options -profile-coverage-mapping -profile-generate -enable-testing -index-store-path /Users/admin/builder/spi-builder-workspace/.derivedData/Index.noindex/DataStore -Xcc -D_LIBCPP_HARDENING_MODE\=_LIBCPP_HARDENING_MODE_DEBUG -swift-version 5 -I /Users/admin/builder/spi-builder-workspace/.derivedData/Build/Products/Debug-xros -Isystem /Applications/Xcode-27.0.0-Release.Candidate.app/Contents/Developer/Platforms/XROS.platform/Developer/usr/lib -F /Users/admin/builder/spi-builder-workspace/.derivedData/Build/Products/Debug-xros -F /Applications/Xcode-27.0.0-Release.Candidate.app/Contents/Developer/Platforms/XROS.platform/Developer/Library/Frameworks -F /Applications/Xcode-27.0.0-Release.Candidate.app/Contents/Developer/Platforms/XROS.platform/Developer/SDKs/XROS27.0.sdk/Developer/Library/Frameworks -emit-localized-strings -emit-localized-strings-path /Users/admin/builder/spi-builder-workspace/.derivedData/Build/Intermediates.noindex/Applivery.build/Debug-xros/Applivery-t.build/Objects-normal/arm64 -c -j10 -enable-batch-mode -incremental -Xcc -ivfsstatcache -Xcc /Users/admin/builder/spi-builder-workspace/.derivedData/SDKStatCaches.noindex/xros27.0-24M361-e829b21a6f8c9b70876ba0858053c044735bd543db762f57723cac368afd1ce4.sdkstatcache -output-file-map /Users/admin/builder/spi-builder-workspace/.derivedData/Build/Intermediates.noindex/Applivery.build/Debug-xros/Applivery-t.build/Objects-normal/arm64/Applivery-OutputFileMap.json -save-temps -no-color-diagnostics -explicit-module-build -module-cache-path /Users/admin/builder/spi-builder-workspace/.derivedData/Build/Intermediates.noindex/SwiftExplicitPrecompiledModules -clang-scanner-module-cache-path /Users/admin/builder/spi-builder-workspace/.derivedData/ModuleCache.noindex -sdk-module-cache-path /Users/admin/builder/spi-builder-workspace/.derivedData/SDKExplicitPrecompiledModules -emit-dependencies -emit-module -emit-module-path /Users/admin/builder/spi-builder-workspace/.derivedData/Build/Intermediates.noindex/Applivery.build/Debug-xros/Applivery-t.build/Objects-normal/arm64/Applivery.swiftmodule -serialize-diagnostics -dependency-scan-serialize-diagnostics-path /Users/admin/builder/spi-builder-workspace/.derivedData/Build/Intermediates.noindex/Applivery.build/Debug-xros/Applivery-t.build/Objects-normal/arm64/Applivery-dependency-scan.dia -validate-clang-modules-once -clang-build-session-file /Users/admin/builder/spi-builder-workspace/.derivedData/ModuleCache.noindex/Session.modulevalidation -Xcc -fmodules-prune-interval\=86400 -Xcc -fmodules-prune-after\=345600 -emit-const-values -const-gather-protocols-list /Users/admin/builder/spi-builder-workspace/.derivedData/Build/Intermediates.noindex/Applivery.build/Debug-xros/Applivery-t.build/Objects-normal/arm64/Applivery_const_extract_protocols.json -Xcc -I/Users/admin/builder/spi-builder-workspace/.derivedData/Build/Products/Debug-xros/include -Xcc -I/Users/admin/builder/spi-builder-workspace/.derivedData/Build/Intermediates.noindex/Applivery.build/Debug-xros/Applivery-t.build/DerivedSources-normal/arm64 -Xcc -I/Users/admin/builder/spi-builder-workspace/.derivedData/Build/Intermediates.noindex/Applivery.build/Debug-xros/Applivery-t.build/DerivedSources/arm64 -Xcc -I/Users/admin/builder/spi-builder-workspace/.derivedData/Build/Intermediates.noindex/Applivery.build/Debug-xros/Applivery-t.build/DerivedSources -Xcc -DSWIFT_PACKAGE -Xcc -DDEBUG\=1 -emit-objc-header -emit-objc-header-path /Users/admin/builder/spi-builder-workspace/.derivedData/Build/Intermediates.noindex/Applivery.build/Debug-xros/Applivery-t.build/Objects-normal/arm64/Applivery-Swift.h -working-directory /Users/admin/builder/spi-builder-workspace/.swiftpm/xcode -experimental-emit-module-separately -disable-cmo
/Users/admin/builder/spi-builder-workspace/AppliverySDK/Wrappers/Device.swift:10:8: error: Unable to resolve module dependency: 'CoreTelephony' (in target 'Applivery' from project 'Applivery')
    note: A dependency of main module 'Applivery'
/Users/admin/builder/spi-builder-workspace/AppliverySDK/Wrappers/Device.swift:10:8: note: A dependency of main module 'Applivery'
import CoreTelephony
       ^ (in target 'Applivery' from project 'Applivery')
PruneExplicitPrecompiledModules /Users/admin/builder/spi-builder-workspace/.derivedData/Build/Intermediates.noindex/SwiftExplicitPrecompiledModules
PruneExplicitPrecompiledModules /Users/admin/builder/spi-builder-workspace/.derivedData/SDKExplicitPrecompiledModules
PruneExplicitPrecompiledModules /Users/admin/builder/spi-builder-workspace/.derivedData/Build/Intermediates.noindex/ExplicitPrecompiledModules
2026-09-23 06:39:42.798 xcodebuild[980:5857] [MT] IDERunDestination: Supported platforms for the buildables in the current scheme is empty.
2026-09-23 06:39:42.901 xcodebuild[980:5857] [MT] IDERunDestination: Supported platforms for the buildables in the current scheme is empty.
** BUILD FAILED **
The following build commands failed:
	SwiftDriver Applivery normal arm64 com.apple.xcode.tools.swift.compiler (in target 'Applivery' from project 'Applivery')
	Building workspace Applivery with scheme Applivery-Package
(2 failures)
BUILD FAILURE 6.4 visionOS