The Swift Package Index logo.Swift Package Index

Build Information

Failed to build RedUx, reference v1.0.0 (69f6e0), with Swift 6.4 for visionOS using Xcode 27.0 on 18 Sep 2026 14:21:08 UTC.

Build Command

env DEVELOPER_DIR=/Applications/Xcode-27.0.0-Release.Candidate.app xcrun xcodebuild -IDEClonedSourcePackagesDirPathOverride=$PWD/.dependencies -skipMacroValidation -skipPackagePluginValidation -derivedDataPath $PWD/.derivedData build -scheme RedUx -destination generic/platform=xrOS

Build Log

========================================
RunAll
========================================
Builder version: 5.1.0
Interrupt handler set up.
========================================
Checkout
========================================
Clone URL: https://github.com/reddavis/RedUx.git
Reference: v1.0.0
Initialized empty Git repository in /Users/admin/builder/spi-builder-workspace/.git/
From https://github.com/reddavis/RedUx
 * tag               v1.0.0     -> FETCH_HEAD
HEAD is now at 69f6e07 fix: no compiler error on <Xcode 13.4 (#36)
Cloned https://github.com/reddavis/RedUx.git
Revision (git rev-parse @):
69f6e076e5dbe1ebc66154d54fdab90f16d310ec
SUCCESS checkout https://github.com/reddavis/RedUx.git at v1.0.0
========================================
Build
========================================
Selected platform:         visionOS
Swift version:             6.4
Building package at path:  $PWD
https://github.com/reddavis/RedUx.git
Command line invocation:
    /Applications/Xcode-27.0.0-Release.Candidate.app/Contents/Developer/usr/bin/xcodebuild -IDEClonedSourcePackagesDirPathOverride=/Users/admin/builder/spi-builder-workspace/.dependencies -resolvePackageDependencies
Resolve Package Graph
Fetching from https://github.com/reddavis/Asynchrone
Creating working copy of package ‘Asynchrone’
Checking out 0.22.0 of package ‘Asynchrone’
Resolved source packages:
  Asynchrone: https://github.com/reddavis/Asynchrone @ 0.22.0
resolved source packages: Asynchrone
{
  "dependencies" : [
    {
      "identity" : "asynchrone",
      "requirement" : {
        "range" : [
          {
            "lower_bound" : "0.19.0",
            "upper_bound" : "1.0.0"
          }
        ]
      },
      "type" : "sourceControl",
      "url" : "https://github.com/reddavis/Asynchrone"
    }
  ],
  "manifest_display_name" : "RedUx",
  "name" : "RedUx",
  "path" : "/Users/admin/builder/spi-builder-workspace",
  "platforms" : [
    {
      "name" : "ios",
      "version" : "15.0"
    },
    {
      "name" : "macos",
      "version" : "12.0"
    }
  ],
  "products" : [
    {
      "name" : "RedUx",
      "targets" : [
        "RedUx"
      ],
      "type" : {
        "library" : [
          "automatic"
        ]
      }
    }
  ],
  "targets" : [
    {
      "c99name" : "RedUxTests",
      "module_type" : "SwiftTarget",
      "name" : "RedUxTests",
      "path" : "RedUxTests",
      "sources" : [
        "Supporting Files/Assertions.swift",
        "Supporting Files/Models.swift",
        "Tests/ActionStatusTests.swift",
        "Tests/EffectManagerTests.swift",
        "Tests/EffectTests.swift",
        "Tests/ReducerTests.swift",
        "Tests/StoreTests.swift",
        "Tests/ValueStatusTests.swift",
        "Tests/ViewModelTests.swift"
      ],
      "target_dependencies" : [
        "RedUx"
      ],
      "type" : "test"
    },
    {
      "c99name" : "RedUx",
      "module_type" : "SwiftTarget",
      "name" : "RedUx",
      "path" : "RedUx",
      "product_dependencies" : [
        "Asynchrone"
      ],
      "product_memberships" : [
        "RedUx"
      ],
      "sources" : [
        "Source/Effect.swift",
        "Source/EffectManager.swift",
        "Source/RedUxable.swift",
        "Source/Reducer.swift",
        "Source/Status/ActionStatus.swift",
        "Source/Status/ValueStatus.swift",
        "Source/Store.swift",
        "Source/SwiftUI/Extensions/View+Extension.swift",
        "Source/SwiftUI/UnwrapStore.swift",
        "Source/ViewModel.swift"
      ],
      "type" : "library"
    }
  ],
  "tools_version" : "5.3"
}
{
  "project" : {
    "configurations" : [
      "Debug",
      "Release"
    ],
    "name" : "RedUx",
    "schemes" : [
      "Example",
      "RedUx"
    ],
    "targets" : [
      "RedUx",
      "RedUxTests",
      "Example",
      "ExampleTests"
    ]
  }
}
{
  "workspace" : {
    "name" : "RedUx",
    "schemes" : [
      "RedUx"
    ]
  }
}
2026-09-18 10:20:52.289 xcodebuild[691:4397] [MT] IDERunDestination: Supported platforms for the buildables in the current scheme is empty.
Running build ...
env DEVELOPER_DIR=/Applications/Xcode-27.0.0-Release.Candidate.app xcrun xcodebuild -IDEClonedSourcePackagesDirPathOverride=$PWD/.dependencies -skipMacroValidation -skipPackagePluginValidation -derivedDataPath $PWD/.derivedData build -scheme RedUx -destination generic/platform=xrOS
Command line invocation:
    /Applications/Xcode-27.0.0-Release.Candidate.app/Contents/Developer/usr/bin/xcodebuild -IDEClonedSourcePackagesDirPathOverride=/Users/admin/builder/spi-builder-workspace/.dependencies -skipMacroValidation -skipPackagePluginValidation -derivedDataPath /Users/admin/builder/spi-builder-workspace/.derivedData build -scheme RedUx -destination generic/platform=xrOS
Resolve Package Graph
Resolve Package Graph
Resolved source packages:
  RedUx: /Users/admin/builder/spi-builder-workspace
  Asynchrone: https://github.com/reddavis/Asynchrone @ 0.22.0
ComputePackagePrebuildTargetDependencyGraph
Prepare packages
CreateBuildRequest
SendProjectDescription
CreateBuildOperation
ComputeTargetDependencyGraph
note: Building targets in dependency order
note: Target dependency graph (4 targets)
    Target 'RedUx-product' in project 'RedUx'
        ➜ Explicit dependency on target 'RedUx' in project 'RedUx'
        ➜ Explicit dependency on target 'Asynchrone-product' in project 'Asynchrone'
    Target 'RedUx' in project 'RedUx'
        ➜ Explicit dependency on target 'Asynchrone-product' in project 'Asynchrone'
    Target 'Asynchrone-product' in project 'Asynchrone'
        ➜ Explicit dependency on target 'Asynchrone' in project 'Asynchrone'
    Target 'Asynchrone' in project 'Asynchrone' (no dependencies)
GatherProvisioningInputs
CreateBuildDescription
ExecuteExternalTool /Applications/Xcode-27.0.0-Release.Candidate.app/Contents/Developer/Toolchains/XcodeDefault.xctoolchain/usr/bin/clang -v -E -dM -isysroot /Applications/Xcode-27.0.0-Release.Candidate.app/Contents/Developer/Platforms/XROS.platform/Developer/SDKs/XROS27.0.sdk -x c -c /dev/null
ExecuteExternalTool /Applications/Xcode-27.0.0-Release.Candidate.app/Contents/Developer/Toolchains/XcodeDefault.xctoolchain/usr/bin/swiftc --version
ExecuteExternalTool /Applications/Xcode-27.0.0-Release.Candidate.app/Contents/Developer/Toolchains/XcodeDefault.xctoolchain/usr/bin/ld -version_details
ReadFileContents /Applications/Xcode-27.0.0-Release.Candidate.app/Contents/Developer/Toolchains/XcodeDefault.xctoolchain/usr/share/docc/features.json
Build description signature: c8144d568ad9333932dbd432f006a4d4
Build description path: /Users/admin/builder/spi-builder-workspace/.derivedData/Build/Intermediates.noindex/XCBuildData/c8144d568ad9333932dbd432f006a4d4.xcbuilddata
CreateBuildDirectory /Users/admin/builder/spi-builder-workspace/.derivedData/ModuleCache.noindex
    cd /Users/admin/builder/spi-builder-workspace/.swiftpm/xcode
    builtin-create-build-directory /Users/admin/builder/spi-builder-workspace/.derivedData/ModuleCache.noindex
CreateBuildDirectory /Users/admin/builder/spi-builder-workspace/.derivedData/CompilationCache.noindex
    cd /Users/admin/builder/spi-builder-workspace/.swiftpm/xcode
    builtin-create-build-directory /Users/admin/builder/spi-builder-workspace/.derivedData/CompilationCache.noindex
CreateBuildDirectory /Users/admin/builder/spi-builder-workspace/.derivedData/SDKExplicitPrecompiledModules
    cd /Users/admin/builder/spi-builder-workspace/.swiftpm/xcode
    builtin-create-build-directory /Users/admin/builder/spi-builder-workspace/.derivedData/SDKExplicitPrecompiledModules
CreateBuildDirectory /Users/admin/builder/spi-builder-workspace/.derivedData/Build/Products
    cd /Users/admin/builder/spi-builder-workspace/.swiftpm/xcode
    builtin-create-build-directory /Users/admin/builder/spi-builder-workspace/.derivedData/Build/Products
ClangStatCache /Applications/Xcode-27.0.0-Release.Candidate.app/Contents/Developer/Toolchains/XcodeDefault.xctoolchain/usr/bin/clang-stat-cache /Applications/Xcode-27.0.0-Release.Candidate.app/Contents/Developer/Platforms/XROS.platform/Developer/SDKs/XROS27.0.sdk /Users/admin/builder/spi-builder-workspace/.derivedData/SDKStatCaches.noindex/xros27.0-24M361-e829b21a6f8c9b70876ba0858053c044735bd543db762f57723cac368afd1ce4.sdkstatcache
    cd /Users/admin/builder/spi-builder-workspace/.swiftpm/xcode
    /Applications/Xcode-27.0.0-Release.Candidate.app/Contents/Developer/Toolchains/XcodeDefault.xctoolchain/usr/bin/clang-stat-cache /Applications/Xcode-27.0.0-Release.Candidate.app/Contents/Developer/Platforms/XROS.platform/Developer/SDKs/XROS27.0.sdk -o /Users/admin/builder/spi-builder-workspace/.derivedData/SDKStatCaches.noindex/xros27.0-24M361-e829b21a6f8c9b70876ba0858053c044735bd543db762f57723cac368afd1ce4.sdkstatcache
CreateBuildDirectory /Users/admin/builder/spi-builder-workspace/.derivedData/Build/Intermediates.noindex
    cd /Users/admin/builder/spi-builder-workspace/.swiftpm/xcode
    builtin-create-build-directory /Users/admin/builder/spi-builder-workspace/.derivedData/Build/Intermediates.noindex
CreateBuildDirectory /Users/admin/builder/spi-builder-workspace/.derivedData/Build/Intermediates.noindex/PrecompiledHeaders
    cd /Users/admin/builder/spi-builder-workspace/.swiftpm/xcode
    builtin-create-build-directory /Users/admin/builder/spi-builder-workspace/.derivedData/Build/Intermediates.noindex/PrecompiledHeaders
CreateBuildDirectory /Users/admin/builder/spi-builder-workspace/.derivedData/Build/Intermediates.noindex/SwiftExplicitPrecompiledModules
    cd /Users/admin/builder/spi-builder-workspace/.swiftpm/xcode
    builtin-create-build-directory /Users/admin/builder/spi-builder-workspace/.derivedData/Build/Intermediates.noindex/SwiftExplicitPrecompiledModules
CreateBuildDirectory /Users/admin/builder/spi-builder-workspace/.derivedData/Build/Intermediates.noindex/ExplicitPrecompiledModules
    cd /Users/admin/builder/spi-builder-workspace/.swiftpm/xcode
    builtin-create-build-directory /Users/admin/builder/spi-builder-workspace/.derivedData/Build/Intermediates.noindex/ExplicitPrecompiledModules
CreateBuildDirectory /Users/admin/builder/spi-builder-workspace/.derivedData/Build/Products/Debug-xros
    cd /Users/admin/builder/spi-builder-workspace/.swiftpm/xcode
    builtin-create-build-directory /Users/admin/builder/spi-builder-workspace/.derivedData/Build/Products/Debug-xros
CreateBuildDirectory /Users/admin/builder/spi-builder-workspace/.derivedData/Build/Intermediates.noindex/EagerLinkingTBDs/Debug-xros
    cd /Users/admin/builder/spi-builder-workspace/.swiftpm/xcode
    builtin-create-build-directory /Users/admin/builder/spi-builder-workspace/.derivedData/Build/Intermediates.noindex/EagerLinkingTBDs/Debug-xros
CreateBuildDirectory /Users/admin/builder/spi-builder-workspace/.derivedData/Build/Products/Debug-xros/PackageFrameworks
    cd /Users/admin/builder/spi-builder-workspace/.swiftpm/xcode
    builtin-create-build-directory /Users/admin/builder/spi-builder-workspace/.derivedData/Build/Products/Debug-xros/PackageFrameworks
WriteAuxiliaryFile /Users/admin/builder/spi-builder-workspace/.derivedData/Build/Intermediates.noindex/RedUx.build/Debug-xros/RedUx-t.build/RedUx.DependencyStaticMetadataFileList (in target 'RedUx' from project 'RedUx')
    cd /Users/admin/builder/spi-builder-workspace
    write-file /Users/admin/builder/spi-builder-workspace/.derivedData/Build/Intermediates.noindex/RedUx.build/Debug-xros/RedUx-t.build/RedUx.DependencyStaticMetadataFileList
WriteAuxiliaryFile /Users/admin/builder/spi-builder-workspace/.derivedData/Build/Intermediates.noindex/RedUx.build/Debug-xros/RedUx-t.build/RedUx.DependencyMetadataFileList (in target 'RedUx' from project 'RedUx')
    cd /Users/admin/builder/spi-builder-workspace
    write-file /Users/admin/builder/spi-builder-workspace/.derivedData/Build/Intermediates.noindex/RedUx.build/Debug-xros/RedUx-t.build/RedUx.DependencyMetadataFileList
WriteAuxiliaryFile /Users/admin/builder/spi-builder-workspace/.derivedData/Build/Intermediates.noindex/RedUx.build/Debug-xros/RedUx-t.build/RedUx.modulemap (in target 'RedUx' from project 'RedUx')
    cd /Users/admin/builder/spi-builder-workspace
    write-file /Users/admin/builder/spi-builder-workspace/.derivedData/Build/Intermediates.noindex/RedUx.build/Debug-xros/RedUx-t.build/RedUx.modulemap
WriteAuxiliaryFile /Users/admin/builder/spi-builder-workspace/.derivedData/Build/Intermediates.noindex/RedUx.build/Debug-xros/RedUx-t.build/Objects-normal/arm64/RedUx_const_extract_protocols.json (in target 'RedUx' from project 'RedUx')
    cd /Users/admin/builder/spi-builder-workspace
    write-file /Users/admin/builder/spi-builder-workspace/.derivedData/Build/Intermediates.noindex/RedUx.build/Debug-xros/RedUx-t.build/Objects-normal/arm64/RedUx_const_extract_protocols.json
WriteAuxiliaryFile /Users/admin/builder/spi-builder-workspace/.derivedData/Build/Intermediates.noindex/RedUx.build/Debug-xros/RedUx-t.build/Objects-normal/arm64/RedUx.SwiftConstValuesFileList (in target 'RedUx' from project 'RedUx')
    cd /Users/admin/builder/spi-builder-workspace
    write-file /Users/admin/builder/spi-builder-workspace/.derivedData/Build/Intermediates.noindex/RedUx.build/Debug-xros/RedUx-t.build/Objects-normal/arm64/RedUx.SwiftConstValuesFileList
WriteAuxiliaryFile /Users/admin/builder/spi-builder-workspace/.derivedData/Build/Intermediates.noindex/RedUx.build/Debug-xros/RedUx-t.build/Objects-normal/arm64/RedUx.LinkFileList (in target 'RedUx' from project 'RedUx')
    cd /Users/admin/builder/spi-builder-workspace
    write-file /Users/admin/builder/spi-builder-workspace/.derivedData/Build/Intermediates.noindex/RedUx.build/Debug-xros/RedUx-t.build/Objects-normal/arm64/RedUx.LinkFileList
WriteAuxiliaryFile /Users/admin/builder/spi-builder-workspace/.derivedData/Build/Intermediates.noindex/RedUx.build/Debug-xros/RedUx-t.build/Objects-normal/arm64/RedUx.SwiftFileList (in target 'RedUx' from project 'RedUx')
    cd /Users/admin/builder/spi-builder-workspace
    write-file /Users/admin/builder/spi-builder-workspace/.derivedData/Build/Intermediates.noindex/RedUx.build/Debug-xros/RedUx-t.build/Objects-normal/arm64/RedUx.SwiftFileList
WriteAuxiliaryFile /Users/admin/builder/spi-builder-workspace/.derivedData/Build/Intermediates.noindex/RedUx.build/Debug-xros/RedUx-t.build/Objects-normal/arm64/RedUx-OutputFileMap.json (in target 'RedUx' from project 'RedUx')
    cd /Users/admin/builder/spi-builder-workspace
    write-file /Users/admin/builder/spi-builder-workspace/.derivedData/Build/Intermediates.noindex/RedUx.build/Debug-xros/RedUx-t.build/Objects-normal/arm64/RedUx-OutputFileMap.json
WriteAuxiliaryFile /Users/admin/builder/spi-builder-workspace/.derivedData/Build/Intermediates.noindex/Asynchrone.build/Debug-xros/Asynchrone-t.build/Objects-normal/arm64/Asynchrone_const_extract_protocols.json (in target 'Asynchrone' from project 'Asynchrone')
    cd /Users/admin/builder/spi-builder-workspace/.dependencies/checkouts/Asynchrone
    write-file /Users/admin/builder/spi-builder-workspace/.derivedData/Build/Intermediates.noindex/Asynchrone.build/Debug-xros/Asynchrone-t.build/Objects-normal/arm64/Asynchrone_const_extract_protocols.json
WriteAuxiliaryFile /Users/admin/builder/spi-builder-workspace/.derivedData/Build/Intermediates.noindex/Asynchrone.build/Debug-xros/Asynchrone-t.build/Objects-normal/arm64/Asynchrone.SwiftFileList (in target 'Asynchrone' from project 'Asynchrone')
    cd /Users/admin/builder/spi-builder-workspace/.dependencies/checkouts/Asynchrone
    write-file /Users/admin/builder/spi-builder-workspace/.derivedData/Build/Intermediates.noindex/Asynchrone.build/Debug-xros/Asynchrone-t.build/Objects-normal/arm64/Asynchrone.SwiftFileList
WriteAuxiliaryFile /Users/admin/builder/spi-builder-workspace/.derivedData/Build/Intermediates.noindex/Asynchrone.build/Debug-xros/Asynchrone-t.build/Objects-normal/arm64/Asynchrone.SwiftConstValuesFileList (in target 'Asynchrone' from project 'Asynchrone')
    cd /Users/admin/builder/spi-builder-workspace/.dependencies/checkouts/Asynchrone
    write-file /Users/admin/builder/spi-builder-workspace/.derivedData/Build/Intermediates.noindex/Asynchrone.build/Debug-xros/Asynchrone-t.build/Objects-normal/arm64/Asynchrone.SwiftConstValuesFileList
WriteAuxiliaryFile /Users/admin/builder/spi-builder-workspace/.derivedData/Build/Intermediates.noindex/Asynchrone.build/Debug-xros/Asynchrone-t.build/Objects-normal/arm64/Asynchrone.LinkFileList (in target 'Asynchrone' from project 'Asynchrone')
    cd /Users/admin/builder/spi-builder-workspace/.dependencies/checkouts/Asynchrone
    write-file /Users/admin/builder/spi-builder-workspace/.derivedData/Build/Intermediates.noindex/Asynchrone.build/Debug-xros/Asynchrone-t.build/Objects-normal/arm64/Asynchrone.LinkFileList
Copy /Users/admin/builder/spi-builder-workspace/.derivedData/Build/Intermediates.noindex/GeneratedModuleMaps-xros/RedUx.modulemap /Users/admin/builder/spi-builder-workspace/.derivedData/Build/Intermediates.noindex/RedUx.build/Debug-xros/RedUx-t.build/RedUx.modulemap (in target 'RedUx' from project 'RedUx')
    cd /Users/admin/builder/spi-builder-workspace
    builtin-copy -exclude .DS_Store -exclude CVS -exclude .svn -exclude .git -exclude .hg -resolve-src-symlinks /Users/admin/builder/spi-builder-workspace/.derivedData/Build/Intermediates.noindex/RedUx.build/Debug-xros/RedUx-t.build/RedUx.modulemap /Users/admin/builder/spi-builder-workspace/.derivedData/Build/Intermediates.noindex/GeneratedModuleMaps-xros
WriteAuxiliaryFile /Users/admin/builder/spi-builder-workspace/.derivedData/Build/Intermediates.noindex/Asynchrone.build/Debug-xros/Asynchrone-t.build/Objects-normal/arm64/Asynchrone-OutputFileMap.json (in target 'Asynchrone' from project 'Asynchrone')
    cd /Users/admin/builder/spi-builder-workspace/.dependencies/checkouts/Asynchrone
    write-file /Users/admin/builder/spi-builder-workspace/.derivedData/Build/Intermediates.noindex/Asynchrone.build/Debug-xros/Asynchrone-t.build/Objects-normal/arm64/Asynchrone-OutputFileMap.json
WriteAuxiliaryFile /Users/admin/builder/spi-builder-workspace/.derivedData/Build/Intermediates.noindex/Asynchrone.build/Debug-xros/Asynchrone-t.build/Asynchrone.modulemap (in target 'Asynchrone' from project 'Asynchrone')
    cd /Users/admin/builder/spi-builder-workspace/.dependencies/checkouts/Asynchrone
    write-file /Users/admin/builder/spi-builder-workspace/.derivedData/Build/Intermediates.noindex/Asynchrone.build/Debug-xros/Asynchrone-t.build/Asynchrone.modulemap
WriteAuxiliaryFile /Users/admin/builder/spi-builder-workspace/.derivedData/Build/Intermediates.noindex/Asynchrone.build/Debug-xros/Asynchrone-t.build/Asynchrone.DependencyStaticMetadataFileList (in target 'Asynchrone' from project 'Asynchrone')
    cd /Users/admin/builder/spi-builder-workspace/.dependencies/checkouts/Asynchrone
    write-file /Users/admin/builder/spi-builder-workspace/.derivedData/Build/Intermediates.noindex/Asynchrone.build/Debug-xros/Asynchrone-t.build/Asynchrone.DependencyStaticMetadataFileList
WriteAuxiliaryFile /Users/admin/builder/spi-builder-workspace/.derivedData/Build/Intermediates.noindex/Asynchrone.build/Debug-xros/Asynchrone-t.build/Asynchrone.DependencyMetadataFileList (in target 'Asynchrone' from project 'Asynchrone')
    cd /Users/admin/builder/spi-builder-workspace/.dependencies/checkouts/Asynchrone
    write-file /Users/admin/builder/spi-builder-workspace/.derivedData/Build/Intermediates.noindex/Asynchrone.build/Debug-xros/Asynchrone-t.build/Asynchrone.DependencyMetadataFileList
Copy /Users/admin/builder/spi-builder-workspace/.derivedData/Build/Intermediates.noindex/GeneratedModuleMaps-xros/Asynchrone.modulemap /Users/admin/builder/spi-builder-workspace/.derivedData/Build/Intermediates.noindex/Asynchrone.build/Debug-xros/Asynchrone-t.build/Asynchrone.modulemap (in target 'Asynchrone' from project 'Asynchrone')
    cd /Users/admin/builder/spi-builder-workspace/.dependencies/checkouts/Asynchrone
    builtin-copy -exclude .DS_Store -exclude CVS -exclude .svn -exclude .git -exclude .hg -resolve-src-symlinks /Users/admin/builder/spi-builder-workspace/.derivedData/Build/Intermediates.noindex/Asynchrone.build/Debug-xros/Asynchrone-t.build/Asynchrone.modulemap /Users/admin/builder/spi-builder-workspace/.derivedData/Build/Intermediates.noindex/GeneratedModuleMaps-xros
SwiftDriver Asynchrone normal arm64 com.apple.xcode.tools.swift.compiler (in target 'Asynchrone' from project 'Asynchrone')
    cd /Users/admin/builder/spi-builder-workspace/.swiftpm/xcode
    builtin-SwiftDriver -- /Applications/Xcode-27.0.0-Release.Candidate.app/Contents/Developer/Toolchains/XcodeDefault.xctoolchain/usr/bin/swiftc -parse-as-library -module-name Asynchrone -Onone @/Users/admin/builder/spi-builder-workspace/.derivedData/Build/Intermediates.noindex/Asynchrone.build/Debug-xros/Asynchrone-t.build/Objects-normal/arm64/Asynchrone.SwiftFileList -DSWIFT_PACKAGE -DDEBUG -DSWIFT_MODULE_RESOURCE_BUNDLE_UNAVAILABLE -DXcode -plugin-path /Applications/Xcode-27.0.0-Release.Candidate.app/Contents/Developer/Toolchains/XcodeDefault.xctoolchain/usr/lib/swift/host/plugins/testing -enable-experimental-feature DebugDescriptionMacro -sdk /Applications/Xcode-27.0.0-Release.Candidate.app/Contents/Developer/Platforms/XROS.platform/Developer/SDKs/XROS27.0.sdk -target arm64-apple-xros1.0 -g -module-cache-path /Users/admin/builder/spi-builder-workspace/.derivedData/ModuleCache.noindex -Xfrontend -serialize-debugging-options -profile-coverage-mapping -profile-generate -enable-testing -suppress-warnings -index-store-path /Users/admin/builder/spi-builder-workspace/.derivedData/Index.noindex/DataStore -Xcc -D_LIBCPP_HARDENING_MODE\=_LIBCPP_HARDENING_MODE_DEBUG -swift-version 5 -I /Users/admin/builder/spi-builder-workspace/.derivedData/Build/Products/Debug-xros -Isystem /Applications/Xcode-27.0.0-Release.Candidate.app/Contents/Developer/Platforms/XROS.platform/Developer/usr/lib -F /Users/admin/builder/spi-builder-workspace/.derivedData/Build/Products/Debug-xros -F /Applications/Xcode-27.0.0-Release.Candidate.app/Contents/Developer/Platforms/XROS.platform/Developer/Library/Frameworks -F /Applications/Xcode-27.0.0-Release.Candidate.app/Contents/Developer/Platforms/XROS.platform/Developer/SDKs/XROS27.0.sdk/Developer/Library/Frameworks -c -j10 -enable-batch-mode -incremental -Xcc -ivfsstatcache -Xcc /Users/admin/builder/spi-builder-workspace/.derivedData/SDKStatCaches.noindex/xros27.0-24M361-e829b21a6f8c9b70876ba0858053c044735bd543db762f57723cac368afd1ce4.sdkstatcache -output-file-map /Users/admin/builder/spi-builder-workspace/.derivedData/Build/Intermediates.noindex/Asynchrone.build/Debug-xros/Asynchrone-t.build/Objects-normal/arm64/Asynchrone-OutputFileMap.json -save-temps -no-color-diagnostics -explicit-module-build -module-cache-path /Users/admin/builder/spi-builder-workspace/.derivedData/Build/Intermediates.noindex/SwiftExplicitPrecompiledModules -clang-scanner-module-cache-path /Users/admin/builder/spi-builder-workspace/.derivedData/ModuleCache.noindex -sdk-module-cache-path /Users/admin/builder/spi-builder-workspace/.derivedData/SDKExplicitPrecompiledModules -emit-dependencies -emit-module -emit-module-path /Users/admin/builder/spi-builder-workspace/.derivedData/Build/Intermediates.noindex/Asynchrone.build/Debug-xros/Asynchrone-t.build/Objects-normal/arm64/Asynchrone.swiftmodule -serialize-diagnostics -dependency-scan-serialize-diagnostics-path /Users/admin/builder/spi-builder-workspace/.derivedData/Build/Intermediates.noindex/Asynchrone.build/Debug-xros/Asynchrone-t.build/Objects-normal/arm64/Asynchrone-dependency-scan.dia -validate-clang-modules-once -clang-build-session-file /Users/admin/builder/spi-builder-workspace/.derivedData/ModuleCache.noindex/Session.modulevalidation -Xcc -fmodules-prune-interval\=86400 -Xcc -fmodules-prune-after\=345600 -emit-const-values -const-gather-protocols-list /Users/admin/builder/spi-builder-workspace/.derivedData/Build/Intermediates.noindex/Asynchrone.build/Debug-xros/Asynchrone-t.build/Objects-normal/arm64/Asynchrone_const_extract_protocols.json -Xcc -I/Users/admin/builder/spi-builder-workspace/.derivedData/Build/Products/Debug-xros/include -Xcc -I/Users/admin/builder/spi-builder-workspace/.derivedData/Build/Intermediates.noindex/Asynchrone.build/Debug-xros/Asynchrone-t.build/DerivedSources-normal/arm64 -Xcc -I/Users/admin/builder/spi-builder-workspace/.derivedData/Build/Intermediates.noindex/Asynchrone.build/Debug-xros/Asynchrone-t.build/DerivedSources/arm64 -Xcc -I/Users/admin/builder/spi-builder-workspace/.derivedData/Build/Intermediates.noindex/Asynchrone.build/Debug-xros/Asynchrone-t.build/DerivedSources -Xcc -DSWIFT_PACKAGE -Xcc -DDEBUG\=1 -emit-objc-header -emit-objc-header-path /Users/admin/builder/spi-builder-workspace/.derivedData/Build/Intermediates.noindex/Asynchrone.build/Debug-xros/Asynchrone-t.build/Objects-normal/arm64/Asynchrone-Swift.h -working-directory /Users/admin/builder/spi-builder-workspace/.swiftpm/xcode -experimental-emit-module-separately -disable-cmo
SwiftExplicitDependencyGeneratePcm arm64 /Users/admin/builder/spi-builder-workspace/.derivedData/SDKExplicitPrecompiledModules/_Builtin_stdarg-CDA349K2K4US766844K8E0PVA.pcm
SwiftExplicitDependencyGeneratePcm arm64 /Users/admin/builder/spi-builder-workspace/.derivedData/SDKExplicitPrecompiledModules/_Builtin_float-6WKHNW5S40U2QGHXXGETUDIRA.pcm
SwiftExplicitDependencyGeneratePcm arm64 /Users/admin/builder/spi-builder-workspace/.derivedData/SDKExplicitPrecompiledModules/_Builtin_stdbool-5BU2ADS7JXQMYENKQHW9X8XOU.pcm
SwiftExplicitDependencyGeneratePcm arm64 /Users/admin/builder/spi-builder-workspace/.derivedData/SDKExplicitPrecompiledModules/_AvailabilityInternal-1Q8IQP6M38UWSGZ95UCEY2M44.pcm
SwiftExplicitDependencyGeneratePcm arm64 /Users/admin/builder/spi-builder-workspace/.derivedData/SDKExplicitPrecompiledModules/_Builtin_stddef-5NQ9Z1GV07GBSRQGAQCGXGVRI.pcm
SwiftExplicitDependencyGeneratePcm arm64 /Users/admin/builder/spi-builder-workspace/.derivedData/SDKExplicitPrecompiledModules/_SwiftConcurrencyShims-C8XHKSHX96D5YYALNM4W70Z0O.pcm
SwiftExplicitDependencyGeneratePcm arm64 /Users/admin/builder/spi-builder-workspace/.derivedData/SDKExplicitPrecompiledModules/ptrauth-1WBA714DZSVUL5JQDJ08CLKZ.pcm
SwiftExplicitDependencyGeneratePcm arm64 /Users/admin/builder/spi-builder-workspace/.derivedData/SDKExplicitPrecompiledModules/ptrcheck-BXA97MNLI4BB0HF5I8MJE403D.pcm
SwiftExplicitDependencyGeneratePcm arm64 /Users/admin/builder/spi-builder-workspace/.derivedData/SDKExplicitPrecompiledModules/SwiftShims-CI4H5RO9IYFFWQ2COB512Q2S9.pcm
SwiftExplicitDependencyGeneratePcm arm64 /Users/admin/builder/spi-builder-workspace/.derivedData/SDKExplicitPrecompiledModules/_DarwinFoundation1-5RGRVV2TZ6WC4WZW5IXF8NQ04.pcm
SwiftExplicitDependencyGeneratePcm arm64 /Users/admin/builder/spi-builder-workspace/.derivedData/SDKExplicitPrecompiledModules/_Builtin_limits-425JDMN5HPM3D0UEI8LEHP6NM.pcm
SwiftExplicitDependencyGeneratePcm arm64 /Users/admin/builder/spi-builder-workspace/.derivedData/SDKExplicitPrecompiledModules/_DarwinFoundation2-ENTECK156YEWITZRRBTOCE4KR.pcm
SwiftExplicitDependencyGeneratePcm arm64 /Users/admin/builder/spi-builder-workspace/.derivedData/SDKExplicitPrecompiledModules/sys_types-AYM0BHR77VKMWZCO2T0XGV2HF.pcm
SwiftExplicitDependencyGeneratePcm arm64 /Users/admin/builder/spi-builder-workspace/.derivedData/SDKExplicitPrecompiledModules/_Builtin_stdint-8OR6T47OOYJA90ZBO3N1USDE.pcm
SwiftExplicitDependencyGeneratePcm arm64 /Users/admin/builder/spi-builder-workspace/.derivedData/SDKExplicitPrecompiledModules/string_h-2GT67HHHHK5CF1V1S31LH0PU2.pcm
SwiftExplicitDependencyGeneratePcm arm64 /Users/admin/builder/spi-builder-workspace/.derivedData/SDKExplicitPrecompiledModules/_DarwinFoundation3-9ZHN6JKBS40BBA81RQMV8H0IC.pcm
SwiftExplicitDependencyGeneratePcm arm64 /Users/admin/builder/spi-builder-workspace/.derivedData/SDKExplicitPrecompiledModules/_Builtin_inttypes-11B64KJD36B3YOHBR1BBXBJY8.pcm
SwiftExplicitDependencyGeneratePcm arm64 /Users/admin/builder/spi-builder-workspace/.derivedData/SDKExplicitPrecompiledModules/Darwin-60P5LVNQO3ESRRM5DCJ05PFNK.pcm
SwiftExplicitDependencyGeneratePcm arm64 /Users/admin/builder/spi-builder-workspace/.derivedData/SDKExplicitPrecompiledModules/ObjectiveC-26TIBFYCEJZVP216ZZAU1X8KN.pcm
SwiftExplicitDependencyGeneratePcm arm64 /Users/admin/builder/spi-builder-workspace/.derivedData/SDKExplicitPrecompiledModules/os_object-692CJ8BG6RE5H04487EJJOVXW.pcm
SwiftExplicitDependencyGeneratePcm arm64 /Users/admin/builder/spi-builder-workspace/.derivedData/SDKExplicitPrecompiledModules/os_workgroup-4U1VXMWIZD80E7PRUQF2G7P9X.pcm
SwiftExplicitDependencyGeneratePcm arm64 /Users/admin/builder/spi-builder-workspace/.derivedData/SDKExplicitPrecompiledModules/Dispatch-CLT3466HKC22GCKAWSCNG0H7T.pcm
SwiftExplicitDependencyGeneratePcm arm64 /Users/admin/builder/spi-builder-workspace/.derivedData/SDKExplicitPrecompiledModules/XPC-EP5EU7FNGP4VOA3EDM18P1KHO.pcm
SwiftExplicitDependencyGeneratePcm arm64 /Users/admin/builder/spi-builder-workspace/.derivedData/SDKExplicitPrecompiledModules/CoreFoundation-AVLTZVCXBU2TO75JCN4AGU8XJ.pcm
SwiftExplicitDependencyGeneratePcm arm64 /Users/admin/builder/spi-builder-workspace/.derivedData/SDKExplicitPrecompiledModules/CFNetwork-5MI70N1VLDQSWTX4COWLMSIRO.pcm
SwiftExplicitDependencyGeneratePcm arm64 /Users/admin/builder/spi-builder-workspace/.derivedData/SDKExplicitPrecompiledModules/Security-8TH2M8WJIQMET4SADWX0N8372.pcm
SwiftExplicitDependencyGeneratePcm arm64 /Users/admin/builder/spi-builder-workspace/.derivedData/SDKExplicitPrecompiledModules/Foundation-8GON1KVEKRN3NOQI8RETBRWJP.pcm
SwiftEmitModule normal arm64 Emitting\ module\ for\ Asynchrone (in target 'Asynchrone' from project 'Asynchrone')
SwiftCompile normal arm64 (in target 'Asynchrone' from project 'Asynchrone')
    cd /Users/admin/builder/spi-builder-workspace/.swiftpm/xcode

SwiftCompile normal arm64 Compiling\ RemoveDuplicatesAsyncSequence.swift,\ ReplaceErrorAsyncSequence.swift,\ SequenceAsyncSequence.swift /Users/admin/builder/spi-builder-workspace/.dependencies/checkouts/Asynchrone/Sources/Asynchrone/Sequences/RemoveDuplicatesAsyncSequence.swift /Users/admin/builder/spi-builder-workspace/.dependencies/checkouts/Asynchrone/Sources/Asynchrone/Sequences/ReplaceErrorAsyncSequence.swift /Users/admin/builder/spi-builder-workspace/.dependencies/checkouts/Asynchrone/Sources/Asynchrone/Sequences/SequenceAsyncSequence.swift (in target 'Asynchrone' from project 'Asynchrone')
SwiftCompile normal arm64 /Users/admin/builder/spi-builder-workspace/.dependencies/checkouts/Asynchrone/Sources/Asynchrone/Sequences/RemoveDuplicatesAsyncSequence.swift (in target 'Asynchrone' from project 'Asynchrone')
    cd /Users/admin/builder/spi-builder-workspace/.swiftpm/xcode
    builtin-SwiftPerFileCompile RemoveDuplicatesAsyncSequence.swift
SwiftCompile normal arm64 /Users/admin/builder/spi-builder-workspace/.dependencies/checkouts/Asynchrone/Sources/Asynchrone/Sequences/ReplaceErrorAsyncSequence.swift (in target 'Asynchrone' from project 'Asynchrone')
    cd /Users/admin/builder/spi-builder-workspace/.swiftpm/xcode
    builtin-SwiftPerFileCompile ReplaceErrorAsyncSequence.swift
SwiftCompile normal arm64 /Users/admin/builder/spi-builder-workspace/.dependencies/checkouts/Asynchrone/Sources/Asynchrone/Sequences/SequenceAsyncSequence.swift (in target 'Asynchrone' from project 'Asynchrone')
    cd /Users/admin/builder/spi-builder-workspace/.swiftpm/xcode
    builtin-SwiftPerFileCompile SequenceAsyncSequence.swift
SwiftCompile normal arm64 Compiling\ MergeAsyncSequence.swift,\ NotificationCenterAsyncSequence.swift,\ PassthroughAsyncSequence.swift /Users/admin/builder/spi-builder-workspace/.dependencies/checkouts/Asynchrone/Sources/Asynchrone/Sequences/MergeAsyncSequence.swift /Users/admin/builder/spi-builder-workspace/.dependencies/checkouts/Asynchrone/Sources/Asynchrone/Sequences/NotificationCenterAsyncSequence.swift /Users/admin/builder/spi-builder-workspace/.dependencies/checkouts/Asynchrone/Sources/Asynchrone/Sequences/PassthroughAsyncSequence.swift (in target 'Asynchrone' from project 'Asynchrone')
SwiftCompile normal arm64 /Users/admin/builder/spi-builder-workspace/.dependencies/checkouts/Asynchrone/Sources/Asynchrone/Sequences/MergeAsyncSequence.swift (in target 'Asynchrone' from project 'Asynchrone')
    cd /Users/admin/builder/spi-builder-workspace/.swiftpm/xcode
    builtin-SwiftPerFileCompile MergeAsyncSequence.swift
SwiftCompile normal arm64 /Users/admin/builder/spi-builder-workspace/.dependencies/checkouts/Asynchrone/Sources/Asynchrone/Sequences/NotificationCenterAsyncSequence.swift (in target 'Asynchrone' from project 'Asynchrone')
    cd /Users/admin/builder/spi-builder-workspace/.swiftpm/xcode
    builtin-SwiftPerFileCompile NotificationCenterAsyncSequence.swift
SwiftCompile normal arm64 /Users/admin/builder/spi-builder-workspace/.dependencies/checkouts/Asynchrone/Sources/Asynchrone/Sequences/PassthroughAsyncSequence.swift (in target 'Asynchrone' from project 'Asynchrone')
    cd /Users/admin/builder/spi-builder-workspace/.swiftpm/xcode
    builtin-SwiftPerFileCompile PassthroughAsyncSequence.swift
SwiftCompile normal arm64 Compiling\ TimerAsyncSequence.swift,\ Zip3AsyncSequence.swift,\ ZipAsyncSequence.swift /Users/admin/builder/spi-builder-workspace/.dependencies/checkouts/Asynchrone/Sources/Asynchrone/Sequences/TimerAsyncSequence.swift /Users/admin/builder/spi-builder-workspace/.dependencies/checkouts/Asynchrone/Sources/Asynchrone/Sequences/Zip3AsyncSequence.swift /Users/admin/builder/spi-builder-workspace/.dependencies/checkouts/Asynchrone/Sources/Asynchrone/Sequences/ZipAsyncSequence.swift (in target 'Asynchrone' from project 'Asynchrone')
SwiftCompile normal arm64 /Users/admin/builder/spi-builder-workspace/.dependencies/checkouts/Asynchrone/Sources/Asynchrone/Sequences/TimerAsyncSequence.swift (in target 'Asynchrone' from project 'Asynchrone')
    cd /Users/admin/builder/spi-builder-workspace/.swiftpm/xcode
    builtin-SwiftPerFileCompile TimerAsyncSequence.swift
SwiftCompile normal arm64 /Users/admin/builder/spi-builder-workspace/.dependencies/checkouts/Asynchrone/Sources/Asynchrone/Sequences/Zip3AsyncSequence.swift (in target 'Asynchrone' from project 'Asynchrone')
    cd /Users/admin/builder/spi-builder-workspace/.swiftpm/xcode
    builtin-SwiftPerFileCompile Zip3AsyncSequence.swift
SwiftCompile normal arm64 /Users/admin/builder/spi-builder-workspace/.dependencies/checkouts/Asynchrone/Sources/Asynchrone/Sequences/ZipAsyncSequence.swift (in target 'Asynchrone' from project 'Asynchrone')
    cd /Users/admin/builder/spi-builder-workspace/.swiftpm/xcode
    builtin-SwiftPerFileCompile ZipAsyncSequence.swift
SwiftCompile normal arm64 Compiling\ DebounceAsyncSequence.swift,\ DelayAsyncSequence.swift,\ Empty.swift /Users/admin/builder/spi-builder-workspace/.dependencies/checkouts/Asynchrone/Sources/Asynchrone/Sequences/DebounceAsyncSequence.swift /Users/admin/builder/spi-builder-workspace/.dependencies/checkouts/Asynchrone/Sources/Asynchrone/Sequences/DelayAsyncSequence.swift /Users/admin/builder/spi-builder-workspace/.dependencies/checkouts/Asynchrone/Sources/Asynchrone/Sequences/Empty.swift (in target 'Asynchrone' from project 'Asynchrone')
SwiftCompile normal arm64 /Users/admin/builder/spi-builder-workspace/.dependencies/checkouts/Asynchrone/Sources/Asynchrone/Sequences/DebounceAsyncSequence.swift (in target 'Asynchrone' from project 'Asynchrone')
    cd /Users/admin/builder/spi-builder-workspace/.swiftpm/xcode
    builtin-SwiftPerFileCompile DebounceAsyncSequence.swift
SwiftCompile normal arm64 /Users/admin/builder/spi-builder-workspace/.dependencies/checkouts/Asynchrone/Sources/Asynchrone/Sequences/DelayAsyncSequence.swift (in target 'Asynchrone' from project 'Asynchrone')
    cd /Users/admin/builder/spi-builder-workspace/.swiftpm/xcode
    builtin-SwiftPerFileCompile DelayAsyncSequence.swift
SwiftCompile normal arm64 /Users/admin/builder/spi-builder-workspace/.dependencies/checkouts/Asynchrone/Sources/Asynchrone/Sequences/Empty.swift (in target 'Asynchrone' from project 'Asynchrone')
    cd /Users/admin/builder/spi-builder-workspace/.swiftpm/xcode
    builtin-SwiftPerFileCompile Empty.swift
SwiftCompile normal arm64 Compiling\ SharedAsyncSequence.swift,\ ThrottleAsyncSequence.swift,\ ThrowingPassthroughAsyncSequence.swift /Users/admin/builder/spi-builder-workspace/.dependencies/checkouts/Asynchrone/Sources/Asynchrone/Sequences/SharedAsyncSequence.swift /Users/admin/builder/spi-builder-workspace/.dependencies/checkouts/Asynchrone/Sources/Asynchrone/Sequences/ThrottleAsyncSequence.swift /Users/admin/builder/spi-builder-workspace/.dependencies/checkouts/Asynchrone/Sources/Asynchrone/Sequences/ThrowingPassthroughAsyncSequence.swift (in target 'Asynchrone' from project 'Asynchrone')
SwiftCompile normal arm64 /Users/admin/builder/spi-builder-workspace/.dependencies/checkouts/Asynchrone/Sources/Asynchrone/Sequences/SharedAsyncSequence.swift (in target 'Asynchrone' from project 'Asynchrone')
    cd /Users/admin/builder/spi-builder-workspace/.swiftpm/xcode
    builtin-SwiftPerFileCompile SharedAsyncSequence.swift
SwiftCompile normal arm64 /Users/admin/builder/spi-builder-workspace/.dependencies/checkouts/Asynchrone/Sources/Asynchrone/Sequences/ThrottleAsyncSequence.swift (in target 'Asynchrone' from project 'Asynchrone')
    cd /Users/admin/builder/spi-builder-workspace/.swiftpm/xcode
    builtin-SwiftPerFileCompile ThrottleAsyncSequence.swift
SwiftCompile normal arm64 /Users/admin/builder/spi-builder-workspace/.dependencies/checkouts/Asynchrone/Sources/Asynchrone/Sequences/ThrowingPassthroughAsyncSequence.swift (in target 'Asynchrone' from project 'Asynchrone')
    cd /Users/admin/builder/spi-builder-workspace/.swiftpm/xcode
    builtin-SwiftPerFileCompile ThrowingPassthroughAsyncSequence.swift
SwiftCompile normal arm64 Compiling\ Fail.swift,\ Just.swift,\ Merge3AsyncSequence.swift /Users/admin/builder/spi-builder-workspace/.dependencies/checkouts/Asynchrone/Sources/Asynchrone/Sequences/Fail.swift /Users/admin/builder/spi-builder-workspace/.dependencies/checkouts/Asynchrone/Sources/Asynchrone/Sequences/Just.swift /Users/admin/builder/spi-builder-workspace/.dependencies/checkouts/Asynchrone/Sources/Asynchrone/Sequences/Merge3AsyncSequence.swift (in target 'Asynchrone' from project 'Asynchrone')
SwiftCompile normal arm64 /Users/admin/builder/spi-builder-workspace/.dependencies/checkouts/Asynchrone/Sources/Asynchrone/Sequences/Fail.swift (in target 'Asynchrone' from project 'Asynchrone')
    cd /Users/admin/builder/spi-builder-workspace/.swiftpm/xcode
    builtin-SwiftPerFileCompile Fail.swift
SwiftCompile normal arm64 /Users/admin/builder/spi-builder-workspace/.dependencies/checkouts/Asynchrone/Sources/Asynchrone/Sequences/Just.swift (in target 'Asynchrone' from project 'Asynchrone')
    cd /Users/admin/builder/spi-builder-workspace/.swiftpm/xcode
    builtin-SwiftPerFileCompile Just.swift
SwiftCompile normal arm64 /Users/admin/builder/spi-builder-workspace/.dependencies/checkouts/Asynchrone/Sources/Asynchrone/Sequences/Merge3AsyncSequence.swift (in target 'Asynchrone' from project 'Asynchrone')
    cd /Users/admin/builder/spi-builder-workspace/.swiftpm/xcode
    builtin-SwiftPerFileCompile Merge3AsyncSequence.swift
SwiftCompile normal arm64 Compiling\ CombineLatest3AsyncSequence.swift,\ CombineLatestAsyncSequence.swift,\ CurrentElementAsyncSequence.swift /Users/admin/builder/spi-builder-workspace/.dependencies/checkouts/Asynchrone/Sources/Asynchrone/Sequences/CombineLatest3AsyncSequence.swift /Users/admin/builder/spi-builder-workspace/.dependencies/checkouts/Asynchrone/Sources/Asynchrone/Sequences/CombineLatestAsyncSequence.swift /Users/admin/builder/spi-builder-workspace/.dependencies/checkouts/Asynchrone/Sources/Asynchrone/Sequences/CurrentElementAsyncSequence.swift (in target 'Asynchrone' from project 'Asynchrone')
SwiftCompile normal arm64 /Users/admin/builder/spi-builder-workspace/.dependencies/checkouts/Asynchrone/Sources/Asynchrone/Sequences/CombineLatest3AsyncSequence.swift (in target 'Asynchrone' from project 'Asynchrone')
    cd /Users/admin/builder/spi-builder-workspace/.swiftpm/xcode
    builtin-SwiftPerFileCompile CombineLatest3AsyncSequence.swift
SwiftCompile normal arm64 /Users/admin/builder/spi-builder-workspace/.dependencies/checkouts/Asynchrone/Sources/Asynchrone/Sequences/CombineLatestAsyncSequence.swift (in target 'Asynchrone' from project 'Asynchrone')
    cd /Users/admin/builder/spi-builder-workspace/.swiftpm/xcode
    builtin-SwiftPerFileCompile CombineLatestAsyncSequence.swift
SwiftCompile normal arm64 /Users/admin/builder/spi-builder-workspace/.dependencies/checkouts/Asynchrone/Sources/Asynchrone/Sequences/CurrentElementAsyncSequence.swift (in target 'Asynchrone' from project 'Asynchrone')
    cd /Users/admin/builder/spi-builder-workspace/.swiftpm/xcode
    builtin-SwiftPerFileCompile CurrentElementAsyncSequence.swift
SwiftCompile normal arm64 Compiling\ ErrorMechanism.swift,\ RethrowingAccessor.swift,\ AsyncSequence+Extension.swift,\ AsyncStream+Extension.swift /Users/admin/builder/spi-builder-workspace/.dependencies/checkouts/Asynchrone/Sources/Asynchrone/Common/ErrorMechanism.swift /Users/admin/builder/spi-builder-workspace/.dependencies/checkouts/Asynchrone/Sources/Asynchrone/Common/RethrowingAccessor.swift /Users/admin/builder/spi-builder-workspace/.dependencies/checkouts/Asynchrone/Sources/Asynchrone/Extensions/AsyncSequence+Extension.swift /Users/admin/builder/spi-builder-workspace/.dependencies/checkouts/Asynchrone/Sources/Asynchrone/Extensions/AsyncStream+Extension.swift (in target 'Asynchrone' from project 'Asynchrone')
SwiftCompile normal arm64 /Users/admin/builder/spi-builder-workspace/.dependencies/checkouts/Asynchrone/Sources/Asynchrone/Common/ErrorMechanism.swift (in target 'Asynchrone' from project 'Asynchrone')
    cd /Users/admin/builder/spi-builder-workspace/.swiftpm/xcode
    builtin-SwiftPerFileCompile ErrorMechanism.swift
SwiftCompile normal arm64 /Users/admin/builder/spi-builder-workspace/.dependencies/checkouts/Asynchrone/Sources/Asynchrone/Common/RethrowingAccessor.swift (in target 'Asynchrone' from project 'Asynchrone')
    cd /Users/admin/builder/spi-builder-workspace/.swiftpm/xcode
    builtin-SwiftPerFileCompile RethrowingAccessor.swift
SwiftCompile normal arm64 /Users/admin/builder/spi-builder-workspace/.dependencies/checkouts/Asynchrone/Sources/Asynchrone/Extensions/AsyncSequence+Extension.swift (in target 'Asynchrone' from project 'Asynchrone')
    cd /Users/admin/builder/spi-builder-workspace/.swiftpm/xcode
    builtin-SwiftPerFileCompile AsyncSequence+Extension.swift
SwiftCompile normal arm64 /Users/admin/builder/spi-builder-workspace/.dependencies/checkouts/Asynchrone/Sources/Asynchrone/Extensions/AsyncStream+Extension.swift (in target 'Asynchrone' from project 'Asynchrone')
    cd /Users/admin/builder/spi-builder-workspace/.swiftpm/xcode
    builtin-SwiftPerFileCompile AsyncStream+Extension.swift
SwiftCompile normal arm64 Compiling\ AnyThrowingAsyncSequenceable.swift,\ AsyncSequenceCompletion.swift,\ CatchErrorAsyncSequence.swift,\ ChainAsyncSequenceable.swift /Users/admin/builder/spi-builder-workspace/.dependencies/checkouts/Asynchrone/Sources/Asynchrone/Sequences/AnyThrowingAsyncSequenceable.swift /Users/admin/builder/spi-builder-workspace/.dependencies/checkouts/Asynchrone/Sources/Asynchrone/Sequences/AsyncSequenceCompletion.swift /Users/admin/builder/spi-builder-workspace/.dependencies/checkouts/Asynchrone/Sources/Asynchrone/Sequences/CatchErrorAsyncSequence.swift /Users/admin/builder/spi-builder-workspace/.dependencies/checkouts/Asynchrone/Sources/Asynchrone/Sequences/ChainAsyncSequenceable.swift (in target 'Asynchrone' from project 'Asynchrone')
SwiftCompile normal arm64 /Users/admin/builder/spi-builder-workspace/.dependencies/checkouts/Asynchrone/Sources/Asynchrone/Sequences/AnyThrowingAsyncSequenceable.swift (in target 'Asynchrone' from project 'Asynchrone')
    cd /Users/admin/builder/spi-builder-workspace/.swiftpm/xcode
    builtin-SwiftPerFileCompile AnyThrowingAsyncSequenceable.swift
SwiftCompile normal arm64 /Users/admin/builder/spi-builder-workspace/.dependencies/checkouts/Asynchrone/Sources/Asynchrone/Sequences/AsyncSequenceCompletion.swift (in target 'Asynchrone' from project 'Asynchrone')
    cd /Users/admin/builder/spi-builder-workspace/.swiftpm/xcode
    builtin-SwiftPerFileCompile AsyncSequenceCompletion.swift
SwiftCompile normal arm64 /Users/admin/builder/spi-builder-workspace/.dependencies/checkouts/Asynchrone/Sources/Asynchrone/Sequences/CatchErrorAsyncSequence.swift (in target 'Asynchrone' from project 'Asynchrone')
    cd /Users/admin/builder/spi-builder-workspace/.swiftpm/xcode
    builtin-SwiftPerFileCompile CatchErrorAsyncSequence.swift
SwiftCompile normal arm64 /Users/admin/builder/spi-builder-workspace/.dependencies/checkouts/Asynchrone/Sources/Asynchrone/Sequences/ChainAsyncSequenceable.swift (in target 'Asynchrone' from project 'Asynchrone')
    cd /Users/admin/builder/spi-builder-workspace/.swiftpm/xcode
    builtin-SwiftPerFileCompile ChainAsyncSequenceable.swift
SwiftCompile normal arm64 Compiling\ AsyncThrowingStream+Extension.swift,\ Task+Extension.swift,\ TimeInterval+Extension.swift,\ AnyAsyncSequenceable.swift /Users/admin/builder/spi-builder-workspace/.dependencies/checkouts/Asynchrone/Sources/Asynchrone/Extensions/AsyncThrowingStream+Extension.swift /Users/admin/builder/spi-builder-workspace/.dependencies/checkouts/Asynchrone/Sources/Asynchrone/Extensions/Task+Extension.swift /Users/admin/builder/spi-builder-workspace/.dependencies/checkouts/Asynchrone/Sources/Asynchrone/Extensions/TimeInterval+Extension.swift /Users/admin/builder/spi-builder-workspace/.dependencies/checkouts/Asynchrone/Sources/Asynchrone/Sequences/AnyAsyncSequenceable.swift (in target 'Asynchrone' from project 'Asynchrone')
SwiftCompile normal arm64 /Users/admin/builder/spi-builder-workspace/.dependencies/checkouts/Asynchrone/Sources/Asynchrone/Extensions/AsyncThrowingStream+Extension.swift (in target 'Asynchrone' from project 'Asynchrone')
    cd /Users/admin/builder/spi-builder-workspace/.swiftpm/xcode
    builtin-SwiftPerFileCompile AsyncThrowingStream+Extension.swift
SwiftCompile normal arm64 /Users/admin/builder/spi-builder-workspace/.dependencies/checkouts/Asynchrone/Sources/Asynchrone/Extensions/Task+Extension.swift (in target 'Asynchrone' from project 'Asynchrone')
    cd /Users/admin/builder/spi-builder-workspace/.swiftpm/xcode
    builtin-SwiftPerFileCompile Task+Extension.swift
SwiftCompile normal arm64 /Users/admin/builder/spi-builder-workspace/.dependencies/checkouts/Asynchrone/Sources/Asynchrone/Extensions/TimeInterval+Extension.swift (in target 'Asynchrone' from project 'Asynchrone')
    cd /Users/admin/builder/spi-builder-workspace/.swiftpm/xcode
    builtin-SwiftPerFileCompile TimeInterval+Extension.swift
SwiftCompile normal arm64 /Users/admin/builder/spi-builder-workspace/.dependencies/checkouts/Asynchrone/Sources/Asynchrone/Sequences/AnyAsyncSequenceable.swift (in target 'Asynchrone' from project 'Asynchrone')
    cd /Users/admin/builder/spi-builder-workspace/.swiftpm/xcode
    builtin-SwiftPerFileCompile AnyAsyncSequenceable.swift
SwiftDriverJobDiscovery normal arm64 Emitting module for Asynchrone (in target 'Asynchrone' from project 'Asynchrone')
SwiftDriver\ Compilation\ Requirements Asynchrone normal arm64 com.apple.xcode.tools.swift.compiler (in target 'Asynchrone' from project 'Asynchrone')
    cd /Users/admin/builder/spi-builder-workspace/.swiftpm/xcode
    builtin-Swift-Compilation-Requirements -- /Applications/Xcode-27.0.0-Release.Candidate.app/Contents/Developer/Toolchains/XcodeDefault.xctoolchain/usr/bin/swiftc -parse-as-library -module-name Asynchrone -Onone @/Users/admin/builder/spi-builder-workspace/.derivedData/Build/Intermediates.noindex/Asynchrone.build/Debug-xros/Asynchrone-t.build/Objects-normal/arm64/Asynchrone.SwiftFileList -DSWIFT_PACKAGE -DDEBUG -DSWIFT_MODULE_RESOURCE_BUNDLE_UNAVAILABLE -DXcode -plugin-path /Applications/Xcode-27.0.0-Release.Candidate.app/Contents/Developer/Toolchains/XcodeDefault.xctoolchain/usr/lib/swift/host/plugins/testing -enable-experimental-feature DebugDescriptionMacro -sdk /Applications/Xcode-27.0.0-Release.Candidate.app/Contents/Developer/Platforms/XROS.platform/Developer/SDKs/XROS27.0.sdk -target arm64-apple-xros1.0 -g -module-cache-path /Users/admin/builder/spi-builder-workspace/.derivedData/ModuleCache.noindex -Xfrontend -serialize-debugging-options -profile-coverage-mapping -profile-generate -enable-testing -suppress-warnings -index-store-path /Users/admin/builder/spi-builder-workspace/.derivedData/Index.noindex/DataStore -Xcc -D_LIBCPP_HARDENING_MODE\=_LIBCPP_HARDENING_MODE_DEBUG -swift-version 5 -I /Users/admin/builder/spi-builder-workspace/.derivedData/Build/Products/Debug-xros -Isystem /Applications/Xcode-27.0.0-Release.Candidate.app/Contents/Developer/Platforms/XROS.platform/Developer/usr/lib -F /Users/admin/builder/spi-builder-workspace/.derivedData/Build/Products/Debug-xros -F /Applications/Xcode-27.0.0-Release.Candidate.app/Contents/Developer/Platforms/XROS.platform/Developer/Library/Frameworks -F /Applications/Xcode-27.0.0-Release.Candidate.app/Contents/Developer/Platforms/XROS.platform/Developer/SDKs/XROS27.0.sdk/Developer/Library/Frameworks -c -j10 -enable-batch-mode -incremental -Xcc -ivfsstatcache -Xcc /Users/admin/builder/spi-builder-workspace/.derivedData/SDKStatCaches.noindex/xros27.0-24M361-e829b21a6f8c9b70876ba0858053c044735bd543db762f57723cac368afd1ce4.sdkstatcache -output-file-map /Users/admin/builder/spi-builder-workspace/.derivedData/Build/Intermediates.noindex/Asynchrone.build/Debug-xros/Asynchrone-t.build/Objects-normal/arm64/Asynchrone-OutputFileMap.json -save-temps -no-color-diagnostics -explicit-module-build -module-cache-path /Users/admin/builder/spi-builder-workspace/.derivedData/Build/Intermediates.noindex/SwiftExplicitPrecompiledModules -clang-scanner-module-cache-path /Users/admin/builder/spi-builder-workspace/.derivedData/ModuleCache.noindex -sdk-module-cache-path /Users/admin/builder/spi-builder-workspace/.derivedData/SDKExplicitPrecompiledModules -emit-dependencies -emit-module -emit-module-path /Users/admin/builder/spi-builder-workspace/.derivedData/Build/Intermediates.noindex/Asynchrone.build/Debug-xros/Asynchrone-t.build/Objects-normal/arm64/Asynchrone.swiftmodule -serialize-diagnostics -dependency-scan-serialize-diagnostics-path /Users/admin/builder/spi-builder-workspace/.derivedData/Build/Intermediates.noindex/Asynchrone.build/Debug-xros/Asynchrone-t.build/Objects-normal/arm64/Asynchrone-dependency-scan.dia -validate-clang-modules-once -clang-build-session-file /Users/admin/builder/spi-builder-workspace/.derivedData/ModuleCache.noindex/Session.modulevalidation -Xcc -fmodules-prune-interval\=86400 -Xcc -fmodules-prune-after\=345600 -emit-const-values -const-gather-protocols-list /Users/admin/builder/spi-builder-workspace/.derivedData/Build/Intermediates.noindex/Asynchrone.build/Debug-xros/Asynchrone-t.build/Objects-normal/arm64/Asynchrone_const_extract_protocols.json -Xcc -I/Users/admin/builder/spi-builder-workspace/.derivedData/Build/Products/Debug-xros/include -Xcc -I/Users/admin/builder/spi-builder-workspace/.derivedData/Build/Intermediates.noindex/Asynchrone.build/Debug-xros/Asynchrone-t.build/DerivedSources-normal/arm64 -Xcc -I/Users/admin/builder/spi-builder-workspace/.derivedData/Build/Intermediates.noindex/Asynchrone.build/Debug-xros/Asynchrone-t.build/DerivedSources/arm64 -Xcc -I/Users/admin/builder/spi-builder-workspace/.derivedData/Build/Intermediates.noindex/Asynchrone.build/Debug-xros/Asynchrone-t.build/DerivedSources -Xcc -DSWIFT_PACKAGE -Xcc -DDEBUG\=1 -emit-objc-header -emit-objc-header-path /Users/admin/builder/spi-builder-workspace/.derivedData/Build/Intermediates.noindex/Asynchrone.build/Debug-xros/Asynchrone-t.build/Objects-normal/arm64/Asynchrone-Swift.h -working-directory /Users/admin/builder/spi-builder-workspace/.swiftpm/xcode -experimental-emit-module-separately -disable-cmo
SwiftDriverJobDiscovery normal arm64 Compiling CombineLatest3AsyncSequence.swift, CombineLatestAsyncSequence.swift, CurrentElementAsyncSequence.swift (in target 'Asynchrone' from project 'Asynchrone')
SwiftDriverJobDiscovery normal arm64 Compiling AnyThrowingAsyncSequenceable.swift, AsyncSequenceCompletion.swift, CatchErrorAsyncSequence.swift, ChainAsyncSequenceable.swift (in target 'Asynchrone' from project 'Asynchrone')
SwiftMergeGeneratedHeaders /Users/admin/builder/spi-builder-workspace/.derivedData/Build/Intermediates.noindex/GeneratedModuleMaps-xros/Asynchrone-Swift.h /Users/admin/builder/spi-builder-workspace/.derivedData/Build/Intermediates.noindex/Asynchrone.build/Debug-xros/Asynchrone-t.build/Objects-normal/arm64/Asynchrone-Swift.h (in target 'Asynchrone' from project 'Asynchrone')
    cd /Users/admin/builder/spi-builder-workspace/.dependencies/checkouts/Asynchrone
    builtin-swiftHeaderTool -arch arm64 /Users/admin/builder/spi-builder-workspace/.derivedData/Build/Intermediates.noindex/Asynchrone.build/Debug-xros/Asynchrone-t.build/Objects-normal/arm64/Asynchrone-Swift.h -o /Users/admin/builder/spi-builder-workspace/.derivedData/Build/Intermediates.noindex/GeneratedModuleMaps-xros/Asynchrone-Swift.h
Copy /Users/admin/builder/spi-builder-workspace/.derivedData/Build/Products/Debug-xros/Asynchrone.swiftmodule/arm64-apple-xros.swiftmodule /Users/admin/builder/spi-builder-workspace/.derivedData/Build/Intermediates.noindex/Asynchrone.build/Debug-xros/Asynchrone-t.build/Objects-normal/arm64/Asynchrone.swiftmodule (in target 'Asynchrone' from project 'Asynchrone')
    cd /Users/admin/builder/spi-builder-workspace/.dependencies/checkouts/Asynchrone
    builtin-copy -exclude .DS_Store -exclude CVS -exclude .svn -exclude .git -exclude .hg -resolve-src-symlinks -rename /Users/admin/builder/spi-builder-workspace/.derivedData/Build/Intermediates.noindex/Asynchrone.build/Debug-xros/Asynchrone-t.build/Objects-normal/arm64/Asynchrone.swiftmodule /Users/admin/builder/spi-builder-workspace/.derivedData/Build/Products/Debug-xros/Asynchrone.swiftmodule/arm64-apple-xros.swiftmodule
Copy /Users/admin/builder/spi-builder-workspace/.derivedData/Build/Products/Debug-xros/Asynchrone.swiftmodule/arm64-apple-xros.swiftdoc /Users/admin/builder/spi-builder-workspace/.derivedData/Build/Intermediates.noindex/Asynchrone.build/Debug-xros/Asynchrone-t.build/Objects-normal/arm64/Asynchrone.swiftdoc (in target 'Asynchrone' from project 'Asynchrone')
    cd /Users/admin/builder/spi-builder-workspace/.dependencies/checkouts/Asynchrone
    builtin-copy -exclude .DS_Store -exclude CVS -exclude .svn -exclude .git -exclude .hg -resolve-src-symlinks -rename /Users/admin/builder/spi-builder-workspace/.derivedData/Build/Intermediates.noindex/Asynchrone.build/Debug-xros/Asynchrone-t.build/Objects-normal/arm64/Asynchrone.swiftdoc /Users/admin/builder/spi-builder-workspace/.derivedData/Build/Products/Debug-xros/Asynchrone.swiftmodule/arm64-apple-xros.swiftdoc
Copy /Users/admin/builder/spi-builder-workspace/.derivedData/Build/Products/Debug-xros/Asynchrone.swiftmodule/arm64-apple-xros.abi.json /Users/admin/builder/spi-builder-workspace/.derivedData/Build/Intermediates.noindex/Asynchrone.build/Debug-xros/Asynchrone-t.build/Objects-normal/arm64/Asynchrone.abi.json (in target 'Asynchrone' from project 'Asynchrone')
    cd /Users/admin/builder/spi-builder-workspace/.dependencies/checkouts/Asynchrone
    builtin-copy -exclude .DS_Store -exclude CVS -exclude .svn -exclude .git -exclude .hg -resolve-src-symlinks -rename /Users/admin/builder/spi-builder-workspace/.derivedData/Build/Intermediates.noindex/Asynchrone.build/Debug-xros/Asynchrone-t.build/Objects-normal/arm64/Asynchrone.abi.json /Users/admin/builder/spi-builder-workspace/.derivedData/Build/Products/Debug-xros/Asynchrone.swiftmodule/arm64-apple-xros.abi.json
Copy /Users/admin/builder/spi-builder-workspace/.derivedData/Build/Products/Debug-xros/Asynchrone.swiftmodule/Project/arm64-apple-xros.swiftsourceinfo /Users/admin/builder/spi-builder-workspace/.derivedData/Build/Intermediates.noindex/Asynchrone.build/Debug-xros/Asynchrone-t.build/Objects-normal/arm64/Asynchrone.swiftsourceinfo (in target 'Asynchrone' from project 'Asynchrone')
    cd /Users/admin/builder/spi-builder-workspace/.dependencies/checkouts/Asynchrone
    builtin-copy -exclude .DS_Store -exclude CVS -exclude .svn -exclude .git -exclude .hg -resolve-src-symlinks -rename /Users/admin/builder/spi-builder-workspace/.derivedData/Build/Intermediates.noindex/Asynchrone.build/Debug-xros/Asynchrone-t.build/Objects-normal/arm64/Asynchrone.swiftsourceinfo /Users/admin/builder/spi-builder-workspace/.derivedData/Build/Products/Debug-xros/Asynchrone.swiftmodule/Project/arm64-apple-xros.swiftsourceinfo
SwiftDriverJobDiscovery normal arm64 Compiling Fail.swift, Just.swift, Merge3AsyncSequence.swift (in target 'Asynchrone' from project 'Asynchrone')
SwiftDriver RedUx normal arm64 com.apple.xcode.tools.swift.compiler (in target 'RedUx' from project 'RedUx')
    cd /Users/admin/builder/spi-builder-workspace/.swiftpm/xcode
    builtin-SwiftDriver -- /Applications/Xcode-27.0.0-Release.Candidate.app/Contents/Developer/Toolchains/XcodeDefault.xctoolchain/usr/bin/swiftc -parse-as-library -module-name RedUx -Onone @/Users/admin/builder/spi-builder-workspace/.derivedData/Build/Intermediates.noindex/RedUx.build/Debug-xros/RedUx-t.build/Objects-normal/arm64/RedUx.SwiftFileList -DSWIFT_PACKAGE -DDEBUG -DSWIFT_MODULE_RESOURCE_BUNDLE_UNAVAILABLE -DXcode -plugin-path /Applications/Xcode-27.0.0-Release.Candidate.app/Contents/Developer/Toolchains/XcodeDefault.xctoolchain/usr/lib/swift/host/plugins/testing -enable-experimental-feature DebugDescriptionMacro -sdk /Applications/Xcode-27.0.0-Release.Candidate.app/Contents/Developer/Platforms/XROS.platform/Developer/SDKs/XROS27.0.sdk -target arm64-apple-xros1.0 -g -module-cache-path /Users/admin/builder/spi-builder-workspace/.derivedData/ModuleCache.noindex -Xfrontend -serialize-debugging-options -profile-coverage-mapping -profile-generate -enable-testing -index-store-path /Users/admin/builder/spi-builder-workspace/.derivedData/Index.noindex/DataStore -Xcc -D_LIBCPP_HARDENING_MODE\=_LIBCPP_HARDENING_MODE_DEBUG -swift-version 5 -I /Users/admin/builder/spi-builder-workspace/.derivedData/Build/Products/Debug-xros -Isystem /Applications/Xcode-27.0.0-Release.Candidate.app/Contents/Developer/Platforms/XROS.platform/Developer/usr/lib -F /Users/admin/builder/spi-builder-workspace/.derivedData/Build/Products/Debug-xros/PackageFrameworks -F /Users/admin/builder/spi-builder-workspace/.derivedData/Build/Products/Debug-xros -F /Applications/Xcode-27.0.0-Release.Candidate.app/Contents/Developer/Platforms/XROS.platform/Developer/Library/Frameworks -F /Applications/Xcode-27.0.0-Release.Candidate.app/Contents/Developer/Platforms/XROS.platform/Developer/SDKs/XROS27.0.sdk/Developer/Library/Frameworks -c -j10 -enable-batch-mode -incremental -Xcc -ivfsstatcache -Xcc /Users/admin/builder/spi-builder-workspace/.derivedData/SDKStatCaches.noindex/xros27.0-24M361-e829b21a6f8c9b70876ba0858053c044735bd543db762f57723cac368afd1ce4.sdkstatcache -output-file-map /Users/admin/builder/spi-builder-workspace/.derivedData/Build/Intermediates.noindex/RedUx.build/Debug-xros/RedUx-t.build/Objects-normal/arm64/RedUx-OutputFileMap.json -save-temps -no-color-diagnostics -explicit-module-build -module-cache-path /Users/admin/builder/spi-builder-workspace/.derivedData/Build/Intermediates.noindex/SwiftExplicitPrecompiledModules -clang-scanner-module-cache-path /Users/admin/builder/spi-builder-workspace/.derivedData/ModuleCache.noindex -sdk-module-cache-path /Users/admin/builder/spi-builder-workspace/.derivedData/SDKExplicitPrecompiledModules -emit-dependencies -emit-module -emit-module-path /Users/admin/builder/spi-builder-workspace/.derivedData/Build/Intermediates.noindex/RedUx.build/Debug-xros/RedUx-t.build/Objects-normal/arm64/RedUx.swiftmodule -serialize-diagnostics -dependency-scan-serialize-diagnostics-path /Users/admin/builder/spi-builder-workspace/.derivedData/Build/Intermediates.noindex/RedUx.build/Debug-xros/RedUx-t.build/Objects-normal/arm64/RedUx-dependency-scan.dia -validate-clang-modules-once -clang-build-session-file /Users/admin/builder/spi-builder-workspace/.derivedData/ModuleCache.noindex/Session.modulevalidation -Xcc -fmodules-prune-interval\=86400 -Xcc -fmodules-prune-after\=345600 -emit-const-values -const-gather-protocols-list /Users/admin/builder/spi-builder-workspace/.derivedData/Build/Intermediates.noindex/RedUx.build/Debug-xros/RedUx-t.build/Objects-normal/arm64/RedUx_const_extract_protocols.json -Xcc -I/Users/admin/builder/spi-builder-workspace/.derivedData/Build/Products/Debug-xros/include -Xcc -I/Users/admin/builder/spi-builder-workspace/.derivedData/Build/Intermediates.noindex/RedUx.build/Debug-xros/RedUx-t.build/DerivedSources-normal/arm64 -Xcc -I/Users/admin/builder/spi-builder-workspace/.derivedData/Build/Intermediates.noindex/RedUx.build/Debug-xros/RedUx-t.build/DerivedSources/arm64 -Xcc -I/Users/admin/builder/spi-builder-workspace/.derivedData/Build/Intermediates.noindex/RedUx.build/Debug-xros/RedUx-t.build/DerivedSources -Xcc -DSWIFT_PACKAGE -Xcc -DDEBUG\=1 -emit-objc-header -emit-objc-header-path /Users/admin/builder/spi-builder-workspace/.derivedData/Build/Intermediates.noindex/RedUx.build/Debug-xros/RedUx-t.build/Objects-normal/arm64/RedUx-Swift.h -working-directory /Users/admin/builder/spi-builder-workspace/.swiftpm/xcode -experimental-emit-module-separately -disable-cmo
SwiftExplicitDependencyGeneratePcm arm64 /Users/admin/builder/spi-builder-workspace/.derivedData/SDKExplicitPrecompiledModules/UserNotifications-8IIV1V1FPNAPA4LY1Y23LOM2N.pcm
SwiftExplicitDependencyGeneratePcm arm64 /Users/admin/builder/spi-builder-workspace/.derivedData/SDKExplicitPrecompiledModules/_Builtin_tgmath-BPYSMHWI520EQRL2HW519ZY7Z.pcm
SwiftExplicitDependencyGeneratePcm arm64 /Users/admin/builder/spi-builder-workspace/.derivedData/SDKExplicitPrecompiledModules/ShaderGraph-AW1O397P711WTY8KSK8LZX9YA.pcm
SwiftExplicitDependencyGeneratePcm arm64 /Users/admin/builder/spi-builder-workspace/.derivedData/SDKExplicitPrecompiledModules/UniformTypeIdentifiers-E5KMWDZEKS4QW9RO1KBRDEXV6.pcm
SwiftExplicitDependencyGeneratePcm arm64 /Users/admin/builder/spi-builder-workspace/.derivedData/SDKExplicitPrecompiledModules/Symbols-8G2XC01RPQ5HYIZE6JNUT864I.pcm
SwiftExplicitDependencyGeneratePcm arm64 /Users/admin/builder/spi-builder-workspace/.derivedData/SDKExplicitPrecompiledModules/CoreData-73N6Z547OZUEZ8ADGEC6XRHWN.pcm
SwiftExplicitDependencyGeneratePcm arm64 /Users/admin/builder/spi-builder-workspace/.derivedData/SDKExplicitPrecompiledModules/_Builtin_intrinsics-BC5IJI3YI34RQ61ZNVDRDZ6RN.pcm
SwiftExplicitDependencyGeneratePcm arm64 /Users/admin/builder/spi-builder-workspace/.derivedData/SDKExplicitPrecompiledModules/CoreMIDI-7L19IC4ZH9BPYLVTD8IIFWN9R.pcm
SwiftExplicitDependencyGeneratePcm arm64 /Users/admin/builder/spi-builder-workspace/.derivedData/SDKExplicitPrecompiledModules/DeveloperToolsSupport-46GOQP8J1QTHLYQSJW81T8UZ3.pcm
SwiftExplicitDependencyGeneratePcm arm64 /Users/admin/builder/spi-builder-workspace/.derivedData/SDKExplicitPrecompiledModules/dnssd-CCUV1M8EULNEQJUXO7L0PJAL4.pcm
SwiftDriverJobDiscovery normal arm64 Compiling RemoveDuplicatesAsyncSequence.swift, ReplaceErrorAsyncSequence.swift, SequenceAsyncSequence.swift (in target 'Asynchrone' from project 'Asynchrone')
SwiftExplicitDependencyGeneratePcm arm64 /Users/admin/builder/spi-builder-workspace/.derivedData/SDKExplicitPrecompiledModules/IOSurface-5FE9U89GVFF9A7X7AGO2R8ENI.pcm
SwiftDriverJobDiscovery normal arm64 Compiling TimerAsyncSequence.swift, Zip3AsyncSequence.swift, ZipAsyncSequence.swift (in target 'Asynchrone' from project 'Asynchrone')
SwiftExplicitDependencyGeneratePcm arm64 /Users/admin/builder/spi-builder-workspace/.derivedData/SDKExplicitPrecompiledModules/CoreGraphics-BFUJ177R223UT2ZI327ZTZY91.pcm
SwiftExplicitDependencyGeneratePcm arm64 /Users/admin/builder/spi-builder-workspace/.derivedData/SDKExplicitPrecompiledModules/_Builtin_stdatomic-1VUZPM79PNCAHXVBERD53WRSF.pcm
SwiftExplicitDependencyGeneratePcm arm64 /Users/admin/builder/spi-builder-workspace/.derivedData/SDKExplicitPrecompiledModules/CoreTransferable-8TBYAKHCX6UC8QQSS7BD8GQK5.pcm
SwiftExplicitDependencyGeneratePcm arm64 /Users/admin/builder/spi-builder-workspace/.derivedData/SDKExplicitPrecompiledModules/CoreAudioTypes-45UXYEQRN95KG6BF2CW0QIYK9.pcm
SwiftExplicitDependencyGeneratePcm arm64 /Users/admin/builder/spi-builder-workspace/.derivedData/SDKExplicitPrecompiledModules/DataDetection-BANTQ3WXXGKZJYC0LLB3MD9K0.pcm
SwiftDriverJobDiscovery normal arm64 Compiling DebounceAsyncSequence.swift, DelayAsyncSequence.swift, Empty.swift (in target 'Asynchrone' from project 'Asynchrone')
SwiftDriverJobDiscovery normal arm64 Compiling MergeAsyncSequence.swift, NotificationCenterAsyncSequence.swift, PassthroughAsyncSequence.swift (in target 'Asynchrone' from project 'Asynchrone')
SwiftExplicitDependencyGeneratePcm arm64 /Users/admin/builder/spi-builder-workspace/.derivedData/SDKExplicitPrecompiledModules/MachO-3XTHY7HWV6RF3KXKYQVHUBUXK.pcm
SwiftDriverJobDiscovery normal arm64 Compiling AsyncThrowingStream+Extension.swift, Task+Extension.swift, TimeInterval+Extension.swift, AnyAsyncSequenceable.swift (in target 'Asynchrone' from project 'Asynchrone')
SwiftDriverJobDiscovery normal arm64 Compiling SharedAsyncSequence.swift, ThrottleAsyncSequence.swift, ThrowingPassthroughAsyncSequence.swift (in target 'Asynchrone' from project 'Asynchrone')
SwiftDriverJobDiscovery normal arm64 Compiling ErrorMechanism.swift, RethrowingAccessor.swift, AsyncSequence+Extension.swift, AsyncStream+Extension.swift (in target 'Asynchrone' from project 'Asynchrone')
SwiftExplicitDependencyGeneratePcm arm64 /Users/admin/builder/spi-builder-workspace/.derivedData/SDKExplicitPrecompiledModules/UIUtilities-AOVGLUWEAN6CG2UZFNESGSP6C.pcm
SwiftExplicitDependencyGeneratePcm arm64 /Users/admin/builder/spi-builder-workspace/.derivedData/SDKExplicitPrecompiledModules/LocalAuthentication-9MSPUJ85OBXBTOD7NJCT1GZ0O.pcm
SwiftExplicitDependencyGeneratePcm arm64 /Users/admin/builder/spi-builder-workspace/.derivedData/SDKExplicitPrecompiledModules/_LocationEssentials-8GQGFVARUE99D8VJX3TINY0VP.pcm
SwiftExplicitDependencyGeneratePcm arm64 /Users/admin/builder/spi-builder-workspace/.derivedData/SDKExplicitPrecompiledModules/Network-EQPZZF3W6BWG89K0PY9NZO3T0.pcm
SwiftDriver\ Compilation Asynchrone normal arm64 com.apple.xcode.tools.swift.compiler (in target 'Asynchrone' from project 'Asynchrone')
    cd /Users/admin/builder/spi-builder-workspace/.swiftpm/xcode
    builtin-Swift-Compilation -- /Applications/Xcode-27.0.0-Release.Candidate.app/Contents/Developer/Toolchains/XcodeDefault.xctoolchain/usr/bin/swiftc -parse-as-library -module-name Asynchrone -Onone @/Users/admin/builder/spi-builder-workspace/.derivedData/Build/Intermediates.noindex/Asynchrone.build/Debug-xros/Asynchrone-t.build/Objects-normal/arm64/Asynchrone.SwiftFileList -DSWIFT_PACKAGE -DDEBUG -DSWIFT_MODULE_RESOURCE_BUNDLE_UNAVAILABLE -DXcode -plugin-path /Applications/Xcode-27.0.0-Release.Candidate.app/Contents/Developer/Toolchains/XcodeDefault.xctoolchain/usr/lib/swift/host/plugins/testing -enable-experimental-feature DebugDescriptionMacro -sdk /Applications/Xcode-27.0.0-Release.Candidate.app/Contents/Developer/Platforms/XROS.platform/Developer/SDKs/XROS27.0.sdk -target arm64-apple-xros1.0 -g -module-cache-path /Users/admin/builder/spi-builder-workspace/.derivedData/ModuleCache.noindex -Xfrontend -serialize-debugging-options -profile-coverage-mapping -profile-generate -enable-testing -suppress-warnings -index-store-path /Users/admin/builder/spi-builder-workspace/.derivedData/Index.noindex/DataStore -Xcc -D_LIBCPP_HARDENING_MODE\=_LIBCPP_HARDENING_MODE_DEBUG -swift-version 5 -I /Users/admin/builder/spi-builder-workspace/.derivedData/Build/Products/Debug-xros -Isystem /Applications/Xcode-27.0.0-Release.Candidate.app/Contents/Developer/Platforms/XROS.platform/Developer/usr/lib -F /Users/admin/builder/spi-builder-workspace/.derivedData/Build/Products/Debug-xros -F /Applications/Xcode-27.0.0-Release.Candidate.app/Contents/Developer/Platforms/XROS.platform/Developer/Library/Frameworks -F /Applications/Xcode-27.0.0-Release.Candidate.app/Contents/Developer/Platforms/XROS.platform/Developer/SDKs/XROS27.0.sdk/Developer/Library/Frameworks -c -j10 -enable-batch-mode -incremental -Xcc -ivfsstatcache -Xcc /Users/admin/builder/spi-builder-workspace/.derivedData/SDKStatCaches.noindex/xros27.0-24M361-e829b21a6f8c9b70876ba0858053c044735bd543db762f57723cac368afd1ce4.sdkstatcache -output-file-map /Users/admin/builder/spi-builder-workspace/.derivedData/Build/Intermediates.noindex/Asynchrone.build/Debug-xros/Asynchrone-t.build/Objects-normal/arm64/Asynchrone-OutputFileMap.json -save-temps -no-color-diagnostics -explicit-module-build -module-cache-path /Users/admin/builder/spi-builder-workspace/.derivedData/Build/Intermediates.noindex/SwiftExplicitPrecompiledModules -clang-scanner-module-cache-path /Users/admin/builder/spi-builder-workspace/.derivedData/ModuleCache.noindex -sdk-module-cache-path /Users/admin/builder/spi-builder-workspace/.derivedData/SDKExplicitPrecompiledModules -emit-dependencies -emit-module -emit-module-path /Users/admin/builder/spi-builder-workspace/.derivedData/Build/Intermediates.noindex/Asynchrone.build/Debug-xros/Asynchrone-t.build/Objects-normal/arm64/Asynchrone.swiftmodule -serialize-diagnostics -dependency-scan-serialize-diagnostics-path /Users/admin/builder/spi-builder-workspace/.derivedData/Build/Intermediates.noindex/Asynchrone.build/Debug-xros/Asynchrone-t.build/Objects-normal/arm64/Asynchrone-dependency-scan.dia -validate-clang-modules-once -clang-build-session-file /Users/admin/builder/spi-builder-workspace/.derivedData/ModuleCache.noindex/Session.modulevalidation -Xcc -fmodules-prune-interval\=86400 -Xcc -fmodules-prune-after\=345600 -emit-const-values -const-gather-protocols-list /Users/admin/builder/spi-builder-workspace/.derivedData/Build/Intermediates.noindex/Asynchrone.build/Debug-xros/Asynchrone-t.build/Objects-normal/arm64/Asynchrone_const_extract_protocols.json -Xcc -I/Users/admin/builder/spi-builder-workspace/.derivedData/Build/Products/Debug-xros/include -Xcc -I/Users/admin/builder/spi-builder-workspace/.derivedData/Build/Intermediates.noindex/Asynchrone.build/Debug-xros/Asynchrone-t.build/DerivedSources-normal/arm64 -Xcc -I/Users/admin/builder/spi-builder-workspace/.derivedData/Build/Intermediates.noindex/Asynchrone.build/Debug-xros/Asynchrone-t.build/DerivedSources/arm64 -Xcc -I/Users/admin/builder/spi-builder-workspace/.derivedData/Build/Intermediates.noindex/Asynchrone.build/Debug-xros/Asynchrone-t.build/DerivedSources -Xcc -DSWIFT_PACKAGE -Xcc -DDEBUG\=1 -emit-objc-header -emit-objc-header-path /Users/admin/builder/spi-builder-workspace/.derivedData/Build/Intermediates.noindex/Asynchrone.build/Debug-xros/Asynchrone-t.build/Objects-normal/arm64/Asynchrone-Swift.h -working-directory /Users/admin/builder/spi-builder-workspace/.swiftpm/xcode -experimental-emit-module-separately -disable-cmo
SwiftExplicitDependencyGeneratePcm arm64 /Users/admin/builder/spi-builder-workspace/.derivedData/SDKExplicitPrecompiledModules/CoreAudio-CXS3C78T5TQDGLEGXIBJ04WJ4.pcm
SwiftExplicitDependencyGeneratePcm arm64 /Users/admin/builder/spi-builder-workspace/.derivedData/SDKExplicitPrecompiledModules/AudioToolbox-2K3S8EA590EB3GMH6D6784BWZ.pcm
SwiftExplicitDependencyGeneratePcm arm64 /Users/admin/builder/spi-builder-workspace/.derivedData/SDKExplicitPrecompiledModules/Metal-EKNUM9P3PRIBHZK1ZBD6BA2T7.pcm
Ld /Users/admin/builder/spi-builder-workspace/.derivedData/Build/Products/Debug-xros/Asynchrone.o normal (in target 'Asynchrone' from project 'Asynchrone')
    cd /Users/admin/builder/spi-builder-workspace/.dependencies/checkouts/Asynchrone
    /Applications/Xcode-27.0.0-Release.Candidate.app/Contents/Developer/Toolchains/XcodeDefault.xctoolchain/usr/bin/clang -Xlinker -reproducible -target arm64-apple-xros1.0 -r -isysroot /Applications/Xcode-27.0.0-Release.Candidate.app/Contents/Developer/Platforms/XROS.platform/Developer/SDKs/XROS27.0.sdk -O0 -w -Xlinker -no_warn_duplicate_libraries -F/Users/admin/builder/spi-builder-workspace/.derivedData/Build/Intermediates.noindex/EagerLinkingTBDs/Debug-xros -F/Users/admin/builder/spi-builder-workspace/.derivedData/Build/Products/Debug-xros -iframework /Applications/Xcode-27.0.0-Release.Candidate.app/Contents/Developer/Platforms/XROS.platform/Developer/Library/Frameworks -iframework /Applications/Xcode-27.0.0-Release.Candidate.app/Contents/Developer/Platforms/XROS.platform/Developer/SDKs/XROS27.0.sdk/Developer/Library/Frameworks -filelist /Users/admin/builder/spi-builder-workspace/.derivedData/Build/Intermediates.noindex/Asynchrone.build/Debug-xros/Asynchrone-t.build/Objects-normal/arm64/Asynchrone.LinkFileList -nostdlib -Xlinker -object_path_lto -Xlinker /Users/admin/builder/spi-builder-workspace/.derivedData/Build/Intermediates.noindex/Asynchrone.build/Debug-xros/Asynchrone-t.build/Objects-normal/arm64/Asynchrone_lto.o -Xlinker -no_deduplicate -Xlinker -debug_variant -Xlinker -dependency_info -Xlinker /Users/admin/builder/spi-builder-workspace/.derivedData/Build/Intermediates.noindex/Asynchrone.build/Debug-xros/Asynchrone-t.build/Objects-normal/arm64/Asynchrone_dependency_info.dat -fobjc-link-runtime -L/Applications/Xcode-27.0.0-Release.Candidate.app/Contents/Developer/Toolchains/XcodeDefault.xctoolchain/usr/lib/swift/xros -L/usr/lib/swift -Xlinker -add_ast_path -Xlinker /Users/admin/builder/spi-builder-workspace/.derivedData/Build/Intermediates.noindex/Asynchrone.build/Debug-xros/Asynchrone-t.build/Objects-normal/arm64/Asynchrone.swiftmodule -o /Users/admin/builder/spi-builder-workspace/.derivedData/Build/Products/Debug-xros/Asynchrone.o
SwiftExplicitDependencyGeneratePcm arm64 /Users/admin/builder/spi-builder-workspace/.derivedData/SDKExplicitPrecompiledModules/OpenGLES-56BKSYXNVAP91BYZRWAKQZKGI.pcm
SwiftExplicitDependencyGeneratePcm arm64 /Users/admin/builder/spi-builder-workspace/.derivedData/SDKExplicitPrecompiledModules/os-1004XEJ3IXOOAU0KL58SM3D0K.pcm
SwiftExplicitDependencyGeneratePcm arm64 /Users/admin/builder/spi-builder-workspace/.derivedData/SDKExplicitPrecompiledModules/CoreText-6F9TY5TEPCCZ1K2KYM4GMEGHD.pcm
SwiftExplicitDependencyGeneratePcm arm64 /Users/admin/builder/spi-builder-workspace/.derivedData/SDKExplicitPrecompiledModules/Accessibility-1DR4J4YDVDGAYQTZ0FKZ1PU09.pcm
SwiftExplicitDependencyGeneratePcm arm64 /Users/admin/builder/spi-builder-workspace/.derivedData/SDKExplicitPrecompiledModules/simd-9XXAB17Y6E4BBPQADD61NZ23.pcm
SwiftExplicitDependencyGeneratePcm arm64 /Users/admin/builder/spi-builder-workspace/.derivedData/SDKExplicitPrecompiledModules/CoreLocation-1SN37095DAPVJ068LLP9TBDQX.pcm
SwiftExplicitDependencyGeneratePcm arm64 /Users/admin/builder/spi-builder-workspace/.derivedData/SDKExplicitPrecompiledModules/ImageIO-5CC6COR9KJYI1UBL7CSHLU2OG.pcm
SwiftExplicitDependencyGeneratePcm arm64 /Users/admin/builder/spi-builder-workspace/.derivedData/SDKExplicitPrecompiledModules/FileProvider-C9I28SI56F2SEVH1BCWTKGODO.pcm
SwiftExplicitDependencyGeneratePcm arm64 /Users/admin/builder/spi-builder-workspace/.derivedData/SDKExplicitPrecompiledModules/AVRouting-55P8FRNK50AFZOMMB2LBBOX33.pcm
SwiftExplicitDependencyGeneratePcm arm64 /Users/admin/builder/spi-builder-workspace/.derivedData/SDKExplicitPrecompiledModules/OSLog-BNGT87TS0GMBFF7TY70HHB69.pcm
ExtractAppIntentsMetadata (in target 'Asynchrone' from project 'Asynchrone')
    cd /Users/admin/builder/spi-builder-workspace/.dependencies/checkouts/Asynchrone
    /Applications/Xcode-27.0.0-Release.Candidate.app/Contents/Developer/Toolchains/XcodeDefault.xctoolchain/usr/bin/appintentsmetadataprocessor --toolchain-dir /var/run/com.apple.security.cryptexd/mnt/com.apple.MobileAsset.MetalToolchain-v27.1.266.1.7lo2zg/Metal.xctoolchain --module-name Asynchrone --sdk-root /Applications/Xcode-27.0.0-Release.Candidate.app/Contents/Developer/Platforms/XROS.platform/Developer/SDKs/XROS27.0.sdk --xcode-version 27A266a --platform-family xrOS --deployment-target 1.0 --bundle-identifier asynchrone.Asynchrone --output /Users/admin/builder/spi-builder-workspace/.derivedData/Build/Products/Debug-xros/Asynchrone.appintents --target-triple arm64-apple-xros1.0 --binary-file /Users/admin/builder/spi-builder-workspace/.derivedData/Build/Products/Debug-xros/Asynchrone.o --dependency-file /Users/admin/builder/spi-builder-workspace/.derivedData/Build/Intermediates.noindex/Asynchrone.build/Debug-xros/Asynchrone-t.build/Objects-normal/arm64/Asynchrone_dependency_info.dat --stringsdata-file /Users/admin/builder/spi-builder-workspace/.derivedData/Build/Intermediates.noindex/Asynchrone.build/Debug-xros/Asynchrone-t.build/Objects-normal/arm64/ExtractedAppShortcutsMetadata.stringsdata --source-file-list /Users/admin/builder/spi-builder-workspace/.derivedData/Build/Intermediates.noindex/Asynchrone.build/Debug-xros/Asynchrone-t.build/Objects-normal/arm64/Asynchrone.SwiftFileList --metadata-file-list /Users/admin/builder/spi-builder-workspace/.derivedData/Build/Intermediates.noindex/Asynchrone.build/Debug-xros/Asynchrone-t.build/Asynchrone.DependencyMetadataFileList --static-metadata-file-list /Users/admin/builder/spi-builder-workspace/.derivedData/Build/Intermediates.noindex/Asynchrone.build/Debug-xros/Asynchrone-t.build/Asynchrone.DependencyStaticMetadataFileList --swift-const-vals-list /Users/admin/builder/spi-builder-workspace/.derivedData/Build/Intermediates.noindex/Asynchrone.build/Debug-xros/Asynchrone-t.build/Objects-normal/arm64/Asynchrone.SwiftConstValuesFileList --force --compile-time-extraction --deployment-aware-processing --no-app-shortcuts-localization
2026-09-18 10:21:02.320 appintentsmetadataprocessor[812:4968] Starting appintentsmetadataprocessor export
2026-09-18 10:21:02.421 appintentsmetadataprocessor[812:4968] Extracted no relevant App Intents symbols, skipping writing output
SwiftExplicitDependencyGeneratePcm arm64 /Users/admin/builder/spi-builder-workspace/.derivedData/SDKExplicitPrecompiledModules/CoreMotion-10LV922UPGE28QX2SOIO7ALIZ.pcm
SwiftExplicitDependencyGeneratePcm arm64 /Users/admin/builder/spi-builder-workspace/.derivedData/SDKExplicitPrecompiledModules/CoreVideo-E12HJSJSLO0YKWYBES11UKJ02.pcm
SwiftExplicitDependencyGeneratePcm arm64 /Users/admin/builder/spi-builder-workspace/.derivedData/SDKExplicitPrecompiledModules/CoreImage-8WF1P230U10QM666EQMNV7OF1.pcm
SwiftExplicitDependencyGeneratePcm arm64 /Users/admin/builder/spi-builder-workspace/.derivedData/SDKExplicitPrecompiledModules/ARKitFoundation-3N77COW7DLP77CM0PWZXSR9BD.pcm
SwiftExplicitDependencyGeneratePcm arm64 /Users/admin/builder/spi-builder-workspace/.derivedData/SDKExplicitPrecompiledModules/CoreMedia-D1IBHC28BRHWLNUG1Q75G5YN0.pcm
SwiftExplicitDependencyGeneratePcm arm64 /Users/admin/builder/spi-builder-workspace/.derivedData/SDKExplicitPrecompiledModules/QuartzCore-12T8WVKUNCL1N7VXH87MM4YOB.pcm
SwiftExplicitDependencyGeneratePcm arm64 /Users/admin/builder/spi-builder-workspace/.derivedData/SDKExplicitPrecompiledModules/CoreML-37QYERWC0RQN4IY4377UD0TY1.pcm
SwiftExplicitDependencyGeneratePcm arm64 /Users/admin/builder/spi-builder-workspace/.derivedData/SDKExplicitPrecompiledModules/VideoToolbox-7I4MDYIPJ4IWU1ZSL4JE3I7M6.pcm
SwiftExplicitDependencyGeneratePcm arm64 /Users/admin/builder/spi-builder-workspace/.derivedData/SDKExplicitPrecompiledModules/AVFAudio-E8GATWFYYBEBB41O9N0LRRGYC.pcm
SwiftExplicitDependencyGeneratePcm arm64 /Users/admin/builder/spi-builder-workspace/.derivedData/SDKExplicitPrecompiledModules/MediaToolbox-1J5U29ERBPNPI1HKEJHXOP8EV.pcm
SwiftExplicitDependencyGeneratePcm arm64 /Users/admin/builder/spi-builder-workspace/.derivedData/SDKExplicitPrecompiledModules/UIKit-2D2PMAAE45TMO6S28UCGCO5BR.pcm
SwiftExplicitDependencyGeneratePcm arm64 /Users/admin/builder/spi-builder-workspace/.derivedData/SDKExplicitPrecompiledModules/Spatial-5E0I2846LO3ZE24CSVR2O57TI.pcm
SwiftExplicitDependencyCompileModuleFromInterface arm64 /Users/admin/builder/spi-builder-workspace/.derivedData/SDKExplicitPrecompiledModules/ShaderGraph-URHKVVOFZL5Z.swiftmodule
SwiftExplicitDependencyGeneratePcm arm64 /Users/admin/builder/spi-builder-workspace/.derivedData/SDKExplicitPrecompiledModules/Vision-DVVG9MQGC3IMTVPTC1691MQ6Z.pcm
SwiftExplicitDependencyGeneratePcm arm64 /Users/admin/builder/spi-builder-workspace/.derivedData/SDKExplicitPrecompiledModules/AVFoundation-DFCX8GQJWVA3CZBITWEHAZEFX.pcm
SwiftExplicitDependencyGeneratePcm arm64 /Users/admin/builder/spi-builder-workspace/.derivedData/SDKExplicitPrecompiledModules/SwiftUICore-6OBBMA39VFD4CB6SG2PE41FAP.pcm
SwiftExplicitDependencyGeneratePcm arm64 /Users/admin/builder/spi-builder-workspace/.derivedData/SDKExplicitPrecompiledModules/ARKitCore-307YVPJLQNB66BTBIONHZNP86.pcm
SwiftExplicitDependencyGeneratePcm arm64 /Users/admin/builder/spi-builder-workspace/.derivedData/SDKExplicitPrecompiledModules/SwiftUI-77PUPXISY3V3TUF5FJEHUQC86.pcm
SwiftExplicitDependencyGeneratePcm arm64 /Users/admin/builder/spi-builder-workspace/.derivedData/SDKExplicitPrecompiledModules/GameController-7QL0VMQHE24OWQFUR0UFT89DW.pcm
SwiftExplicitDependencyGeneratePcm arm64 /Users/admin/builder/spi-builder-workspace/.derivedData/SDKExplicitPrecompiledModules/ARKit-27VDPOZ50FG2MJG7OFV6IFQYQ.pcm
SwiftEmitModule normal arm64 Emitting\ module\ for\ RedUx (in target 'RedUx' from project 'RedUx')
SwiftCompile normal arm64 (in target 'RedUx' from project 'RedUx')
    cd /Users/admin/builder/spi-builder-workspace/.swiftpm/xcode

/Users/admin/builder/spi-builder-workspace/RedUx/Source/Effect.swift:96:1: error: type 'Effect<Event>' does not conform to protocol 'AsyncSequence'
 94 | // MARK: AsyncSequence
 95 |
 96 | extension Effect: AsyncSequence {
    | `- error: type 'Effect<Event>' does not conform to protocol 'AsyncSequence'
 97 |     public typealias Element = Event
 98 |     public func makeAsyncIterator() -> AnyAsyncSequenceable<Element> {
    |                 `- note: candidate would match and infer 'AsyncIterator' = 'AnyAsyncSequenceable<Effect<Event>.Element>' (aka 'AnyAsyncSequenceable<Event>') if 'AnyAsyncSequenceable<Effect<Event>.Element>' (aka 'AnyAsyncSequenceable<Event>') conformed to 'AsyncIteratorProtocol'
 99 |         self.sequence.makeAsyncIterator()
100 |     }
_Concurrency.AsyncSequence.AsyncIterator:2:16: note: unable to infer associated type 'AsyncIterator' for protocol 'AsyncSequence'
1 | protocol AsyncSequence {
2 | associatedtype AsyncIterator : AsyncIteratorProtocol}
  |                `- note: unable to infer associated type 'AsyncIterator' for protocol 'AsyncSequence'
3 |
Failed frontend command:
/Applications/Xcode-27.0.0-Release.Candidate.app/Contents/Developer/Toolchains/XcodeDefault.xctoolchain/usr/bin/swift-frontend -frontend -emit-module -experimental-skip-non-inlinable-function-bodies-without-types /Users/admin/builder/spi-builder-workspace/RedUx/Source/Effect.swift /Users/admin/builder/spi-builder-workspace/RedUx/Source/EffectManager.swift /Users/admin/builder/spi-builder-workspace/RedUx/Source/RedUxable.swift /Users/admin/builder/spi-builder-workspace/RedUx/Source/Reducer.swift /Users/admin/builder/spi-builder-workspace/RedUx/Source/Status/ActionStatus.swift /Users/admin/builder/spi-builder-workspace/RedUx/Source/Status/ValueStatus.swift /Users/admin/builder/spi-builder-workspace/RedUx/Source/Store.swift /Users/admin/builder/spi-builder-workspace/RedUx/Source/SwiftUI/Extensions/View+Extension.swift /Users/admin/builder/spi-builder-workspace/RedUx/Source/SwiftUI/UnwrapStore.swift /Users/admin/builder/spi-builder-workspace/RedUx/Source/ViewModel.swift -target arm64-apple-xros1.0 -disable-cross-import-overlay-search -load-resolved-plugin /Applications/Xcode-27.0.0-Release.Candidate.app/Contents/Developer/Platforms/XROS.platform/Developer/usr/lib/swift/host/plugins/libFoundationMacros.dylib\#/Applications/Xcode-27.0.0-Release.Candidate.app/Contents/Developer/Platforms/XROS.platform/Developer/usr/bin/swift-plugin-server\#FoundationMacros -load-resolved-plugin /Applications/Xcode-27.0.0-Release.Candidate.app/Contents/Developer/Platforms/XROS.platform/Developer/usr/lib/swift/host/plugins/libObservationMacros.dylib\#/Applications/Xcode-27.0.0-Release.Candidate.app/Contents/Developer/Platforms/XROS.platform/Developer/usr/bin/swift-plugin-server\#ObservationMacros -load-resolved-plugin /Applications/Xcode-27.0.0-Release.Candidate.app/Contents/Developer/Platforms/XROS.platform/Developer/usr/lib/swift/host/plugins/libPreviewsMacros.dylib\#/Applications/Xcode-27.0.0-Release.Candidate.app/Contents/Developer/Platforms/XROS.platform/Developer/usr/bin/swift-plugin-server\#PreviewsMacros -load-resolved-plugin /Applications/Xcode-27.0.0-Release.Candidate.app/Contents/Developer/Platforms/XROS.platform/Developer/usr/lib/swift/host/plugins/libSwiftMacros.dylib\#/Applications/Xcode-27.0.0-Release.Candidate.app/Contents/Developer/Platforms/XROS.platform/Developer/usr/bin/swift-plugin-server\#SwiftMacros -load-resolved-plugin /Applications/Xcode-27.0.0-Release.Candidate.app/Contents/Developer/Platforms/XROS.platform/Developer/usr/lib/swift/host/plugins/libSwiftUIMacros.dylib\#/Applications/Xcode-27.0.0-Release.Candidate.app/Contents/Developer/Platforms/XROS.platform/Developer/usr/bin/swift-plugin-server\#SwiftUIMacros -disable-implicit-swift-modules -Xcc -fno-implicit-modules -Xcc -fno-implicit-module-maps -explicit-swift-module-map-file /Users/admin/builder/spi-builder-workspace/.derivedData/Build/Intermediates.noindex/RedUx.build/Debug-xros/RedUx-t.build/Objects-normal/arm64/RedUx-dependencies-1.json -Xllvm -aarch64-use-tbi -enable-objc-interop -stack-check -sdk /Applications/Xcode-27.0.0-Release.Candidate.app/Contents/Developer/Platforms/XROS.platform/Developer/SDKs/XROS27.0.sdk -I /Users/admin/builder/spi-builder-workspace/.derivedData/Build/Products/Debug-xros -Isystem /Applications/Xcode-27.0.0-Release.Candidate.app/Contents/Developer/Platforms/XROS.platform/Developer/usr/lib -F /Users/admin/builder/spi-builder-workspace/.derivedData/Build/Products/Debug-xros/PackageFrameworks -F /Users/admin/builder/spi-builder-workspace/.derivedData/Build/Products/Debug-xros -F /Applications/Xcode-27.0.0-Release.Candidate.app/Contents/Developer/Platforms/XROS.platform/Developer/Library/Frameworks -F /Applications/Xcode-27.0.0-Release.Candidate.app/Contents/Developer/Platforms/XROS.platform/Developer/SDKs/XROS27.0.sdk/Developer/Library/Frameworks -module-cache-path /Users/admin/builder/spi-builder-workspace/.derivedData/Build/Intermediates.noindex/SwiftExplicitPrecompiledModules -no-color-diagnostics -Xcc -fno-color-diagnostics -enable-testing -g -debug-info-format\=dwarf -dwarf-version\=4 -profile-generate -profile-coverage-mapping -swift-version 5 -Onone -D SWIFT_PACKAGE -D DEBUG -D SWIFT_MODULE_RESOURCE_BUNDLE_UNAVAILABLE -D Xcode -serialize-debugging-options -enable-experimental-feature DebugDescriptionMacro -empty-abi-descriptor -validate-clang-modules-once -clang-build-session-file /Users/admin/builder/spi-builder-workspace/.derivedData/ModuleCache.noindex/Session.modulevalidation -Xcc -working-directory -Xcc /Users/admin/builder/spi-builder-workspace/.swiftpm/xcode -enable-anonymous-context-mangled-names -file-compilation-dir /Users/admin/builder/spi-builder-workspace/.swiftpm/xcode -Xcc -D_LIBCPP_HARDENING_MODE\=_LIBCPP_HARDENING_MODE_DEBUG -Xcc -ivfsstatcache -Xcc /Users/admin/builder/spi-builder-workspace/.derivedData/SDKStatCaches.noindex/xros27.0-24M361-e829b21a6f8c9b70876ba0858053c044735bd543db762f57723cac368afd1ce4.sdkstatcache -Xcc -fmodules-prune-interval\=86400 -Xcc -fmodules-prune-after\=345600 -Xcc -I/Users/admin/builder/spi-builder-workspace/.derivedData/Build/Products/Debug-xros/include -Xcc -I/Users/admin/builder/spi-builder-workspace/.derivedData/Build/Intermediates.noindex/RedUx.build/Debug-xros/RedUx-t.build/DerivedSources-normal/arm64 -Xcc -I/Users/admin/builder/spi-builder-workspace/.derivedData/Build/Intermediates.noindex/RedUx.build/Debug-xros/RedUx-t.build/DerivedSources/arm64 -Xcc -I/Users/admin/builder/spi-builder-workspace/.derivedData/Build/Intermediates.noindex/RedUx.build/Debug-xros/RedUx-t.build/DerivedSources -Xcc -DSWIFT_PACKAGE -Xcc -DDEBUG\=1 -no-auto-bridging-header-chaining -module-name RedUx -const-gather-protocols-file /Users/admin/builder/spi-builder-workspace/.derivedData/Build/Intermediates.noindex/RedUx.build/Debug-xros/RedUx-t.build/Objects-normal/arm64/RedUx_const_extract_protocols.json -disable-clang-spi -clang-target arm64-apple-xros27.0 -target-sdk-version 27.0 -target-sdk-name xros27.0 -in-process-plugin-server-path /Applications/Xcode-27.0.0-Release.Candidate.app/Contents/Developer/Toolchains/XcodeDefault.xctoolchain/usr/lib/swift/host/libSwiftInProcPluginServer.dylib -emit-module-doc-path /Users/admin/builder/spi-builder-workspace/.derivedData/Build/Intermediates.noindex/RedUx.build/Debug-xros/RedUx-t.build/Objects-normal/arm64/RedUx.swiftdoc -emit-module-source-info-path /Users/admin/builder/spi-builder-workspace/.derivedData/Build/Intermediates.noindex/RedUx.build/Debug-xros/RedUx-t.build/Objects-normal/arm64/RedUx.swiftsourceinfo -emit-objc-header-path /Users/admin/builder/spi-builder-workspace/.derivedData/Build/Intermediates.noindex/RedUx.build/Debug-xros/RedUx-t.build/Objects-normal/arm64/RedUx-Swift.h -serialize-diagnostics-path /Users/admin/builder/spi-builder-workspace/.derivedData/Build/Intermediates.noindex/RedUx.build/Debug-xros/RedUx-t.build/Objects-normal/arm64/RedUx-primary-emit-module.dia -emit-dependencies-path /Users/admin/builder/spi-builder-workspace/.derivedData/Build/Intermediates.noindex/RedUx.build/Debug-xros/RedUx-t.build/Objects-normal/arm64/RedUx-primary-emit-module.d -parse-as-library -o /Users/admin/builder/spi-builder-workspace/.derivedData/Build/Intermediates.noindex/RedUx.build/Debug-xros/RedUx-t.build/Objects-normal/arm64/RedUx.swiftmodule -emit-abi-descriptor-path /Users/admin/builder/spi-builder-workspace/.derivedData/Build/Intermediates.noindex/RedUx.build/Debug-xros/RedUx-t.build/Objects-normal/arm64/RedUx.abi.json
SwiftCompile normal arm64 Compiling\ View+Extension.swift /Users/admin/builder/spi-builder-workspace/RedUx/Source/SwiftUI/Extensions/View+Extension.swift (in target 'RedUx' from project 'RedUx')
SwiftCompile normal arm64 /Users/admin/builder/spi-builder-workspace/RedUx/Source/SwiftUI/Extensions/View+Extension.swift (in target 'RedUx' from project 'RedUx')
    cd /Users/admin/builder/spi-builder-workspace/.swiftpm/xcode
    builtin-SwiftPerFileCompile View+Extension.swift
/Users/admin/builder/spi-builder-workspace/RedUx/Source/SwiftUI/Extensions/View+Extension.swift:12:14: warning: 'onChange(of:perform:)' was deprecated in visionOS 1.0: Use `onChange` with a two or zero parameter action closure instead. [#DeprecatedDeclaration]
10 |     ) -> some View {
11 |         self
12 |             .onChange(of: first.wrappedValue) { second.wrappedValue = $0 }
   |              `- warning: 'onChange(of:perform:)' was deprecated in visionOS 1.0: Use `onChange` with a two or zero parameter action closure instead. [#DeprecatedDeclaration]
13 |             .onChange(of: second.wrappedValue) { first.wrappedValue = $0 }
14 |     }
SwiftCompile normal arm64 Compiling\ UnwrapStore.swift /Users/admin/builder/spi-builder-workspace/RedUx/Source/SwiftUI/UnwrapStore.swift (in target 'RedUx' from project 'RedUx')
SwiftCompile normal arm64 /Users/admin/builder/spi-builder-workspace/RedUx/Source/SwiftUI/UnwrapStore.swift (in target 'RedUx' from project 'RedUx')
    cd /Users/admin/builder/spi-builder-workspace/.swiftpm/xcode
    builtin-SwiftPerFileCompile UnwrapStore.swift
SwiftCompile normal arm64 Compiling\ ViewModel.swift /Users/admin/builder/spi-builder-workspace/RedUx/Source/ViewModel.swift (in target 'RedUx' from project 'RedUx')
SwiftCompile normal arm64 /Users/admin/builder/spi-builder-workspace/RedUx/Source/ViewModel.swift (in target 'RedUx' from project 'RedUx')
    cd /Users/admin/builder/spi-builder-workspace/.swiftpm/xcode
    builtin-SwiftPerFileCompile ViewModel.swift
SwiftCompile normal arm64 Compiling\ Store.swift /Users/admin/builder/spi-builder-workspace/RedUx/Source/Store.swift (in target 'RedUx' from project 'RedUx')
/Users/admin/builder/spi-builder-workspace/RedUx/Source/Store.swift:117:43: warning: 'weak' ownership of capture 'self' differs from implicitly-captured strong reference in outer scope [#ImplicitStrongCapture]
108 |             guard let effect = effect else { return }
109 |
110 |             Task(priority: .high) {
    |                                   |- note: 'self' implicitly strongly captured here
    |                                   `- note: add 'self' as a capture list item to silence
111 |                 guard !effect.isCancellation else {
112 |                     await self.effectManager.cancelTask(effect.id)
    :
115 |
116 |                 let task = effect.sink(
117 |                     receiveValue: { [weak self] in self?.send($0) },
    |                                           |- warning: 'weak' ownership of capture 'self' differs from implicitly-captured strong reference in outer scope [#ImplicitStrongCapture]
    |                                           `- note: explicitly assign the capture list item to silence
118 |                     receiveCompletion: { [weak self] _ in
119 |                         await self?.effectManager.taskComplete(
/Users/admin/builder/spi-builder-workspace/RedUx/Source/Store.swift:118:48: warning: 'weak' ownership of capture 'self' differs from implicitly-captured strong reference in outer scope [#ImplicitStrongCapture]
108 |             guard let effect = effect else { return }
109 |
110 |             Task(priority: .high) {
    |                                   |- note: 'self' implicitly strongly captured here
    |                                   `- note: add 'self' as a capture list item to silence
111 |                 guard !effect.isCancellation else {
112 |                     await self.effectManager.cancelTask(effect.id)
    :
116 |                 let task = effect.sink(
117 |                     receiveValue: { [weak self] in self?.send($0) },
118 |                     receiveCompletion: { [weak self] _ in
    |                                                |- warning: 'weak' ownership of capture 'self' differs from implicitly-captured strong reference in outer scope [#ImplicitStrongCapture]
    |                                                `- note: explicitly assign the capture list item to silence
119 |                         await self?.effectManager.taskComplete(
120 |                             id: effect.id,
/Users/admin/builder/spi-builder-workspace/RedUx/Source/Store.swift:117:58: warning: conformance of 'State' to protocol 'Equatable' may be isolated and cannot be passed to main actor-isolated context [#IsolatedConformances]
115 |
116 |                 let task = effect.sink(
117 |                     receiveValue: { [weak self] in self?.send($0) },
    |                                                          `- warning: conformance of 'State' to protocol 'Equatable' may be isolated and cannot be passed to main actor-isolated context [#IsolatedConformances]
118 |                     receiveCompletion: { [weak self] _ in
119 |                         await self?.effectManager.taskComplete(
/Users/admin/builder/spi-builder-workspace/RedUx/Source/Store.swift:117:58: error: main actor-isolated instance method 'send' cannot be called from outside of the actor
115 |
116 |                 let task = effect.sink(
117 |                     receiveValue: { [weak self] in self?.send($0) },
    |                                                          `- error: main actor-isolated instance method 'send' cannot be called from outside of the actor
118 |                     receiveCompletion: { [weak self] _ in
119 |                         await self?.effectManager.taskComplete(
SwiftCompile normal arm64 /Users/admin/builder/spi-builder-workspace/RedUx/Source/Store.swift (in target 'RedUx' from project 'RedUx')
    cd /Users/admin/builder/spi-builder-workspace/.swiftpm/xcode
    builtin-SwiftPerFileCompile Store.swift
SwiftCompile normal arm64 Compiling\ ActionStatus.swift /Users/admin/builder/spi-builder-workspace/RedUx/Source/Status/ActionStatus.swift (in target 'RedUx' from project 'RedUx')
SwiftCompile normal arm64 /Users/admin/builder/spi-builder-workspace/RedUx/Source/Status/ActionStatus.swift (in target 'RedUx' from project 'RedUx')
    cd /Users/admin/builder/spi-builder-workspace/.swiftpm/xcode
    builtin-SwiftPerFileCompile ActionStatus.swift
SwiftCompile normal arm64 Compiling\ Reducer.swift /Users/admin/builder/spi-builder-workspace/RedUx/Source/Reducer.swift (in target 'RedUx' from project 'RedUx')
SwiftCompile normal arm64 /Users/admin/builder/spi-builder-workspace/RedUx/Source/Reducer.swift (in target 'RedUx' from project 'RedUx')
    cd /Users/admin/builder/spi-builder-workspace/.swiftpm/xcode
    builtin-SwiftPerFileCompile Reducer.swift
SwiftCompile normal arm64 Compiling\ ValueStatus.swift /Users/admin/builder/spi-builder-workspace/RedUx/Source/Status/ValueStatus.swift (in target 'RedUx' from project 'RedUx')
SwiftCompile normal arm64 /Users/admin/builder/spi-builder-workspace/RedUx/Source/Status/ValueStatus.swift (in target 'RedUx' from project 'RedUx')
    cd /Users/admin/builder/spi-builder-workspace/.swiftpm/xcode
    builtin-SwiftPerFileCompile ValueStatus.swift
SwiftCompile normal arm64 Compiling\ RedUxable.swift /Users/admin/builder/spi-builder-workspace/RedUx/Source/RedUxable.swift (in target 'RedUx' from project 'RedUx')
SwiftCompile normal arm64 /Users/admin/builder/spi-builder-workspace/RedUx/Source/RedUxable.swift (in target 'RedUx' from project 'RedUx')
    cd /Users/admin/builder/spi-builder-workspace/.swiftpm/xcode
    builtin-SwiftPerFileCompile RedUxable.swift
SwiftCompile normal arm64 Compiling\ EffectManager.swift /Users/admin/builder/spi-builder-workspace/RedUx/Source/EffectManager.swift (in target 'RedUx' from project 'RedUx')
SwiftCompile normal arm64 /Users/admin/builder/spi-builder-workspace/RedUx/Source/EffectManager.swift (in target 'RedUx' from project 'RedUx')
    cd /Users/admin/builder/spi-builder-workspace/.swiftpm/xcode
    builtin-SwiftPerFileCompile EffectManager.swift
SwiftCompile normal arm64 Compiling\ Effect.swift /Users/admin/builder/spi-builder-workspace/RedUx/Source/Effect.swift (in target 'RedUx' from project 'RedUx')
SwiftCompile normal arm64 /Users/admin/builder/spi-builder-workspace/RedUx/Source/Effect.swift (in target 'RedUx' from project 'RedUx')
    cd /Users/admin/builder/spi-builder-workspace/.swiftpm/xcode
    builtin-SwiftPerFileCompile Effect.swift
SwiftDriverJobDiscovery normal arm64 Compiling ActionStatus.swift (in target 'RedUx' from project 'RedUx')
PruneExplicitPrecompiledModules /Users/admin/builder/spi-builder-workspace/.derivedData/Build/Intermediates.noindex/ExplicitPrecompiledModules
PruneExplicitPrecompiledModules /Users/admin/builder/spi-builder-workspace/.derivedData/Build/Intermediates.noindex/SwiftExplicitPrecompiledModules
PruneExplicitPrecompiledModules /Users/admin/builder/spi-builder-workspace/.derivedData/SDKExplicitPrecompiledModules
2026-09-18 10:20:54.614 xcodebuild[700:4465] [MT] IDERunDestination: Supported platforms for the buildables in the current scheme is empty.
** BUILD FAILED **
The following build commands failed:
	SwiftCompile normal arm64 (in target 'RedUx' from project 'RedUx')
	SwiftEmitModule normal arm64 Emitting\ module\ for\ RedUx (in target 'RedUx' from project 'RedUx')
	Building workspace RedUx with scheme RedUx
(3 failures)
Command line invocation:
    /Applications/Xcode-27.0.0-Release.Candidate.app/Contents/Developer/usr/bin/xcodebuild -IDEClonedSourcePackagesDirPathOverride=/Users/admin/builder/spi-builder-workspace/.dependencies -resolvePackageDependencies
Resolve Package Graph
Resolved source packages:
  RedUx: /Users/admin/builder/spi-builder-workspace
  Asynchrone: https://github.com/reddavis/Asynchrone @ 0.22.0
resolved source packages: RedUx, Asynchrone
2026-09-18 10:21:04.589 xcodebuild[844:5076] [MT] IDERunDestination: Supported platforms for the buildables in the current scheme is empty.
{
  "dependencies" : [
    {
      "identity" : "asynchrone",
      "requirement" : {
        "range" : [
          {
            "lower_bound" : "0.19.0",
            "upper_bound" : "1.0.0"
          }
        ]
      },
      "type" : "sourceControl",
      "url" : "https://github.com/reddavis/Asynchrone"
    }
  ],
  "manifest_display_name" : "RedUx",
  "name" : "RedUx",
  "path" : "/Users/admin/builder/spi-builder-workspace",
  "platforms" : [
    {
      "name" : "ios",
      "version" : "15.0"
    },
    {
      "name" : "macos",
      "version" : "12.0"
    }
  ],
  "products" : [
    {
      "name" : "RedUx",
      "targets" : [
        "RedUx"
      ],
      "type" : {
        "library" : [
          "automatic"
        ]
      }
    }
  ],
  "targets" : [
    {
      "c99name" : "RedUxTests",
      "module_type" : "SwiftTarget",
      "name" : "RedUxTests",
      "path" : "RedUxTests",
      "sources" : [
        "Supporting Files/Assertions.swift",
        "Supporting Files/Models.swift",
        "Tests/ActionStatusTests.swift",
        "Tests/EffectManagerTests.swift",
        "Tests/EffectTests.swift",
        "Tests/ReducerTests.swift",
        "Tests/StoreTests.swift",
        "Tests/ValueStatusTests.swift",
        "Tests/ViewModelTests.swift"
      ],
      "target_dependencies" : [
        "RedUx"
      ],
      "type" : "test"
    },
    {
      "c99name" : "RedUx",
      "module_type" : "SwiftTarget",
      "name" : "RedUx",
      "path" : "RedUx",
      "product_dependencies" : [
        "Asynchrone"
      ],
      "product_memberships" : [
        "RedUx"
      ],
      "sources" : [
        "Source/Effect.swift",
        "Source/EffectManager.swift",
        "Source/RedUxable.swift",
        "Source/Reducer.swift",
        "Source/Status/ActionStatus.swift",
        "Source/Status/ValueStatus.swift",
        "Source/Store.swift",
        "Source/SwiftUI/Extensions/View+Extension.swift",
        "Source/SwiftUI/UnwrapStore.swift",
        "Source/ViewModel.swift"
      ],
      "type" : "library"
    }
  ],
  "tools_version" : "5.3"
}
{
  "workspace" : {
    "name" : "RedUx",
    "schemes" : [
      "RedUx"
    ]
  }
}
2026-09-18 10:21:05.814 xcodebuild[852:5145] [MT] IDERunDestination: Supported platforms for the buildables in the current scheme is empty.
Running build ...
env DEVELOPER_DIR=/Applications/Xcode-27.0.0-Release.Candidate.app xcrun xcodebuild -IDEClonedSourcePackagesDirPathOverride=$PWD/.dependencies -skipMacroValidation -skipPackagePluginValidation -derivedDataPath $PWD/.derivedData build -scheme RedUx -destination generic/platform=xrOS
Command line invocation:
    /Applications/Xcode-27.0.0-Release.Candidate.app/Contents/Developer/usr/bin/xcodebuild -IDEClonedSourcePackagesDirPathOverride=/Users/admin/builder/spi-builder-workspace/.dependencies -skipMacroValidation -skipPackagePluginValidation -derivedDataPath /Users/admin/builder/spi-builder-workspace/.derivedData build -scheme RedUx -destination generic/platform=xrOS
Resolve Package Graph
Resolved source packages:
  RedUx: /Users/admin/builder/spi-builder-workspace
  Asynchrone: https://github.com/reddavis/Asynchrone @ 0.22.0
ComputePackagePrebuildTargetDependencyGraph
Prepare packages
CreateBuildRequest
SendProjectDescription
CreateBuildOperation
ComputeTargetDependencyGraph
note: Building targets in dependency order
note: Target dependency graph (4 targets)
    Target 'RedUx-product' in project 'RedUx'
        ➜ Explicit dependency on target 'RedUx' in project 'RedUx'
        ➜ Explicit dependency on target 'Asynchrone-product' in project 'Asynchrone'
    Target 'RedUx' in project 'RedUx'
        ➜ Explicit dependency on target 'Asynchrone-product' in project 'Asynchrone'
    Target 'Asynchrone-product' in project 'Asynchrone'
        ➜ Explicit dependency on target 'Asynchrone' in project 'Asynchrone'
    Target 'Asynchrone' in project 'Asynchrone' (no dependencies)
GatherProvisioningInputs
CreateBuildDescription
ClangStatCache /Applications/Xcode-27.0.0-Release.Candidate.app/Contents/Developer/Toolchains/XcodeDefault.xctoolchain/usr/bin/clang-stat-cache /Applications/Xcode-27.0.0-Release.Candidate.app/Contents/Developer/Platforms/XROS.platform/Developer/SDKs/XROS27.0.sdk /Users/admin/builder/spi-builder-workspace/.derivedData/SDKStatCaches.noindex/xros27.0-24M361-e829b21a6f8c9b70876ba0858053c044735bd543db762f57723cac368afd1ce4.sdkstatcache
    cd /Users/admin/builder/spi-builder-workspace/.swiftpm/xcode
    /Applications/Xcode-27.0.0-Release.Candidate.app/Contents/Developer/Toolchains/XcodeDefault.xctoolchain/usr/bin/clang-stat-cache /Applications/Xcode-27.0.0-Release.Candidate.app/Contents/Developer/Platforms/XROS.platform/Developer/SDKs/XROS27.0.sdk -o /Users/admin/builder/spi-builder-workspace/.derivedData/SDKStatCaches.noindex/xros27.0-24M361-e829b21a6f8c9b70876ba0858053c044735bd543db762f57723cac368afd1ce4.sdkstatcache
SwiftDriver RedUx normal arm64 com.apple.xcode.tools.swift.compiler (in target 'RedUx' from project 'RedUx')
    cd /Users/admin/builder/spi-builder-workspace/.swiftpm/xcode
    builtin-SwiftDriver -- /Applications/Xcode-27.0.0-Release.Candidate.app/Contents/Developer/Toolchains/XcodeDefault.xctoolchain/usr/bin/swiftc -parse-as-library -module-name RedUx -Onone @/Users/admin/builder/spi-builder-workspace/.derivedData/Build/Intermediates.noindex/RedUx.build/Debug-xros/RedUx-t.build/Objects-normal/arm64/RedUx.SwiftFileList -DSWIFT_PACKAGE -DDEBUG -DSWIFT_MODULE_RESOURCE_BUNDLE_UNAVAILABLE -DXcode -plugin-path /Applications/Xcode-27.0.0-Release.Candidate.app/Contents/Developer/Toolchains/XcodeDefault.xctoolchain/usr/lib/swift/host/plugins/testing -enable-experimental-feature DebugDescriptionMacro -sdk /Applications/Xcode-27.0.0-Release.Candidate.app/Contents/Developer/Platforms/XROS.platform/Developer/SDKs/XROS27.0.sdk -target arm64-apple-xros1.0 -g -module-cache-path /Users/admin/builder/spi-builder-workspace/.derivedData/ModuleCache.noindex -Xfrontend -serialize-debugging-options -profile-coverage-mapping -profile-generate -enable-testing -index-store-path /Users/admin/builder/spi-builder-workspace/.derivedData/Index.noindex/DataStore -Xcc -D_LIBCPP_HARDENING_MODE\=_LIBCPP_HARDENING_MODE_DEBUG -swift-version 5 -I /Users/admin/builder/spi-builder-workspace/.derivedData/Build/Products/Debug-xros -Isystem /Applications/Xcode-27.0.0-Release.Candidate.app/Contents/Developer/Platforms/XROS.platform/Developer/usr/lib -F /Users/admin/builder/spi-builder-workspace/.derivedData/Build/Products/Debug-xros/PackageFrameworks -F /Users/admin/builder/spi-builder-workspace/.derivedData/Build/Products/Debug-xros -F /Applications/Xcode-27.0.0-Release.Candidate.app/Contents/Developer/Platforms/XROS.platform/Developer/Library/Frameworks -F /Applications/Xcode-27.0.0-Release.Candidate.app/Contents/Developer/Platforms/XROS.platform/Developer/SDKs/XROS27.0.sdk/Developer/Library/Frameworks -c -j10 -enable-batch-mode -incremental -Xcc -ivfsstatcache -Xcc /Users/admin/builder/spi-builder-workspace/.derivedData/SDKStatCaches.noindex/xros27.0-24M361-e829b21a6f8c9b70876ba0858053c044735bd543db762f57723cac368afd1ce4.sdkstatcache -output-file-map /Users/admin/builder/spi-builder-workspace/.derivedData/Build/Intermediates.noindex/RedUx.build/Debug-xros/RedUx-t.build/Objects-normal/arm64/RedUx-OutputFileMap.json -save-temps -no-color-diagnostics -explicit-module-build -module-cache-path /Users/admin/builder/spi-builder-workspace/.derivedData/Build/Intermediates.noindex/SwiftExplicitPrecompiledModules -clang-scanner-module-cache-path /Users/admin/builder/spi-builder-workspace/.derivedData/ModuleCache.noindex -sdk-module-cache-path /Users/admin/builder/spi-builder-workspace/.derivedData/SDKExplicitPrecompiledModules -emit-dependencies -emit-module -emit-module-path /Users/admin/builder/spi-builder-workspace/.derivedData/Build/Intermediates.noindex/RedUx.build/Debug-xros/RedUx-t.build/Objects-normal/arm64/RedUx.swiftmodule -serialize-diagnostics -dependency-scan-serialize-diagnostics-path /Users/admin/builder/spi-builder-workspace/.derivedData/Build/Intermediates.noindex/RedUx.build/Debug-xros/RedUx-t.build/Objects-normal/arm64/RedUx-dependency-scan.dia -validate-clang-modules-once -clang-build-session-file /Users/admin/builder/spi-builder-workspace/.derivedData/ModuleCache.noindex/Session.modulevalidation -Xcc -fmodules-prune-interval\=86400 -Xcc -fmodules-prune-after\=345600 -emit-const-values -const-gather-protocols-list /Users/admin/builder/spi-builder-workspace/.derivedData/Build/Intermediates.noindex/RedUx.build/Debug-xros/RedUx-t.build/Objects-normal/arm64/RedUx_const_extract_protocols.json -Xcc -I/Users/admin/builder/spi-builder-workspace/.derivedData/Build/Products/Debug-xros/include -Xcc -I/Users/admin/builder/spi-builder-workspace/.derivedData/Build/Intermediates.noindex/RedUx.build/Debug-xros/RedUx-t.build/DerivedSources-normal/arm64 -Xcc -I/Users/admin/builder/spi-builder-workspace/.derivedData/Build/Intermediates.noindex/RedUx.build/Debug-xros/RedUx-t.build/DerivedSources/arm64 -Xcc -I/Users/admin/builder/spi-builder-workspace/.derivedData/Build/Intermediates.noindex/RedUx.build/Debug-xros/RedUx-t.build/DerivedSources -Xcc -DSWIFT_PACKAGE -Xcc -DDEBUG\=1 -emit-objc-header -emit-objc-header-path /Users/admin/builder/spi-builder-workspace/.derivedData/Build/Intermediates.noindex/RedUx.build/Debug-xros/RedUx-t.build/Objects-normal/arm64/RedUx-Swift.h -working-directory /Users/admin/builder/spi-builder-workspace/.swiftpm/xcode -experimental-emit-module-separately -disable-cmo
SwiftCompile normal arm64 Compiling\ ValueStatus.swift /Users/admin/builder/spi-builder-workspace/RedUx/Source/Status/ValueStatus.swift (in target 'RedUx' from project 'RedUx')
SwiftCompile normal arm64 /Users/admin/builder/spi-builder-workspace/RedUx/Source/Status/ValueStatus.swift (in target 'RedUx' from project 'RedUx')
    cd /Users/admin/builder/spi-builder-workspace/.swiftpm/xcode
    builtin-SwiftPerFileCompile ValueStatus.swift
SwiftCompile normal arm64 Compiling\ Store.swift /Users/admin/builder/spi-builder-workspace/RedUx/Source/Store.swift (in target 'RedUx' from project 'RedUx')
/Users/admin/builder/spi-builder-workspace/RedUx/Source/Store.swift:117:43: warning: 'weak' ownership of capture 'self' differs from implicitly-captured strong reference in outer scope [#ImplicitStrongCapture]
108 |             guard let effect = effect else { return }
109 |
110 |             Task(priority: .high) {
    |                                   |- note: 'self' implicitly strongly captured here
    |                                   `- note: add 'self' as a capture list item to silence
111 |                 guard !effect.isCancellation else {
112 |                     await self.effectManager.cancelTask(effect.id)
    :
115 |
116 |                 let task = effect.sink(
117 |                     receiveValue: { [weak self] in self?.send($0) },
    |                                           |- warning: 'weak' ownership of capture 'self' differs from implicitly-captured strong reference in outer scope [#ImplicitStrongCapture]
    |                                           `- note: explicitly assign the capture list item to silence
118 |                     receiveCompletion: { [weak self] _ in
119 |                         await self?.effectManager.taskComplete(
/Users/admin/builder/spi-builder-workspace/RedUx/Source/Store.swift:118:48: warning: 'weak' ownership of capture 'self' differs from implicitly-captured strong reference in outer scope [#ImplicitStrongCapture]
108 |             guard let effect = effect else { return }
109 |
110 |             Task(priority: .high) {
    |                                   |- note: 'self' implicitly strongly captured here
    |                                   `- note: add 'self' as a capture list item to silence
111 |                 guard !effect.isCancellation else {
112 |                     await self.effectManager.cancelTask(effect.id)
    :
116 |                 let task = effect.sink(
117 |                     receiveValue: { [weak self] in self?.send($0) },
118 |                     receiveCompletion: { [weak self] _ in
    |                                                |- warning: 'weak' ownership of capture 'self' differs from implicitly-captured strong reference in outer scope [#ImplicitStrongCapture]
    |                                                `- note: explicitly assign the capture list item to silence
119 |                         await self?.effectManager.taskComplete(
120 |                             id: effect.id,
/Users/admin/builder/spi-builder-workspace/RedUx/Source/Store.swift:117:58: warning: conformance of 'State' to protocol 'Equatable' may be isolated and cannot be passed to main actor-isolated context [#IsolatedConformances]
115 |
116 |                 let task = effect.sink(
117 |                     receiveValue: { [weak self] in self?.send($0) },
    |                                                          `- warning: conformance of 'State' to protocol 'Equatable' may be isolated and cannot be passed to main actor-isolated context [#IsolatedConformances]
118 |                     receiveCompletion: { [weak self] _ in
119 |                         await self?.effectManager.taskComplete(
/Users/admin/builder/spi-builder-workspace/RedUx/Source/Store.swift:117:58: error: main actor-isolated instance method 'send' cannot be called from outside of the actor
115 |
116 |                 let task = effect.sink(
117 |                     receiveValue: { [weak self] in self?.send($0) },
    |                                                          `- error: main actor-isolated instance method 'send' cannot be called from outside of the actor
118 |                     receiveCompletion: { [weak self] _ in
119 |                         await self?.effectManager.taskComplete(
SwiftCompile normal arm64 /Users/admin/builder/spi-builder-workspace/RedUx/Source/Store.swift (in target 'RedUx' from project 'RedUx')
    cd /Users/admin/builder/spi-builder-workspace/.swiftpm/xcode
    builtin-SwiftPerFileCompile Store.swift
SwiftCompile normal arm64 Compiling\ View+Extension.swift /Users/admin/builder/spi-builder-workspace/RedUx/Source/SwiftUI/Extensions/View+Extension.swift (in target 'RedUx' from project 'RedUx')
/Users/admin/builder/spi-builder-workspace/RedUx/Source/SwiftUI/Extensions/View+Extension.swift:12:14: warning: 'onChange(of:perform:)' was deprecated in visionOS 1.0: Use `onChange` with a two or zero parameter action closure instead. [#DeprecatedDeclaration]
10 |     ) -> some View {
11 |         self
12 |             .onChange(of: first.wrappedValue) { second.wrappedValue = $0 }
   |              `- warning: 'onChange(of:perform:)' was deprecated in visionOS 1.0: Use `onChange` with a two or zero parameter action closure instead. [#DeprecatedDeclaration]
13 |             .onChange(of: second.wrappedValue) { first.wrappedValue = $0 }
14 |     }
SwiftCompile normal arm64 /Users/admin/builder/spi-builder-workspace/RedUx/Source/SwiftUI/Extensions/View+Extension.swift (in target 'RedUx' from project 'RedUx')
    cd /Users/admin/builder/spi-builder-workspace/.swiftpm/xcode
    builtin-SwiftPerFileCompile View+Extension.swift
SwiftCompile normal arm64 Compiling\ UnwrapStore.swift /Users/admin/builder/spi-builder-workspace/RedUx/Source/SwiftUI/UnwrapStore.swift (in target 'RedUx' from project 'RedUx')
SwiftCompile normal arm64 /Users/admin/builder/spi-builder-workspace/RedUx/Source/SwiftUI/UnwrapStore.swift (in target 'RedUx' from project 'RedUx')
    cd /Users/admin/builder/spi-builder-workspace/.swiftpm/xcode
    builtin-SwiftPerFileCompile UnwrapStore.swift
SwiftCompile normal arm64 Compiling\ EffectManager.swift /Users/admin/builder/spi-builder-workspace/RedUx/Source/EffectManager.swift (in target 'RedUx' from project 'RedUx')
SwiftCompile normal arm64 /Users/admin/builder/spi-builder-workspace/RedUx/Source/EffectManager.swift (in target 'RedUx' from project 'RedUx')
    cd /Users/admin/builder/spi-builder-workspace/.swiftpm/xcode
    builtin-SwiftPerFileCompile EffectManager.swift
SwiftCompile normal arm64 Compiling\ ViewModel.swift /Users/admin/builder/spi-builder-workspace/RedUx/Source/ViewModel.swift (in target 'RedUx' from project 'RedUx')
SwiftCompile normal arm64 /Users/admin/builder/spi-builder-workspace/RedUx/Source/ViewModel.swift (in target 'RedUx' from project 'RedUx')
    cd /Users/admin/builder/spi-builder-workspace/.swiftpm/xcode
    builtin-SwiftPerFileCompile ViewModel.swift
SwiftCompile normal arm64 Compiling\ RedUxable.swift /Users/admin/builder/spi-builder-workspace/RedUx/Source/RedUxable.swift (in target 'RedUx' from project 'RedUx')
SwiftCompile normal arm64 /Users/admin/builder/spi-builder-workspace/RedUx/Source/RedUxable.swift (in target 'RedUx' from project 'RedUx')
    cd /Users/admin/builder/spi-builder-workspace/.swiftpm/xcode
    builtin-SwiftPerFileCompile RedUxable.swift
SwiftEmitModule normal arm64 Emitting\ module\ for\ RedUx (in target 'RedUx' from project 'RedUx')
SwiftCompile normal arm64 (in target 'RedUx' from project 'RedUx')
    cd /Users/admin/builder/spi-builder-workspace/.swiftpm/xcode

SwiftCompile normal arm64 Compiling\ Reducer.swift /Users/admin/builder/spi-builder-workspace/RedUx/Source/Reducer.swift (in target 'RedUx' from project 'RedUx')
SwiftCompile normal arm64 /Users/admin/builder/spi-builder-workspace/RedUx/Source/Reducer.swift (in target 'RedUx' from project 'RedUx')
    cd /Users/admin/builder/spi-builder-workspace/.swiftpm/xcode
    builtin-SwiftPerFileCompile Reducer.swift
SwiftCompile normal arm64 Compiling\ Effect.swift /Users/admin/builder/spi-builder-workspace/RedUx/Source/Effect.swift (in target 'RedUx' from project 'RedUx')
/Users/admin/builder/spi-builder-workspace/RedUx/Source/Effect.swift:96:1: error: type 'Effect<Event>' does not conform to protocol 'AsyncSequence'
 94 | // MARK: AsyncSequence
 95 |
 96 | extension Effect: AsyncSequence {
    | `- error: type 'Effect<Event>' does not conform to protocol 'AsyncSequence'
 97 |     public typealias Element = Event
 98 |     public func makeAsyncIterator() -> AnyAsyncSequenceable<Element> {
    |                 `- note: candidate would match and infer 'AsyncIterator' = 'AnyAsyncSequenceable<Effect<Event>.Element>' (aka 'AnyAsyncSequenceable<Event>') if 'AnyAsyncSequenceable<Effect<Event>.Element>' (aka 'AnyAsyncSequenceable<Event>') conformed to 'AsyncIteratorProtocol'
 99 |         self.sequence.makeAsyncIterator()
100 |     }
_Concurrency.AsyncSequence.AsyncIterator:2:16: note: unable to infer associated type 'AsyncIterator' for protocol 'AsyncSequence'
1 | protocol AsyncSequence {
2 | associatedtype AsyncIterator : AsyncIteratorProtocol}
  |                `- note: unable to infer associated type 'AsyncIterator' for protocol 'AsyncSequence'
3 |
/Users/admin/builder/spi-builder-workspace/RedUx/Source/Effect.swift:99:23: error: cannot convert return expression of type 'AnyAsyncSequenceable<Event>.Iterator' to return type 'AnyAsyncSequenceable<Effect<Event>.Element>' (aka 'AnyAsyncSequenceable<Event>')
 97 |     public typealias Element = Event
 98 |     public func makeAsyncIterator() -> AnyAsyncSequenceable<Element> {
 99 |         self.sequence.makeAsyncIterator()
    |                       `- error: cannot convert return expression of type 'AnyAsyncSequenceable<Event>.Iterator' to return type 'AnyAsyncSequenceable<Effect<Event>.Element>' (aka 'AnyAsyncSequenceable<Event>')
100 |     }
101 | }
Failed frontend command:
/Applications/Xcode-27.0.0-Release.Candidate.app/Contents/Developer/Toolchains/XcodeDefault.xctoolchain/usr/bin/swift-frontend -frontend -c -primary-file /Users/admin/builder/spi-builder-workspace/RedUx/Source/Effect.swift /Users/admin/builder/spi-builder-workspace/RedUx/Source/EffectManager.swift /Users/admin/builder/spi-builder-workspace/RedUx/Source/RedUxable.swift /Users/admin/builder/spi-builder-workspace/RedUx/Source/Reducer.swift /Users/admin/builder/spi-builder-workspace/RedUx/Source/Status/ActionStatus.swift /Users/admin/builder/spi-builder-workspace/RedUx/Source/Status/ValueStatus.swift /Users/admin/builder/spi-builder-workspace/RedUx/Source/Store.swift /Users/admin/builder/spi-builder-workspace/RedUx/Source/SwiftUI/Extensions/View+Extension.swift /Users/admin/builder/spi-builder-workspace/RedUx/Source/SwiftUI/UnwrapStore.swift /Users/admin/builder/spi-builder-workspace/RedUx/Source/ViewModel.swift -emit-dependencies-path /Users/admin/builder/spi-builder-workspace/.derivedData/Build/Intermediates.noindex/RedUx.build/Debug-xros/RedUx-t.build/Objects-normal/arm64/Effect.d -emit-const-values-path /Users/admin/builder/spi-builder-workspace/.derivedData/Build/Intermediates.noindex/RedUx.build/Debug-xros/RedUx-t.build/Objects-normal/arm64/Effect.swiftconstvalues -emit-reference-dependencies-path /Users/admin/builder/spi-builder-workspace/.derivedData/Build/Intermediates.noindex/RedUx.build/Debug-xros/RedUx-t.build/Objects-normal/arm64/Effect.swiftdeps -serialize-diagnostics-path /Users/admin/builder/spi-builder-workspace/.derivedData/Build/Intermediates.noindex/RedUx.build/Debug-xros/RedUx-t.build/Objects-normal/arm64/Effect.dia -target arm64-apple-xros1.0 -disable-cross-import-overlay-search -load-resolved-plugin /Applications/Xcode-27.0.0-Release.Candidate.app/Contents/Developer/Platforms/XROS.platform/Developer/usr/lib/swift/host/plugins/libFoundationMacros.dylib\#/Applications/Xcode-27.0.0-Release.Candidate.app/Contents/Developer/Platforms/XROS.platform/Developer/usr/bin/swift-plugin-server\#FoundationMacros -load-resolved-plugin /Applications/Xcode-27.0.0-Release.Candidate.app/Contents/Developer/Platforms/XROS.platform/Developer/usr/lib/swift/host/plugins/libObservationMacros.dylib\#/Applications/Xcode-27.0.0-Release.Candidate.app/Contents/Developer/Platforms/XROS.platform/Developer/usr/bin/swift-plugin-server\#ObservationMacros -load-resolved-plugin /Applications/Xcode-27.0.0-Release.Candidate.app/Contents/Developer/Platforms/XROS.platform/Developer/usr/lib/swift/host/plugins/libPreviewsMacros.dylib\#/Applications/Xcode-27.0.0-Release.Candidate.app/Contents/Developer/Platforms/XROS.platform/Developer/usr/bin/swift-plugin-server\#PreviewsMacros -load-resolved-plugin /Applications/Xcode-27.0.0-Release.Candidate.app/Contents/Developer/Platforms/XROS.platform/Developer/usr/lib/swift/host/plugins/libSwiftMacros.dylib\#/Applications/Xcode-27.0.0-Release.Candidate.app/Contents/Developer/Platforms/XROS.platform/Developer/usr/bin/swift-plugin-server\#SwiftMacros -load-resolved-plugin /Applications/Xcode-27.0.0-Release.Candidate.app/Contents/Developer/Platforms/XROS.platform/Developer/usr/lib/swift/host/plugins/libSwiftUIMacros.dylib\#/Applications/Xcode-27.0.0-Release.Candidate.app/Contents/Developer/Platforms/XROS.platform/Developer/usr/bin/swift-plugin-server\#SwiftUIMacros -disable-implicit-swift-modules -Xcc -fno-implicit-modules -Xcc -fno-implicit-module-maps -explicit-swift-module-map-file /Users/admin/builder/spi-builder-workspace/.derivedData/Build/Intermediates.noindex/RedUx.build/Debug-xros/RedUx-t.build/Objects-normal/arm64/RedUx-dependencies-1.json -Xllvm -aarch64-use-tbi -enable-objc-interop -stack-check -sdk /Applications/Xcode-27.0.0-Release.Candidate.app/Contents/Developer/Platforms/XROS.platform/Developer/SDKs/XROS27.0.sdk -I /Users/admin/builder/spi-builder-workspace/.derivedData/Build/Products/Debug-xros -Isystem /Applications/Xcode-27.0.0-Release.Candidate.app/Contents/Developer/Platforms/XROS.platform/Developer/usr/lib -F /Users/admin/builder/spi-builder-workspace/.derivedData/Build/Products/Debug-xros/PackageFrameworks -F /Users/admin/builder/spi-builder-workspace/.derivedData/Build/Products/Debug-xros -F /Applications/Xcode-27.0.0-Release.Candidate.app/Contents/Developer/Platforms/XROS.platform/Developer/Library/Frameworks -F /Applications/Xcode-27.0.0-Release.Candidate.app/Contents/Developer/Platforms/XROS.platform/Developer/SDKs/XROS27.0.sdk/Developer/Library/Frameworks -module-cache-path /Users/admin/builder/spi-builder-workspace/.derivedData/Build/Intermediates.noindex/SwiftExplicitPrecompiledModules -no-color-diagnostics -Xcc -fno-color-diagnostics -enable-testing -g -debug-info-format\=dwarf -dwarf-version\=4 -profile-generate -profile-coverage-mapping -swift-version 5 -Onone -D SWIFT_PACKAGE -D DEBUG -D SWIFT_MODULE_RESOURCE_BUNDLE_UNAVAILABLE -D Xcode -serialize-debugging-options -enable-experimental-feature DebugDescriptionMacro -empty-abi-descriptor -validate-clang-modules-once -clang-build-session-file /Users/admin/builder/spi-builder-workspace/.derivedData/ModuleCache.noindex/Session.modulevalidation -Xcc -working-directory -Xcc /Users/admin/builder/spi-builder-workspace/.swiftpm/xcode -enable-anonymous-context-mangled-names -file-compilation-dir /Users/admin/builder/spi-builder-workspace/.swiftpm/xcode -Xcc -D_LIBCPP_HARDENING_MODE\=_LIBCPP_HARDENING_MODE_DEBUG -Xcc -ivfsstatcache -Xcc /Users/admin/builder/spi-builder-workspace/.derivedData/SDKStatCaches.noindex/xros27.0-24M361-e829b21a6f8c9b70876ba0858053c044735bd543db762f57723cac368afd1ce4.sdkstatcache -Xcc -fmodules-prune-interval\=86400 -Xcc -fmodules-prune-after\=345600 -Xcc -I/Users/admin/builder/spi-builder-workspace/.derivedData/Build/Products/Debug-xros/include -Xcc -I/Users/admin/builder/spi-builder-workspace/.derivedData/Build/Intermediates.noindex/RedUx.build/Debug-xros/RedUx-t.build/DerivedSources-normal/arm64 -Xcc -I/Users/admin/builder/spi-builder-workspace/.derivedData/Build/Intermediates.noindex/RedUx.build/Debug-xros/RedUx-t.build/DerivedSources/arm64 -Xcc -I/Users/admin/builder/spi-builder-workspace/.derivedData/Build/Intermediates.noindex/RedUx.build/Debug-xros/RedUx-t.build/DerivedSources -Xcc -DSWIFT_PACKAGE -Xcc -DDEBUG\=1 -no-auto-bridging-header-chaining -module-name RedUx -const-gather-protocols-file /Users/admin/builder/spi-builder-workspace/.derivedData/Build/Intermediates.noindex/RedUx.build/Debug-xros/RedUx-t.build/Objects-normal/arm64/RedUx_const_extract_protocols.json -disable-clang-spi -clang-target arm64-apple-xros27.0 -target-sdk-version 27.0 -target-sdk-name xros27.0 -in-process-plugin-server-path /Applications/Xcode-27.0.0-Release.Candidate.app/Contents/Developer/Toolchains/XcodeDefault.xctoolchain/usr/lib/swift/host/libSwiftInProcPluginServer.dylib -parse-as-library -o /Users/admin/builder/spi-builder-workspace/.derivedData/Build/Intermediates.noindex/RedUx.build/Debug-xros/RedUx-t.build/Objects-normal/arm64/Effect.o -debug-module-path /Users/admin/builder/spi-builder-workspace/.derivedData/Build/Intermediates.noindex/RedUx.build/Debug-xros/RedUx-t.build/Objects-normal/arm64/RedUx.swiftmodule -index-unit-output-path /RedUx.build/Debug-xros/RedUx-t.build/Objects-normal/arm64/Effect.o -index-store-path /Users/admin/builder/spi-builder-workspace/.derivedData/Index.noindex/DataStore -index-system-modules
SwiftCompile normal arm64 /Users/admin/builder/spi-builder-workspace/RedUx/Source/Effect.swift (in target 'RedUx' from project 'RedUx')
    cd /Users/admin/builder/spi-builder-workspace/.swiftpm/xcode
    builtin-SwiftPerFileCompile Effect.swift
PruneExplicitPrecompiledModules /Users/admin/builder/spi-builder-workspace/.derivedData/Build/Intermediates.noindex/SwiftExplicitPrecompiledModules
PruneExplicitPrecompiledModules /Users/admin/builder/spi-builder-workspace/.derivedData/Build/Intermediates.noindex/ExplicitPrecompiledModules
PruneExplicitPrecompiledModules /Users/admin/builder/spi-builder-workspace/.derivedData/SDKExplicitPrecompiledModules
2026-09-18 10:21:06.778 xcodebuild[853:5169] [MT] IDERunDestination: Supported platforms for the buildables in the current scheme is empty.
** BUILD FAILED **
The following build commands failed:
	SwiftCompile normal arm64 Compiling\ Effect.swift /Users/admin/builder/spi-builder-workspace/RedUx/Source/Effect.swift (in target 'RedUx' from project 'RedUx')
	SwiftCompile normal arm64 /Users/admin/builder/spi-builder-workspace/RedUx/Source/Effect.swift (in target 'RedUx' from project 'RedUx')
	Building workspace RedUx with scheme RedUx
(3 failures)
BUILD FAILURE 6.4 visionOS