Build Information
Failed to build RegionBlocker, reference 1.0.0 (c1d5e4), with Swift 6.1 for Wasm on 11 Aug 2026 15:28:22 UTC.
Build Command
bash -c docker run --pull=always --rm -v "checkouts-53886770-1":/host -w "$PWD" -e JAVA_HOME="/root/.sdkman/candidates/java/current" -e SPI_BUILD="1" -e SPI_PROCESSING="1" registry.gitlab.com/saguaro1/spi-images:wasm-6.1-latest swift build --swift-sdk wasm32-unknown-wasi 2>&1Build Log
========================================
RunAll
========================================
Builder version: 729ceb5fcd9493dc13ee340bc4f0908bd201f85d
Interrupt handler set up.
========================================
Checkout
========================================
Clone URL: https://github.com/moslienko/RegionBlocker.git
Reference: 1.0.0
Initialized empty Git repository in /host/spi-builder-workspace/.git/
hint: Using 'master' as the name for the initial branch. This default branch name
hint: is subject to change. To configure the initial branch name to use in all
hint: of your new repositories, which will suppress this warning, call:
hint:
hint: git config --global init.defaultBranch <name>
hint:
hint: Names commonly chosen instead of 'master' are 'main', 'trunk' and
hint: 'development'. The just-created branch can be renamed via this command:
hint:
hint: git branch -m <name>
From https://github.com/moslienko/RegionBlocker
* tag 1.0.0 -> FETCH_HEAD
HEAD is now at c1d5e4f Merge pull request #1 from moslienko/develop
Cloned https://github.com/moslienko/RegionBlocker.git
Revision (git rev-parse @):
c1d5e4f6106f5b55fe971dd20aa3c9f1cc7faa72
SUCCESS checkout https://github.com/moslienko/RegionBlocker.git at 1.0.0
========================================
Build
========================================
Selected platform: wasm
Swift version: 6.1
Building package at path: $PWD
https://github.com/moslienko/RegionBlocker.git
https://github.com/moslienko/RegionBlocker.git
WARNING: environment variable SUPPRESS_SWIFT_6_FLAGS is not set
Running build ...
bash -c docker run --pull=always --rm -v "checkouts-53886770-1":/host -w "$PWD" -e JAVA_HOME="/root/.sdkman/candidates/java/current" -e SPI_BUILD="1" -e SPI_PROCESSING="1" registry.gitlab.com/saguaro1/spi-images:wasm-6.1-latest swift build --swift-sdk wasm32-unknown-wasi -Xswiftc -Xfrontend -Xswiftc -stats-output-dir -Xswiftc -Xfrontend -Xswiftc .stats -Xswiftc -strict-concurrency=complete -Xswiftc -enable-upcoming-feature -Xswiftc StrictConcurrency -Xswiftc -enable-upcoming-feature -Xswiftc DisableOutwardActorInference -Xswiftc -enable-upcoming-feature -Xswiftc GlobalActorIsolatedTypesUsability -Xswiftc -enable-upcoming-feature -Xswiftc InferSendableFromCaptures 2>&1
wasm-6.1-latest: Pulling from saguaro1/spi-images
Digest: sha256:290f441d1f5b7bf0dbbe61e8b7514208804cdcb507d57b3c762463ad036298f7
Status: Image is up to date for registry.gitlab.com/saguaro1/spi-images:wasm-6.1-latest
Building for debugging...
[0/2] Write sources
[1/2] Write swift-version-24593BA9C3E375BF.txt
[3/10] Compiling RegionBlocker GeocoderService.swift
/host/spi-builder-workspace/Sources/RegionBlocker/Services/GeocoderService.swift:8:8: error: no such module 'CoreLocation'
6 | //
7 |
8 | import CoreLocation
| `- error: no such module 'CoreLocation'
9 |
10 | final class GeocoderService {
[4/10] Compiling RegionBlocker RemoteService.swift
/host/spi-builder-workspace/Sources/RegionBlocker/Services/GeocoderService.swift:8:8: error: no such module 'CoreLocation'
6 | //
7 |
8 | import CoreLocation
| `- error: no such module 'CoreLocation'
9 |
10 | final class GeocoderService {
error: emit-module command failed with exit code 1 (use -v to see invocation)
[5/10] Emitting module RegionBlocker
/host/spi-builder-workspace/Sources/RegionBlocker/Services/GeocoderService.swift:8:8: error: no such module 'CoreLocation'
6 | //
7 |
8 | import CoreLocation
| `- error: no such module 'CoreLocation'
9 |
10 | final class GeocoderService {
[6/10] Compiling RegionBlocker RegionBlockerMethod.swift
/host/spi-builder-workspace/Sources/RegionBlocker/Services/GeocoderService.swift:8:8: error: no such module 'CoreLocation'
6 | //
7 |
8 | import CoreLocation
| `- error: no such module 'CoreLocation'
9 |
10 | final class GeocoderService {
[7/10] Compiling RegionBlocker CountryCode.swift
/host/spi-builder-workspace/Sources/RegionBlocker/Services/GeocoderService.swift:8:8: error: no such module 'CoreLocation'
6 | //
7 |
8 | import CoreLocation
| `- error: no such module 'CoreLocation'
9 |
10 | final class GeocoderService {
[8/10] Compiling RegionBlocker IpInfoResponse.swift
/host/spi-builder-workspace/Sources/RegionBlocker/Services/GeocoderService.swift:8:8: error: no such module 'CoreLocation'
6 | //
7 |
8 | import CoreLocation
| `- error: no such module 'CoreLocation'
9 |
10 | final class GeocoderService {
[9/10] Compiling RegionBlocker RegionService.swift
/host/spi-builder-workspace/Sources/RegionBlocker/Services/GeocoderService.swift:8:8: error: no such module 'CoreLocation'
6 | //
7 |
8 | import CoreLocation
| `- error: no such module 'CoreLocation'
9 |
10 | final class GeocoderService {
[10/10] Compiling RegionBlocker LocationService.swift
/host/spi-builder-workspace/Sources/RegionBlocker/Services/GeocoderService.swift:8:8: error: no such module 'CoreLocation'
6 | //
7 |
8 | import CoreLocation
| `- error: no such module 'CoreLocation'
9 |
10 | final class GeocoderService {
Running build ...
bash -c docker run --pull=always --rm -v "checkouts-53886770-1":/host -w "$PWD" -e JAVA_HOME="/root/.sdkman/candidates/java/current" -e SPI_BUILD="1" -e SPI_PROCESSING="1" registry.gitlab.com/saguaro1/spi-images:wasm-6.1-latest swift build --swift-sdk wasm32-unknown-wasi 2>&1
wasm-6.1-latest: Pulling from saguaro1/spi-images
Digest: sha256:290f441d1f5b7bf0dbbe61e8b7514208804cdcb507d57b3c762463ad036298f7
Status: Image is up to date for registry.gitlab.com/saguaro1/spi-images:wasm-6.1-latest
[0/1] Planning build
Building for debugging...
[0/1] Write swift-version-24593BA9C3E375BF.txt
[2/9] Compiling RegionBlocker RemoteService.swift
/host/spi-builder-workspace/Sources/RegionBlocker/Services/GeocoderService.swift:8:8: error: no such module 'CoreLocation'
6 | //
7 |
8 | import CoreLocation
| `- error: no such module 'CoreLocation'
9 |
10 | final class GeocoderService {
error: emit-module command failed with exit code 1 (use -v to see invocation)
[3/9] Emitting module RegionBlocker
/host/spi-builder-workspace/Sources/RegionBlocker/Services/GeocoderService.swift:8:8: error: no such module 'CoreLocation'
6 | //
7 |
8 | import CoreLocation
| `- error: no such module 'CoreLocation'
9 |
10 | final class GeocoderService {
[4/9] Compiling RegionBlocker IpInfoResponse.swift
/host/spi-builder-workspace/Sources/RegionBlocker/Services/GeocoderService.swift:8:8: error: no such module 'CoreLocation'
6 | //
7 |
8 | import CoreLocation
| `- error: no such module 'CoreLocation'
9 |
10 | final class GeocoderService {
[5/9] Compiling RegionBlocker CountryCode.swift
/host/spi-builder-workspace/Sources/RegionBlocker/Services/GeocoderService.swift:8:8: error: no such module 'CoreLocation'
6 | //
7 |
8 | import CoreLocation
| `- error: no such module 'CoreLocation'
9 |
10 | final class GeocoderService {
[6/9] Compiling RegionBlocker RegionService.swift
/host/spi-builder-workspace/Sources/RegionBlocker/Services/GeocoderService.swift:8:8: error: no such module 'CoreLocation'
6 | //
7 |
8 | import CoreLocation
| `- error: no such module 'CoreLocation'
9 |
10 | final class GeocoderService {
[7/9] Compiling RegionBlocker GeocoderService.swift
/host/spi-builder-workspace/Sources/RegionBlocker/Services/GeocoderService.swift:8:8: error: no such module 'CoreLocation'
6 | //
7 |
8 | import CoreLocation
| `- error: no such module 'CoreLocation'
9 |
10 | final class GeocoderService {
[8/9] Compiling RegionBlocker RegionBlockerMethod.swift
/host/spi-builder-workspace/Sources/RegionBlocker/Services/GeocoderService.swift:8:8: error: no such module 'CoreLocation'
6 | //
7 |
8 | import CoreLocation
| `- error: no such module 'CoreLocation'
9 |
10 | final class GeocoderService {
[9/9] Compiling RegionBlocker LocationService.swift
/host/spi-builder-workspace/Sources/RegionBlocker/Services/GeocoderService.swift:8:8: error: no such module 'CoreLocation'
6 | //
7 |
8 | import CoreLocation
| `- error: no such module 'CoreLocation'
9 |
10 | final class GeocoderService {
BUILD FAILURE 6.1 wasm