Build Information
Failed to build iban4j²JavApi, reference 4.1.0 (21de2f), with Swift 6.4 for watchOS using Xcode 27.0 on 21 Sep 2026 04:17:01 UTC.
Build Command
env DEVELOPER_DIR=/Applications/Xcode-27.0.0-Release.Candidate.app xcrun xcodebuild -IDEClonedSourcePackagesDirPathOverride=$PWD/.dependencies -skipMacroValidation -skipPackagePluginValidation -derivedDataPath $PWD/.derivedData build -scheme iban4j²JavApi -destination generic/platform=watchOSBuild Log
========================================
RunAll
========================================
Builder version: 5.1.0
Interrupt handler set up.
========================================
Checkout
========================================
Clone URL: https://github.com/bastie/iban4j2JavApi.git
Reference: 4.1.0
Initialized empty Git repository in /Users/admin/builder/spi-builder-workspace/.git/
From https://github.com/bastie/iban4j2JavApi
* tag 4.1.0 -> FETCH_HEAD
HEAD is now at 21de2fd see https://github.com/arturmkrtchyan/iban4j/releases/tag/3.2.10-RELEASE
Cloned https://github.com/bastie/iban4j2JavApi.git
Revision (git rev-parse @):
21de2fd4354aba904ac3653c05edbe8944e6d9d5
SUCCESS checkout https://github.com/bastie/iban4j2JavApi.git at 4.1.0
========================================
Build
========================================
Selected platform: watchOS
Swift version: 6.4
Building package at path: $PWD
https://github.com/bastie/iban4j2JavApi.git
Command line invocation:
/Applications/Xcode-27.0.0-Release.Candidate.app/Contents/Developer/usr/bin/xcodebuild -IDEClonedSourcePackagesDirPathOverride=/Users/admin/builder/spi-builder-workspace/.dependencies -resolvePackageDependencies
Resolve Package Graph
Fetching from https://github.com/bastie/JavApi4Swift.git
Creating working copy of package ‘JavApi4Swift’
Checking out 0.54.0 of package ‘JavApi4Swift’
Resolve Package Graph
Resolve Package Graph
Resolved source packages:
JavApi⁴Swift: https://github.com/bastie/JavApi4Swift.git @ 0.54.0
iban4j²JavApi: /Users/admin/builder/spi-builder-workspace
resolved source packages: JavApi⁴Swift, iban4j²JavApi
2026-09-21 00:16:18.601 xcodebuild[525:2999] [MT] IDERunDestination: Supported platforms for the buildables in the current scheme is empty.
{
"dependencies" : [
{
"identity" : "javapi4swift",
"requirement" : {
"range" : [
{
"lower_bound" : "0.8.1",
"upper_bound" : "1.0.0"
}
]
},
"type" : "sourceControl",
"url" : "https://github.com/bastie/JavApi4Swift.git"
}
],
"manifest_display_name" : "iban4j²JavApi",
"name" : "iban4j²JavApi",
"path" : "/Users/admin/builder/spi-builder-workspace",
"platforms" : [
{
"name" : "macos",
"version" : "13.0"
},
{
"name" : "visionos",
"version" : "1.0"
},
{
"name" : "ios",
"version" : "16.0"
},
{
"name" : "tvos",
"version" : "16.0"
}
],
"products" : [
{
"name" : "iban4j2JavApi",
"targets" : [
"iban4j2JavApi"
],
"type" : {
"library" : [
"automatic"
]
}
}
],
"targets" : [
{
"c99name" : "iban4j2JavApiTests",
"module_type" : "SwiftTarget",
"name" : "iban4j2JavApiTests",
"path" : "Tests/iban4j2JavApiTests",
"product_dependencies" : [
"JavApi"
],
"sources" : [
"BicCreationTest.swift",
"BicTest.swift",
"BicUtilTest.swift",
"CountryCodeTest.swift",
"ExceptionMessageTest.swift",
"IbanGenerationExceptionTest.swift",
"IbanGenerationTest.swift",
"IbanLengthTest.swift",
"IbanTest.swift",
"IbanUtilTest.swift",
"InvalidCheckDigitCalculationTest.swift",
"InvalidIbanIsValidTest.swift",
"InvalidIbanValidationTest.swift",
"TestDataHelper.swift",
"ValidCheckDigitCalculationTest.swift",
"ValidIbanValidationTest.swift",
"bban/BbanStructureEntryTest.swift",
"benchmark/IbanBenchmarkTest.swift"
],
"target_dependencies" : [
"iban4j2JavApi"
],
"type" : "test"
},
{
"c99name" : "iban4j2JavApi",
"module_type" : "SwiftTarget",
"name" : "iban4j2JavApi",
"path" : "Sources/iban4j2JavApi",
"product_dependencies" : [
"JavApi"
],
"product_memberships" : [
"iban4j2JavApi"
],
"sources" : [
"IBAN+Swiftify.swift",
"org/iban4j/Bic.swift",
"org/iban4j/BicFormatException.swift",
"org/iban4j/BicUtil.swift",
"org/iban4j/Builder.swift",
"org/iban4j/CountryCode+CaseIterable.swift",
"org/iban4j/CountryCode.swift",
"org/iban4j/Iban.swift",
"org/iban4j/Iban4jException.swift",
"org/iban4j/IbanFormat.swift",
"org/iban4j/IbanFormatException.swift",
"org/iban4j/IbanUtil.swift",
"org/iban4j/InvalidCheckDigitException.swift",
"org/iban4j/UnsupportedCountryException.swift",
"org/iban4j/bban/BbanEntryType.swift",
"org/iban4j/bban/BbanStructure.swift",
"org/iban4j/bban/BbanStructureEntry.swift",
"org/iban4j/bban/org.iban4j.bban.swift",
"org/iban4j/org.iban4j.swift",
"org/org.swift"
],
"type" : "library"
}
],
"tools_version" : "5.10"
}
{
"workspace" : {
"name" : "iban4j²JavApi",
"schemes" : [
"iban4j²JavApi"
]
}
}
2026-09-21 00:16:51.676 xcodebuild[660:4028] [MT] IDERunDestination: Supported platforms for the buildables in the current scheme is empty.
Running build ...
env DEVELOPER_DIR=/Applications/Xcode-27.0.0-Release.Candidate.app xcrun xcodebuild -IDEClonedSourcePackagesDirPathOverride=$PWD/.dependencies -skipMacroValidation -skipPackagePluginValidation -derivedDataPath $PWD/.derivedData build -scheme iban4j²JavApi -destination generic/platform=watchOS
Command line invocation:
/Applications/Xcode-27.0.0-Release.Candidate.app/Contents/Developer/usr/bin/xcodebuild -IDEClonedSourcePackagesDirPathOverride=/Users/admin/builder/spi-builder-workspace/.dependencies -skipMacroValidation -skipPackagePluginValidation -derivedDataPath /Users/admin/builder/spi-builder-workspace/.derivedData build -scheme iban4j²JavApi -destination generic/platform=watchOS
Resolve Package Graph
Resolve Package Graph
Resolved source packages:
iban4j²JavApi: /Users/admin/builder/spi-builder-workspace
JavApi⁴Swift: https://github.com/bastie/JavApi4Swift.git @ 0.54.0
ComputePackagePrebuildTargetDependencyGraph
Prepare packages
CreateBuildRequest
SendProjectDescription
CreateBuildOperation
ComputeTargetDependencyGraph
note: Building targets in dependency order
note: Target dependency graph (4 targets)
Target 'iban4j2JavApi-product' in project 'iban4j²JavApi'
➜ Explicit dependency on target 'iban4j2JavApi' in project 'iban4j²JavApi'
➜ Explicit dependency on target 'JavApi-product' in project 'JavApi⁴Swift'
Target 'iban4j2JavApi' in project 'iban4j²JavApi'
➜ Explicit dependency on target 'JavApi-product' in project 'JavApi⁴Swift'
Target 'JavApi-product' in project 'JavApi⁴Swift'
➜ Explicit dependency on target 'JavApi' in project 'JavApi⁴Swift'
Target 'JavApi' in project 'JavApi⁴Swift' (no dependencies)
GatherProvisioningInputs
CreateBuildDescription
ExecuteExternalTool /Applications/Xcode-27.0.0-Release.Candidate.app/Contents/Developer/Toolchains/XcodeDefault.xctoolchain/usr/bin/clang -v -E -dM -isysroot /Applications/Xcode-27.0.0-Release.Candidate.app/Contents/Developer/Platforms/WatchOS.platform/Developer/SDKs/WatchOS27.0.sdk -x c -c /dev/null
ExecuteExternalTool /Applications/Xcode-27.0.0-Release.Candidate.app/Contents/Developer/Toolchains/XcodeDefault.xctoolchain/usr/bin/swiftc --version
ExecuteExternalTool /Applications/Xcode-27.0.0-Release.Candidate.app/Contents/Developer/Toolchains/XcodeDefault.xctoolchain/usr/bin/ld -version_details
ReadFileContents /Applications/Xcode-27.0.0-Release.Candidate.app/Contents/Developer/Toolchains/XcodeDefault.xctoolchain/usr/share/docc/features.json
Build description signature: c29d17b56f5a47decad06203bab2ed62
Build description path: /Users/admin/builder/spi-builder-workspace/.derivedData/Build/Intermediates.noindex/XCBuildData/c29d17b56f5a47decad06203bab2ed62.xcbuilddata
error: The package product 'JavApi-product' requires minimum platform version 11.0 for the watchOS platform, but this target supports 9.0 (in target 'iban4j2JavApi' from project 'iban4j²JavApi')
2026-09-21 00:16:54.297 xcodebuild[681:4241] [MT] IDERunDestination: Supported platforms for the buildables in the current scheme is empty.
** BUILD FAILED **
The following build commands failed:
Building workspace iban4j²JavApi with scheme iban4j²JavApi
(1 failure)
Command line invocation:
/Applications/Xcode-27.0.0-Release.Candidate.app/Contents/Developer/usr/bin/xcodebuild -IDEClonedSourcePackagesDirPathOverride=/Users/admin/builder/spi-builder-workspace/.dependencies -resolvePackageDependencies
Resolve Package Graph
Resolved source packages:
iban4j²JavApi: /Users/admin/builder/spi-builder-workspace
JavApi⁴Swift: https://github.com/bastie/JavApi4Swift.git @ 0.54.0
resolved source packages: iban4j²JavApi, JavApi⁴Swift
2026-09-21 00:16:57.310 xcodebuild[703:4392] [MT] IDERunDestination: Supported platforms for the buildables in the current scheme is empty.
{
"dependencies" : [
{
"identity" : "javapi4swift",
"requirement" : {
"range" : [
{
"lower_bound" : "0.8.1",
"upper_bound" : "1.0.0"
}
]
},
"type" : "sourceControl",
"url" : "https://github.com/bastie/JavApi4Swift.git"
}
],
"manifest_display_name" : "iban4j²JavApi",
"name" : "iban4j²JavApi",
"path" : "/Users/admin/builder/spi-builder-workspace",
"platforms" : [
{
"name" : "macos",
"version" : "13.0"
},
{
"name" : "visionos",
"version" : "1.0"
},
{
"name" : "ios",
"version" : "16.0"
},
{
"name" : "tvos",
"version" : "16.0"
}
],
"products" : [
{
"name" : "iban4j2JavApi",
"targets" : [
"iban4j2JavApi"
],
"type" : {
"library" : [
"automatic"
]
}
}
],
"targets" : [
{
"c99name" : "iban4j2JavApiTests",
"module_type" : "SwiftTarget",
"name" : "iban4j2JavApiTests",
"path" : "Tests/iban4j2JavApiTests",
"product_dependencies" : [
"JavApi"
],
"sources" : [
"BicCreationTest.swift",
"BicTest.swift",
"BicUtilTest.swift",
"CountryCodeTest.swift",
"ExceptionMessageTest.swift",
"IbanGenerationExceptionTest.swift",
"IbanGenerationTest.swift",
"IbanLengthTest.swift",
"IbanTest.swift",
"IbanUtilTest.swift",
"InvalidCheckDigitCalculationTest.swift",
"InvalidIbanIsValidTest.swift",
"InvalidIbanValidationTest.swift",
"TestDataHelper.swift",
"ValidCheckDigitCalculationTest.swift",
"ValidIbanValidationTest.swift",
"bban/BbanStructureEntryTest.swift",
"benchmark/IbanBenchmarkTest.swift"
],
"target_dependencies" : [
"iban4j2JavApi"
],
"type" : "test"
},
{
"c99name" : "iban4j2JavApi",
"module_type" : "SwiftTarget",
"name" : "iban4j2JavApi",
"path" : "Sources/iban4j2JavApi",
"product_dependencies" : [
"JavApi"
],
"product_memberships" : [
"iban4j2JavApi"
],
"sources" : [
"IBAN+Swiftify.swift",
"org/iban4j/Bic.swift",
"org/iban4j/BicFormatException.swift",
"org/iban4j/BicUtil.swift",
"org/iban4j/Builder.swift",
"org/iban4j/CountryCode+CaseIterable.swift",
"org/iban4j/CountryCode.swift",
"org/iban4j/Iban.swift",
"org/iban4j/Iban4jException.swift",
"org/iban4j/IbanFormat.swift",
"org/iban4j/IbanFormatException.swift",
"org/iban4j/IbanUtil.swift",
"org/iban4j/InvalidCheckDigitException.swift",
"org/iban4j/UnsupportedCountryException.swift",
"org/iban4j/bban/BbanEntryType.swift",
"org/iban4j/bban/BbanStructure.swift",
"org/iban4j/bban/BbanStructureEntry.swift",
"org/iban4j/bban/org.iban4j.bban.swift",
"org/iban4j/org.iban4j.swift",
"org/org.swift"
],
"type" : "library"
}
],
"tools_version" : "5.10"
}
{
"workspace" : {
"name" : "iban4j²JavApi",
"schemes" : [
"iban4j²JavApi"
]
}
}
2026-09-21 00:16:58.856 xcodebuild[711:4447] [MT] IDERunDestination: Supported platforms for the buildables in the current scheme is empty.
Running build ...
env DEVELOPER_DIR=/Applications/Xcode-27.0.0-Release.Candidate.app xcrun xcodebuild -IDEClonedSourcePackagesDirPathOverride=$PWD/.dependencies -skipMacroValidation -skipPackagePluginValidation -derivedDataPath $PWD/.derivedData build -scheme iban4j²JavApi -destination generic/platform=watchOS
Command line invocation:
/Applications/Xcode-27.0.0-Release.Candidate.app/Contents/Developer/usr/bin/xcodebuild -IDEClonedSourcePackagesDirPathOverride=/Users/admin/builder/spi-builder-workspace/.dependencies -skipMacroValidation -skipPackagePluginValidation -derivedDataPath /Users/admin/builder/spi-builder-workspace/.derivedData build -scheme iban4j²JavApi -destination generic/platform=watchOS
Resolve Package Graph
Resolved source packages:
JavApi⁴Swift: https://github.com/bastie/JavApi4Swift.git @ 0.54.0
iban4j²JavApi: /Users/admin/builder/spi-builder-workspace
ComputePackagePrebuildTargetDependencyGraph
Prepare packages
CreateBuildRequest
SendProjectDescription
CreateBuildOperation
ComputeTargetDependencyGraph
note: Building targets in dependency order
note: Target dependency graph (4 targets)
Target 'iban4j2JavApi-product' in project 'iban4j²JavApi'
➜ Explicit dependency on target 'iban4j2JavApi' in project 'iban4j²JavApi'
➜ Explicit dependency on target 'JavApi-product' in project 'JavApi⁴Swift'
Target 'iban4j2JavApi' in project 'iban4j²JavApi'
➜ Explicit dependency on target 'JavApi-product' in project 'JavApi⁴Swift'
Target 'JavApi-product' in project 'JavApi⁴Swift'
➜ Explicit dependency on target 'JavApi' in project 'JavApi⁴Swift'
Target 'JavApi' in project 'JavApi⁴Swift' (no dependencies)
GatherProvisioningInputs
CreateBuildDescription
error: The package product 'JavApi-product' requires minimum platform version 11.0 for the watchOS platform, but this target supports 9.0 (in target 'iban4j2JavApi' from project 'iban4j²JavApi')
2026-09-21 00:17:00.164 xcodebuild[712:4479] [MT] IDERunDestination: Supported platforms for the buildables in the current scheme is empty.
** BUILD FAILED **
The following build commands failed:
Building workspace iban4j²JavApi with scheme iban4j²JavApi
(1 failure)
BUILD FAILURE 6.4 watchOS