Build Information
Failed to build swift-markdown-html-rendering, reference 0.1.3 (af97d1), with Swift 6.3 for watchOS using Xcode 26.4 on 4 Sep 2026 12:13:58 UTC.
Build Command
No build command. This typically means the build failed at an early stage where we determine the build command.Build Log
========================================
RunAll
========================================
Builder version: 5.0.2
Interrupt handler set up.
========================================
Checkout
========================================
Clone URL: https://github.com/swift-compositions/swift-markdown-html-render.git
Reference: 0.1.3
Initialized empty Git repository in /Users/admin/builder/spi-builder-workspace/.git/
From https://github.com/swift-compositions/swift-markdown-html-render
* tag 0.1.3 -> FETCH_HEAD
HEAD is now at af97d1b Update swift-html-rendering to 0.1.15 and swift-css to 0.6.1
Cloned https://github.com/swift-compositions/swift-markdown-html-render.git
Revision (git rev-parse @):
af97d1b84c7e62cd0f378ef51c3ace506565ae92
SUCCESS checkout https://github.com/swift-compositions/swift-markdown-html-render.git at 0.1.3
========================================
Build
========================================
Selected platform: watchOS
Swift version: 6.3
Building package at path: $PWD
https://github.com/swift-compositions/swift-markdown-html-render.git
Command line invocation:
/Applications/Xcode-26.5.0.app/Contents/Developer/usr/bin/xcodebuild -IDEClonedSourcePackagesDirPathOverride=/Users/admin/builder/spi-builder-workspace/.dependencies -resolvePackageDependencies
Resolve Package Graph
Fetching from https://github.com/swiftlang/swift-markdown
Fetching from https://github.com/apple/swift-collections
Fetching from https://github.com/coenttb/swift-css
Fetching from https://github.com/coenttb/swift-html-rendering
Fetching from https://github.com/swift-standards/swift-iso-9899
Fetching from https://github.com/coenttb/swift-async-algorithms-fork.git
skipping cache due to an error: Failed to clone repository https://github.com/coenttb/swift-async-algorithms-fork.git:
Cloning into bare repository '/Users/admin/Library/Caches/org.swift.swiftpm/repositories/swift-async-algorithms-fork-24102691'...
fatal: could not read Username for 'https://github.com': terminal prompts disabled
Fetching from https://github.com/swift-standards/swift-html-standard
Fetching from https://github.com/swift-standards/swift-standards
Fetching from https://github.com/pointfreeco/swift-snapshot-testing.git
Fetching from https://github.com/swift-standards/swift-w3c-css
skipping cache due to an error: Failed to clone repository https://github.com/swift-standards/swift-w3c-css:
Cloning into bare repository '/Users/admin/Library/Caches/org.swift.swiftpm/repositories/swift-w3c-css-d1b3b533'...
fatal: could not read Username for 'https://github.com': terminal prompts disabled
Fetching from https://github.com/swift-standards/swift-incits-4-1986
Fetching from https://github.com/coenttb/swift-renderable
Resolve Package Graph
Updating from https://github.com/coenttb/swift-css
Updating from https://github.com/swiftlang/swift-markdown
Updating from https://github.com/coenttb/swift-html-rendering
Updating from https://github.com/apple/swift-collections
Updating from https://github.com/coenttb/swift-renderable
Updating from https://github.com/swift-standards/swift-html-standard
Updating from https://github.com/swift-standards/swift-iso-9899
Updating from https://github.com/swift-standards/swift-incits-4-1986
Updating from https://github.com/pointfreeco/swift-snapshot-testing.git
Updating from https://github.com/swift-standards/swift-standards
Resolve Package Graph
Updating from https://github.com/apple/swift-collections
Updating from https://github.com/swiftlang/swift-markdown
Updating from https://github.com/coenttb/swift-css
Updating from https://github.com/coenttb/swift-html-rendering
Updating from https://github.com/swift-standards/swift-iso-9899
Updating from https://github.com/pointfreeco/swift-snapshot-testing.git
Updating from https://github.com/swift-standards/swift-incits-4-1986
Updating from https://github.com/swift-standards/swift-standards
Updating from https://github.com/coenttb/swift-renderable
Updating from https://github.com/swift-standards/swift-html-standard
Resolved source packages:
spi-builder-workspace: (null)
2026-09-04 08:13:54.792 xcodebuild[575:3165] Writing error result bundle to /var/folders/xq/y_g06wb113726d38xsyx71_h0000gn/T/ResultBundle_2026-04-09_08-13-0054.xcresult
xcodebuild: error: Could not resolve package dependencies:
Failed to clone repository https://github.com/swift-standards/swift-w3c-css:
Cloning into bare repository '/Users/admin/builder/spi-builder-workspace/.dependencies/repositories/swift-w3c-css-d1b3b533'...
fatal: could not read Username for 'https://github.com': terminal prompts disabled
Command line invocation:
/Applications/Xcode-26.5.0.app/Contents/Developer/usr/bin/xcodebuild -IDEClonedSourcePackagesDirPathOverride=/Users/admin/builder/spi-builder-workspace/.dependencies -resolvePackageDependencies
Resolve Package Graph
Updating from https://github.com/coenttb/swift-html-rendering
Updating from https://github.com/apple/swift-collections
Updating from https://github.com/coenttb/swift-css
Updating from https://github.com/swiftlang/swift-markdown
Fetching from https://github.com/swift-standards/swift-w3c-css
skipping cache due to an error: Failed to clone repository https://github.com/swift-standards/swift-w3c-css:
Cloning into bare repository '/Users/admin/Library/Caches/org.swift.swiftpm/repositories/swift-w3c-css-d1b3b533'...
fatal: could not read Username for 'https://github.com': terminal prompts disabled
Fetching from https://github.com/coenttb/swift-async-algorithms-fork.git
skipping cache due to an error: Failed to clone repository https://github.com/coenttb/swift-async-algorithms-fork.git:
Cloning into bare repository '/Users/admin/Library/Caches/org.swift.swiftpm/repositories/swift-async-algorithms-fork-24102691'...
fatal: could not read Username for 'https://github.com': terminal prompts disabled
Updating from https://github.com/pointfreeco/swift-snapshot-testing.git
Updating from https://github.com/swift-standards/swift-incits-4-1986
Updating from https://github.com/swift-standards/swift-standards
Updating from https://github.com/swift-standards/swift-html-standard
Updating from https://github.com/swift-standards/swift-iso-9899
Updating from https://github.com/coenttb/swift-renderable
Resolved source packages:
spi-builder-workspace: (null)
2026-09-04 08:13:58.553 xcodebuild[955:4823] Writing error result bundle to /var/folders/xq/y_g06wb113726d38xsyx71_h0000gn/T/ResultBundle_2026-04-09_08-13-0058.xcresult
xcodebuild: error: Could not resolve package dependencies:
Failed to clone repository https://github.com/swift-standards/swift-w3c-css:
Cloning into bare repository '/Users/admin/builder/spi-builder-workspace/.dependencies/repositories/swift-w3c-css-d1b3b533'...
fatal: could not read Username for 'https://github.com': terminal prompts disabled
BUILD FAILURE 6.3 watchOS