Build Information
Failed to build Artisan, reference 5.1.0 (775ad8), with Swift 6.4 for tvOS using Xcode 27.0 on 18 Sep 2026 11:37:26 UTC.
Build Command
env DEVELOPER_DIR=/Applications/Xcode-27.0.0-Release.Candidate.app xcrun xcodebuild -IDEClonedSourcePackagesDirPathOverride=$PWD/.dependencies -skipMacroValidation -skipPackagePluginValidation -derivedDataPath $PWD/.derivedData build -scheme Artisan -destination generic/platform=tvOSBuild Log
cd /Users/admin/builder/spi-builder-workspace/.dependencies/checkouts/Chary
builtin-copy -exclude .DS_Store -exclude CVS -exclude .svn -exclude .git -exclude .hg -resolve-src-symlinks -rename /Users/admin/builder/spi-builder-workspace/.derivedData/Build/Intermediates.noindex/Chary.build/Debug-appletvos/Chary-t.build/Objects-normal/arm64/Chary.swiftmodule /Users/admin/builder/spi-builder-workspace/.derivedData/Build/Products/Debug-appletvos/Chary.swiftmodule/arm64-apple-tvos.swiftmodule
Copy /Users/admin/builder/spi-builder-workspace/.derivedData/Build/Products/Debug-appletvos/Chary.swiftmodule/arm64-apple-tvos.swiftdoc /Users/admin/builder/spi-builder-workspace/.derivedData/Build/Intermediates.noindex/Chary.build/Debug-appletvos/Chary-t.build/Objects-normal/arm64/Chary.swiftdoc (in target 'Chary' from project 'Chary')
cd /Users/admin/builder/spi-builder-workspace/.dependencies/checkouts/Chary
builtin-copy -exclude .DS_Store -exclude CVS -exclude .svn -exclude .git -exclude .hg -resolve-src-symlinks -rename /Users/admin/builder/spi-builder-workspace/.derivedData/Build/Intermediates.noindex/Chary.build/Debug-appletvos/Chary-t.build/Objects-normal/arm64/Chary.swiftdoc /Users/admin/builder/spi-builder-workspace/.derivedData/Build/Products/Debug-appletvos/Chary.swiftmodule/arm64-apple-tvos.swiftdoc
Copy /Users/admin/builder/spi-builder-workspace/.derivedData/Build/Products/Debug-appletvos/Chary.swiftmodule/arm64-apple-tvos.abi.json /Users/admin/builder/spi-builder-workspace/.derivedData/Build/Intermediates.noindex/Chary.build/Debug-appletvos/Chary-t.build/Objects-normal/arm64/Chary.abi.json (in target 'Chary' from project 'Chary')
cd /Users/admin/builder/spi-builder-workspace/.dependencies/checkouts/Chary
builtin-copy -exclude .DS_Store -exclude CVS -exclude .svn -exclude .git -exclude .hg -resolve-src-symlinks -rename /Users/admin/builder/spi-builder-workspace/.derivedData/Build/Intermediates.noindex/Chary.build/Debug-appletvos/Chary-t.build/Objects-normal/arm64/Chary.abi.json /Users/admin/builder/spi-builder-workspace/.derivedData/Build/Products/Debug-appletvos/Chary.swiftmodule/arm64-apple-tvos.abi.json
Copy /Users/admin/builder/spi-builder-workspace/.derivedData/Build/Products/Debug-appletvos/Chary.swiftmodule/Project/arm64-apple-tvos.swiftsourceinfo /Users/admin/builder/spi-builder-workspace/.derivedData/Build/Intermediates.noindex/Chary.build/Debug-appletvos/Chary-t.build/Objects-normal/arm64/Chary.swiftsourceinfo (in target 'Chary' from project 'Chary')
cd /Users/admin/builder/spi-builder-workspace/.dependencies/checkouts/Chary
builtin-copy -exclude .DS_Store -exclude CVS -exclude .svn -exclude .git -exclude .hg -resolve-src-symlinks -rename /Users/admin/builder/spi-builder-workspace/.derivedData/Build/Intermediates.noindex/Chary.build/Debug-appletvos/Chary-t.build/Objects-normal/arm64/Chary.swiftsourceinfo /Users/admin/builder/spi-builder-workspace/.derivedData/Build/Products/Debug-appletvos/Chary.swiftmodule/Project/arm64-apple-tvos.swiftsourceinfo
SwiftMergeGeneratedHeaders /Users/admin/builder/spi-builder-workspace/.derivedData/Build/Intermediates.noindex/GeneratedModuleMaps-appletvos/Builder-Swift.h /Users/admin/builder/spi-builder-workspace/.derivedData/Build/Intermediates.noindex/Builder.build/Debug-appletvos/Builder-t.build/Objects-normal/arm64/Builder-Swift.h (in target 'Builder' from project 'Builder')
cd /Users/admin/builder/spi-builder-workspace/.dependencies/checkouts/Builder
builtin-swiftHeaderTool -arch arm64 /Users/admin/builder/spi-builder-workspace/.derivedData/Build/Intermediates.noindex/Builder.build/Debug-appletvos/Builder-t.build/Objects-normal/arm64/Builder-Swift.h -o /Users/admin/builder/spi-builder-workspace/.derivedData/Build/Intermediates.noindex/GeneratedModuleMaps-appletvos/Builder-Swift.h
Copy /Users/admin/builder/spi-builder-workspace/.derivedData/Build/Products/Debug-appletvos/Builder.swiftmodule/arm64-apple-tvos.swiftmodule /Users/admin/builder/spi-builder-workspace/.derivedData/Build/Intermediates.noindex/Builder.build/Debug-appletvos/Builder-t.build/Objects-normal/arm64/Builder.swiftmodule (in target 'Builder' from project 'Builder')
cd /Users/admin/builder/spi-builder-workspace/.dependencies/checkouts/Builder
builtin-copy -exclude .DS_Store -exclude CVS -exclude .svn -exclude .git -exclude .hg -resolve-src-symlinks -rename /Users/admin/builder/spi-builder-workspace/.derivedData/Build/Intermediates.noindex/Builder.build/Debug-appletvos/Builder-t.build/Objects-normal/arm64/Builder.swiftmodule /Users/admin/builder/spi-builder-workspace/.derivedData/Build/Products/Debug-appletvos/Builder.swiftmodule/arm64-apple-tvos.swiftmodule
Copy /Users/admin/builder/spi-builder-workspace/.derivedData/Build/Products/Debug-appletvos/Builder.swiftmodule/arm64-apple-tvos.swiftdoc /Users/admin/builder/spi-builder-workspace/.derivedData/Build/Intermediates.noindex/Builder.build/Debug-appletvos/Builder-t.build/Objects-normal/arm64/Builder.swiftdoc (in target 'Builder' from project 'Builder')
cd /Users/admin/builder/spi-builder-workspace/.dependencies/checkouts/Builder
builtin-copy -exclude .DS_Store -exclude CVS -exclude .svn -exclude .git -exclude .hg -resolve-src-symlinks -rename /Users/admin/builder/spi-builder-workspace/.derivedData/Build/Intermediates.noindex/Builder.build/Debug-appletvos/Builder-t.build/Objects-normal/arm64/Builder.swiftdoc /Users/admin/builder/spi-builder-workspace/.derivedData/Build/Products/Debug-appletvos/Builder.swiftmodule/arm64-apple-tvos.swiftdoc
Copy /Users/admin/builder/spi-builder-workspace/.derivedData/Build/Products/Debug-appletvos/Builder.swiftmodule/arm64-apple-tvos.abi.json /Users/admin/builder/spi-builder-workspace/.derivedData/Build/Intermediates.noindex/Builder.build/Debug-appletvos/Builder-t.build/Objects-normal/arm64/Builder.abi.json (in target 'Builder' from project 'Builder')
cd /Users/admin/builder/spi-builder-workspace/.dependencies/checkouts/Builder
builtin-copy -exclude .DS_Store -exclude CVS -exclude .svn -exclude .git -exclude .hg -resolve-src-symlinks -rename /Users/admin/builder/spi-builder-workspace/.derivedData/Build/Intermediates.noindex/Builder.build/Debug-appletvos/Builder-t.build/Objects-normal/arm64/Builder.abi.json /Users/admin/builder/spi-builder-workspace/.derivedData/Build/Products/Debug-appletvos/Builder.swiftmodule/arm64-apple-tvos.abi.json
Copy /Users/admin/builder/spi-builder-workspace/.derivedData/Build/Products/Debug-appletvos/Builder.swiftmodule/Project/arm64-apple-tvos.swiftsourceinfo /Users/admin/builder/spi-builder-workspace/.derivedData/Build/Intermediates.noindex/Builder.build/Debug-appletvos/Builder-t.build/Objects-normal/arm64/Builder.swiftsourceinfo (in target 'Builder' from project 'Builder')
cd /Users/admin/builder/spi-builder-workspace/.dependencies/checkouts/Builder
builtin-copy -exclude .DS_Store -exclude CVS -exclude .svn -exclude .git -exclude .hg -resolve-src-symlinks -rename /Users/admin/builder/spi-builder-workspace/.derivedData/Build/Intermediates.noindex/Builder.build/Debug-appletvos/Builder-t.build/Objects-normal/arm64/Builder.swiftsourceinfo /Users/admin/builder/spi-builder-workspace/.derivedData/Build/Products/Debug-appletvos/Builder.swiftmodule/Project/arm64-apple-tvos.swiftsourceinfo
SwiftCompile normal arm64 Compiling\ Builder.swift /Users/admin/builder/spi-builder-workspace/.dependencies/checkouts/Builder/Builder/Classes/Builder.swift (in target 'Builder' from project 'Builder')
SwiftCompile normal arm64 /Users/admin/builder/spi-builder-workspace/.dependencies/checkouts/Builder/Builder/Classes/Builder.swift (in target 'Builder' from project 'Builder')
cd /Users/admin/builder/spi-builder-workspace/.swiftpm/xcode
builtin-SwiftPerFileCompile Builder.swift
SwiftDriver Pharos normal arm64 com.apple.xcode.tools.swift.compiler (in target 'Pharos' from project 'Pharos')
cd /Users/admin/builder/spi-builder-workspace/.swiftpm/xcode
builtin-SwiftDriver -- /Applications/Xcode-27.0.0-Release.Candidate.app/Contents/Developer/Toolchains/XcodeDefault.xctoolchain/usr/bin/swiftc -parse-as-library -module-name Pharos -Onone @/Users/admin/builder/spi-builder-workspace/.derivedData/Build/Intermediates.noindex/Pharos.build/Debug-appletvos/Pharos-t.build/Objects-normal/arm64/Pharos.SwiftFileList -DSWIFT_PACKAGE -DDEBUG -DSWIFT_MODULE_RESOURCE_BUNDLE_UNAVAILABLE -DXcode -plugin-path /Applications/Xcode-27.0.0-Release.Candidate.app/Contents/Developer/Toolchains/XcodeDefault.xctoolchain/usr/lib/swift/host/plugins/testing -enable-experimental-feature DebugDescriptionMacro -sdk /Applications/Xcode-27.0.0-Release.Candidate.app/Contents/Developer/Platforms/AppleTVOS.platform/Developer/SDKs/AppleTVOS27.0.sdk -target arm64-apple-tvos15.0 -g -module-cache-path /Users/admin/builder/spi-builder-workspace/.derivedData/ModuleCache.noindex -Xfrontend -serialize-debugging-options -profile-coverage-mapping -profile-generate -enable-testing -suppress-warnings -index-store-path /Users/admin/builder/spi-builder-workspace/.derivedData/Index.noindex/DataStore -Xcc -D_LIBCPP_HARDENING_MODE\=_LIBCPP_HARDENING_MODE_DEBUG -swift-version 5 -I /Users/admin/builder/spi-builder-workspace/.derivedData/Build/Products/Debug-appletvos -Isystem /Applications/Xcode-27.0.0-Release.Candidate.app/Contents/Developer/Platforms/AppleTVOS.platform/Developer/usr/lib -F /Users/admin/builder/spi-builder-workspace/.derivedData/Build/Products/Debug-appletvos/PackageFrameworks -F /Users/admin/builder/spi-builder-workspace/.derivedData/Build/Products/Debug-appletvos -F /Applications/Xcode-27.0.0-Release.Candidate.app/Contents/Developer/Platforms/AppleTVOS.platform/Developer/Library/Frameworks -F /Applications/Xcode-27.0.0-Release.Candidate.app/Contents/Developer/Platforms/AppleTVOS.platform/Developer/SDKs/AppleTVOS27.0.sdk/Developer/Library/Frameworks -c -j10 -enable-batch-mode -incremental -Xcc -ivfsstatcache -Xcc /Users/admin/builder/spi-builder-workspace/.derivedData/SDKStatCaches.noindex/appletvos27.0-24J360-e829b21a6f8c9b70876ba0858053c044b32bfd8d43560033f8d89884cdb90028.sdkstatcache -output-file-map /Users/admin/builder/spi-builder-workspace/.derivedData/Build/Intermediates.noindex/Pharos.build/Debug-appletvos/Pharos-t.build/Objects-normal/arm64/Pharos-OutputFileMap.json -save-temps -no-color-diagnostics -explicit-module-build -module-cache-path /Users/admin/builder/spi-builder-workspace/.derivedData/Build/Intermediates.noindex/SwiftExplicitPrecompiledModules -clang-scanner-module-cache-path /Users/admin/builder/spi-builder-workspace/.derivedData/ModuleCache.noindex -sdk-module-cache-path /Users/admin/builder/spi-builder-workspace/.derivedData/SDKExplicitPrecompiledModules -emit-dependencies -emit-module -emit-module-path /Users/admin/builder/spi-builder-workspace/.derivedData/Build/Intermediates.noindex/Pharos.build/Debug-appletvos/Pharos-t.build/Objects-normal/arm64/Pharos.swiftmodule -serialize-diagnostics -dependency-scan-serialize-diagnostics-path /Users/admin/builder/spi-builder-workspace/.derivedData/Build/Intermediates.noindex/Pharos.build/Debug-appletvos/Pharos-t.build/Objects-normal/arm64/Pharos-dependency-scan.dia -validate-clang-modules-once -clang-build-session-file /Users/admin/builder/spi-builder-workspace/.derivedData/ModuleCache.noindex/Session.modulevalidation -Xcc -fmodules-prune-interval\=86400 -Xcc -fmodules-prune-after\=345600 -emit-const-values -const-gather-protocols-list /Users/admin/builder/spi-builder-workspace/.derivedData/Build/Intermediates.noindex/Pharos.build/Debug-appletvos/Pharos-t.build/Objects-normal/arm64/Pharos_const_extract_protocols.json -Xcc -I/Users/admin/builder/spi-builder-workspace/.derivedData/Build/Products/Debug-appletvos/include -Xcc -I/Users/admin/builder/spi-builder-workspace/.derivedData/Build/Intermediates.noindex/Pharos.build/Debug-appletvos/Pharos-t.build/DerivedSources-normal/arm64 -Xcc -I/Users/admin/builder/spi-builder-workspace/.derivedData/Build/Intermediates.noindex/Pharos.build/Debug-appletvos/Pharos-t.build/DerivedSources/arm64 -Xcc -I/Users/admin/builder/spi-builder-workspace/.derivedData/Build/Intermediates.noindex/Pharos.build/Debug-appletvos/Pharos-t.build/DerivedSources -Xcc -DSWIFT_PACKAGE -Xcc -DDEBUG\=1 -emit-objc-header -emit-objc-header-path /Users/admin/builder/spi-builder-workspace/.derivedData/Build/Intermediates.noindex/Pharos.build/Debug-appletvos/Pharos-t.build/Objects-normal/arm64/Pharos-Swift.h -working-directory /Users/admin/builder/spi-builder-workspace/.swiftpm/xcode -experimental-emit-module-separately -disable-cmo
SwiftExplicitDependencyGeneratePcm arm64 /Users/admin/builder/spi-builder-workspace/.derivedData/SDKExplicitPrecompiledModules/CoreVideo-DPU0PB5X0XLSVA2ETRGI6FJBM.pcm
SwiftExplicitDependencyGeneratePcm arm64 /Users/admin/builder/spi-builder-workspace/.derivedData/SDKExplicitPrecompiledModules/CoreImage-7S2AFJ8EIY3DUFYLEAX1JR1QV.pcm
SwiftExplicitDependencyGeneratePcm arm64 /Users/admin/builder/spi-builder-workspace/.derivedData/SDKExplicitPrecompiledModules/QuartzCore-DJSYAWKXFGVSAK5CQMOB3JSR.pcm
SwiftExplicitDependencyGeneratePcm arm64 /Users/admin/builder/spi-builder-workspace/.derivedData/SDKExplicitPrecompiledModules/SwiftUICore-543QU5V2NHKUFCYFJDKUJ7NYG.pcm
SwiftExplicitDependencyGeneratePcm arm64 /Users/admin/builder/spi-builder-workspace/.derivedData/SDKExplicitPrecompiledModules/UIKit-1TKWN7VC2X6N3ITMRVA2G0EB2.pcm
SwiftEmitModule normal arm64 Emitting\ module\ for\ Pharos (in target 'Pharos' from project 'Pharos')
/Users/admin/builder/spi-builder-workspace/.dependencies/checkouts/Pharos/Pharos/Classes/PopulatedRelays/BindableCollection+UICollectionView.swift:52:42: error: 'UICollectionViewDragDelegate' is unavailable in tvOS
50 |
51 | @available(iOS 11.0, *)
52 | var dragDelegate: BindableObservable<UICollectionViewDragDelegate?> {
| `- error: 'UICollectionViewDragDelegate' is unavailable in tvOS
53 | bindable(of:\.dragDelegate, key: &dragDelegateKey)
54 | }
/Applications/Xcode-27.0.0-Release.Candidate.app/Contents/Developer/Platforms/AppleTVOS.platform/Developer/SDKs/AppleTVOS27.0.sdk/System/Library/Frameworks/UIKit.framework/Headers/UICollectionView.h:539:11: note: 'UICollectionViewDragDelegate' has been explicitly marked unavailable here
537 |
538 | API_AVAILABLE(ios(11.0)) API_UNAVAILABLE(tvos, watchos) NS_SWIFT_UI_ACTOR
539 | @protocol UICollectionViewDragDelegate <NSObject>
| `- note: 'UICollectionViewDragDelegate' has been explicitly marked unavailable here
540 |
541 | @required
/Users/admin/builder/spi-builder-workspace/.dependencies/checkouts/Pharos/Pharos/Classes/PopulatedRelays/BindableCollection+UICollectionView.swift:56:42: error: 'UICollectionViewDropDelegate' is unavailable in tvOS
54 | }
55 | @available(iOS 11.0, *)
56 | var dropDelegate: BindableObservable<UICollectionViewDropDelegate?> {
| `- error: 'UICollectionViewDropDelegate' is unavailable in tvOS
57 | bindable(of:\.dropDelegate, key: &dropDelegateKey)
58 | }
/Applications/Xcode-27.0.0-Release.Candidate.app/Contents/Developer/Platforms/AppleTVOS.platform/Developer/SDKs/AppleTVOS27.0.sdk/System/Library/Frameworks/UIKit.framework/Headers/UICollectionView.h:586:11: note: 'UICollectionViewDropDelegate' has been explicitly marked unavailable here
584 |
585 | API_AVAILABLE(ios(11.0)) API_UNAVAILABLE(tvos, watchos) NS_SWIFT_UI_ACTOR
586 | @protocol UICollectionViewDropDelegate <NSObject>
| `- note: 'UICollectionViewDropDelegate' has been explicitly marked unavailable here
587 |
588 | @required
/Users/admin/builder/spi-builder-workspace/.dependencies/checkouts/Pharos/Pharos/Classes/PopulatedRelays/BindableCollection+UIScrollView.swift:131:44: error: 'UIRefreshControl' is unavailable in tvOS
129 | }
130 |
131 | var refreshControl: BindableObservable<UIRefreshControl?> {
| `- error: 'UIRefreshControl' is unavailable in tvOS
132 | bindable(of: \.refreshControl, key: &refreshControlKey)
133 | }
/Applications/Xcode-27.0.0-Release.Candidate.app/Contents/Developer/Platforms/AppleTVOS.platform/Developer/SDKs/AppleTVOS27.0.sdk/System/Library/Frameworks/UIKit.framework/Headers/UIRefreshControl.h:16:12: note: 'UIRefreshControl' has been explicitly marked unavailable here
14 |
15 | UIKIT_EXTERN API_AVAILABLE(ios(6.0)) API_UNAVAILABLE(tvos, watchos) NS_SWIFT_UI_ACTOR
16 | @interface UIRefreshControl : UIControl
| `- note: 'UIRefreshControl' has been explicitly marked unavailable here
17 |
18 | /* The designated initializer
/Users/admin/builder/spi-builder-workspace/.dependencies/checkouts/Pharos/Pharos/Classes/PopulatedRelays/BindableCollection+UISlider.swift:22:51: error: 'UISlider' is unavailable in tvOS
20 | fileprivate var thumbTintColorKey: String = "thumbTintColorKey"
21 |
22 | public extension BindableCollection where Object: UISlider {
| `- error: 'UISlider' is unavailable in tvOS
23 |
24 | // MARK: Two Way Relay
/Applications/Xcode-27.0.0-Release.Candidate.app/Contents/Developer/Platforms/AppleTVOS.platform/Developer/SDKs/AppleTVOS27.0.sdk/System/Library/Frameworks/UIKit.framework/Headers/UISlider.h:26:12: note: 'UISlider' has been explicitly marked unavailable here
24 |
25 | UIKIT_EXTERN API_AVAILABLE(ios(2.0)) API_UNAVAILABLE(tvos, watchos) NS_SWIFT_UI_ACTOR
26 | @interface UISlider : UIControl <NSCoding>
| `- note: 'UISlider' has been explicitly marked unavailable here
27 |
28 | @property(nonatomic) float value; // default 0.0. this value will be pinned to min/max
/Users/admin/builder/spi-builder-workspace/.dependencies/checkouts/Pharos/Pharos/Classes/PopulatedRelays/BindableCollection+UIStepper.swift:20:51: error: 'UIStepper' is unavailable in tvOS
18 | fileprivate var stepValueKey: String = "stepValueKey"
19 |
20 | public extension BindableCollection where Object: UIStepper {
| `- error: 'UIStepper' is unavailable in tvOS
21 |
22 | // MARK: Two Way Relay
/Applications/Xcode-27.0.0-Release.Candidate.app/Contents/Developer/Platforms/AppleTVOS.platform/Developer/SDKs/AppleTVOS27.0.sdk/System/Library/Frameworks/UIKit.framework/Headers/UIStepper.h:18:12: note: 'UIStepper' has been explicitly marked unavailable here
16 |
17 | UIKIT_EXTERN API_AVAILABLE(ios(5.0)) API_UNAVAILABLE(tvos, watchos) NS_SWIFT_UI_ACTOR
18 | @interface UIStepper : UIControl
| `- note: 'UIStepper' has been explicitly marked unavailable here
19 |
20 | @property(nonatomic,getter=isContinuous) BOOL continuous; // if YES, value change events are sent any time the value changes during interaction. default = YES
/Users/admin/builder/spi-builder-workspace/.dependencies/checkouts/Pharos/Pharos/Classes/PopulatedRelays/BindableCollection+UISwitch.swift:18:51: error: 'UISwitch' is unavailable in tvOS
16 | fileprivate var isOnKey: String = "isOnKey"
17 |
18 | public extension BindableCollection where Object: UISwitch {
| `- error: 'UISwitch' is unavailable in tvOS
19 |
20 | // MARK: Two Way Relay
/Applications/Xcode-27.0.0-Release.Candidate.app/Contents/Developer/Platforms/AppleTVOS.platform/Developer/SDKs/AppleTVOS27.0.sdk/System/Library/Frameworks/UIKit.framework/Headers/UISwitch.h:23:12: note: 'UISwitch' has been explicitly marked unavailable here
21 |
22 | UIKIT_EXTERN API_AVAILABLE(ios(2.0)) API_UNAVAILABLE(tvos, watchos) NS_SWIFT_UI_ACTOR
23 | @interface UISwitch : UIControl <NSCoding>
| `- note: 'UISwitch' has been explicitly marked unavailable here
24 |
25 | @property(nullable, nonatomic, strong) UIColor *onTintColor API_AVAILABLE(ios(5.0)) UI_APPEARANCE_SELECTOR;
/Users/admin/builder/spi-builder-workspace/.dependencies/checkouts/Pharos/Pharos/Classes/PopulatedRelays/BindableCollection+UITableView.swift:61:42: error: 'UITableViewDragDelegate' is unavailable in tvOS
59 |
60 | @available(iOS 11.0, *)
61 | var dragDelegate: BindableObservable<UITableViewDragDelegate?> {
| `- error: 'UITableViewDragDelegate' is unavailable in tvOS
62 | bindable(of: \.dragDelegate, key: &dragDelegateKey)
63 | }
/Applications/Xcode-27.0.0-Release.Candidate.app/Contents/Developer/Platforms/AppleTVOS.platform/Developer/SDKs/AppleTVOS27.0.sdk/System/Library/Frameworks/UIKit.framework/Headers/UITableView.h:608:11: note: 'UITableViewDragDelegate' has been explicitly marked unavailable here
606 |
607 | API_AVAILABLE(ios(11.0)) API_UNAVAILABLE(tvos, watchos) NS_SWIFT_UI_ACTOR
608 | @protocol UITableViewDragDelegate <NSObject>
| `- note: 'UITableViewDragDelegate' has been explicitly marked unavailable here
609 |
610 | @required
/Users/admin/builder/spi-builder-workspace/.dependencies/checkouts/Pharos/Pharos/Classes/PopulatedRelays/BindableCollection+UITableView.swift:66:42: error: 'UITableViewDropDelegate' is unavailable in tvOS
64 |
65 | @available(iOS 11.0, *)
66 | var dropDelegate: BindableObservable<UITableViewDropDelegate?> {
| `- error: 'UITableViewDropDelegate' is unavailable in tvOS
67 | bindable(of: \.dropDelegate, key: &dropDelegateKey)
68 | }
/Applications/Xcode-27.0.0-Release.Candidate.app/Contents/Developer/Platforms/AppleTVOS.platform/Developer/SDKs/AppleTVOS27.0.sdk/System/Library/Frameworks/UIKit.framework/Headers/UITableView.h:648:11: note: 'UITableViewDropDelegate' has been explicitly marked unavailable here
646 |
647 | API_AVAILABLE(ios(11.0)) API_UNAVAILABLE(tvos, watchos) NS_SWIFT_UI_ACTOR
648 | @protocol UITableViewDropDelegate <NSObject>
| `- note: 'UITableViewDropDelegate' has been explicitly marked unavailable here
649 |
650 | @required
/Users/admin/builder/spi-builder-workspace/.dependencies/checkouts/Pharos/Pharos/Classes/PopulatedRelays/BindableCollection+UITableView.swift:130:60: error: 'SeparatorStyle' is unavailable in tvOS
128 | }
129 |
130 | var separatorStyle: BindableObservable<UITableViewCell.SeparatorStyle> {
| `- error: 'SeparatorStyle' is unavailable in tvOS
131 | bindable(of: \.separatorStyle, key: &separatorStyleKey)
132 | }
/Applications/Xcode-27.0.0-Release.Candidate.app/Contents/Developer/Platforms/AppleTVOS.platform/Developer/SDKs/AppleTVOS27.0.sdk/System/Library/Frameworks/UIKit.framework/Headers/UITableViewCell.h:32:28: note: 'SeparatorStyle' has been explicitly marked unavailable here
30 | } API_UNAVAILABLE(watchos); // available in iPhone OS 3.0
31 |
32 | typedef NS_ENUM(NSInteger, UITableViewCellSeparatorStyle) {
| `- note: 'SeparatorStyle' has been explicitly marked unavailable here
33 | UITableViewCellSeparatorStyleNone,
34 | UITableViewCellSeparatorStyleSingleLine,
Failed frontend command:
SwiftCompile normal arm64 (in target 'Pharos' from project 'Pharos')
cd /Users/admin/builder/spi-builder-workspace/.swiftpm/xcode
/Applications/Xcode-27.0.0-Release.Candidate.app/Contents/Developer/Toolchains/XcodeDefault.xctoolchain/usr/bin/swift-frontend -frontend -emit-module -experimental-skip-non-inlinable-function-bodies-without-types /Users/admin/builder/spi-builder-workspace/.dependencies/checkouts/Pharos/Pharos/Classes/Model/Changes.swift /Users/admin/builder/spi-builder-workspace/.dependencies/checkouts/Pharos/Pharos/Classes/Model/ObjectRetainer.swift /Users/admin/builder/spi-builder-workspace/.dependencies/checkouts/Pharos/Pharos/Classes/Model/PharosContext.swift /Users/admin/builder/spi-builder-workspace/.dependencies/checkouts/Pharos/Pharos/Classes/Model/Retainer.swift /Users/admin/builder/spi-builder-workspace/.dependencies/checkouts/Pharos/Pharos/Classes/Observable/Observable.swift /Users/admin/builder/spi-builder-workspace/.dependencies/checkouts/Pharos/Pharos/Classes/Observable/Observed.swift /Users/admin/builder/spi-builder-workspace/.dependencies/checkouts/Pharos/Pharos/Classes/Observable/Subject.swift /Users/admin/builder/spi-builder-workspace/.dependencies/checkouts/Pharos/Pharos/Classes/PopulatedRelays/BindableCollection+TextInput.swift /Users/admin/builder/spi-builder-workspace/.dependencies/checkouts/Pharos/Pharos/Classes/PopulatedRelays/BindableCollection+UIButton.swift /Users/admin/builder/spi-builder-workspace/.dependencies/checkouts/Pharos/Pharos/Classes/PopulatedRelays/BindableCollection+UICollectionView.swift /Users/admin/builder/spi-builder-workspace/.dependencies/checkouts/Pharos/Pharos/Classes/PopulatedRelays/BindableCollection+UIControl.swift /Users/admin/builder/spi-builder-workspace/.dependencies/checkouts/Pharos/Pharos/Classes/PopulatedRelays/BindableCollection+UIImageView.swift /Users/admin/builder/spi-builder-workspace/.dependencies/checkouts/Pharos/Pharos/Classes/PopulatedRelays/BindableCollection+UILabel.swift /Users/admin/builder/spi-builder-workspace/.dependencies/checkouts/Pharos/Pharos/Classes/PopulatedRelays/BindableCollection+UIScrollView.swift /Users/admin/builder/spi-builder-workspace/.dependencies/checkouts/Pharos/Pharos/Classes/PopulatedRelays/BindableCollection+UISlider.swift /Users/admin/builder/spi-builder-workspace/.dependencies/checkouts/Pharos/Pharos/Classes/PopulatedRelays/BindableCollection+UIStackView.swift /Users/admin/builder/spi-builder-workspace/.dependencies/checkouts/Pharos/Pharos/Classes/PopulatedRelays/BindableCollection+UIStepper.swift /Users/admin/builder/spi-builder-workspace/.dependencies/checkouts/Pharos/Pharos/Classes/PopulatedRelays/BindableCollection+UISwitch.swift /Users/admin/builder/spi-builder-workspace/.dependencies/checkouts/Pharos/Pharos/Classes/PopulatedRelays/BindableCollection+UITableView.swift /Users/admin/builder/spi-builder-workspace/.dependencies/checkouts/Pharos/Pharos/Classes/PopulatedRelays/BindableCollection+UIView.swift /Users/admin/builder/spi-builder-workspace/.dependencies/checkouts/Pharos/Pharos/Classes/PopulatedRelays/BindableCollectionCellView.swift /Users/admin/builder/spi-builder-workspace/.dependencies/checkouts/Pharos/Pharos/Classes/PopulatedRelays/PopulatedRelays.swift /Users/admin/builder/spi-builder-workspace/.dependencies/checkouts/Pharos/Pharos/Classes/Relay/BaseProtocols.swift /Users/admin/builder/spi-builder-workspace/.dependencies/checkouts/Pharos/Pharos/Classes/Relay/BindableKVOObservable.swift /Users/admin/builder/spi-builder-workspace/.dependencies/checkouts/Pharos/Pharos/Classes/Relay/BindableObservable.swift /Users/admin/builder/spi-builder-workspace/.dependencies/checkouts/Pharos/Pharos/Classes/Relay/FilteredObservable.swift /Users/admin/builder/spi-builder-workspace/.dependencies/checkouts/Pharos/Pharos/Classes/Relay/MappedObservable.swift /Users/admin/builder/spi-builder-workspace/.dependencies/checkouts/Pharos/Pharos/Classes/Relay/MergedObservable.swift /Users/admin/builder/spi-builder-workspace/.dependencies/checkouts/Pharos/Pharos/Classes/Relay/MulticastObservable.swift /Users/admin/builder/spi-builder-workspace/.dependencies/checkouts/Pharos/Pharos/Classes/Relay/ObservableBlock.swift /Users/admin/builder/spi-builder-workspace/.dependencies/checkouts/Pharos/Pharos/Classes/Relay/Publisher.swift /Users/admin/builder/spi-builder-workspace/.dependencies/checkouts/Pharos/Pharos/Classes/Relay/RootObservable.swift /Users/admin/builder/spi-builder-workspace/.dependencies/checkouts/Pharos/Pharos/Classes/UIControl/UIControl+Extensions.swift /Users/admin/builder/spi-builder-workspace/.dependencies/checkouts/Pharos/Pharos/Classes/UIControl/UIControlAction.swift /Users/admin/builder/spi-builder-workspace/.dependencies/checkouts/Pharos/Pharos/Classes/UIControl/UIControlSubject.swift /Users/admin/builder/spi-builder-workspace/.dependencies/checkouts/Pharos/Pharos/Classes/Utils/Dictionary+Extensions.swift /Users/admin/builder/spi-builder-workspace/.dependencies/checkouts/Pharos/Pharos/Classes/Utils/RelayInvoker.swift -target arm64-apple-tvos15.0 -module-can-import-version UIKit 9127.0.84.1 9127.0.84 -disable-cross-import-overlay-search -load-resolved-plugin /Applications/Xcode-27.0.0-Release.Candidate.app/Contents/Developer/Platforms/AppleTVOS.platform/Developer/usr/lib/swift/host/plugins/libFoundationMacros.dylib\#/Applications/Xcode-27.0.0-Release.Candidate.app/Contents/Developer/Platforms/AppleTVOS.platform/Developer/usr/bin/swift-plugin-server\#FoundationMacros -load-resolved-plugin /Applications/Xcode-27.0.0-Release.Candidate.app/Contents/Developer/Platforms/AppleTVOS.platform/Developer/usr/lib/swift/host/plugins/libObservationMacros.dylib\#/Applications/Xcode-27.0.0-Release.Candidate.app/Contents/Developer/Platforms/AppleTVOS.platform/Developer/usr/bin/swift-plugin-server\#ObservationMacros -load-resolved-plugin /Applications/Xcode-27.0.0-Release.Candidate.app/Contents/Developer/Platforms/AppleTVOS.platform/Developer/usr/lib/swift/host/plugins/libPreviewsMacros.dylib\#/Applications/Xcode-27.0.0-Release.Candidate.app/Contents/Developer/Platforms/AppleTVOS.platform/Developer/usr/bin/swift-plugin-server\#PreviewsMacros -load-resolved-plugin /Applications/Xcode-27.0.0-Release.Candidate.app/Contents/Developer/Platforms/AppleTVOS.platform/Developer/usr/lib/swift/host/plugins/libSwiftMacros.dylib\#/Applications/Xcode-27.0.0-Release.Candidate.app/Contents/Developer/Platforms/AppleTVOS.platform/Developer/usr/bin/swift-plugin-server\#SwiftMacros -load-resolved-plugin /Applications/Xcode-27.0.0-Release.Candidate.app/Contents/Developer/Platforms/AppleTVOS.platform/Developer/usr/lib/swift/host/plugins/libSwiftUIMacros.dylib\#/Applications/Xcode-27.0.0-Release.Candidate.app/Contents/Developer/Platforms/AppleTVOS.platform/Developer/usr/bin/swift-plugin-server\#SwiftUIMacros -disable-implicit-swift-modules -Xcc -fno-implicit-modules -Xcc -fno-implicit-module-maps -explicit-swift-module-map-file /Users/admin/builder/spi-builder-workspace/.derivedData/Build/Intermediates.noindex/Pharos.build/Debug-appletvos/Pharos-t.build/Objects-normal/arm64/Pharos-dependencies-1.json -Xllvm -aarch64-use-tbi -enable-objc-interop -stack-check -sdk /Applications/Xcode-27.0.0-Release.Candidate.app/Contents/Developer/Platforms/AppleTVOS.platform/Developer/SDKs/AppleTVOS27.0.sdk -I /Users/admin/builder/spi-builder-workspace/.derivedData/Build/Products/Debug-appletvos -Isystem /Applications/Xcode-27.0.0-Release.Candidate.app/Contents/Developer/Platforms/AppleTVOS.platform/Developer/usr/lib -F /Users/admin/builder/spi-builder-workspace/.derivedData/Build/Products/Debug-appletvos/PackageFrameworks -F /Users/admin/builder/spi-builder-workspace/.derivedData/Build/Products/Debug-appletvos -F /Applications/Xcode-27.0.0-Release.Candidate.app/Contents/Developer/Platforms/AppleTVOS.platform/Developer/Library/Frameworks -F /Applications/Xcode-27.0.0-Release.Candidate.app/Contents/Developer/Platforms/AppleTVOS.platform/Developer/SDKs/AppleTVOS27.0.sdk/Developer/Library/Frameworks -module-cache-path /Users/admin/builder/spi-builder-workspace/.derivedData/Build/Intermediates.noindex/SwiftExplicitPrecompiledModules -no-color-diagnostics -Xcc -fno-color-diagnostics -enable-testing -g -debug-info-format\=dwarf -dwarf-version\=4 -suppress-warnings -profile-generate -profile-coverage-mapping -swift-version 5 -Onone -D SWIFT_PACKAGE -D DEBUG -D SWIFT_MODULE_RESOURCE_BUNDLE_UNAVAILABLE -D Xcode -serialize-debugging-options -enable-experimental-feature DebugDescriptionMacro -empty-abi-descriptor -validate-clang-modules-once -clang-build-session-file /Users/admin/builder/spi-builder-workspace/.derivedData/ModuleCache.noindex/Session.modulevalidation -Xcc -working-directory -Xcc /Users/admin/builder/spi-builder-workspace/.swiftpm/xcode -enable-anonymous-context-mangled-names -file-compilation-dir /Users/admin/builder/spi-builder-workspace/.swiftpm/xcode -Xcc -D_LIBCPP_HARDENING_MODE\=_LIBCPP_HARDENING_MODE_DEBUG -Xcc -ivfsstatcache -Xcc /Users/admin/builder/spi-builder-workspace/.derivedData/SDKStatCaches.noindex/appletvos27.0-24J360-e829b21a6f8c9b70876ba0858053c044b32bfd8d43560033f8d89884cdb90028.sdkstatcache -Xcc -fmodules-prune-interval\=86400 -Xcc -fmodules-prune-after\=345600 -Xcc -I/Users/admin/builder/spi-builder-workspace/.derivedData/Build/Products/Debug-appletvos/include -Xcc -I/Users/admin/builder/spi-builder-workspace/.derivedData/Build/Intermediates.noindex/Pharos.build/Debug-appletvos/Pharos-t.build/DerivedSources-normal/arm64 -Xcc -I/Users/admin/builder/spi-builder-workspace/.derivedData/Build/Intermediates.noindex/Pharos.build/Debug-appletvos/Pharos-t.build/DerivedSources/arm64 -Xcc -I/Users/admin/builder/spi-builder-workspace/.derivedData/Build/Intermediates.noindex/Pharos.build/Debug-appletvos/Pharos-t.build/DerivedSources -Xcc -DSWIFT_PACKAGE -Xcc -DDEBUG\=1 -no-auto-bridging-header-chaining -module-name Pharos -const-gather-protocols-file /Users/admin/builder/spi-builder-workspace/.derivedData/Build/Intermediates.noindex/Pharos.build/Debug-appletvos/Pharos-t.build/Objects-normal/arm64/Pharos_const_extract_protocols.json -disable-clang-spi -clang-target arm64-apple-tvos27.0 -target-sdk-version 27.0 -target-sdk-name appletvos27.0 -in-process-plugin-server-path /Applications/Xcode-27.0.0-Release.Candidate.app/Contents/Developer/Toolchains/XcodeDefault.xctoolchain/usr/lib/swift/host/libSwiftInProcPluginServer.dylib -emit-module-doc-path /Users/admin/builder/spi-builder-workspace/.derivedData/Build/Intermediates.noindex/Pharos.build/Debug-appletvos/Pharos-t.build/Objects-normal/arm64/Pharos.swiftdoc -emit-module-source-info-path /Users/admin/builder/spi-builder-workspace/.derivedData/Build/Intermediates.noindex/Pharos.build/Debug-appletvos/Pharos-t.build/Objects-normal/arm64/Pharos.swiftsourceinfo -emit-objc-header-path /Users/admin/builder/spi-builder-workspace/.derivedData/Build/Intermediates.noindex/Pharos.build/Debug-appletvos/Pharos-t.build/Objects-normal/arm64/Pharos-Swift.h -serialize-diagnostics-path /Users/admin/builder/spi-builder-workspace/.derivedData/Build/Intermediates.noindex/Pharos.build/Debug-appletvos/Pharos-t.build/Objects-normal/arm64/Pharos-primary-emit-module.dia -emit-dependencies-path /Users/admin/builder/spi-builder-workspace/.derivedData/Build/Intermediates.noindex/Pharos.build/Debug-appletvos/Pharos-t.build/Objects-normal/arm64/Pharos-primary-emit-module.d -parse-as-library -o /Users/admin/builder/spi-builder-workspace/.derivedData/Build/Intermediates.noindex/Pharos.build/Debug-appletvos/Pharos-t.build/Objects-normal/arm64/Pharos.swiftmodule -emit-abi-descriptor-path /Users/admin/builder/spi-builder-workspace/.derivedData/Build/Intermediates.noindex/Pharos.build/Debug-appletvos/Pharos-t.build/Objects-normal/arm64/Pharos.abi.json
SwiftEmitModule normal arm64 Emitting\ module\ for\ DifferenceKit (in target 'DifferenceKit' from project 'DifferenceKit')
SwiftCompile normal arm64 (in target 'DifferenceKit' from project 'DifferenceKit')
cd /Users/admin/builder/spi-builder-workspace/.swiftpm/xcode
SwiftCompile normal arm64 Compiling\ BindableCollection+UIButton.swift,\ BindableCollection+UICollectionView.swift,\ BindableCollection+UIControl.swift,\ BindableCollection+UIImageView.swift /Users/admin/builder/spi-builder-workspace/.dependencies/checkouts/Pharos/Pharos/Classes/PopulatedRelays/BindableCollection+UIButton.swift /Users/admin/builder/spi-builder-workspace/.dependencies/checkouts/Pharos/Pharos/Classes/PopulatedRelays/BindableCollection+UICollectionView.swift /Users/admin/builder/spi-builder-workspace/.dependencies/checkouts/Pharos/Pharos/Classes/PopulatedRelays/BindableCollection+UIControl.swift /Users/admin/builder/spi-builder-workspace/.dependencies/checkouts/Pharos/Pharos/Classes/PopulatedRelays/BindableCollection+UIImageView.swift (in target 'Pharos' from project 'Pharos')
SwiftCompile normal arm64 /Users/admin/builder/spi-builder-workspace/.dependencies/checkouts/Pharos/Pharos/Classes/PopulatedRelays/BindableCollection+UIButton.swift (in target 'Pharos' from project 'Pharos')
cd /Users/admin/builder/spi-builder-workspace/.swiftpm/xcode
builtin-SwiftPerFileCompile BindableCollection+UIButton.swift
SwiftCompile normal arm64 /Users/admin/builder/spi-builder-workspace/.dependencies/checkouts/Pharos/Pharos/Classes/PopulatedRelays/BindableCollection+UICollectionView.swift (in target 'Pharos' from project 'Pharos')
cd /Users/admin/builder/spi-builder-workspace/.swiftpm/xcode
builtin-SwiftPerFileCompile BindableCollection+UICollectionView.swift
SwiftCompile normal arm64 /Users/admin/builder/spi-builder-workspace/.dependencies/checkouts/Pharos/Pharos/Classes/PopulatedRelays/BindableCollection+UIControl.swift (in target 'Pharos' from project 'Pharos')
cd /Users/admin/builder/spi-builder-workspace/.swiftpm/xcode
builtin-SwiftPerFileCompile BindableCollection+UIControl.swift
SwiftCompile normal arm64 /Users/admin/builder/spi-builder-workspace/.dependencies/checkouts/Pharos/Pharos/Classes/PopulatedRelays/BindableCollection+UIImageView.swift (in target 'Pharos' from project 'Pharos')
cd /Users/admin/builder/spi-builder-workspace/.swiftpm/xcode
builtin-SwiftPerFileCompile BindableCollection+UIImageView.swift
/Users/admin/builder/spi-builder-workspace/.dependencies/checkouts/Pharos/Pharos/Classes/PopulatedRelays/BindableCollection+UIButton.swift:50:21: error: cannot convert value of type 'KeyPath<Object, Bool>' to expected argument type 'ReferenceWritableKeyPath<Object, Bool>'
48 |
49 | var showsTouchWhenHighlighted: BindableObservable<Bool> {
50 | bindable(of:\.showsTouchWhenHighlighted, key: &showsTouchWhenHighlightedKey)
| `- error: cannot convert value of type 'KeyPath<Object, Bool>' to expected argument type 'ReferenceWritableKeyPath<Object, Bool>'
51 | }
52 |
/Users/admin/builder/spi-builder-workspace/.dependencies/checkouts/Pharos/Pharos/Classes/PopulatedRelays/BindableCollection+UIButton.swift:55:21: error: cannot convert value of type 'KeyPath<Object, Bool>' to expected argument type 'ReferenceWritableKeyPath<Object, Bool>'
53 | @available(iOS 13.4, *)
54 | var isPointerInteractionEnabled: BindableObservable<Bool> {
55 | bindable(of:\.isPointerInteractionEnabled, key: &isPointerInteractionEnabledKey)
| `- error: cannot convert value of type 'KeyPath<Object, Bool>' to expected argument type 'ReferenceWritableKeyPath<Object, Bool>'
56 | }
57 |
/Users/admin/builder/spi-builder-workspace/.dependencies/checkouts/Pharos/Pharos/Classes/PopulatedRelays/BindableCollection+UICollectionView.swift:52:42: error: 'UICollectionViewDragDelegate' is unavailable in tvOS
50 |
51 | @available(iOS 11.0, *)
52 | var dragDelegate: BindableObservable<UICollectionViewDragDelegate?> {
| `- error: 'UICollectionViewDragDelegate' is unavailable in tvOS
53 | bindable(of:\.dragDelegate, key: &dragDelegateKey)
54 | }
/Applications/Xcode-27.0.0-Release.Candidate.app/Contents/Developer/Platforms/AppleTVOS.platform/Developer/SDKs/AppleTVOS27.0.sdk/System/Library/Frameworks/UIKit.framework/Headers/UICollectionView.h:539:11: note: 'UICollectionViewDragDelegate' has been explicitly marked unavailable here
537 |
538 | API_AVAILABLE(ios(11.0)) API_UNAVAILABLE(tvos, watchos) NS_SWIFT_UI_ACTOR
539 | @protocol UICollectionViewDragDelegate <NSObject>
| `- note: 'UICollectionViewDragDelegate' has been explicitly marked unavailable here
540 |
541 | @required
/Users/admin/builder/spi-builder-workspace/.dependencies/checkouts/Pharos/Pharos/Classes/PopulatedRelays/BindableCollection+UICollectionView.swift:56:42: error: 'UICollectionViewDropDelegate' is unavailable in tvOS
54 | }
55 | @available(iOS 11.0, *)
56 | var dropDelegate: BindableObservable<UICollectionViewDropDelegate?> {
| `- error: 'UICollectionViewDropDelegate' is unavailable in tvOS
57 | bindable(of:\.dropDelegate, key: &dropDelegateKey)
58 | }
/Applications/Xcode-27.0.0-Release.Candidate.app/Contents/Developer/Platforms/AppleTVOS.platform/Developer/SDKs/AppleTVOS27.0.sdk/System/Library/Frameworks/UIKit.framework/Headers/UICollectionView.h:586:11: note: 'UICollectionViewDropDelegate' has been explicitly marked unavailable here
584 |
585 | API_AVAILABLE(ios(11.0)) API_UNAVAILABLE(tvos, watchos) NS_SWIFT_UI_ACTOR
586 | @protocol UICollectionViewDropDelegate <NSObject>
| `- note: 'UICollectionViewDropDelegate' has been explicitly marked unavailable here
587 |
588 | @required
/Users/admin/builder/spi-builder-workspace/.dependencies/checkouts/Pharos/Pharos/Classes/PopulatedRelays/BindableCollection+UICollectionView.swift:53:21: error: cannot convert value of type 'KeyPath<Object, (any UICollectionViewDragDelegate)?>' to expected argument type 'ReferenceWritableKeyPath<Object, (any UICollectionViewDragDelegate)?>'
51 | @available(iOS 11.0, *)
52 | var dragDelegate: BindableObservable<UICollectionViewDragDelegate?> {
53 | bindable(of:\.dragDelegate, key: &dragDelegateKey)
| `- error: cannot convert value of type 'KeyPath<Object, (any UICollectionViewDragDelegate)?>' to expected argument type 'ReferenceWritableKeyPath<Object, (any UICollectionViewDragDelegate)?>'
54 | }
55 | @available(iOS 11.0, *)
/Users/admin/builder/spi-builder-workspace/.dependencies/checkouts/Pharos/Pharos/Classes/PopulatedRelays/BindableCollection+UICollectionView.swift:57:21: error: cannot convert value of type 'KeyPath<Object, (any UICollectionViewDropDelegate)?>' to expected argument type 'ReferenceWritableKeyPath<Object, (any UICollectionViewDropDelegate)?>'
55 | @available(iOS 11.0, *)
56 | var dropDelegate: BindableObservable<UICollectionViewDropDelegate?> {
57 | bindable(of:\.dropDelegate, key: &dropDelegateKey)
| `- error: cannot convert value of type 'KeyPath<Object, (any UICollectionViewDropDelegate)?>' to expected argument type 'ReferenceWritableKeyPath<Object, (any UICollectionViewDropDelegate)?>'
58 | }
59 |
/Users/admin/builder/spi-builder-workspace/.dependencies/checkouts/Pharos/Pharos/Classes/PopulatedRelays/BindableCollection+UICollectionView.swift:62:21: error: cannot convert value of type 'KeyPath<Object, Bool>' to expected argument type 'ReferenceWritableKeyPath<Object, Bool>'
60 | @available(iOS 11.0, *)
61 | var dragInteractionEnabled: BindableObservable<Bool> {
62 | bindable(of:\.dragInteractionEnabled, key: &dragInteractionEnabledKey)
| `- error: cannot convert value of type 'KeyPath<Object, Bool>' to expected argument type 'ReferenceWritableKeyPath<Object, Bool>'
63 | }
64 |
/Users/admin/builder/spi-builder-workspace/.dependencies/checkouts/Pharos/Pharos/Classes/PopulatedRelays/BindableCollection+UICollectionView.swift:83:21: error: cannot convert value of type 'KeyPath<Object, Bool>' to expected argument type 'ReferenceWritableKeyPath<Object, Bool>'
81 | @available(iOS 14.0, *)
82 | var selectionFollowsFocus: BindableObservable<Bool> {
83 | bindable(of:\.selectionFollowsFocus, key: &selectionFollowsFocusKey)
| `- error: cannot convert value of type 'KeyPath<Object, Bool>' to expected argument type 'ReferenceWritableKeyPath<Object, Bool>'
84 | }
85 |
SwiftEmitModule normal arm64 Emitting\ module\ for\ Clavier (in target 'Clavier' from project 'Clavier')
SwiftCompile normal arm64 (in target 'Clavier' from project 'Clavier')
cd /Users/admin/builder/spi-builder-workspace/.swiftpm/xcode
SwiftCompile normal arm64 Compiling\ Changes.swift,\ ObjectRetainer.swift,\ PharosContext.swift,\ Retainer.swift /Users/admin/builder/spi-builder-workspace/.dependencies/checkouts/Pharos/Pharos/Classes/Model/Changes.swift /Users/admin/builder/spi-builder-workspace/.dependencies/checkouts/Pharos/Pharos/Classes/Model/ObjectRetainer.swift /Users/admin/builder/spi-builder-workspace/.dependencies/checkouts/Pharos/Pharos/Classes/Model/PharosContext.swift /Users/admin/builder/spi-builder-workspace/.dependencies/checkouts/Pharos/Pharos/Classes/Model/Retainer.swift (in target 'Pharos' from project 'Pharos')
SwiftCompile normal arm64 /Users/admin/builder/spi-builder-workspace/.dependencies/checkouts/Pharos/Pharos/Classes/Model/Changes.swift (in target 'Pharos' from project 'Pharos')
cd /Users/admin/builder/spi-builder-workspace/.swiftpm/xcode
builtin-SwiftPerFileCompile Changes.swift
SwiftCompile normal arm64 /Users/admin/builder/spi-builder-workspace/.dependencies/checkouts/Pharos/Pharos/Classes/Model/ObjectRetainer.swift (in target 'Pharos' from project 'Pharos')
cd /Users/admin/builder/spi-builder-workspace/.swiftpm/xcode
builtin-SwiftPerFileCompile ObjectRetainer.swift
SwiftCompile normal arm64 /Users/admin/builder/spi-builder-workspace/.dependencies/checkouts/Pharos/Pharos/Classes/Model/PharosContext.swift (in target 'Pharos' from project 'Pharos')
cd /Users/admin/builder/spi-builder-workspace/.swiftpm/xcode
builtin-SwiftPerFileCompile PharosContext.swift
SwiftCompile normal arm64 /Users/admin/builder/spi-builder-workspace/.dependencies/checkouts/Pharos/Pharos/Classes/Model/Retainer.swift (in target 'Pharos' from project 'Pharos')
cd /Users/admin/builder/spi-builder-workspace/.swiftpm/xcode
builtin-SwiftPerFileCompile Retainer.swift
SwiftDriverJobDiscovery normal arm64 Emitting module for Clavier (in target 'Clavier' from project 'Clavier')
SwiftDriver\ Compilation\ Requirements Clavier normal arm64 com.apple.xcode.tools.swift.compiler (in target 'Clavier' from project 'Clavier')
cd /Users/admin/builder/spi-builder-workspace/.swiftpm/xcode
builtin-Swift-Compilation-Requirements -- /Applications/Xcode-27.0.0-Release.Candidate.app/Contents/Developer/Toolchains/XcodeDefault.xctoolchain/usr/bin/swiftc -parse-as-library -module-name Clavier -Onone @/Users/admin/builder/spi-builder-workspace/.derivedData/Build/Intermediates.noindex/Clavier.build/Debug-appletvos/Clavier-t.build/Objects-normal/arm64/Clavier.SwiftFileList -DSWIFT_PACKAGE -DDEBUG -DSWIFT_MODULE_RESOURCE_BUNDLE_UNAVAILABLE -DXcode -plugin-path /Applications/Xcode-27.0.0-Release.Candidate.app/Contents/Developer/Toolchains/XcodeDefault.xctoolchain/usr/lib/swift/host/plugins/testing -enable-experimental-feature DebugDescriptionMacro -sdk /Applications/Xcode-27.0.0-Release.Candidate.app/Contents/Developer/Platforms/AppleTVOS.platform/Developer/SDKs/AppleTVOS27.0.sdk -target arm64-apple-tvos15.0 -g -module-cache-path /Users/admin/builder/spi-builder-workspace/.derivedData/ModuleCache.noindex -Xfrontend -serialize-debugging-options -profile-coverage-mapping -profile-generate -enable-testing -suppress-warnings -index-store-path /Users/admin/builder/spi-builder-workspace/.derivedData/Index.noindex/DataStore -Xcc -D_LIBCPP_HARDENING_MODE\=_LIBCPP_HARDENING_MODE_DEBUG -swift-version 5 -I /Users/admin/builder/spi-builder-workspace/.derivedData/Build/Products/Debug-appletvos -Isystem /Applications/Xcode-27.0.0-Release.Candidate.app/Contents/Developer/Platforms/AppleTVOS.platform/Developer/usr/lib -F /Users/admin/builder/spi-builder-workspace/.derivedData/Build/Products/Debug-appletvos -F /Applications/Xcode-27.0.0-Release.Candidate.app/Contents/Developer/Platforms/AppleTVOS.platform/Developer/Library/Frameworks -F /Applications/Xcode-27.0.0-Release.Candidate.app/Contents/Developer/Platforms/AppleTVOS.platform/Developer/SDKs/AppleTVOS27.0.sdk/Developer/Library/Frameworks -c -j10 -enable-batch-mode -incremental -Xcc -ivfsstatcache -Xcc /Users/admin/builder/spi-builder-workspace/.derivedData/SDKStatCaches.noindex/appletvos27.0-24J360-e829b21a6f8c9b70876ba0858053c044b32bfd8d43560033f8d89884cdb90028.sdkstatcache -output-file-map /Users/admin/builder/spi-builder-workspace/.derivedData/Build/Intermediates.noindex/Clavier.build/Debug-appletvos/Clavier-t.build/Objects-normal/arm64/Clavier-OutputFileMap.json -save-temps -no-color-diagnostics -explicit-module-build -module-cache-path /Users/admin/builder/spi-builder-workspace/.derivedData/Build/Intermediates.noindex/SwiftExplicitPrecompiledModules -clang-scanner-module-cache-path /Users/admin/builder/spi-builder-workspace/.derivedData/ModuleCache.noindex -sdk-module-cache-path /Users/admin/builder/spi-builder-workspace/.derivedData/SDKExplicitPrecompiledModules -emit-dependencies -emit-module -emit-module-path /Users/admin/builder/spi-builder-workspace/.derivedData/Build/Intermediates.noindex/Clavier.build/Debug-appletvos/Clavier-t.build/Objects-normal/arm64/Clavier.swiftmodule -serialize-diagnostics -dependency-scan-serialize-diagnostics-path /Users/admin/builder/spi-builder-workspace/.derivedData/Build/Intermediates.noindex/Clavier.build/Debug-appletvos/Clavier-t.build/Objects-normal/arm64/Clavier-dependency-scan.dia -validate-clang-modules-once -clang-build-session-file /Users/admin/builder/spi-builder-workspace/.derivedData/ModuleCache.noindex/Session.modulevalidation -Xcc -fmodules-prune-interval\=86400 -Xcc -fmodules-prune-after\=345600 -emit-const-values -const-gather-protocols-list /Users/admin/builder/spi-builder-workspace/.derivedData/Build/Intermediates.noindex/Clavier.build/Debug-appletvos/Clavier-t.build/Objects-normal/arm64/Clavier_const_extract_protocols.json -Xcc -I/Users/admin/builder/spi-builder-workspace/.derivedData/Build/Products/Debug-appletvos/include -Xcc -I/Users/admin/builder/spi-builder-workspace/.derivedData/Build/Intermediates.noindex/Clavier.build/Debug-appletvos/Clavier-t.build/DerivedSources-normal/arm64 -Xcc -I/Users/admin/builder/spi-builder-workspace/.derivedData/Build/Intermediates.noindex/Clavier.build/Debug-appletvos/Clavier-t.build/DerivedSources/arm64 -Xcc -I/Users/admin/builder/spi-builder-workspace/.derivedData/Build/Intermediates.noindex/Clavier.build/Debug-appletvos/Clavier-t.build/DerivedSources -Xcc -DSWIFT_PACKAGE -Xcc -DDEBUG\=1 -emit-objc-header -emit-objc-header-path /Users/admin/builder/spi-builder-workspace/.derivedData/Build/Intermediates.noindex/Clavier.build/Debug-appletvos/Clavier-t.build/Objects-normal/arm64/Clavier-Swift.h -working-directory /Users/admin/builder/spi-builder-workspace/.swiftpm/xcode -experimental-emit-module-separately -disable-cmo
SwiftDriverJobDiscovery normal arm64 Emitting module for DifferenceKit (in target 'DifferenceKit' from project 'DifferenceKit')
SwiftDriver\ Compilation\ Requirements DifferenceKit normal arm64 com.apple.xcode.tools.swift.compiler (in target 'DifferenceKit' from project 'DifferenceKit')
cd /Users/admin/builder/spi-builder-workspace/.swiftpm/xcode
builtin-Swift-Compilation-Requirements -- /Applications/Xcode-27.0.0-Release.Candidate.app/Contents/Developer/Toolchains/XcodeDefault.xctoolchain/usr/bin/swiftc -parse-as-library -module-name DifferenceKit -Onone @/Users/admin/builder/spi-builder-workspace/.derivedData/Build/Intermediates.noindex/DifferenceKit.build/Debug-appletvos/DifferenceKit-t.build/Objects-normal/arm64/DifferenceKit.SwiftFileList -DSWIFT_PACKAGE -DDEBUG -DSWIFT_MODULE_RESOURCE_BUNDLE_UNAVAILABLE -DXcode -plugin-path /Applications/Xcode-27.0.0-Release.Candidate.app/Contents/Developer/Toolchains/XcodeDefault.xctoolchain/usr/lib/swift/host/plugins/testing -enable-experimental-feature DebugDescriptionMacro -sdk /Applications/Xcode-27.0.0-Release.Candidate.app/Contents/Developer/Platforms/AppleTVOS.platform/Developer/SDKs/AppleTVOS27.0.sdk -target arm64-apple-tvos15.0 -g -module-cache-path /Users/admin/builder/spi-builder-workspace/.derivedData/ModuleCache.noindex -Xfrontend -serialize-debugging-options -profile-coverage-mapping -profile-generate -enable-testing -suppress-warnings -index-store-path /Users/admin/builder/spi-builder-workspace/.derivedData/Index.noindex/DataStore -Xcc -D_LIBCPP_HARDENING_MODE\=_LIBCPP_HARDENING_MODE_DEBUG -swift-version 5 -I /Users/admin/builder/spi-builder-workspace/.derivedData/Build/Products/Debug-appletvos -Isystem /Applications/Xcode-27.0.0-Release.Candidate.app/Contents/Developer/Platforms/AppleTVOS.platform/Developer/usr/lib -F /Users/admin/builder/spi-builder-workspace/.derivedData/Build/Products/Debug-appletvos -F /Applications/Xcode-27.0.0-Release.Candidate.app/Contents/Developer/Platforms/AppleTVOS.platform/Developer/Library/Frameworks -F /Applications/Xcode-27.0.0-Release.Candidate.app/Contents/Developer/Platforms/AppleTVOS.platform/Developer/SDKs/AppleTVOS27.0.sdk/Developer/Library/Frameworks -c -j10 -enable-batch-mode -incremental -Xcc -ivfsstatcache -Xcc /Users/admin/builder/spi-builder-workspace/.derivedData/SDKStatCaches.noindex/appletvos27.0-24J360-e829b21a6f8c9b70876ba0858053c044b32bfd8d43560033f8d89884cdb90028.sdkstatcache -output-file-map /Users/admin/builder/spi-builder-workspace/.derivedData/Build/Intermediates.noindex/DifferenceKit.build/Debug-appletvos/DifferenceKit-t.build/Objects-normal/arm64/DifferenceKit-OutputFileMap.json -save-temps -no-color-diagnostics -explicit-module-build -module-cache-path /Users/admin/builder/spi-builder-workspace/.derivedData/Build/Intermediates.noindex/SwiftExplicitPrecompiledModules -clang-scanner-module-cache-path /Users/admin/builder/spi-builder-workspace/.derivedData/ModuleCache.noindex -sdk-module-cache-path /Users/admin/builder/spi-builder-workspace/.derivedData/SDKExplicitPrecompiledModules -emit-dependencies -emit-module -emit-module-path /Users/admin/builder/spi-builder-workspace/.derivedData/Build/Intermediates.noindex/DifferenceKit.build/Debug-appletvos/DifferenceKit-t.build/Objects-normal/arm64/DifferenceKit.swiftmodule -serialize-diagnostics -dependency-scan-serialize-diagnostics-path /Users/admin/builder/spi-builder-workspace/.derivedData/Build/Intermediates.noindex/DifferenceKit.build/Debug-appletvos/DifferenceKit-t.build/Objects-normal/arm64/DifferenceKit-dependency-scan.dia -validate-clang-modules-once -clang-build-session-file /Users/admin/builder/spi-builder-workspace/.derivedData/ModuleCache.noindex/Session.modulevalidation -Xcc -fmodules-prune-interval\=86400 -Xcc -fmodules-prune-after\=345600 -emit-const-values -const-gather-protocols-list /Users/admin/builder/spi-builder-workspace/.derivedData/Build/Intermediates.noindex/DifferenceKit.build/Debug-appletvos/DifferenceKit-t.build/Objects-normal/arm64/DifferenceKit_const_extract_protocols.json -Xcc -I/Users/admin/builder/spi-builder-workspace/.derivedData/Build/Products/Debug-appletvos/include -Xcc -I/Users/admin/builder/spi-builder-workspace/.derivedData/Build/Intermediates.noindex/DifferenceKit.build/Debug-appletvos/DifferenceKit-t.build/DerivedSources-normal/arm64 -Xcc -I/Users/admin/builder/spi-builder-workspace/.derivedData/Build/Intermediates.noindex/DifferenceKit.build/Debug-appletvos/DifferenceKit-t.build/DerivedSources/arm64 -Xcc -I/Users/admin/builder/spi-builder-workspace/.derivedData/Build/Intermediates.noindex/DifferenceKit.build/Debug-appletvos/DifferenceKit-t.build/DerivedSources -Xcc -DSWIFT_PACKAGE -Xcc -DDEBUG\=1 -emit-objc-header -emit-objc-header-path /Users/admin/builder/spi-builder-workspace/.derivedData/Build/Intermediates.noindex/DifferenceKit.build/Debug-appletvos/DifferenceKit-t.build/Objects-normal/arm64/DifferenceKit-Swift.h -working-directory /Users/admin/builder/spi-builder-workspace/.swiftpm/xcode -experimental-emit-module-separately -disable-cmo
SwiftMergeGeneratedHeaders /Users/admin/builder/spi-builder-workspace/.derivedData/Build/Intermediates.noindex/GeneratedModuleMaps-appletvos/Clavier-Swift.h /Users/admin/builder/spi-builder-workspace/.derivedData/Build/Intermediates.noindex/Clavier.build/Debug-appletvos/Clavier-t.build/Objects-normal/arm64/Clavier-Swift.h (in target 'Clavier' from project 'Clavier')
cd /Users/admin/builder/spi-builder-workspace/.dependencies/checkouts/Clavier
builtin-swiftHeaderTool -arch arm64 /Users/admin/builder/spi-builder-workspace/.derivedData/Build/Intermediates.noindex/Clavier.build/Debug-appletvos/Clavier-t.build/Objects-normal/arm64/Clavier-Swift.h -o /Users/admin/builder/spi-builder-workspace/.derivedData/Build/Intermediates.noindex/GeneratedModuleMaps-appletvos/Clavier-Swift.h
SwiftMergeGeneratedHeaders /Users/admin/builder/spi-builder-workspace/.derivedData/Build/Intermediates.noindex/GeneratedModuleMaps-appletvos/DifferenceKit-Swift.h /Users/admin/builder/spi-builder-workspace/.derivedData/Build/Intermediates.noindex/DifferenceKit.build/Debug-appletvos/DifferenceKit-t.build/Objects-normal/arm64/DifferenceKit-Swift.h (in target 'DifferenceKit' from project 'DifferenceKit')
cd /Users/admin/builder/spi-builder-workspace/.dependencies/checkouts/DifferenceKit
builtin-swiftHeaderTool -arch arm64 /Users/admin/builder/spi-builder-workspace/.derivedData/Build/Intermediates.noindex/DifferenceKit.build/Debug-appletvos/DifferenceKit-t.build/Objects-normal/arm64/DifferenceKit-Swift.h -o /Users/admin/builder/spi-builder-workspace/.derivedData/Build/Intermediates.noindex/GeneratedModuleMaps-appletvos/DifferenceKit-Swift.h
Copy /Users/admin/builder/spi-builder-workspace/.derivedData/Build/Products/Debug-appletvos/DifferenceKit.swiftmodule/arm64-apple-tvos.swiftmodule /Users/admin/builder/spi-builder-workspace/.derivedData/Build/Intermediates.noindex/DifferenceKit.build/Debug-appletvos/DifferenceKit-t.build/Objects-normal/arm64/DifferenceKit.swiftmodule (in target 'DifferenceKit' from project 'DifferenceKit')
cd /Users/admin/builder/spi-builder-workspace/.dependencies/checkouts/DifferenceKit
builtin-copy -exclude .DS_Store -exclude CVS -exclude .svn -exclude .git -exclude .hg -resolve-src-symlinks -rename /Users/admin/builder/spi-builder-workspace/.derivedData/Build/Intermediates.noindex/DifferenceKit.build/Debug-appletvos/DifferenceKit-t.build/Objects-normal/arm64/DifferenceKit.swiftmodule /Users/admin/builder/spi-builder-workspace/.derivedData/Build/Products/Debug-appletvos/DifferenceKit.swiftmodule/arm64-apple-tvos.swiftmodule
Copy /Users/admin/builder/spi-builder-workspace/.derivedData/Build/Products/Debug-appletvos/DifferenceKit.swiftmodule/arm64-apple-tvos.swiftdoc /Users/admin/builder/spi-builder-workspace/.derivedData/Build/Intermediates.noindex/DifferenceKit.build/Debug-appletvos/DifferenceKit-t.build/Objects-normal/arm64/DifferenceKit.swiftdoc (in target 'DifferenceKit' from project 'DifferenceKit')
cd /Users/admin/builder/spi-builder-workspace/.dependencies/checkouts/DifferenceKit
builtin-copy -exclude .DS_Store -exclude CVS -exclude .svn -exclude .git -exclude .hg -resolve-src-symlinks -rename /Users/admin/builder/spi-builder-workspace/.derivedData/Build/Intermediates.noindex/DifferenceKit.build/Debug-appletvos/DifferenceKit-t.build/Objects-normal/arm64/DifferenceKit.swiftdoc /Users/admin/builder/spi-builder-workspace/.derivedData/Build/Products/Debug-appletvos/DifferenceKit.swiftmodule/arm64-apple-tvos.swiftdoc
Copy /Users/admin/builder/spi-builder-workspace/.derivedData/Build/Products/Debug-appletvos/DifferenceKit.swiftmodule/arm64-apple-tvos.abi.json /Users/admin/builder/spi-builder-workspace/.derivedData/Build/Intermediates.noindex/DifferenceKit.build/Debug-appletvos/DifferenceKit-t.build/Objects-normal/arm64/DifferenceKit.abi.json (in target 'DifferenceKit' from project 'DifferenceKit')
cd /Users/admin/builder/spi-builder-workspace/.dependencies/checkouts/DifferenceKit
builtin-copy -exclude .DS_Store -exclude CVS -exclude .svn -exclude .git -exclude .hg -resolve-src-symlinks -rename /Users/admin/builder/spi-builder-workspace/.derivedData/Build/Intermediates.noindex/DifferenceKit.build/Debug-appletvos/DifferenceKit-t.build/Objects-normal/arm64/DifferenceKit.abi.json /Users/admin/builder/spi-builder-workspace/.derivedData/Build/Products/Debug-appletvos/DifferenceKit.swiftmodule/arm64-apple-tvos.abi.json
Copy /Users/admin/builder/spi-builder-workspace/.derivedData/Build/Products/Debug-appletvos/DifferenceKit.swiftmodule/Project/arm64-apple-tvos.swiftsourceinfo /Users/admin/builder/spi-builder-workspace/.derivedData/Build/Intermediates.noindex/DifferenceKit.build/Debug-appletvos/DifferenceKit-t.build/Objects-normal/arm64/DifferenceKit.swiftsourceinfo (in target 'DifferenceKit' from project 'DifferenceKit')
cd /Users/admin/builder/spi-builder-workspace/.dependencies/checkouts/DifferenceKit
builtin-copy -exclude .DS_Store -exclude CVS -exclude .svn -exclude .git -exclude .hg -resolve-src-symlinks -rename /Users/admin/builder/spi-builder-workspace/.derivedData/Build/Intermediates.noindex/DifferenceKit.build/Debug-appletvos/DifferenceKit-t.build/Objects-normal/arm64/DifferenceKit.swiftsourceinfo /Users/admin/builder/spi-builder-workspace/.derivedData/Build/Products/Debug-appletvos/DifferenceKit.swiftmodule/Project/arm64-apple-tvos.swiftsourceinfo
Copy /Users/admin/builder/spi-builder-workspace/.derivedData/Build/Products/Debug-appletvos/Clavier.swiftmodule/arm64-apple-tvos.swiftmodule /Users/admin/builder/spi-builder-workspace/.derivedData/Build/Intermediates.noindex/Clavier.build/Debug-appletvos/Clavier-t.build/Objects-normal/arm64/Clavier.swiftmodule (in target 'Clavier' from project 'Clavier')
cd /Users/admin/builder/spi-builder-workspace/.dependencies/checkouts/Clavier
builtin-copy -exclude .DS_Store -exclude CVS -exclude .svn -exclude .git -exclude .hg -resolve-src-symlinks -rename /Users/admin/builder/spi-builder-workspace/.derivedData/Build/Intermediates.noindex/Clavier.build/Debug-appletvos/Clavier-t.build/Objects-normal/arm64/Clavier.swiftmodule /Users/admin/builder/spi-builder-workspace/.derivedData/Build/Products/Debug-appletvos/Clavier.swiftmodule/arm64-apple-tvos.swiftmodule
Copy /Users/admin/builder/spi-builder-workspace/.derivedData/Build/Products/Debug-appletvos/Clavier.swiftmodule/arm64-apple-tvos.swiftdoc /Users/admin/builder/spi-builder-workspace/.derivedData/Build/Intermediates.noindex/Clavier.build/Debug-appletvos/Clavier-t.build/Objects-normal/arm64/Clavier.swiftdoc (in target 'Clavier' from project 'Clavier')
cd /Users/admin/builder/spi-builder-workspace/.dependencies/checkouts/Clavier
builtin-copy -exclude .DS_Store -exclude CVS -exclude .svn -exclude .git -exclude .hg -resolve-src-symlinks -rename /Users/admin/builder/spi-builder-workspace/.derivedData/Build/Intermediates.noindex/Clavier.build/Debug-appletvos/Clavier-t.build/Objects-normal/arm64/Clavier.swiftdoc /Users/admin/builder/spi-builder-workspace/.derivedData/Build/Products/Debug-appletvos/Clavier.swiftmodule/arm64-apple-tvos.swiftdoc
Copy /Users/admin/builder/spi-builder-workspace/.derivedData/Build/Products/Debug-appletvos/Clavier.swiftmodule/arm64-apple-tvos.abi.json /Users/admin/builder/spi-builder-workspace/.derivedData/Build/Intermediates.noindex/Clavier.build/Debug-appletvos/Clavier-t.build/Objects-normal/arm64/Clavier.abi.json (in target 'Clavier' from project 'Clavier')
cd /Users/admin/builder/spi-builder-workspace/.dependencies/checkouts/Clavier
builtin-copy -exclude .DS_Store -exclude CVS -exclude .svn -exclude .git -exclude .hg -resolve-src-symlinks -rename /Users/admin/builder/spi-builder-workspace/.derivedData/Build/Intermediates.noindex/Clavier.build/Debug-appletvos/Clavier-t.build/Objects-normal/arm64/Clavier.abi.json /Users/admin/builder/spi-builder-workspace/.derivedData/Build/Products/Debug-appletvos/Clavier.swiftmodule/arm64-apple-tvos.abi.json
Copy /Users/admin/builder/spi-builder-workspace/.derivedData/Build/Products/Debug-appletvos/Clavier.swiftmodule/Project/arm64-apple-tvos.swiftsourceinfo /Users/admin/builder/spi-builder-workspace/.derivedData/Build/Intermediates.noindex/Clavier.build/Debug-appletvos/Clavier-t.build/Objects-normal/arm64/Clavier.swiftsourceinfo (in target 'Clavier' from project 'Clavier')
cd /Users/admin/builder/spi-builder-workspace/.dependencies/checkouts/Clavier
builtin-copy -exclude .DS_Store -exclude CVS -exclude .svn -exclude .git -exclude .hg -resolve-src-symlinks -rename /Users/admin/builder/spi-builder-workspace/.derivedData/Build/Intermediates.noindex/Clavier.build/Debug-appletvos/Clavier-t.build/Objects-normal/arm64/Clavier.swiftsourceinfo /Users/admin/builder/spi-builder-workspace/.derivedData/Build/Products/Debug-appletvos/Clavier.swiftmodule/Project/arm64-apple-tvos.swiftsourceinfo
SwiftCompile normal arm64 Compiling\ MulticastObservable.swift,\ ObservableBlock.swift,\ Publisher.swift /Users/admin/builder/spi-builder-workspace/.dependencies/checkouts/Pharos/Pharos/Classes/Relay/MulticastObservable.swift /Users/admin/builder/spi-builder-workspace/.dependencies/checkouts/Pharos/Pharos/Classes/Relay/ObservableBlock.swift /Users/admin/builder/spi-builder-workspace/.dependencies/checkouts/Pharos/Pharos/Classes/Relay/Publisher.swift (in target 'Pharos' from project 'Pharos')
SwiftCompile normal arm64 /Users/admin/builder/spi-builder-workspace/.dependencies/checkouts/Pharos/Pharos/Classes/Relay/MulticastObservable.swift (in target 'Pharos' from project 'Pharos')
cd /Users/admin/builder/spi-builder-workspace/.swiftpm/xcode
builtin-SwiftPerFileCompile MulticastObservable.swift
SwiftCompile normal arm64 /Users/admin/builder/spi-builder-workspace/.dependencies/checkouts/Pharos/Pharos/Classes/Relay/ObservableBlock.swift (in target 'Pharos' from project 'Pharos')
cd /Users/admin/builder/spi-builder-workspace/.swiftpm/xcode
builtin-SwiftPerFileCompile ObservableBlock.swift
SwiftCompile normal arm64 /Users/admin/builder/spi-builder-workspace/.dependencies/checkouts/Pharos/Pharos/Classes/Relay/Publisher.swift (in target 'Pharos' from project 'Pharos')
cd /Users/admin/builder/spi-builder-workspace/.swiftpm/xcode
builtin-SwiftPerFileCompile Publisher.swift
SwiftCompile normal arm64 Compiling\ UIControlSubject.swift,\ Dictionary+Extensions.swift,\ RelayInvoker.swift /Users/admin/builder/spi-builder-workspace/.dependencies/checkouts/Pharos/Pharos/Classes/UIControl/UIControlSubject.swift /Users/admin/builder/spi-builder-workspace/.dependencies/checkouts/Pharos/Pharos/Classes/Utils/Dictionary+Extensions.swift /Users/admin/builder/spi-builder-workspace/.dependencies/checkouts/Pharos/Pharos/Classes/Utils/RelayInvoker.swift (in target 'Pharos' from project 'Pharos')
SwiftCompile normal arm64 /Users/admin/builder/spi-builder-workspace/.dependencies/checkouts/Pharos/Pharos/Classes/UIControl/UIControlSubject.swift (in target 'Pharos' from project 'Pharos')
cd /Users/admin/builder/spi-builder-workspace/.swiftpm/xcode
builtin-SwiftPerFileCompile UIControlSubject.swift
SwiftCompile normal arm64 /Users/admin/builder/spi-builder-workspace/.dependencies/checkouts/Pharos/Pharos/Classes/Utils/Dictionary+Extensions.swift (in target 'Pharos' from project 'Pharos')
cd /Users/admin/builder/spi-builder-workspace/.swiftpm/xcode
builtin-SwiftPerFileCompile Dictionary+Extensions.swift
SwiftCompile normal arm64 /Users/admin/builder/spi-builder-workspace/.dependencies/checkouts/Pharos/Pharos/Classes/Utils/RelayInvoker.swift (in target 'Pharos' from project 'Pharos')
cd /Users/admin/builder/spi-builder-workspace/.swiftpm/xcode
builtin-SwiftPerFileCompile RelayInvoker.swift
SwiftDriverJobDiscovery normal arm64 Compiling Protocols.swift (in target 'Builder' from project 'Builder')
SwiftCompile normal arm64 Compiling\ RootObservable.swift,\ UIControl+Extensions.swift,\ UIControlAction.swift /Users/admin/builder/spi-builder-workspace/.dependencies/checkouts/Pharos/Pharos/Classes/Relay/RootObservable.swift /Users/admin/builder/spi-builder-workspace/.dependencies/checkouts/Pharos/Pharos/Classes/UIControl/UIControl+Extensions.swift /Users/admin/builder/spi-builder-workspace/.dependencies/checkouts/Pharos/Pharos/Classes/UIControl/UIControlAction.swift (in target 'Pharos' from project 'Pharos')
SwiftCompile normal arm64 /Users/admin/builder/spi-builder-workspace/.dependencies/checkouts/Pharos/Pharos/Classes/Relay/RootObservable.swift (in target 'Pharos' from project 'Pharos')
cd /Users/admin/builder/spi-builder-workspace/.swiftpm/xcode
builtin-SwiftPerFileCompile RootObservable.swift
SwiftCompile normal arm64 /Users/admin/builder/spi-builder-workspace/.dependencies/checkouts/Pharos/Pharos/Classes/UIControl/UIControl+Extensions.swift (in target 'Pharos' from project 'Pharos')
cd /Users/admin/builder/spi-builder-workspace/.swiftpm/xcode
builtin-SwiftPerFileCompile UIControl+Extensions.swift
SwiftCompile normal arm64 /Users/admin/builder/spi-builder-workspace/.dependencies/checkouts/Pharos/Pharos/Classes/UIControl/UIControlAction.swift (in target 'Pharos' from project 'Pharos')
cd /Users/admin/builder/spi-builder-workspace/.swiftpm/xcode
builtin-SwiftPerFileCompile UIControlAction.swift
SwiftDriverJobDiscovery normal arm64 Compiling Builder.swift (in target 'Builder' from project 'Builder')
SwiftCompile normal arm64 Compiling\ BindableObservable.swift,\ FilteredObservable.swift,\ MappedObservable.swift,\ MergedObservable.swift /Users/admin/builder/spi-builder-workspace/.dependencies/checkouts/Pharos/Pharos/Classes/Relay/BindableObservable.swift /Users/admin/builder/spi-builder-workspace/.dependencies/checkouts/Pharos/Pharos/Classes/Relay/FilteredObservable.swift /Users/admin/builder/spi-builder-workspace/.dependencies/checkouts/Pharos/Pharos/Classes/Relay/MappedObservable.swift /Users/admin/builder/spi-builder-workspace/.dependencies/checkouts/Pharos/Pharos/Classes/Relay/MergedObservable.swift (in target 'Pharos' from project 'Pharos')
SwiftCompile normal arm64 /Users/admin/builder/spi-builder-workspace/.dependencies/checkouts/Pharos/Pharos/Classes/Relay/BindableObservable.swift (in target 'Pharos' from project 'Pharos')
cd /Users/admin/builder/spi-builder-workspace/.swiftpm/xcode
builtin-SwiftPerFileCompile BindableObservable.swift
SwiftCompile normal arm64 /Users/admin/builder/spi-builder-workspace/.dependencies/checkouts/Pharos/Pharos/Classes/Relay/FilteredObservable.swift (in target 'Pharos' from project 'Pharos')
cd /Users/admin/builder/spi-builder-workspace/.swiftpm/xcode
builtin-SwiftPerFileCompile FilteredObservable.swift
SwiftCompile normal arm64 /Users/admin/builder/spi-builder-workspace/.dependencies/checkouts/Pharos/Pharos/Classes/Relay/MappedObservable.swift (in target 'Pharos' from project 'Pharos')
cd /Users/admin/builder/spi-builder-workspace/.swiftpm/xcode
builtin-SwiftPerFileCompile MappedObservable.swift
SwiftCompile normal arm64 /Users/admin/builder/spi-builder-workspace/.dependencies/checkouts/Pharos/Pharos/Classes/Relay/MergedObservable.swift (in target 'Pharos' from project 'Pharos')
cd /Users/admin/builder/spi-builder-workspace/.swiftpm/xcode
builtin-SwiftPerFileCompile MergedObservable.swift
SwiftDriverJobDiscovery normal arm64 Compiling Atomic.swift (in target 'Chary' from project 'Chary')
SwiftCompile normal arm64 Compiling\ Observable.swift,\ Observed.swift,\ Subject.swift,\ BindableCollection+TextInput.swift /Users/admin/builder/spi-builder-workspace/.dependencies/checkouts/Pharos/Pharos/Classes/Observable/Observable.swift /Users/admin/builder/spi-builder-workspace/.dependencies/checkouts/Pharos/Pharos/Classes/Observable/Observed.swift /Users/admin/builder/spi-builder-workspace/.dependencies/checkouts/Pharos/Pharos/Classes/Observable/Subject.swift /Users/admin/builder/spi-builder-workspace/.dependencies/checkouts/Pharos/Pharos/Classes/PopulatedRelays/BindableCollection+TextInput.swift (in target 'Pharos' from project 'Pharos')
SwiftCompile normal arm64 /Users/admin/builder/spi-builder-workspace/.dependencies/checkouts/Pharos/Pharos/Classes/Observable/Observable.swift (in target 'Pharos' from project 'Pharos')
cd /Users/admin/builder/spi-builder-workspace/.swiftpm/xcode
builtin-SwiftPerFileCompile Observable.swift
SwiftCompile normal arm64 /Users/admin/builder/spi-builder-workspace/.dependencies/checkouts/Pharos/Pharos/Classes/Observable/Observed.swift (in target 'Pharos' from project 'Pharos')
cd /Users/admin/builder/spi-builder-workspace/.swiftpm/xcode
builtin-SwiftPerFileCompile Observed.swift
SwiftCompile normal arm64 /Users/admin/builder/spi-builder-workspace/.dependencies/checkouts/Pharos/Pharos/Classes/Observable/Subject.swift (in target 'Pharos' from project 'Pharos')
cd /Users/admin/builder/spi-builder-workspace/.swiftpm/xcode
builtin-SwiftPerFileCompile Subject.swift
SwiftCompile normal arm64 /Users/admin/builder/spi-builder-workspace/.dependencies/checkouts/Pharos/Pharos/Classes/PopulatedRelays/BindableCollection+TextInput.swift (in target 'Pharos' from project 'Pharos')
cd /Users/admin/builder/spi-builder-workspace/.swiftpm/xcode
builtin-SwiftPerFileCompile BindableCollection+TextInput.swift
SwiftDriverJobDiscovery normal arm64 Compiling PropertyAssigner.swift (in target 'Builder' from project 'Builder')
SwiftCompile normal arm64 Compiling\ BindableCollectionCellView.swift,\ PopulatedRelays.swift,\ BaseProtocols.swift,\ BindableKVOObservable.swift /Users/admin/builder/spi-builder-workspace/.dependencies/checkouts/Pharos/Pharos/Classes/PopulatedRelays/BindableCollectionCellView.swift /Users/admin/builder/spi-builder-workspace/.dependencies/checkouts/Pharos/Pharos/Classes/PopulatedRelays/PopulatedRelays.swift /Users/admin/builder/spi-builder-workspace/.dependencies/checkouts/Pharos/Pharos/Classes/Relay/BaseProtocols.swift /Users/admin/builder/spi-builder-workspace/.dependencies/checkouts/Pharos/Pharos/Classes/Relay/BindableKVOObservable.swift (in target 'Pharos' from project 'Pharos')
SwiftCompile normal arm64 /Users/admin/builder/spi-builder-workspace/.dependencies/checkouts/Pharos/Pharos/Classes/PopulatedRelays/BindableCollectionCellView.swift (in target 'Pharos' from project 'Pharos')
cd /Users/admin/builder/spi-builder-workspace/.swiftpm/xcode
builtin-SwiftPerFileCompile BindableCollectionCellView.swift
SwiftCompile normal arm64 /Users/admin/builder/spi-builder-workspace/.dependencies/checkouts/Pharos/Pharos/Classes/PopulatedRelays/PopulatedRelays.swift (in target 'Pharos' from project 'Pharos')
cd /Users/admin/builder/spi-builder-workspace/.swiftpm/xcode
builtin-SwiftPerFileCompile PopulatedRelays.swift
SwiftCompile normal arm64 /Users/admin/builder/spi-builder-workspace/.dependencies/checkouts/Pharos/Pharos/Classes/Relay/BaseProtocols.swift (in target 'Pharos' from project 'Pharos')
cd /Users/admin/builder/spi-builder-workspace/.swiftpm/xcode
builtin-SwiftPerFileCompile BaseProtocols.swift
SwiftCompile normal arm64 /Users/admin/builder/spi-builder-workspace/.dependencies/checkouts/Pharos/Pharos/Classes/Relay/BindableKVOObservable.swift (in target 'Pharos' from project 'Pharos')
cd /Users/admin/builder/spi-builder-workspace/.swiftpm/xcode
builtin-SwiftPerFileCompile BindableKVOObservable.swift
SwiftDriverJobDiscovery normal arm64 Compiling BuilderConfig.swift (in target 'Builder' from project 'Builder')
SwiftCompile normal arm64 Compiling\ BindableCollection+UILabel.swift,\ BindableCollection+UIScrollView.swift,\ BindableCollection+UISlider.swift,\ BindableCollection+UIStackView.swift /Users/admin/builder/spi-builder-workspace/.dependencies/checkouts/Pharos/Pharos/Classes/PopulatedRelays/BindableCollection+UILabel.swift /Users/admin/builder/spi-builder-workspace/.dependencies/checkouts/Pharos/Pharos/Classes/PopulatedRelays/BindableCollection+UIScrollView.swift /Users/admin/builder/spi-builder-workspace/.dependencies/checkouts/Pharos/Pharos/Classes/PopulatedRelays/BindableCollection+UISlider.swift /Users/admin/builder/spi-builder-workspace/.dependencies/checkouts/Pharos/Pharos/Classes/PopulatedRelays/BindableCollection+UIStackView.swift (in target 'Pharos' from project 'Pharos')
SwiftCompile normal arm64 /Users/admin/builder/spi-builder-workspace/.dependencies/checkouts/Pharos/Pharos/Classes/PopulatedRelays/BindableCollection+UILabel.swift (in target 'Pharos' from project 'Pharos')
cd /Users/admin/builder/spi-builder-workspace/.swiftpm/xcode
builtin-SwiftPerFileCompile BindableCollection+UILabel.swift
SwiftCompile normal arm64 /Users/admin/builder/spi-builder-workspace/.dependencies/checkouts/Pharos/Pharos/Classes/PopulatedRelays/BindableCollection+UIScrollView.swift (in target 'Pharos' from project 'Pharos')
cd /Users/admin/builder/spi-builder-workspace/.swiftpm/xcode
builtin-SwiftPerFileCompile BindableCollection+UIScrollView.swift
SwiftCompile normal arm64 /Users/admin/builder/spi-builder-workspace/.dependencies/checkouts/Pharos/Pharos/Classes/PopulatedRelays/BindableCollection+UISlider.swift (in target 'Pharos' from project 'Pharos')
cd /Users/admin/builder/spi-builder-workspace/.swiftpm/xcode
builtin-SwiftPerFileCompile BindableCollection+UISlider.swift
SwiftCompile normal arm64 /Users/admin/builder/spi-builder-workspace/.dependencies/checkouts/Pharos/Pharos/Classes/PopulatedRelays/BindableCollection+UIStackView.swift (in target 'Pharos' from project 'Pharos')
cd /Users/admin/builder/spi-builder-workspace/.swiftpm/xcode
builtin-SwiftPerFileCompile BindableCollection+UIStackView.swift
SwiftDriverJobDiscovery normal arm64 Compiling DispatchQueue+Extensions.swift (in target 'Chary' from project 'Chary')
PruneExplicitPrecompiledModules /Users/admin/builder/spi-builder-workspace/.derivedData/Build/Intermediates.noindex/SwiftExplicitPrecompiledModules
PruneExplicitPrecompiledModules /Users/admin/builder/spi-builder-workspace/.derivedData/SDKExplicitPrecompiledModules
PruneExplicitPrecompiledModules /Users/admin/builder/spi-builder-workspace/.derivedData/Build/Intermediates.noindex/ExplicitPrecompiledModules
2026-09-18 07:37:10.540 xcodebuild[978:5541] [MT] IDERunDestination: Supported platforms for the buildables in the current scheme is empty.
2026-09-18 07:37:10.645 xcodebuild[978:5541] [MT] IDERunDestination: Supported platforms for the buildables in the current scheme is empty.
** BUILD FAILED **
The following build commands failed:
SwiftCompile normal arm64 (in target 'Pharos' from project 'Pharos')
SwiftEmitModule normal arm64 Emitting\ module\ for\ Pharos (in target 'Pharos' from project 'Pharos')
Building workspace Artisan with scheme Artisan
(3 failures)
Command line invocation:
/Applications/Xcode-27.0.0-Release.Candidate.app/Contents/Developer/usr/bin/xcodebuild -IDEClonedSourcePackagesDirPathOverride=/Users/admin/builder/spi-builder-workspace/.dependencies -resolvePackageDependencies
Resolve Package Graph
Resolved source packages:
Clavier: https://github.com/hainayanda/Clavier.git @ 2.0.3
DifferenceKit: https://github.com/ra1028/DifferenceKit.git @ 1.2.0
Chary: https://github.com/hainayanda/Chary.git @ 1.0.7
Builder: https://github.com/hainayanda/Builder.git @ 1.1.1
Draftsman: https://github.com/hainayanda/Draftsman.git @ 3.2.5
Pharos: https://github.com/hainayanda/Pharos.git @ 2.3.5
DiffableDataSources: https://github.com/ra1028/DiffableDataSources.git @ 0.5.0
Artisan: /Users/admin/builder/spi-builder-workspace
resolved source packages: Clavier, DifferenceKit, Chary, Builder, Draftsman, Pharos, DiffableDataSources, Artisan
2026-09-18 07:37:21.582 xcodebuild[1126:6416] [MT] IDERunDestination: Supported platforms for the buildables in the current scheme is empty.
2026-09-18 07:37:21.687 xcodebuild[1126:6416] [MT] IDERunDestination: Supported platforms for the buildables in the current scheme is empty.
{
"dependencies" : [
{
"identity" : "draftsman",
"requirement" : {
"range" : [
{
"lower_bound" : "3.0.6",
"upper_bound" : "4.0.0"
}
]
},
"type" : "sourceControl",
"url" : "https://github.com/hainayanda/Draftsman.git"
},
{
"identity" : "pharos",
"requirement" : {
"range" : [
{
"lower_bound" : "2.3.5",
"upper_bound" : "3.0.0"
}
]
},
"type" : "sourceControl",
"url" : "https://github.com/hainayanda/Pharos.git"
},
{
"identity" : "diffabledatasources",
"requirement" : {
"range" : [
{
"lower_bound" : "0.5.0",
"upper_bound" : "1.0.0"
}
]
},
"type" : "sourceControl",
"url" : "https://github.com/ra1028/DiffableDataSources.git"
}
],
"manifest_display_name" : "Artisan",
"name" : "Artisan",
"path" : "/Users/admin/builder/spi-builder-workspace",
"platforms" : [
{
"name" : "ios",
"version" : "12.0"
}
],
"products" : [
{
"name" : "Artisan",
"targets" : [
"Artisan"
],
"type" : {
"library" : [
"automatic"
]
}
}
],
"targets" : [
{
"c99name" : "Artisan",
"module_type" : "SwiftTarget",
"name" : "Artisan",
"path" : "Artisan/Classes",
"product_dependencies" : [
"Draftsman",
"Pharos",
"DiffableDataSources"
],
"product_memberships" : [
"Artisan"
],
"sources" : [
"Binding/Observable+Binding.swift",
"Binding/ViewBindable+Retaining.swift",
"Binding/ViewBindable.swift",
"Binding/ViewModel.swift",
"ContainerContentsBuilder/CellCompatible/Cell.swift",
"ContainerContentsBuilder/CellCompatible/CellBuilder.swift",
"ContainerContentsBuilder/CellCompatible/CellCompatible.swift",
"ContainerContentsBuilder/CellCompatible/LayoutDraft+CellCompatible.swift",
"ContainerContentsBuilder/CellCompatible/Section.swift",
"ContainerContentsBuilder/Stack/ScrollableStackView.swift",
"ContainerContentsBuilder/Stack/StackBuilder.swift",
"Extensions/Array+Extensions.swift",
"Extensions/Maker+Extensions.swift",
"Extensions/UIView+Extensions.swift",
"Utils/ArrayBuilder.swift",
"Utils/Methods.swift",
"Utils/TypeAliases.swift"
],
"type" : "library"
}
],
"tools_version" : "5.3"
}
{
"workspace" : {
"name" : "Artisan",
"schemes" : [
"Artisan"
]
}
}
2026-09-18 07:37:23.097 xcodebuild[1134:6484] [MT] IDERunDestination: Supported platforms for the buildables in the current scheme is empty.
2026-09-18 07:37:23.197 xcodebuild[1134:6484] [MT] IDERunDestination: Supported platforms for the buildables in the current scheme is empty.
Running build ...
env DEVELOPER_DIR=/Applications/Xcode-27.0.0-Release.Candidate.app xcrun xcodebuild -IDEClonedSourcePackagesDirPathOverride=$PWD/.dependencies -skipMacroValidation -skipPackagePluginValidation -derivedDataPath $PWD/.derivedData build -scheme Artisan -destination generic/platform=tvOS
Command line invocation:
/Applications/Xcode-27.0.0-Release.Candidate.app/Contents/Developer/usr/bin/xcodebuild -IDEClonedSourcePackagesDirPathOverride=/Users/admin/builder/spi-builder-workspace/.dependencies -skipMacroValidation -skipPackagePluginValidation -derivedDataPath /Users/admin/builder/spi-builder-workspace/.derivedData build -scheme Artisan -destination generic/platform=tvOS
Resolve Package Graph
Resolved source packages:
Pharos: https://github.com/hainayanda/Pharos.git @ 2.3.5
Builder: https://github.com/hainayanda/Builder.git @ 1.1.1
DifferenceKit: https://github.com/ra1028/DifferenceKit.git @ 1.2.0
Chary: https://github.com/hainayanda/Chary.git @ 1.0.7
DiffableDataSources: https://github.com/ra1028/DiffableDataSources.git @ 0.5.0
Clavier: https://github.com/hainayanda/Clavier.git @ 2.0.3
Draftsman: https://github.com/hainayanda/Draftsman.git @ 3.2.5
Artisan: /Users/admin/builder/spi-builder-workspace
ComputePackagePrebuildTargetDependencyGraph
Prepare packages
CreateBuildRequest
SendProjectDescription
CreateBuildOperation
ComputeTargetDependencyGraph
note: Building targets in dependency order
note: Target dependency graph (16 targets)
Target 'Artisan-product' in project 'Artisan'
➜ Explicit dependency on target 'Artisan' in project 'Artisan'
➜ Explicit dependency on target 'Draftsman-product' in project 'Draftsman'
➜ Explicit dependency on target 'Pharos-product' in project 'Pharos'
➜ Explicit dependency on target 'DiffableDataSources-product' in project 'DiffableDataSources'
Target 'Artisan' in project 'Artisan'
➜ Explicit dependency on target 'Draftsman-product' in project 'Draftsman'
➜ Explicit dependency on target 'Pharos-product' in project 'Pharos'
➜ Explicit dependency on target 'DiffableDataSources-product' in project 'DiffableDataSources'
Target 'DiffableDataSources-product' in project 'DiffableDataSources'
➜ Explicit dependency on target 'DiffableDataSources' in project 'DiffableDataSources'
➜ Explicit dependency on target 'DifferenceKit-product' in project 'DifferenceKit'
Target 'DiffableDataSources' in project 'DiffableDataSources'
➜ Explicit dependency on target 'DifferenceKit-product' in project 'DifferenceKit'
Target 'DifferenceKit-product' in project 'DifferenceKit'
➜ Explicit dependency on target 'DifferenceKit' in project 'DifferenceKit'
Target 'DifferenceKit' in project 'DifferenceKit' (no dependencies)
Target 'Pharos-product' in project 'Pharos'
➜ Explicit dependency on target 'Pharos' in project 'Pharos'
➜ Explicit dependency on target 'Chary-product' in project 'Chary'
Target 'Pharos' in project 'Pharos'
➜ Explicit dependency on target 'Chary-product' in project 'Chary'
Target 'Chary-product' in project 'Chary'
➜ Explicit dependency on target 'Chary' in project 'Chary'
Target 'Chary' in project 'Chary' (no dependencies)
Target 'Draftsman-product' in project 'Draftsman'
➜ Explicit dependency on target 'Draftsman' in project 'Draftsman'
➜ Explicit dependency on target 'Clavier-product' in project 'Clavier'
➜ Explicit dependency on target 'Builder-product' in project 'Builder'
Target 'Draftsman' in project 'Draftsman'
➜ Explicit dependency on target 'Clavier-product' in project 'Clavier'
➜ Explicit dependency on target 'Builder-product' in project 'Builder'
Target 'Builder-product' in project 'Builder'
➜ Explicit dependency on target 'Builder' in project 'Builder'
Target 'Builder' in project 'Builder' (no dependencies)
Target 'Clavier-product' in project 'Clavier'
➜ Explicit dependency on target 'Clavier' in project 'Clavier'
Target 'Clavier' in project 'Clavier' (no dependencies)
GatherProvisioningInputs
CreateBuildDescription
ClangStatCache /Applications/Xcode-27.0.0-Release.Candidate.app/Contents/Developer/Toolchains/XcodeDefault.xctoolchain/usr/bin/clang-stat-cache /Applications/Xcode-27.0.0-Release.Candidate.app/Contents/Developer/Platforms/AppleTVOS.platform/Developer/SDKs/AppleTVOS27.0.sdk /Users/admin/builder/spi-builder-workspace/.derivedData/SDKStatCaches.noindex/appletvos27.0-24J360-e829b21a6f8c9b70876ba0858053c044b32bfd8d43560033f8d89884cdb90028.sdkstatcache
cd /Users/admin/builder/spi-builder-workspace/.swiftpm/xcode
/Applications/Xcode-27.0.0-Release.Candidate.app/Contents/Developer/Toolchains/XcodeDefault.xctoolchain/usr/bin/clang-stat-cache /Applications/Xcode-27.0.0-Release.Candidate.app/Contents/Developer/Platforms/AppleTVOS.platform/Developer/SDKs/AppleTVOS27.0.sdk -o /Users/admin/builder/spi-builder-workspace/.derivedData/SDKStatCaches.noindex/appletvos27.0-24J360-e829b21a6f8c9b70876ba0858053c044b32bfd8d43560033f8d89884cdb90028.sdkstatcache
SwiftDriver Pharos normal arm64 com.apple.xcode.tools.swift.compiler (in target 'Pharos' from project 'Pharos')
cd /Users/admin/builder/spi-builder-workspace/.swiftpm/xcode
builtin-SwiftDriver -- /Applications/Xcode-27.0.0-Release.Candidate.app/Contents/Developer/Toolchains/XcodeDefault.xctoolchain/usr/bin/swiftc -parse-as-library -module-name Pharos -Onone @/Users/admin/builder/spi-builder-workspace/.derivedData/Build/Intermediates.noindex/Pharos.build/Debug-appletvos/Pharos-t.build/Objects-normal/arm64/Pharos.SwiftFileList -DSWIFT_PACKAGE -DDEBUG -DSWIFT_MODULE_RESOURCE_BUNDLE_UNAVAILABLE -DXcode -plugin-path /Applications/Xcode-27.0.0-Release.Candidate.app/Contents/Developer/Toolchains/XcodeDefault.xctoolchain/usr/lib/swift/host/plugins/testing -enable-experimental-feature DebugDescriptionMacro -sdk /Applications/Xcode-27.0.0-Release.Candidate.app/Contents/Developer/Platforms/AppleTVOS.platform/Developer/SDKs/AppleTVOS27.0.sdk -target arm64-apple-tvos15.0 -g -module-cache-path /Users/admin/builder/spi-builder-workspace/.derivedData/ModuleCache.noindex -Xfrontend -serialize-debugging-options -profile-coverage-mapping -profile-generate -enable-testing -suppress-warnings -index-store-path /Users/admin/builder/spi-builder-workspace/.derivedData/Index.noindex/DataStore -Xcc -D_LIBCPP_HARDENING_MODE\=_LIBCPP_HARDENING_MODE_DEBUG -swift-version 5 -I /Users/admin/builder/spi-builder-workspace/.derivedData/Build/Products/Debug-appletvos -Isystem /Applications/Xcode-27.0.0-Release.Candidate.app/Contents/Developer/Platforms/AppleTVOS.platform/Developer/usr/lib -F /Users/admin/builder/spi-builder-workspace/.derivedData/Build/Products/Debug-appletvos/PackageFrameworks -F /Users/admin/builder/spi-builder-workspace/.derivedData/Build/Products/Debug-appletvos -F /Applications/Xcode-27.0.0-Release.Candidate.app/Contents/Developer/Platforms/AppleTVOS.platform/Developer/Library/Frameworks -F /Applications/Xcode-27.0.0-Release.Candidate.app/Contents/Developer/Platforms/AppleTVOS.platform/Developer/SDKs/AppleTVOS27.0.sdk/Developer/Library/Frameworks -c -j10 -enable-batch-mode -incremental -Xcc -ivfsstatcache -Xcc /Users/admin/builder/spi-builder-workspace/.derivedData/SDKStatCaches.noindex/appletvos27.0-24J360-e829b21a6f8c9b70876ba0858053c044b32bfd8d43560033f8d89884cdb90028.sdkstatcache -output-file-map /Users/admin/builder/spi-builder-workspace/.derivedData/Build/Intermediates.noindex/Pharos.build/Debug-appletvos/Pharos-t.build/Objects-normal/arm64/Pharos-OutputFileMap.json -save-temps -no-color-diagnostics -explicit-module-build -module-cache-path /Users/admin/builder/spi-builder-workspace/.derivedData/Build/Intermediates.noindex/SwiftExplicitPrecompiledModules -clang-scanner-module-cache-path /Users/admin/builder/spi-builder-workspace/.derivedData/ModuleCache.noindex -sdk-module-cache-path /Users/admin/builder/spi-builder-workspace/.derivedData/SDKExplicitPrecompiledModules -emit-dependencies -emit-module -emit-module-path /Users/admin/builder/spi-builder-workspace/.derivedData/Build/Intermediates.noindex/Pharos.build/Debug-appletvos/Pharos-t.build/Objects-normal/arm64/Pharos.swiftmodule -serialize-diagnostics -dependency-scan-serialize-diagnostics-path /Users/admin/builder/spi-builder-workspace/.derivedData/Build/Intermediates.noindex/Pharos.build/Debug-appletvos/Pharos-t.build/Objects-normal/arm64/Pharos-dependency-scan.dia -validate-clang-modules-once -clang-build-session-file /Users/admin/builder/spi-builder-workspace/.derivedData/ModuleCache.noindex/Session.modulevalidation -Xcc -fmodules-prune-interval\=86400 -Xcc -fmodules-prune-after\=345600 -emit-const-values -const-gather-protocols-list /Users/admin/builder/spi-builder-workspace/.derivedData/Build/Intermediates.noindex/Pharos.build/Debug-appletvos/Pharos-t.build/Objects-normal/arm64/Pharos_const_extract_protocols.json -Xcc -I/Users/admin/builder/spi-builder-workspace/.derivedData/Build/Products/Debug-appletvos/include -Xcc -I/Users/admin/builder/spi-builder-workspace/.derivedData/Build/Intermediates.noindex/Pharos.build/Debug-appletvos/Pharos-t.build/DerivedSources-normal/arm64 -Xcc -I/Users/admin/builder/spi-builder-workspace/.derivedData/Build/Intermediates.noindex/Pharos.build/Debug-appletvos/Pharos-t.build/DerivedSources/arm64 -Xcc -I/Users/admin/builder/spi-builder-workspace/.derivedData/Build/Intermediates.noindex/Pharos.build/Debug-appletvos/Pharos-t.build/DerivedSources -Xcc -DSWIFT_PACKAGE -Xcc -DDEBUG\=1 -emit-objc-header -emit-objc-header-path /Users/admin/builder/spi-builder-workspace/.derivedData/Build/Intermediates.noindex/Pharos.build/Debug-appletvos/Pharos-t.build/Objects-normal/arm64/Pharos-Swift.h -working-directory /Users/admin/builder/spi-builder-workspace/.swiftpm/xcode -experimental-emit-module-separately -disable-cmo
SwiftDriver DifferenceKit normal arm64 com.apple.xcode.tools.swift.compiler (in target 'DifferenceKit' from project 'DifferenceKit')
cd /Users/admin/builder/spi-builder-workspace/.swiftpm/xcode
builtin-SwiftDriver -- /Applications/Xcode-27.0.0-Release.Candidate.app/Contents/Developer/Toolchains/XcodeDefault.xctoolchain/usr/bin/swiftc -parse-as-library -module-name DifferenceKit -Onone @/Users/admin/builder/spi-builder-workspace/.derivedData/Build/Intermediates.noindex/DifferenceKit.build/Debug-appletvos/DifferenceKit-t.build/Objects-normal/arm64/DifferenceKit.SwiftFileList -DSWIFT_PACKAGE -DDEBUG -DSWIFT_MODULE_RESOURCE_BUNDLE_UNAVAILABLE -DXcode -plugin-path /Applications/Xcode-27.0.0-Release.Candidate.app/Contents/Developer/Toolchains/XcodeDefault.xctoolchain/usr/lib/swift/host/plugins/testing -enable-experimental-feature DebugDescriptionMacro -sdk /Applications/Xcode-27.0.0-Release.Candidate.app/Contents/Developer/Platforms/AppleTVOS.platform/Developer/SDKs/AppleTVOS27.0.sdk -target arm64-apple-tvos15.0 -g -module-cache-path /Users/admin/builder/spi-builder-workspace/.derivedData/ModuleCache.noindex -Xfrontend -serialize-debugging-options -profile-coverage-mapping -profile-generate -enable-testing -suppress-warnings -index-store-path /Users/admin/builder/spi-builder-workspace/.derivedData/Index.noindex/DataStore -Xcc -D_LIBCPP_HARDENING_MODE\=_LIBCPP_HARDENING_MODE_DEBUG -swift-version 5 -I /Users/admin/builder/spi-builder-workspace/.derivedData/Build/Products/Debug-appletvos -Isystem /Applications/Xcode-27.0.0-Release.Candidate.app/Contents/Developer/Platforms/AppleTVOS.platform/Developer/usr/lib -F /Users/admin/builder/spi-builder-workspace/.derivedData/Build/Products/Debug-appletvos -F /Applications/Xcode-27.0.0-Release.Candidate.app/Contents/Developer/Platforms/AppleTVOS.platform/Developer/Library/Frameworks -F /Applications/Xcode-27.0.0-Release.Candidate.app/Contents/Developer/Platforms/AppleTVOS.platform/Developer/SDKs/AppleTVOS27.0.sdk/Developer/Library/Frameworks -c -j10 -enable-batch-mode -incremental -Xcc -ivfsstatcache -Xcc /Users/admin/builder/spi-builder-workspace/.derivedData/SDKStatCaches.noindex/appletvos27.0-24J360-e829b21a6f8c9b70876ba0858053c044b32bfd8d43560033f8d89884cdb90028.sdkstatcache -output-file-map /Users/admin/builder/spi-builder-workspace/.derivedData/Build/Intermediates.noindex/DifferenceKit.build/Debug-appletvos/DifferenceKit-t.build/Objects-normal/arm64/DifferenceKit-OutputFileMap.json -save-temps -no-color-diagnostics -explicit-module-build -module-cache-path /Users/admin/builder/spi-builder-workspace/.derivedData/Build/Intermediates.noindex/SwiftExplicitPrecompiledModules -clang-scanner-module-cache-path /Users/admin/builder/spi-builder-workspace/.derivedData/ModuleCache.noindex -sdk-module-cache-path /Users/admin/builder/spi-builder-workspace/.derivedData/SDKExplicitPrecompiledModules -emit-dependencies -emit-module -emit-module-path /Users/admin/builder/spi-builder-workspace/.derivedData/Build/Intermediates.noindex/DifferenceKit.build/Debug-appletvos/DifferenceKit-t.build/Objects-normal/arm64/DifferenceKit.swiftmodule -serialize-diagnostics -dependency-scan-serialize-diagnostics-path /Users/admin/builder/spi-builder-workspace/.derivedData/Build/Intermediates.noindex/DifferenceKit.build/Debug-appletvos/DifferenceKit-t.build/Objects-normal/arm64/DifferenceKit-dependency-scan.dia -validate-clang-modules-once -clang-build-session-file /Users/admin/builder/spi-builder-workspace/.derivedData/ModuleCache.noindex/Session.modulevalidation -Xcc -fmodules-prune-interval\=86400 -Xcc -fmodules-prune-after\=345600 -emit-const-values -const-gather-protocols-list /Users/admin/builder/spi-builder-workspace/.derivedData/Build/Intermediates.noindex/DifferenceKit.build/Debug-appletvos/DifferenceKit-t.build/Objects-normal/arm64/DifferenceKit_const_extract_protocols.json -Xcc -I/Users/admin/builder/spi-builder-workspace/.derivedData/Build/Products/Debug-appletvos/include -Xcc -I/Users/admin/builder/spi-builder-workspace/.derivedData/Build/Intermediates.noindex/DifferenceKit.build/Debug-appletvos/DifferenceKit-t.build/DerivedSources-normal/arm64 -Xcc -I/Users/admin/builder/spi-builder-workspace/.derivedData/Build/Intermediates.noindex/DifferenceKit.build/Debug-appletvos/DifferenceKit-t.build/DerivedSources/arm64 -Xcc -I/Users/admin/builder/spi-builder-workspace/.derivedData/Build/Intermediates.noindex/DifferenceKit.build/Debug-appletvos/DifferenceKit-t.build/DerivedSources -Xcc -DSWIFT_PACKAGE -Xcc -DDEBUG\=1 -emit-objc-header -emit-objc-header-path /Users/admin/builder/spi-builder-workspace/.derivedData/Build/Intermediates.noindex/DifferenceKit.build/Debug-appletvos/DifferenceKit-t.build/Objects-normal/arm64/DifferenceKit-Swift.h -working-directory /Users/admin/builder/spi-builder-workspace/.swiftpm/xcode -experimental-emit-module-separately -disable-cmo
SwiftDriver Clavier normal arm64 com.apple.xcode.tools.swift.compiler (in target 'Clavier' from project 'Clavier')
cd /Users/admin/builder/spi-builder-workspace/.swiftpm/xcode
builtin-SwiftDriver -- /Applications/Xcode-27.0.0-Release.Candidate.app/Contents/Developer/Toolchains/XcodeDefault.xctoolchain/usr/bin/swiftc -parse-as-library -module-name Clavier -Onone @/Users/admin/builder/spi-builder-workspace/.derivedData/Build/Intermediates.noindex/Clavier.build/Debug-appletvos/Clavier-t.build/Objects-normal/arm64/Clavier.SwiftFileList -DSWIFT_PACKAGE -DDEBUG -DSWIFT_MODULE_RESOURCE_BUNDLE_UNAVAILABLE -DXcode -plugin-path /Applications/Xcode-27.0.0-Release.Candidate.app/Contents/Developer/Toolchains/XcodeDefault.xctoolchain/usr/lib/swift/host/plugins/testing -enable-experimental-feature DebugDescriptionMacro -sdk /Applications/Xcode-27.0.0-Release.Candidate.app/Contents/Developer/Platforms/AppleTVOS.platform/Developer/SDKs/AppleTVOS27.0.sdk -target arm64-apple-tvos15.0 -g -module-cache-path /Users/admin/builder/spi-builder-workspace/.derivedData/ModuleCache.noindex -Xfrontend -serialize-debugging-options -profile-coverage-mapping -profile-generate -enable-testing -suppress-warnings -index-store-path /Users/admin/builder/spi-builder-workspace/.derivedData/Index.noindex/DataStore -Xcc -D_LIBCPP_HARDENING_MODE\=_LIBCPP_HARDENING_MODE_DEBUG -swift-version 5 -I /Users/admin/builder/spi-builder-workspace/.derivedData/Build/Products/Debug-appletvos -Isystem /Applications/Xcode-27.0.0-Release.Candidate.app/Contents/Developer/Platforms/AppleTVOS.platform/Developer/usr/lib -F /Users/admin/builder/spi-builder-workspace/.derivedData/Build/Products/Debug-appletvos -F /Applications/Xcode-27.0.0-Release.Candidate.app/Contents/Developer/Platforms/AppleTVOS.platform/Developer/Library/Frameworks -F /Applications/Xcode-27.0.0-Release.Candidate.app/Contents/Developer/Platforms/AppleTVOS.platform/Developer/SDKs/AppleTVOS27.0.sdk/Developer/Library/Frameworks -c -j10 -enable-batch-mode -incremental -Xcc -ivfsstatcache -Xcc /Users/admin/builder/spi-builder-workspace/.derivedData/SDKStatCaches.noindex/appletvos27.0-24J360-e829b21a6f8c9b70876ba0858053c044b32bfd8d43560033f8d89884cdb90028.sdkstatcache -output-file-map /Users/admin/builder/spi-builder-workspace/.derivedData/Build/Intermediates.noindex/Clavier.build/Debug-appletvos/Clavier-t.build/Objects-normal/arm64/Clavier-OutputFileMap.json -save-temps -no-color-diagnostics -explicit-module-build -module-cache-path /Users/admin/builder/spi-builder-workspace/.derivedData/Build/Intermediates.noindex/SwiftExplicitPrecompiledModules -clang-scanner-module-cache-path /Users/admin/builder/spi-builder-workspace/.derivedData/ModuleCache.noindex -sdk-module-cache-path /Users/admin/builder/spi-builder-workspace/.derivedData/SDKExplicitPrecompiledModules -emit-dependencies -emit-module -emit-module-path /Users/admin/builder/spi-builder-workspace/.derivedData/Build/Intermediates.noindex/Clavier.build/Debug-appletvos/Clavier-t.build/Objects-normal/arm64/Clavier.swiftmodule -serialize-diagnostics -dependency-scan-serialize-diagnostics-path /Users/admin/builder/spi-builder-workspace/.derivedData/Build/Intermediates.noindex/Clavier.build/Debug-appletvos/Clavier-t.build/Objects-normal/arm64/Clavier-dependency-scan.dia -validate-clang-modules-once -clang-build-session-file /Users/admin/builder/spi-builder-workspace/.derivedData/ModuleCache.noindex/Session.modulevalidation -Xcc -fmodules-prune-interval\=86400 -Xcc -fmodules-prune-after\=345600 -emit-const-values -const-gather-protocols-list /Users/admin/builder/spi-builder-workspace/.derivedData/Build/Intermediates.noindex/Clavier.build/Debug-appletvos/Clavier-t.build/Objects-normal/arm64/Clavier_const_extract_protocols.json -Xcc -I/Users/admin/builder/spi-builder-workspace/.derivedData/Build/Products/Debug-appletvos/include -Xcc -I/Users/admin/builder/spi-builder-workspace/.derivedData/Build/Intermediates.noindex/Clavier.build/Debug-appletvos/Clavier-t.build/DerivedSources-normal/arm64 -Xcc -I/Users/admin/builder/spi-builder-workspace/.derivedData/Build/Intermediates.noindex/Clavier.build/Debug-appletvos/Clavier-t.build/DerivedSources/arm64 -Xcc -I/Users/admin/builder/spi-builder-workspace/.derivedData/Build/Intermediates.noindex/Clavier.build/Debug-appletvos/Clavier-t.build/DerivedSources -Xcc -DSWIFT_PACKAGE -Xcc -DDEBUG\=1 -emit-objc-header -emit-objc-header-path /Users/admin/builder/spi-builder-workspace/.derivedData/Build/Intermediates.noindex/Clavier.build/Debug-appletvos/Clavier-t.build/Objects-normal/arm64/Clavier-Swift.h -working-directory /Users/admin/builder/spi-builder-workspace/.swiftpm/xcode -experimental-emit-module-separately -disable-cmo
SwiftDriver Builder normal arm64 com.apple.xcode.tools.swift.compiler (in target 'Builder' from project 'Builder')
cd /Users/admin/builder/spi-builder-workspace/.swiftpm/xcode
builtin-SwiftDriver -- /Applications/Xcode-27.0.0-Release.Candidate.app/Contents/Developer/Toolchains/XcodeDefault.xctoolchain/usr/bin/swiftc -parse-as-library -module-name Builder -Onone @/Users/admin/builder/spi-builder-workspace/.derivedData/Build/Intermediates.noindex/Builder.build/Debug-appletvos/Builder-t.build/Objects-normal/arm64/Builder.SwiftFileList -DSWIFT_PACKAGE -DDEBUG -DSWIFT_MODULE_RESOURCE_BUNDLE_UNAVAILABLE -DXcode -plugin-path /Applications/Xcode-27.0.0-Release.Candidate.app/Contents/Developer/Toolchains/XcodeDefault.xctoolchain/usr/lib/swift/host/plugins/testing -enable-experimental-feature DebugDescriptionMacro -sdk /Applications/Xcode-27.0.0-Release.Candidate.app/Contents/Developer/Platforms/AppleTVOS.platform/Developer/SDKs/AppleTVOS27.0.sdk -target arm64-apple-tvos15.0 -g -module-cache-path /Users/admin/builder/spi-builder-workspace/.derivedData/ModuleCache.noindex -Xfrontend -serialize-debugging-options -profile-coverage-mapping -profile-generate -enable-testing -suppress-warnings -index-store-path /Users/admin/builder/spi-builder-workspace/.derivedData/Index.noindex/DataStore -Xcc -D_LIBCPP_HARDENING_MODE\=_LIBCPP_HARDENING_MODE_DEBUG -swift-version 5 -I /Users/admin/builder/spi-builder-workspace/.derivedData/Build/Products/Debug-appletvos -Isystem /Applications/Xcode-27.0.0-Release.Candidate.app/Contents/Developer/Platforms/AppleTVOS.platform/Developer/usr/lib -F /Users/admin/builder/spi-builder-workspace/.derivedData/Build/Products/Debug-appletvos -F /Applications/Xcode-27.0.0-Release.Candidate.app/Contents/Developer/Platforms/AppleTVOS.platform/Developer/Library/Frameworks -F /Applications/Xcode-27.0.0-Release.Candidate.app/Contents/Developer/Platforms/AppleTVOS.platform/Developer/SDKs/AppleTVOS27.0.sdk/Developer/Library/Frameworks -c -j10 -enable-batch-mode -incremental -Xcc -ivfsstatcache -Xcc /Users/admin/builder/spi-builder-workspace/.derivedData/SDKStatCaches.noindex/appletvos27.0-24J360-e829b21a6f8c9b70876ba0858053c044b32bfd8d43560033f8d89884cdb90028.sdkstatcache -output-file-map /Users/admin/builder/spi-builder-workspace/.derivedData/Build/Intermediates.noindex/Builder.build/Debug-appletvos/Builder-t.build/Objects-normal/arm64/Builder-OutputFileMap.json -save-temps -no-color-diagnostics -explicit-module-build -module-cache-path /Users/admin/builder/spi-builder-workspace/.derivedData/Build/Intermediates.noindex/SwiftExplicitPrecompiledModules -clang-scanner-module-cache-path /Users/admin/builder/spi-builder-workspace/.derivedData/ModuleCache.noindex -sdk-module-cache-path /Users/admin/builder/spi-builder-workspace/.derivedData/SDKExplicitPrecompiledModules -emit-dependencies -emit-module -emit-module-path /Users/admin/builder/spi-builder-workspace/.derivedData/Build/Intermediates.noindex/Builder.build/Debug-appletvos/Builder-t.build/Objects-normal/arm64/Builder.swiftmodule -serialize-diagnostics -dependency-scan-serialize-diagnostics-path /Users/admin/builder/spi-builder-workspace/.derivedData/Build/Intermediates.noindex/Builder.build/Debug-appletvos/Builder-t.build/Objects-normal/arm64/Builder-dependency-scan.dia -validate-clang-modules-once -clang-build-session-file /Users/admin/builder/spi-builder-workspace/.derivedData/ModuleCache.noindex/Session.modulevalidation -Xcc -fmodules-prune-interval\=86400 -Xcc -fmodules-prune-after\=345600 -emit-const-values -const-gather-protocols-list /Users/admin/builder/spi-builder-workspace/.derivedData/Build/Intermediates.noindex/Builder.build/Debug-appletvos/Builder-t.build/Objects-normal/arm64/Builder_const_extract_protocols.json -Xcc -I/Users/admin/builder/spi-builder-workspace/.derivedData/Build/Products/Debug-appletvos/include -Xcc -I/Users/admin/builder/spi-builder-workspace/.derivedData/Build/Intermediates.noindex/Builder.build/Debug-appletvos/Builder-t.build/DerivedSources-normal/arm64 -Xcc -I/Users/admin/builder/spi-builder-workspace/.derivedData/Build/Intermediates.noindex/Builder.build/Debug-appletvos/Builder-t.build/DerivedSources/arm64 -Xcc -I/Users/admin/builder/spi-builder-workspace/.derivedData/Build/Intermediates.noindex/Builder.build/Debug-appletvos/Builder-t.build/DerivedSources -Xcc -DSWIFT_PACKAGE -Xcc -DDEBUG\=1 -emit-objc-header -emit-objc-header-path /Users/admin/builder/spi-builder-workspace/.derivedData/Build/Intermediates.noindex/Builder.build/Debug-appletvos/Builder-t.build/Objects-normal/arm64/Builder-Swift.h -working-directory /Users/admin/builder/spi-builder-workspace/.swiftpm/xcode -experimental-emit-module-separately -disable-cmo
SwiftDriver Chary normal arm64 com.apple.xcode.tools.swift.compiler (in target 'Chary' from project 'Chary')
cd /Users/admin/builder/spi-builder-workspace/.swiftpm/xcode
builtin-SwiftDriver -- /Applications/Xcode-27.0.0-Release.Candidate.app/Contents/Developer/Toolchains/XcodeDefault.xctoolchain/usr/bin/swiftc -parse-as-library -module-name Chary -Onone @/Users/admin/builder/spi-builder-workspace/.derivedData/Build/Intermediates.noindex/Chary.build/Debug-appletvos/Chary-t.build/Objects-normal/arm64/Chary.SwiftFileList -DSWIFT_PACKAGE -DDEBUG -DSWIFT_MODULE_RESOURCE_BUNDLE_UNAVAILABLE -DXcode -plugin-path /Applications/Xcode-27.0.0-Release.Candidate.app/Contents/Developer/Toolchains/XcodeDefault.xctoolchain/usr/lib/swift/host/plugins/testing -enable-experimental-feature DebugDescriptionMacro -sdk /Applications/Xcode-27.0.0-Release.Candidate.app/Contents/Developer/Platforms/AppleTVOS.platform/Developer/SDKs/AppleTVOS27.0.sdk -target arm64-apple-tvos15.0 -g -module-cache-path /Users/admin/builder/spi-builder-workspace/.derivedData/ModuleCache.noindex -Xfrontend -serialize-debugging-options -profile-coverage-mapping -profile-generate -enable-testing -suppress-warnings -index-store-path /Users/admin/builder/spi-builder-workspace/.derivedData/Index.noindex/DataStore -Xcc -D_LIBCPP_HARDENING_MODE\=_LIBCPP_HARDENING_MODE_DEBUG -swift-version 5 -I /Users/admin/builder/spi-builder-workspace/.derivedData/Build/Products/Debug-appletvos -Isystem /Applications/Xcode-27.0.0-Release.Candidate.app/Contents/Developer/Platforms/AppleTVOS.platform/Developer/usr/lib -F /Users/admin/builder/spi-builder-workspace/.derivedData/Build/Products/Debug-appletvos -F /Applications/Xcode-27.0.0-Release.Candidate.app/Contents/Developer/Platforms/AppleTVOS.platform/Developer/Library/Frameworks -F /Applications/Xcode-27.0.0-Release.Candidate.app/Contents/Developer/Platforms/AppleTVOS.platform/Developer/SDKs/AppleTVOS27.0.sdk/Developer/Library/Frameworks -c -j10 -enable-batch-mode -incremental -Xcc -ivfsstatcache -Xcc /Users/admin/builder/spi-builder-workspace/.derivedData/SDKStatCaches.noindex/appletvos27.0-24J360-e829b21a6f8c9b70876ba0858053c044b32bfd8d43560033f8d89884cdb90028.sdkstatcache -output-file-map /Users/admin/builder/spi-builder-workspace/.derivedData/Build/Intermediates.noindex/Chary.build/Debug-appletvos/Chary-t.build/Objects-normal/arm64/Chary-OutputFileMap.json -save-temps -no-color-diagnostics -explicit-module-build -module-cache-path /Users/admin/builder/spi-builder-workspace/.derivedData/Build/Intermediates.noindex/SwiftExplicitPrecompiledModules -clang-scanner-module-cache-path /Users/admin/builder/spi-builder-workspace/.derivedData/ModuleCache.noindex -sdk-module-cache-path /Users/admin/builder/spi-builder-workspace/.derivedData/SDKExplicitPrecompiledModules -emit-dependencies -emit-module -emit-module-path /Users/admin/builder/spi-builder-workspace/.derivedData/Build/Intermediates.noindex/Chary.build/Debug-appletvos/Chary-t.build/Objects-normal/arm64/Chary.swiftmodule -serialize-diagnostics -dependency-scan-serialize-diagnostics-path /Users/admin/builder/spi-builder-workspace/.derivedData/Build/Intermediates.noindex/Chary.build/Debug-appletvos/Chary-t.build/Objects-normal/arm64/Chary-dependency-scan.dia -validate-clang-modules-once -clang-build-session-file /Users/admin/builder/spi-builder-workspace/.derivedData/ModuleCache.noindex/Session.modulevalidation -Xcc -fmodules-prune-interval\=86400 -Xcc -fmodules-prune-after\=345600 -emit-const-values -const-gather-protocols-list /Users/admin/builder/spi-builder-workspace/.derivedData/Build/Intermediates.noindex/Chary.build/Debug-appletvos/Chary-t.build/Objects-normal/arm64/Chary_const_extract_protocols.json -Xcc -I/Users/admin/builder/spi-builder-workspace/.derivedData/Build/Products/Debug-appletvos/include -Xcc -I/Users/admin/builder/spi-builder-workspace/.derivedData/Build/Intermediates.noindex/Chary.build/Debug-appletvos/Chary-t.build/DerivedSources-normal/arm64 -Xcc -I/Users/admin/builder/spi-builder-workspace/.derivedData/Build/Intermediates.noindex/Chary.build/Debug-appletvos/Chary-t.build/DerivedSources/arm64 -Xcc -I/Users/admin/builder/spi-builder-workspace/.derivedData/Build/Intermediates.noindex/Chary.build/Debug-appletvos/Chary-t.build/DerivedSources -Xcc -DSWIFT_PACKAGE -Xcc -DDEBUG\=1 -emit-objc-header -emit-objc-header-path /Users/admin/builder/spi-builder-workspace/.derivedData/Build/Intermediates.noindex/Chary.build/Debug-appletvos/Chary-t.build/Objects-normal/arm64/Chary-Swift.h -working-directory /Users/admin/builder/spi-builder-workspace/.swiftpm/xcode -experimental-emit-module-separately -disable-cmo
SwiftDriver Draftsman normal arm64 com.apple.xcode.tools.swift.compiler (in target 'Draftsman' from project 'Draftsman')
cd /Users/admin/builder/spi-builder-workspace/.swiftpm/xcode
builtin-SwiftDriver -- /Applications/Xcode-27.0.0-Release.Candidate.app/Contents/Developer/Toolchains/XcodeDefault.xctoolchain/usr/bin/swiftc -parse-as-library -module-name Draftsman -Onone @/Users/admin/builder/spi-builder-workspace/.derivedData/Build/Intermediates.noindex/Draftsman.build/Debug-appletvos/Draftsman-t.build/Objects-normal/arm64/Draftsman.SwiftFileList -DSWIFT_PACKAGE -DDEBUG -DSWIFT_MODULE_RESOURCE_BUNDLE_UNAVAILABLE -DXcode -plugin-path /Applications/Xcode-27.0.0-Release.Candidate.app/Contents/Developer/Toolchains/XcodeDefault.xctoolchain/usr/lib/swift/host/plugins/testing -enable-experimental-feature DebugDescriptionMacro -sdk /Applications/Xcode-27.0.0-Release.Candidate.app/Contents/Developer/Platforms/AppleTVOS.platform/Developer/SDKs/AppleTVOS27.0.sdk -target arm64-apple-tvos15.0 -g -module-cache-path /Users/admin/builder/spi-builder-workspace/.derivedData/ModuleCache.noindex -Xfrontend -serialize-debugging-options -profile-coverage-mapping -profile-generate -enable-testing -suppress-warnings -index-store-path /Users/admin/builder/spi-builder-workspace/.derivedData/Index.noindex/DataStore -Xcc -D_LIBCPP_HARDENING_MODE\=_LIBCPP_HARDENING_MODE_DEBUG -swift-version 5 -I /Users/admin/builder/spi-builder-workspace/.derivedData/Build/Products/Debug-appletvos -Isystem /Applications/Xcode-27.0.0-Release.Candidate.app/Contents/Developer/Platforms/AppleTVOS.platform/Developer/usr/lib -F /Users/admin/builder/spi-builder-workspace/.derivedData/Build/Products/Debug-appletvos/PackageFrameworks -F /Users/admin/builder/spi-builder-workspace/.derivedData/Build/Products/Debug-appletvos -F /Applications/Xcode-27.0.0-Release.Candidate.app/Contents/Developer/Platforms/AppleTVOS.platform/Developer/Library/Frameworks -F /Applications/Xcode-27.0.0-Release.Candidate.app/Contents/Developer/Platforms/AppleTVOS.platform/Developer/SDKs/AppleTVOS27.0.sdk/Developer/Library/Frameworks -c -j10 -enable-batch-mode -incremental -Xcc -ivfsstatcache -Xcc /Users/admin/builder/spi-builder-workspace/.derivedData/SDKStatCaches.noindex/appletvos27.0-24J360-e829b21a6f8c9b70876ba0858053c044b32bfd8d43560033f8d89884cdb90028.sdkstatcache -output-file-map /Users/admin/builder/spi-builder-workspace/.derivedData/Build/Intermediates.noindex/Draftsman.build/Debug-appletvos/Draftsman-t.build/Objects-normal/arm64/Draftsman-OutputFileMap.json -save-temps -no-color-diagnostics -explicit-module-build -module-cache-path /Users/admin/builder/spi-builder-workspace/.derivedData/Build/Intermediates.noindex/SwiftExplicitPrecompiledModules -clang-scanner-module-cache-path /Users/admin/builder/spi-builder-workspace/.derivedData/ModuleCache.noindex -sdk-module-cache-path /Users/admin/builder/spi-builder-workspace/.derivedData/SDKExplicitPrecompiledModules -emit-dependencies -emit-module -emit-module-path /Users/admin/builder/spi-builder-workspace/.derivedData/Build/Intermediates.noindex/Draftsman.build/Debug-appletvos/Draftsman-t.build/Objects-normal/arm64/Draftsman.swiftmodule -serialize-diagnostics -dependency-scan-serialize-diagnostics-path /Users/admin/builder/spi-builder-workspace/.derivedData/Build/Intermediates.noindex/Draftsman.build/Debug-appletvos/Draftsman-t.build/Objects-normal/arm64/Draftsman-dependency-scan.dia -validate-clang-modules-once -clang-build-session-file /Users/admin/builder/spi-builder-workspace/.derivedData/ModuleCache.noindex/Session.modulevalidation -Xcc -fmodules-prune-interval\=86400 -Xcc -fmodules-prune-after\=345600 -emit-const-values -const-gather-protocols-list /Users/admin/builder/spi-builder-workspace/.derivedData/Build/Intermediates.noindex/Draftsman.build/Debug-appletvos/Draftsman-t.build/Objects-normal/arm64/Draftsman_const_extract_protocols.json -Xcc -I/Users/admin/builder/spi-builder-workspace/.derivedData/Build/Products/Debug-appletvos/include -Xcc -I/Users/admin/builder/spi-builder-workspace/.derivedData/Build/Intermediates.noindex/Draftsman.build/Debug-appletvos/Draftsman-t.build/DerivedSources-normal/arm64 -Xcc -I/Users/admin/builder/spi-builder-workspace/.derivedData/Build/Intermediates.noindex/Draftsman.build/Debug-appletvos/Draftsman-t.build/DerivedSources/arm64 -Xcc -I/Users/admin/builder/spi-builder-workspace/.derivedData/Build/Intermediates.noindex/Draftsman.build/Debug-appletvos/Draftsman-t.build/DerivedSources -Xcc -DSWIFT_PACKAGE -Xcc -DDEBUG\=1 -emit-objc-header -emit-objc-header-path /Users/admin/builder/spi-builder-workspace/.derivedData/Build/Intermediates.noindex/Draftsman.build/Debug-appletvos/Draftsman-t.build/Objects-normal/arm64/Draftsman-Swift.h -working-directory /Users/admin/builder/spi-builder-workspace/.swiftpm/xcode -experimental-emit-module-separately -disable-cmo
SwiftDriver DiffableDataSources normal arm64 com.apple.xcode.tools.swift.compiler (in target 'DiffableDataSources' from project 'DiffableDataSources')
cd /Users/admin/builder/spi-builder-workspace/.swiftpm/xcode
builtin-SwiftDriver -- /Applications/Xcode-27.0.0-Release.Candidate.app/Contents/Developer/Toolchains/XcodeDefault.xctoolchain/usr/bin/swiftc -parse-as-library -module-name DiffableDataSources -Onone @/Users/admin/builder/spi-builder-workspace/.derivedData/Build/Intermediates.noindex/DiffableDataSources.build/Debug-appletvos/DiffableDataSources-t.build/Objects-normal/arm64/DiffableDataSources.SwiftFileList -DSWIFT_PACKAGE -DDEBUG -DSWIFT_MODULE_RESOURCE_BUNDLE_UNAVAILABLE -DXcode -plugin-path /Applications/Xcode-27.0.0-Release.Candidate.app/Contents/Developer/Toolchains/XcodeDefault.xctoolchain/usr/lib/swift/host/plugins/testing -enable-experimental-feature DebugDescriptionMacro -sdk /Applications/Xcode-27.0.0-Release.Candidate.app/Contents/Developer/Platforms/AppleTVOS.platform/Developer/SDKs/AppleTVOS27.0.sdk -target arm64-apple-tvos15.0 -g -module-cache-path /Users/admin/builder/spi-builder-workspace/.derivedData/ModuleCache.noindex -Xfrontend -serialize-debugging-options -profile-coverage-mapping -profile-generate -enable-testing -suppress-warnings -index-store-path /Users/admin/builder/spi-builder-workspace/.derivedData/Index.noindex/DataStore -Xcc -D_LIBCPP_HARDENING_MODE\=_LIBCPP_HARDENING_MODE_DEBUG -swift-version 5 -I /Users/admin/builder/spi-builder-workspace/.derivedData/Build/Products/Debug-appletvos -Isystem /Applications/Xcode-27.0.0-Release.Candidate.app/Contents/Developer/Platforms/AppleTVOS.platform/Developer/usr/lib -F /Users/admin/builder/spi-builder-workspace/.derivedData/Build/Products/Debug-appletvos/PackageFrameworks -F /Users/admin/builder/spi-builder-workspace/.derivedData/Build/Products/Debug-appletvos -F /Applications/Xcode-27.0.0-Release.Candidate.app/Contents/Developer/Platforms/AppleTVOS.platform/Developer/Library/Frameworks -F /Applications/Xcode-27.0.0-Release.Candidate.app/Contents/Developer/Platforms/AppleTVOS.platform/Developer/SDKs/AppleTVOS27.0.sdk/Developer/Library/Frameworks -c -j10 -enable-batch-mode -incremental -Xcc -ivfsstatcache -Xcc /Users/admin/builder/spi-builder-workspace/.derivedData/SDKStatCaches.noindex/appletvos27.0-24J360-e829b21a6f8c9b70876ba0858053c044b32bfd8d43560033f8d89884cdb90028.sdkstatcache -output-file-map /Users/admin/builder/spi-builder-workspace/.derivedData/Build/Intermediates.noindex/DiffableDataSources.build/Debug-appletvos/DiffableDataSources-t.build/Objects-normal/arm64/DiffableDataSources-OutputFileMap.json -save-temps -no-color-diagnostics -explicit-module-build -module-cache-path /Users/admin/builder/spi-builder-workspace/.derivedData/Build/Intermediates.noindex/SwiftExplicitPrecompiledModules -clang-scanner-module-cache-path /Users/admin/builder/spi-builder-workspace/.derivedData/ModuleCache.noindex -sdk-module-cache-path /Users/admin/builder/spi-builder-workspace/.derivedData/SDKExplicitPrecompiledModules -emit-dependencies -emit-module -emit-module-path /Users/admin/builder/spi-builder-workspace/.derivedData/Build/Intermediates.noindex/DiffableDataSources.build/Debug-appletvos/DiffableDataSources-t.build/Objects-normal/arm64/DiffableDataSources.swiftmodule -serialize-diagnostics -dependency-scan-serialize-diagnostics-path /Users/admin/builder/spi-builder-workspace/.derivedData/Build/Intermediates.noindex/DiffableDataSources.build/Debug-appletvos/DiffableDataSources-t.build/Objects-normal/arm64/DiffableDataSources-dependency-scan.dia -validate-clang-modules-once -clang-build-session-file /Users/admin/builder/spi-builder-workspace/.derivedData/ModuleCache.noindex/Session.modulevalidation -Xcc -fmodules-prune-interval\=86400 -Xcc -fmodules-prune-after\=345600 -emit-const-values -const-gather-protocols-list /Users/admin/builder/spi-builder-workspace/.derivedData/Build/Intermediates.noindex/DiffableDataSources.build/Debug-appletvos/DiffableDataSources-t.build/Objects-normal/arm64/DiffableDataSources_const_extract_protocols.json -Xcc -I/Users/admin/builder/spi-builder-workspace/.derivedData/Build/Products/Debug-appletvos/include -Xcc -I/Users/admin/builder/spi-builder-workspace/.derivedData/Build/Intermediates.noindex/DiffableDataSources.build/Debug-appletvos/DiffableDataSources-t.build/DerivedSources-normal/arm64 -Xcc -I/Users/admin/builder/spi-builder-workspace/.derivedData/Build/Intermediates.noindex/DiffableDataSources.build/Debug-appletvos/DiffableDataSources-t.build/DerivedSources/arm64 -Xcc -I/Users/admin/builder/spi-builder-workspace/.derivedData/Build/Intermediates.noindex/DiffableDataSources.build/Debug-appletvos/DiffableDataSources-t.build/DerivedSources -Xcc -DSWIFT_PACKAGE -Xcc -DDEBUG\=1 -emit-objc-header -emit-objc-header-path /Users/admin/builder/spi-builder-workspace/.derivedData/Build/Intermediates.noindex/DiffableDataSources.build/Debug-appletvos/DiffableDataSources-t.build/Objects-normal/arm64/DiffableDataSources-Swift.h -working-directory /Users/admin/builder/spi-builder-workspace/.swiftpm/xcode -experimental-emit-module-separately -disable-cmo
SwiftDriver\ Compilation Builder normal arm64 com.apple.xcode.tools.swift.compiler (in target 'Builder' from project 'Builder')
cd /Users/admin/builder/spi-builder-workspace/.swiftpm/xcode
builtin-Swift-Compilation -- /Applications/Xcode-27.0.0-Release.Candidate.app/Contents/Developer/Toolchains/XcodeDefault.xctoolchain/usr/bin/swiftc -parse-as-library -module-name Builder -Onone @/Users/admin/builder/spi-builder-workspace/.derivedData/Build/Intermediates.noindex/Builder.build/Debug-appletvos/Builder-t.build/Objects-normal/arm64/Builder.SwiftFileList -DSWIFT_PACKAGE -DDEBUG -DSWIFT_MODULE_RESOURCE_BUNDLE_UNAVAILABLE -DXcode -plugin-path /Applications/Xcode-27.0.0-Release.Candidate.app/Contents/Developer/Toolchains/XcodeDefault.xctoolchain/usr/lib/swift/host/plugins/testing -enable-experimental-feature DebugDescriptionMacro -sdk /Applications/Xcode-27.0.0-Release.Candidate.app/Contents/Developer/Platforms/AppleTVOS.platform/Developer/SDKs/AppleTVOS27.0.sdk -target arm64-apple-tvos15.0 -g -module-cache-path /Users/admin/builder/spi-builder-workspace/.derivedData/ModuleCache.noindex -Xfrontend -serialize-debugging-options -profile-coverage-mapping -profile-generate -enable-testing -suppress-warnings -index-store-path /Users/admin/builder/spi-builder-workspace/.derivedData/Index.noindex/DataStore -Xcc -D_LIBCPP_HARDENING_MODE\=_LIBCPP_HARDENING_MODE_DEBUG -swift-version 5 -I /Users/admin/builder/spi-builder-workspace/.derivedData/Build/Products/Debug-appletvos -Isystem /Applications/Xcode-27.0.0-Release.Candidate.app/Contents/Developer/Platforms/AppleTVOS.platform/Developer/usr/lib -F /Users/admin/builder/spi-builder-workspace/.derivedData/Build/Products/Debug-appletvos -F /Applications/Xcode-27.0.0-Release.Candidate.app/Contents/Developer/Platforms/AppleTVOS.platform/Developer/Library/Frameworks -F /Applications/Xcode-27.0.0-Release.Candidate.app/Contents/Developer/Platforms/AppleTVOS.platform/Developer/SDKs/AppleTVOS27.0.sdk/Developer/Library/Frameworks -c -j10 -enable-batch-mode -incremental -Xcc -ivfsstatcache -Xcc /Users/admin/builder/spi-builder-workspace/.derivedData/SDKStatCaches.noindex/appletvos27.0-24J360-e829b21a6f8c9b70876ba0858053c044b32bfd8d43560033f8d89884cdb90028.sdkstatcache -output-file-map /Users/admin/builder/spi-builder-workspace/.derivedData/Build/Intermediates.noindex/Builder.build/Debug-appletvos/Builder-t.build/Objects-normal/arm64/Builder-OutputFileMap.json -save-temps -no-color-diagnostics -explicit-module-build -module-cache-path /Users/admin/builder/spi-builder-workspace/.derivedData/Build/Intermediates.noindex/SwiftExplicitPrecompiledModules -clang-scanner-module-cache-path /Users/admin/builder/spi-builder-workspace/.derivedData/ModuleCache.noindex -sdk-module-cache-path /Users/admin/builder/spi-builder-workspace/.derivedData/SDKExplicitPrecompiledModules -emit-dependencies -emit-module -emit-module-path /Users/admin/builder/spi-builder-workspace/.derivedData/Build/Intermediates.noindex/Builder.build/Debug-appletvos/Builder-t.build/Objects-normal/arm64/Builder.swiftmodule -serialize-diagnostics -dependency-scan-serialize-diagnostics-path /Users/admin/builder/spi-builder-workspace/.derivedData/Build/Intermediates.noindex/Builder.build/Debug-appletvos/Builder-t.build/Objects-normal/arm64/Builder-dependency-scan.dia -validate-clang-modules-once -clang-build-session-file /Users/admin/builder/spi-builder-workspace/.derivedData/ModuleCache.noindex/Session.modulevalidation -Xcc -fmodules-prune-interval\=86400 -Xcc -fmodules-prune-after\=345600 -emit-const-values -const-gather-protocols-list /Users/admin/builder/spi-builder-workspace/.derivedData/Build/Intermediates.noindex/Builder.build/Debug-appletvos/Builder-t.build/Objects-normal/arm64/Builder_const_extract_protocols.json -Xcc -I/Users/admin/builder/spi-builder-workspace/.derivedData/Build/Products/Debug-appletvos/include -Xcc -I/Users/admin/builder/spi-builder-workspace/.derivedData/Build/Intermediates.noindex/Builder.build/Debug-appletvos/Builder-t.build/DerivedSources-normal/arm64 -Xcc -I/Users/admin/builder/spi-builder-workspace/.derivedData/Build/Intermediates.noindex/Builder.build/Debug-appletvos/Builder-t.build/DerivedSources/arm64 -Xcc -I/Users/admin/builder/spi-builder-workspace/.derivedData/Build/Intermediates.noindex/Builder.build/Debug-appletvos/Builder-t.build/DerivedSources -Xcc -DSWIFT_PACKAGE -Xcc -DDEBUG\=1 -emit-objc-header -emit-objc-header-path /Users/admin/builder/spi-builder-workspace/.derivedData/Build/Intermediates.noindex/Builder.build/Debug-appletvos/Builder-t.build/Objects-normal/arm64/Builder-Swift.h -working-directory /Users/admin/builder/spi-builder-workspace/.swiftpm/xcode -experimental-emit-module-separately -disable-cmo
SwiftDriver\ Compilation Chary normal arm64 com.apple.xcode.tools.swift.compiler (in target 'Chary' from project 'Chary')
cd /Users/admin/builder/spi-builder-workspace/.swiftpm/xcode
builtin-Swift-Compilation -- /Applications/Xcode-27.0.0-Release.Candidate.app/Contents/Developer/Toolchains/XcodeDefault.xctoolchain/usr/bin/swiftc -parse-as-library -module-name Chary -Onone @/Users/admin/builder/spi-builder-workspace/.derivedData/Build/Intermediates.noindex/Chary.build/Debug-appletvos/Chary-t.build/Objects-normal/arm64/Chary.SwiftFileList -DSWIFT_PACKAGE -DDEBUG -DSWIFT_MODULE_RESOURCE_BUNDLE_UNAVAILABLE -DXcode -plugin-path /Applications/Xcode-27.0.0-Release.Candidate.app/Contents/Developer/Toolchains/XcodeDefault.xctoolchain/usr/lib/swift/host/plugins/testing -enable-experimental-feature DebugDescriptionMacro -sdk /Applications/Xcode-27.0.0-Release.Candidate.app/Contents/Developer/Platforms/AppleTVOS.platform/Developer/SDKs/AppleTVOS27.0.sdk -target arm64-apple-tvos15.0 -g -module-cache-path /Users/admin/builder/spi-builder-workspace/.derivedData/ModuleCache.noindex -Xfrontend -serialize-debugging-options -profile-coverage-mapping -profile-generate -enable-testing -suppress-warnings -index-store-path /Users/admin/builder/spi-builder-workspace/.derivedData/Index.noindex/DataStore -Xcc -D_LIBCPP_HARDENING_MODE\=_LIBCPP_HARDENING_MODE_DEBUG -swift-version 5 -I /Users/admin/builder/spi-builder-workspace/.derivedData/Build/Products/Debug-appletvos -Isystem /Applications/Xcode-27.0.0-Release.Candidate.app/Contents/Developer/Platforms/AppleTVOS.platform/Developer/usr/lib -F /Users/admin/builder/spi-builder-workspace/.derivedData/Build/Products/Debug-appletvos -F /Applications/Xcode-27.0.0-Release.Candidate.app/Contents/Developer/Platforms/AppleTVOS.platform/Developer/Library/Frameworks -F /Applications/Xcode-27.0.0-Release.Candidate.app/Contents/Developer/Platforms/AppleTVOS.platform/Developer/SDKs/AppleTVOS27.0.sdk/Developer/Library/Frameworks -c -j10 -enable-batch-mode -incremental -Xcc -ivfsstatcache -Xcc /Users/admin/builder/spi-builder-workspace/.derivedData/SDKStatCaches.noindex/appletvos27.0-24J360-e829b21a6f8c9b70876ba0858053c044b32bfd8d43560033f8d89884cdb90028.sdkstatcache -output-file-map /Users/admin/builder/spi-builder-workspace/.derivedData/Build/Intermediates.noindex/Chary.build/Debug-appletvos/Chary-t.build/Objects-normal/arm64/Chary-OutputFileMap.json -save-temps -no-color-diagnostics -explicit-module-build -module-cache-path /Users/admin/builder/spi-builder-workspace/.derivedData/Build/Intermediates.noindex/SwiftExplicitPrecompiledModules -clang-scanner-module-cache-path /Users/admin/builder/spi-builder-workspace/.derivedData/ModuleCache.noindex -sdk-module-cache-path /Users/admin/builder/spi-builder-workspace/.derivedData/SDKExplicitPrecompiledModules -emit-dependencies -emit-module -emit-module-path /Users/admin/builder/spi-builder-workspace/.derivedData/Build/Intermediates.noindex/Chary.build/Debug-appletvos/Chary-t.build/Objects-normal/arm64/Chary.swiftmodule -serialize-diagnostics -dependency-scan-serialize-diagnostics-path /Users/admin/builder/spi-builder-workspace/.derivedData/Build/Intermediates.noindex/Chary.build/Debug-appletvos/Chary-t.build/Objects-normal/arm64/Chary-dependency-scan.dia -validate-clang-modules-once -clang-build-session-file /Users/admin/builder/spi-builder-workspace/.derivedData/ModuleCache.noindex/Session.modulevalidation -Xcc -fmodules-prune-interval\=86400 -Xcc -fmodules-prune-after\=345600 -emit-const-values -const-gather-protocols-list /Users/admin/builder/spi-builder-workspace/.derivedData/Build/Intermediates.noindex/Chary.build/Debug-appletvos/Chary-t.build/Objects-normal/arm64/Chary_const_extract_protocols.json -Xcc -I/Users/admin/builder/spi-builder-workspace/.derivedData/Build/Products/Debug-appletvos/include -Xcc -I/Users/admin/builder/spi-builder-workspace/.derivedData/Build/Intermediates.noindex/Chary.build/Debug-appletvos/Chary-t.build/DerivedSources-normal/arm64 -Xcc -I/Users/admin/builder/spi-builder-workspace/.derivedData/Build/Intermediates.noindex/Chary.build/Debug-appletvos/Chary-t.build/DerivedSources/arm64 -Xcc -I/Users/admin/builder/spi-builder-workspace/.derivedData/Build/Intermediates.noindex/Chary.build/Debug-appletvos/Chary-t.build/DerivedSources -Xcc -DSWIFT_PACKAGE -Xcc -DDEBUG\=1 -emit-objc-header -emit-objc-header-path /Users/admin/builder/spi-builder-workspace/.derivedData/Build/Intermediates.noindex/Chary.build/Debug-appletvos/Chary-t.build/Objects-normal/arm64/Chary-Swift.h -working-directory /Users/admin/builder/spi-builder-workspace/.swiftpm/xcode -experimental-emit-module-separately -disable-cmo
Ld /Users/admin/builder/spi-builder-workspace/.derivedData/Build/Products/Debug-appletvos/Chary.o normal (in target 'Chary' from project 'Chary')
cd /Users/admin/builder/spi-builder-workspace/.dependencies/checkouts/Chary
/Applications/Xcode-27.0.0-Release.Candidate.app/Contents/Developer/Toolchains/XcodeDefault.xctoolchain/usr/bin/clang -Xlinker -reproducible -target arm64-apple-tvos15.0 -r -isysroot /Applications/Xcode-27.0.0-Release.Candidate.app/Contents/Developer/Platforms/AppleTVOS.platform/Developer/SDKs/AppleTVOS27.0.sdk -O0 -w -Xlinker -no_warn_duplicate_libraries -F/Users/admin/builder/spi-builder-workspace/.derivedData/Build/Intermediates.noindex/EagerLinkingTBDs/Debug-appletvos -F/Users/admin/builder/spi-builder-workspace/.derivedData/Build/Products/Debug-appletvos -iframework /Applications/Xcode-27.0.0-Release.Candidate.app/Contents/Developer/Platforms/AppleTVOS.platform/Developer/Library/Frameworks -iframework /Applications/Xcode-27.0.0-Release.Candidate.app/Contents/Developer/Platforms/AppleTVOS.platform/Developer/SDKs/AppleTVOS27.0.sdk/Developer/Library/Frameworks -filelist /Users/admin/builder/spi-builder-workspace/.derivedData/Build/Intermediates.noindex/Chary.build/Debug-appletvos/Chary-t.build/Objects-normal/arm64/Chary.LinkFileList -nostdlib -Xlinker -object_path_lto -Xlinker /Users/admin/builder/spi-builder-workspace/.derivedData/Build/Intermediates.noindex/Chary.build/Debug-appletvos/Chary-t.build/Objects-normal/arm64/Chary_lto.o -Xlinker -no_deduplicate -Xlinker -debug_variant -Xlinker -dependency_info -Xlinker /Users/admin/builder/spi-builder-workspace/.derivedData/Build/Intermediates.noindex/Chary.build/Debug-appletvos/Chary-t.build/Objects-normal/arm64/Chary_dependency_info.dat -fobjc-link-runtime -L/Applications/Xcode-27.0.0-Release.Candidate.app/Contents/Developer/Toolchains/XcodeDefault.xctoolchain/usr/lib/swift/appletvos -L/usr/lib/swift -Xlinker -add_ast_path -Xlinker /Users/admin/builder/spi-builder-workspace/.derivedData/Build/Intermediates.noindex/Chary.build/Debug-appletvos/Chary-t.build/Objects-normal/arm64/Chary.swiftmodule -o /Users/admin/builder/spi-builder-workspace/.derivedData/Build/Products/Debug-appletvos/Chary.o
ExtractAppIntentsMetadata (in target 'Chary' from project 'Chary')
cd /Users/admin/builder/spi-builder-workspace/.dependencies/checkouts/Chary
/Applications/Xcode-27.0.0-Release.Candidate.app/Contents/Developer/Toolchains/XcodeDefault.xctoolchain/usr/bin/appintentsmetadataprocessor --toolchain-dir /var/run/com.apple.security.cryptexd/mnt/com.apple.MobileAsset.MetalToolchain-v27.1.266.1.ZMUIwj/Metal.xctoolchain --module-name Chary --sdk-root /Applications/Xcode-27.0.0-Release.Candidate.app/Contents/Developer/Platforms/AppleTVOS.platform/Developer/SDKs/AppleTVOS27.0.sdk --xcode-version 27A266a --platform-family tvOS --deployment-target 15.0 --bundle-identifier chary.Chary --output /Users/admin/builder/spi-builder-workspace/.derivedData/Build/Products/Debug-appletvos/Chary.appintents --target-triple arm64-apple-tvos15.0 --binary-file /Users/admin/builder/spi-builder-workspace/.derivedData/Build/Products/Debug-appletvos/Chary.o --dependency-file /Users/admin/builder/spi-builder-workspace/.derivedData/Build/Intermediates.noindex/Chary.build/Debug-appletvos/Chary-t.build/Objects-normal/arm64/Chary_dependency_info.dat --stringsdata-file /Users/admin/builder/spi-builder-workspace/.derivedData/Build/Intermediates.noindex/Chary.build/Debug-appletvos/Chary-t.build/Objects-normal/arm64/ExtractedAppShortcutsMetadata.stringsdata --source-file-list /Users/admin/builder/spi-builder-workspace/.derivedData/Build/Intermediates.noindex/Chary.build/Debug-appletvos/Chary-t.build/Objects-normal/arm64/Chary.SwiftFileList --metadata-file-list /Users/admin/builder/spi-builder-workspace/.derivedData/Build/Intermediates.noindex/Chary.build/Debug-appletvos/Chary-t.build/Chary.DependencyMetadataFileList --static-metadata-file-list /Users/admin/builder/spi-builder-workspace/.derivedData/Build/Intermediates.noindex/Chary.build/Debug-appletvos/Chary-t.build/Chary.DependencyStaticMetadataFileList --swift-const-vals-list /Users/admin/builder/spi-builder-workspace/.derivedData/Build/Intermediates.noindex/Chary.build/Debug-appletvos/Chary-t.build/Objects-normal/arm64/Chary.SwiftConstValuesFileList --force --compile-time-extraction --deployment-aware-processing --no-app-shortcuts-localization
2026-09-18 07:37:26.086 appintentsmetadataprocessor[1140:6662] Starting appintentsmetadataprocessor export
2026-09-18 07:37:26.198 appintentsmetadataprocessor[1140:6662] Extracted no relevant App Intents symbols, skipping writing output
Ld /Users/admin/builder/spi-builder-workspace/.derivedData/Build/Products/Debug-appletvos/Builder.o normal (in target 'Builder' from project 'Builder')
cd /Users/admin/builder/spi-builder-workspace/.dependencies/checkouts/Builder
/Applications/Xcode-27.0.0-Release.Candidate.app/Contents/Developer/Toolchains/XcodeDefault.xctoolchain/usr/bin/clang -Xlinker -reproducible -target arm64-apple-tvos15.0 -r -isysroot /Applications/Xcode-27.0.0-Release.Candidate.app/Contents/Developer/Platforms/AppleTVOS.platform/Developer/SDKs/AppleTVOS27.0.sdk -O0 -w -Xlinker -no_warn_duplicate_libraries -F/Users/admin/builder/spi-builder-workspace/.derivedData/Build/Intermediates.noindex/EagerLinkingTBDs/Debug-appletvos -F/Users/admin/builder/spi-builder-workspace/.derivedData/Build/Products/Debug-appletvos -iframework /Applications/Xcode-27.0.0-Release.Candidate.app/Contents/Developer/Platforms/AppleTVOS.platform/Developer/Library/Frameworks -iframework /Applications/Xcode-27.0.0-Release.Candidate.app/Contents/Developer/Platforms/AppleTVOS.platform/Developer/SDKs/AppleTVOS27.0.sdk/Developer/Library/Frameworks -filelist /Users/admin/builder/spi-builder-workspace/.derivedData/Build/Intermediates.noindex/Builder.build/Debug-appletvos/Builder-t.build/Objects-normal/arm64/Builder.LinkFileList -nostdlib -Xlinker -object_path_lto -Xlinker /Users/admin/builder/spi-builder-workspace/.derivedData/Build/Intermediates.noindex/Builder.build/Debug-appletvos/Builder-t.build/Objects-normal/arm64/Builder_lto.o -Xlinker -no_deduplicate -Xlinker -debug_variant -Xlinker -dependency_info -Xlinker /Users/admin/builder/spi-builder-workspace/.derivedData/Build/Intermediates.noindex/Builder.build/Debug-appletvos/Builder-t.build/Objects-normal/arm64/Builder_dependency_info.dat -fobjc-link-runtime -L/Applications/Xcode-27.0.0-Release.Candidate.app/Contents/Developer/Toolchains/XcodeDefault.xctoolchain/usr/lib/swift/appletvos -L/usr/lib/swift -Xlinker -add_ast_path -Xlinker /Users/admin/builder/spi-builder-workspace/.derivedData/Build/Intermediates.noindex/Builder.build/Debug-appletvos/Builder-t.build/Objects-normal/arm64/Builder.swiftmodule -o /Users/admin/builder/spi-builder-workspace/.derivedData/Build/Products/Debug-appletvos/Builder.o
ExtractAppIntentsMetadata (in target 'Builder' from project 'Builder')
cd /Users/admin/builder/spi-builder-workspace/.dependencies/checkouts/Builder
/Applications/Xcode-27.0.0-Release.Candidate.app/Contents/Developer/Toolchains/XcodeDefault.xctoolchain/usr/bin/appintentsmetadataprocessor --toolchain-dir /var/run/com.apple.security.cryptexd/mnt/com.apple.MobileAsset.MetalToolchain-v27.1.266.1.ZMUIwj/Metal.xctoolchain --module-name Builder --sdk-root /Applications/Xcode-27.0.0-Release.Candidate.app/Contents/Developer/Platforms/AppleTVOS.platform/Developer/SDKs/AppleTVOS27.0.sdk --xcode-version 27A266a --platform-family tvOS --deployment-target 15.0 --bundle-identifier builder.Builder --output /Users/admin/builder/spi-builder-workspace/.derivedData/Build/Products/Debug-appletvos/Builder.appintents --target-triple arm64-apple-tvos15.0 --binary-file /Users/admin/builder/spi-builder-workspace/.derivedData/Build/Products/Debug-appletvos/Builder.o --dependency-file /Users/admin/builder/spi-builder-workspace/.derivedData/Build/Intermediates.noindex/Builder.build/Debug-appletvos/Builder-t.build/Objects-normal/arm64/Builder_dependency_info.dat --stringsdata-file /Users/admin/builder/spi-builder-workspace/.derivedData/Build/Intermediates.noindex/Builder.build/Debug-appletvos/Builder-t.build/Objects-normal/arm64/ExtractedAppShortcutsMetadata.stringsdata --source-file-list /Users/admin/builder/spi-builder-workspace/.derivedData/Build/Intermediates.noindex/Builder.build/Debug-appletvos/Builder-t.build/Objects-normal/arm64/Builder.SwiftFileList --metadata-file-list /Users/admin/builder/spi-builder-workspace/.derivedData/Build/Intermediates.noindex/Builder.build/Debug-appletvos/Builder-t.build/Builder.DependencyMetadataFileList --static-metadata-file-list /Users/admin/builder/spi-builder-workspace/.derivedData/Build/Intermediates.noindex/Builder.build/Debug-appletvos/Builder-t.build/Builder.DependencyStaticMetadataFileList --swift-const-vals-list /Users/admin/builder/spi-builder-workspace/.derivedData/Build/Intermediates.noindex/Builder.build/Debug-appletvos/Builder-t.build/Objects-normal/arm64/Builder.SwiftConstValuesFileList --force --compile-time-extraction --deployment-aware-processing --no-app-shortcuts-localization
2026-09-18 07:37:26.086 appintentsmetadataprocessor[1143:6677] Starting appintentsmetadataprocessor export
2026-09-18 07:37:26.198 appintentsmetadataprocessor[1143:6677] Extracted no relevant App Intents symbols, skipping writing output
SwiftEmitModule normal arm64 Emitting\ module\ for\ Clavier (in target 'Clavier' from project 'Clavier')
SwiftCompile normal arm64 (in target 'Clavier' from project 'Clavier')
cd /Users/admin/builder/spi-builder-workspace/.swiftpm/xcode
SwiftCompile normal arm64 Compiling\ ClavierLayoutGuide.swift /Users/admin/builder/spi-builder-workspace/.dependencies/checkouts/Clavier/Clavier/Classes/ClavierLayoutGuide.swift (in target 'Clavier' from project 'Clavier')
/Users/admin/builder/spi-builder-workspace/.dependencies/checkouts/Clavier/Clavier/Classes/ClavierLayoutGuide.swift:194:26: error: 'keyboardWillChangeFrameNotification' is unavailable in tvOS
192 | self,
193 | selector: #selector(keyboardFrameChanged(notification:)),
194 | name: UIView.keyboardWillChangeFrameNotification,
| `- error: 'keyboardWillChangeFrameNotification' is unavailable in tvOS
195 | object: nil
196 | )
/Applications/Xcode-27.0.0-Release.Candidate.app/Contents/Developer/Platforms/AppleTVOS.platform/Developer/SDKs/AppleTVOS27.0.sdk/System/Library/Frameworks/UIKit.framework/Headers/UIWindow.h:145:39: note: 'keyboardWillChangeFrameNotification' has been explicitly marked unavailable here
143 | // Like the standard keyboard notifications above, these additional notifications include
144 | // a nil object and begin/end frames of the keyboard in screen coordinates in the userInfo dictionary.
145 | UIKIT_EXTERN NSNotificationName const UIKeyboardWillChangeFrameNotification API_AVAILABLE(ios(5.0)) API_UNAVAILABLE(tvos, watchos) NS_SWIFT_NONISOLATED;
| `- note: 'keyboardWillChangeFrameNotification' has been explicitly marked unavailable here
146 | UIKIT_EXTERN NSNotificationName const UIKeyboardDidChangeFrameNotification API_AVAILABLE(ios(5.0)) API_UNAVAILABLE(tvos, watchos) NS_SWIFT_NONISOLATED;
147 |
/Users/admin/builder/spi-builder-workspace/.dependencies/checkouts/Clavier/Clavier/Classes/ClavierLayoutGuide.swift:200:33: error: 'didChangeStatusBarOrientationNotification' is unavailable in tvOS
198 | self,
199 | selector: #selector(keyboardFrameChanged(notification:)),
200 | name: UIApplication.didChangeStatusBarOrientationNotification,
| `- error: 'didChangeStatusBarOrientationNotification' is unavailable in tvOS
201 | object: nil
202 | )
/Applications/Xcode-27.0.0-Release.Candidate.app/Contents/Developer/Platforms/AppleTVOS.platform/Developer/SDKs/AppleTVOS27.0.sdk/System/Library/Frameworks/UIKit.framework/Headers/UIApplication.h:579:39: note: 'didChangeStatusBarOrientationNotification' has been explicitly marked unavailable here
577 | UIKIT_EXTERN NSNotificationName const UIApplicationSignificantTimeChangeNotification API_UNAVAILABLE(watchos) NS_SWIFT_NONISOLATED;
578 | UIKIT_EXTERN NSNotificationName const UIApplicationWillChangeStatusBarOrientationNotification API_DEPRECATED("Use viewWillTransitionToSize:withTransitionCoordinator: instead.", ios(2.0, 13.0)) API_UNAVAILABLE(tvos) API_UNAVAILABLE(visionos, watchos) NS_SWIFT_NONISOLATED; // userInfo contains NSNumber with new orientation
579 | UIKIT_EXTERN NSNotificationName const UIApplicationDidChangeStatusBarOrientationNotification API_DEPRECATED("Use viewWillTransitionToSize:withTransitionCoordinator: instead.", ios(2.0, 13.0)) API_UNAVAILABLE(tvos) API_UNAVAILABLE(visionos, watchos) NS_SWIFT_NONISOLATED; // userInfo contains NSNumber with old orientation
| `- note: 'didChangeStatusBarOrientationNotification' has been explicitly marked unavailable here
580 | UIKIT_EXTERN NSString *const UIApplicationStatusBarOrientationUserInfoKey API_DEPRECATED("Use viewWillTransitionToSize:withTransitionCoordinator: instead.", ios(2.0, 13.0)) API_UNAVAILABLE(tvos) API_UNAVAILABLE(visionos, watchos) NS_SWIFT_NONISOLATED; // userInfo dictionary key for status bar orientation
581 | UIKIT_EXTERN NSNotificationName const UIApplicationWillChangeStatusBarFrameNotification API_DEPRECATED("Use viewWillTransitionToSize:withTransitionCoordinator: instead.", ios(2.0, 13.0)) API_UNAVAILABLE(tvos) API_UNAVAILABLE(visionos, watchos) NS_SWIFT_NONISOLATED; // userInfo contains NSValue with new frame
/Users/admin/builder/spi-builder-workspace/.dependencies/checkouts/Clavier/Clavier/Classes/ClavierLayoutGuide.swift:206:28: error: 'orientationDidChangeNotification' is unavailable in tvOS
204 | self,
205 | selector: #selector(keyboardFrameChanged(notification:)),
206 | name: UIDevice.orientationDidChangeNotification,
| `- error: 'orientationDidChangeNotification' is unavailable in tvOS
207 | object: nil
208 | )
/Applications/Xcode-27.0.0-Release.Candidate.app/Contents/Developer/Platforms/AppleTVOS.platform/Developer/SDKs/AppleTVOS27.0.sdk/System/Library/Frameworks/UIKit.framework/Headers/UIDevice.h:83:39: note: 'orientationDidChangeNotification' has been explicitly marked unavailable here
81 | }
82 |
83 | UIKIT_EXTERN NSNotificationName const UIDeviceOrientationDidChangeNotification API_UNAVAILABLE(tvos, visionos, watchos) NS_SWIFT_NONISOLATED;
| `- note: 'orientationDidChangeNotification' has been explicitly marked unavailable here
84 | UIKIT_EXTERN NSNotificationName const UIDeviceBatteryStateDidChangeNotification API_AVAILABLE(ios(3.0)) API_UNAVAILABLE(tvos, watchos) NS_SWIFT_NONISOLATED;
85 | UIKIT_EXTERN NSNotificationName const UIDeviceBatteryLevelDidChangeNotification API_AVAILABLE(ios(3.0)) API_UNAVAILABLE(tvos, watchos) NS_SWIFT_NONISOLATED;
/Users/admin/builder/spi-builder-workspace/.dependencies/checkouts/Clavier/Clavier/Classes/ClavierLayoutGuide.swift:212:26: error: 'keyboardWillShowNotification' is unavailable in tvOS
210 | self,
211 | selector: #selector(keyboardWillGoingUp),
212 | name: UIView.keyboardWillShowNotification,
| `- error: 'keyboardWillShowNotification' is unavailable in tvOS
213 | object: nil
214 | )
/Applications/Xcode-27.0.0-Release.Candidate.app/Contents/Developer/Platforms/AppleTVOS.platform/Developer/SDKs/AppleTVOS27.0.sdk/System/Library/Frameworks/UIKit.framework/Headers/UIWindow.h:132:39: note: 'keyboardWillShowNotification' has been explicitly marked unavailable here
130 | // Use the various UICoordinateSpace convertRect facilities to get the frame in the desired coordinate system.
131 | // Animation key/value pairs are only available for the "will" family of notification.
132 | UIKIT_EXTERN NSNotificationName const UIKeyboardWillShowNotification API_UNAVAILABLE(tvos, watchos) NS_SWIFT_NONISOLATED;
| `- note: 'keyboardWillShowNotification' has been explicitly marked unavailable here
133 | UIKIT_EXTERN NSNotificationName const UIKeyboardDidShowNotification API_UNAVAILABLE(tvos, watchos) NS_SWIFT_NONISOLATED;
134 | UIKIT_EXTERN NSNotificationName const UIKeyboardWillHideNotification API_UNAVAILABLE(tvos, watchos) NS_SWIFT_NONISOLATED;
/Users/admin/builder/spi-builder-workspace/.dependencies/checkouts/Clavier/Clavier/Classes/ClavierLayoutGuide.swift:218:26: error: 'keyboardDidShowNotification' is unavailable in tvOS
216 | self,
217 | selector: #selector(keyboardDidGoUp),
218 | name: UIView.keyboardDidShowNotification,
| `- error: 'keyboardDidShowNotification' is unavailable in tvOS
219 | object: nil
220 | )
/Applications/Xcode-27.0.0-Release.Candidate.app/Contents/Developer/Platforms/AppleTVOS.platform/Developer/SDKs/AppleTVOS27.0.sdk/System/Library/Frameworks/UIKit.framework/Headers/UIWindow.h:133:39: note: 'keyboardDidShowNotification' has been explicitly marked unavailable here
131 | // Animation key/value pairs are only available for the "will" family of notification.
132 | UIKIT_EXTERN NSNotificationName const UIKeyboardWillShowNotification API_UNAVAILABLE(tvos, watchos) NS_SWIFT_NONISOLATED;
133 | UIKIT_EXTERN NSNotificationName const UIKeyboardDidShowNotification API_UNAVAILABLE(tvos, watchos) NS_SWIFT_NONISOLATED;
| `- note: 'keyboardDidShowNotification' has been explicitly marked unavailable here
134 | UIKIT_EXTERN NSNotificationName const UIKeyboardWillHideNotification API_UNAVAILABLE(tvos, watchos) NS_SWIFT_NONISOLATED;
135 | UIKIT_EXTERN NSNotificationName const UIKeyboardDidHideNotification API_UNAVAILABLE(tvos, watchos) NS_SWIFT_NONISOLATED;
/Users/admin/builder/spi-builder-workspace/.dependencies/checkouts/Clavier/Clavier/Classes/ClavierLayoutGuide.swift:224:26: error: 'keyboardWillHideNotification' is unavailable in tvOS
222 | self,
223 | selector: #selector(keyboardWillGoingDown),
224 | name: UIView.keyboardWillHideNotification,
| `- error: 'keyboardWillHideNotification' is unavailable in tvOS
225 | object: nil
226 | )
/Applications/Xcode-27.0.0-Release.Candidate.app/Contents/Developer/Platforms/AppleTVOS.platform/Developer/SDKs/AppleTVOS27.0.sdk/System/Library/Frameworks/UIKit.framework/Headers/UIWindow.h:134:39: note: 'keyboardWillHideNotification' has been explicitly marked unavailable here
132 | UIKIT_EXTERN NSNotificationName const UIKeyboardWillShowNotification API_UNAVAILABLE(tvos, watchos) NS_SWIFT_NONISOLATED;
133 | UIKIT_EXTERN NSNotificationName const UIKeyboardDidShowNotification API_UNAVAILABLE(tvos, watchos) NS_SWIFT_NONISOLATED;
134 | UIKIT_EXTERN NSNotificationName const UIKeyboardWillHideNotification API_UNAVAILABLE(tvos, watchos) NS_SWIFT_NONISOLATED;
| `- note: 'keyboardWillHideNotification' has been explicitly marked unavailable here
135 | UIKIT_EXTERN NSNotificationName const UIKeyboardDidHideNotification API_UNAVAILABLE(tvos, watchos) NS_SWIFT_NONISOLATED;
136 |
SwiftCompile normal arm64 /Users/admin/builder/spi-builder-workspace/.dependencies/checkouts/Clavier/Clavier/Classes/ClavierLayoutGuide.swift (in target 'Clavier' from project 'Clavier')
cd /Users/admin/builder/spi-builder-workspace/.swiftpm/xcode
builtin-SwiftPerFileCompile ClavierLayoutGuide.swift
/Users/admin/builder/spi-builder-workspace/.dependencies/checkouts/Clavier/Clavier/Classes/ClavierLayoutGuide.swift:230:26: error: 'keyboardDidHideNotification' is unavailable in tvOS
228 | self,
229 | selector: #selector(keyboardDidGoDown),
230 | name: UIView.keyboardDidHideNotification,
| `- error: 'keyboardDidHideNotification' is unavailable in tvOS
231 | object: nil
232 | )
/Applications/Xcode-27.0.0-Release.Candidate.app/Contents/Developer/Platforms/AppleTVOS.platform/Developer/SDKs/AppleTVOS27.0.sdk/System/Library/Frameworks/UIKit.framework/Headers/UIWindow.h:135:39: note: 'keyboardDidHideNotification' has been explicitly marked unavailable here
133 | UIKIT_EXTERN NSNotificationName const UIKeyboardDidShowNotification API_UNAVAILABLE(tvos, watchos) NS_SWIFT_NONISOLATED;
134 | UIKIT_EXTERN NSNotificationName const UIKeyboardWillHideNotification API_UNAVAILABLE(tvos, watchos) NS_SWIFT_NONISOLATED;
135 | UIKIT_EXTERN NSNotificationName const UIKeyboardDidHideNotification API_UNAVAILABLE(tvos, watchos) NS_SWIFT_NONISOLATED;
| `- note: 'keyboardDidHideNotification' has been explicitly marked unavailable here
136 |
137 | UIKIT_EXTERN NSString *const UIKeyboardFrameBeginUserInfoKey API_AVAILABLE(ios(3.2)) API_UNAVAILABLE(tvos, watchos) NS_SWIFT_NONISOLATED; // NSValue of CGRect
/Users/admin/builder/spi-builder-workspace/.dependencies/checkouts/Clavier/Clavier/Classes/ClavierLayoutGuide.swift:284:56: error: 'keyboardFrameEndUserInfoKey' is unavailable in tvOS
282 | @objc func keyboardFrameChanged(notification: Notification) {
283 | guard let userInfo = notification.userInfo,
284 | let keyboardValue = userInfo[UIResponder.keyboardFrameEndUserInfoKey] as? NSValue
| `- error: 'keyboardFrameEndUserInfoKey' is unavailable in tvOS
285 | ?? userInfo[UIResponder.keyboardFrameBeginUserInfoKey] as? NSValue else {
286 | useDefaultKeyboardRectIfShould()
/Applications/Xcode-27.0.0-Release.Candidate.app/Contents/Developer/Platforms/AppleTVOS.platform/Developer/SDKs/AppleTVOS27.0.sdk/System/Library/Frameworks/UIKit.framework/Headers/UIWindow.h:138:30: note: 'keyboardFrameEndUserInfoKey' has been explicitly marked unavailable here
136 |
137 | UIKIT_EXTERN NSString *const UIKeyboardFrameBeginUserInfoKey API_AVAILABLE(ios(3.2)) API_UNAVAILABLE(tvos, watchos) NS_SWIFT_NONISOLATED; // NSValue of CGRect
138 | UIKIT_EXTERN NSString *const UIKeyboardFrameEndUserInfoKey API_AVAILABLE(ios(3.2)) API_UNAVAILABLE(tvos, watchos) NS_SWIFT_NONISOLATED; // NSValue of CGRect
| `- note: 'keyboardFrameEndUserInfoKey' has been explicitly marked unavailable here
139 | UIKIT_EXTERN NSString *const UIKeyboardAnimationDurationUserInfoKey API_AVAILABLE(ios(3.0)) API_UNAVAILABLE(tvos, watchos) NS_SWIFT_NONISOLATED; // NSNumber of double
140 | UIKIT_EXTERN NSString *const UIKeyboardAnimationCurveUserInfoKey API_AVAILABLE(ios(3.0)) API_UNAVAILABLE(tvos, watchos) NS_SWIFT_NONISOLATED; // NSNumber of NSUInteger (UIViewAnimationCurve)
SwiftCompile normal arm64 Compiling\ Extensions.swift /Users/admin/builder/spi-builder-workspace/.dependencies/checkouts/Clavier/Clavier/Classes/Extensions.swift (in target 'Clavier' from project 'Clavier')
SwiftCompile normal arm64 /Users/admin/builder/spi-builder-workspace/.dependencies/checkouts/Clavier/Clavier/Classes/Extensions.swift (in target 'Clavier' from project 'Clavier')
cd /Users/admin/builder/spi-builder-workspace/.swiftpm/xcode
builtin-SwiftPerFileCompile Extensions.swift
SwiftCompile normal arm64 Compiling\ SafeAreaKeyboardLayoutGuide.swift /Users/admin/builder/spi-builder-workspace/.dependencies/checkouts/Clavier/Clavier/Classes/SafeAreaKeyboardLayoutGuide.swift (in target 'Clavier' from project 'Clavier')
/Users/admin/builder/spi-builder-workspace/.dependencies/checkouts/Clavier/Clavier/Classes/SafeAreaKeyboardLayoutGuide.swift:40:48: error: 'keyboardLayoutGuide' is unavailable in tvOS
38 | ]
39 | let keyboardConstraints: [NSLayoutConstraint] = [
40 | topAnchor.constraint(equalTo: view.keyboardLayoutGuide.topAnchor),
| `- error: 'keyboardLayoutGuide' is unavailable in tvOS
41 | leftAnchor.constraint(equalTo: view.keyboardLayoutGuide.leftAnchor),
42 | bottomAnchor.constraint(equalTo: view.keyboardLayoutGuide.bottomAnchor),
/Applications/Xcode-27.0.0-Release.Candidate.app/Contents/Developer/Platforms/AppleTVOS.platform/Developer/SDKs/AppleTVOS27.0.sdk/System/Library/Frameworks/UIKit.framework/Headers/UIView.h:309:61: note: 'keyboardLayoutGuide' has been explicitly marked unavailable here
307 |
308 | /// Follows the keyboard when on screen and docked. See UIKeyboardLayoutGuide.h for additional options.
309 | @property(nonatomic,readonly,strong) UIKeyboardLayoutGuide *keyboardLayoutGuide API_AVAILABLE(ios(15.0)) API_UNAVAILABLE(tvos) API_UNAVAILABLE(watchos);
| `- note: 'keyboardLayoutGuide' has been explicitly marked unavailable here
310 |
311 | @end
/Users/admin/builder/spi-builder-workspace/.dependencies/checkouts/Clavier/Clavier/Classes/SafeAreaKeyboardLayoutGuide.swift:41:49: error: 'keyboardLayoutGuide' is unavailable in tvOS
39 | let keyboardConstraints: [NSLayoutConstraint] = [
40 | topAnchor.constraint(equalTo: view.keyboardLayoutGuide.topAnchor),
41 | leftAnchor.constraint(equalTo: view.keyboardLayoutGuide.leftAnchor),
| `- error: 'keyboardLayoutGuide' is unavailable in tvOS
42 | bottomAnchor.constraint(equalTo: view.keyboardLayoutGuide.bottomAnchor),
43 | rightAnchor.constraint(equalTo: view.keyboardLayoutGuide.rightAnchor),
/Applications/Xcode-27.0.0-Release.Candidate.app/Contents/Developer/Platforms/AppleTVOS.platform/Developer/SDKs/AppleTVOS27.0.sdk/System/Library/Frameworks/UIKit.framework/Headers/UIView.h:309:61: note: 'keyboardLayoutGuide' has been explicitly marked unavailable here
307 |
308 | /// Follows the keyboard when on screen and docked. See UIKeyboardLayoutGuide.h for additional options.
309 | @property(nonatomic,readonly,strong) UIKeyboardLayoutGuide *keyboardLayoutGuide API_AVAILABLE(ios(15.0)) API_UNAVAILABLE(tvos) API_UNAVAILABLE(watchos);
| `- note: 'keyboardLayoutGuide' has been explicitly marked unavailable here
310 |
311 | @end
/Users/admin/builder/spi-builder-workspace/.dependencies/checkouts/Clavier/Clavier/Classes/SafeAreaKeyboardLayoutGuide.swift:42:51: error: 'keyboardLayoutGuide' is unavailable in tvOS
40 | topAnchor.constraint(equalTo: view.keyboardLayoutGuide.topAnchor),
41 | leftAnchor.constraint(equalTo: view.keyboardLayoutGuide.leftAnchor),
42 | bottomAnchor.constraint(equalTo: view.keyboardLayoutGuide.bottomAnchor),
| `- error: 'keyboardLayoutGuide' is unavailable in tvOS
43 | rightAnchor.constraint(equalTo: view.keyboardLayoutGuide.rightAnchor),
44 | ]
/Applications/Xcode-27.0.0-Release.Candidate.app/Contents/Developer/Platforms/AppleTVOS.platform/Developer/SDKs/AppleTVOS27.0.sdk/System/Library/Frameworks/UIKit.framework/Headers/UIView.h:309:61: note: 'keyboardLayoutGuide' has been explicitly marked unavailable here
307 |
308 | /// Follows the keyboard when on screen and docked. See UIKeyboardLayoutGuide.h for additional options.
309 | @property(nonatomic,readonly,strong) UIKeyboardLayoutGuide *keyboardLayoutGuide API_AVAILABLE(ios(15.0)) API_UNAVAILABLE(tvos) API_UNAVAILABLE(watchos);
| `- note: 'keyboardLayoutGuide' has been explicitly marked unavailable here
310 |
311 | @end
SwiftCompile normal arm64 /Users/admin/builder/spi-builder-workspace/.dependencies/checkouts/Clavier/Clavier/Classes/SafeAreaKeyboardLayoutGuide.swift (in target 'Clavier' from project 'Clavier')
cd /Users/admin/builder/spi-builder-workspace/.swiftpm/xcode
builtin-SwiftPerFileCompile SafeAreaKeyboardLayoutGuide.swift
SwiftCompile normal arm64 Compiling\ ClavierGlobalConfig.swift /Users/admin/builder/spi-builder-workspace/.dependencies/checkouts/Clavier/Clavier/Classes/ClavierGlobalConfig.swift (in target 'Clavier' from project 'Clavier')
SwiftCompile normal arm64 /Users/admin/builder/spi-builder-workspace/.dependencies/checkouts/Clavier/Clavier/Classes/ClavierGlobalConfig.swift (in target 'Clavier' from project 'Clavier')
cd /Users/admin/builder/spi-builder-workspace/.swiftpm/xcode
builtin-SwiftPerFileCompile ClavierGlobalConfig.swift
SwiftEmitModule normal arm64 Emitting\ module\ for\ DifferenceKit (in target 'DifferenceKit' from project 'DifferenceKit')
SwiftCompile normal arm64 (in target 'DifferenceKit' from project 'DifferenceKit')
cd /Users/admin/builder/spi-builder-workspace/.swiftpm/xcode
SwiftCompile normal arm64 Compiling\ ElementPath.swift /Users/admin/builder/spi-builder-workspace/.dependencies/checkouts/DifferenceKit/Sources/ElementPath.swift (in target 'DifferenceKit' from project 'DifferenceKit')
SwiftCompile normal arm64 /Users/admin/builder/spi-builder-workspace/.dependencies/checkouts/DifferenceKit/Sources/ElementPath.swift (in target 'DifferenceKit' from project 'DifferenceKit')
cd /Users/admin/builder/spi-builder-workspace/.swiftpm/xcode
builtin-SwiftPerFileCompile ElementPath.swift
SwiftCompile normal arm64 Compiling\ StagedChangeset.swift /Users/admin/builder/spi-builder-workspace/.dependencies/checkouts/DifferenceKit/Sources/StagedChangeset.swift (in target 'DifferenceKit' from project 'DifferenceKit')
SwiftCompile normal arm64 /Users/admin/builder/spi-builder-workspace/.dependencies/checkouts/DifferenceKit/Sources/StagedChangeset.swift (in target 'DifferenceKit' from project 'DifferenceKit')
cd /Users/admin/builder/spi-builder-workspace/.swiftpm/xcode
builtin-SwiftPerFileCompile StagedChangeset.swift
SwiftEmitModule normal arm64 Emitting\ module\ for\ Pharos (in target 'Pharos' from project 'Pharos')
/Users/admin/builder/spi-builder-workspace/.dependencies/checkouts/Pharos/Pharos/Classes/PopulatedRelays/BindableCollection+UICollectionView.swift:52:42: error: 'UICollectionViewDragDelegate' is unavailable in tvOS
50 |
51 | @available(iOS 11.0, *)
52 | var dragDelegate: BindableObservable<UICollectionViewDragDelegate?> {
| `- error: 'UICollectionViewDragDelegate' is unavailable in tvOS
53 | bindable(of:\.dragDelegate, key: &dragDelegateKey)
54 | }
/Applications/Xcode-27.0.0-Release.Candidate.app/Contents/Developer/Platforms/AppleTVOS.platform/Developer/SDKs/AppleTVOS27.0.sdk/System/Library/Frameworks/UIKit.framework/Headers/UICollectionView.h:539:11: note: 'UICollectionViewDragDelegate' has been explicitly marked unavailable here
537 |
538 | API_AVAILABLE(ios(11.0)) API_UNAVAILABLE(tvos, watchos) NS_SWIFT_UI_ACTOR
539 | @protocol UICollectionViewDragDelegate <NSObject>
| `- note: 'UICollectionViewDragDelegate' has been explicitly marked unavailable here
540 |
541 | @required
/Users/admin/builder/spi-builder-workspace/.dependencies/checkouts/Pharos/Pharos/Classes/PopulatedRelays/BindableCollection+UICollectionView.swift:56:42: error: 'UICollectionViewDropDelegate' is unavailable in tvOS
54 | }
55 | @available(iOS 11.0, *)
56 | var dropDelegate: BindableObservable<UICollectionViewDropDelegate?> {
| `- error: 'UICollectionViewDropDelegate' is unavailable in tvOS
57 | bindable(of:\.dropDelegate, key: &dropDelegateKey)
58 | }
/Applications/Xcode-27.0.0-Release.Candidate.app/Contents/Developer/Platforms/AppleTVOS.platform/Developer/SDKs/AppleTVOS27.0.sdk/System/Library/Frameworks/UIKit.framework/Headers/UICollectionView.h:586:11: note: 'UICollectionViewDropDelegate' has been explicitly marked unavailable here
584 |
585 | API_AVAILABLE(ios(11.0)) API_UNAVAILABLE(tvos, watchos) NS_SWIFT_UI_ACTOR
586 | @protocol UICollectionViewDropDelegate <NSObject>
| `- note: 'UICollectionViewDropDelegate' has been explicitly marked unavailable here
587 |
588 | @required
/Users/admin/builder/spi-builder-workspace/.dependencies/checkouts/Pharos/Pharos/Classes/PopulatedRelays/BindableCollection+UIScrollView.swift:131:44: error: 'UIRefreshControl' is unavailable in tvOS
129 | }
130 |
131 | var refreshControl: BindableObservable<UIRefreshControl?> {
| `- error: 'UIRefreshControl' is unavailable in tvOS
132 | bindable(of: \.refreshControl, key: &refreshControlKey)
133 | }
/Applications/Xcode-27.0.0-Release.Candidate.app/Contents/Developer/Platforms/AppleTVOS.platform/Developer/SDKs/AppleTVOS27.0.sdk/System/Library/Frameworks/UIKit.framework/Headers/UIRefreshControl.h:16:12: note: 'UIRefreshControl' has been explicitly marked unavailable here
14 |
15 | UIKIT_EXTERN API_AVAILABLE(ios(6.0)) API_UNAVAILABLE(tvos, watchos) NS_SWIFT_UI_ACTOR
16 | @interface UIRefreshControl : UIControl
| `- note: 'UIRefreshControl' has been explicitly marked unavailable here
17 |
18 | /* The designated initializer
/Users/admin/builder/spi-builder-workspace/.dependencies/checkouts/Pharos/Pharos/Classes/PopulatedRelays/BindableCollection+UISlider.swift:22:51: error: 'UISlider' is unavailable in tvOS
20 | fileprivate var thumbTintColorKey: String = "thumbTintColorKey"
21 |
22 | public extension BindableCollection where Object: UISlider {
| `- error: 'UISlider' is unavailable in tvOS
23 |
24 | // MARK: Two Way Relay
/Applications/Xcode-27.0.0-Release.Candidate.app/Contents/Developer/Platforms/AppleTVOS.platform/Developer/SDKs/AppleTVOS27.0.sdk/System/Library/Frameworks/UIKit.framework/Headers/UISlider.h:26:12: note: 'UISlider' has been explicitly marked unavailable here
24 |
25 | UIKIT_EXTERN API_AVAILABLE(ios(2.0)) API_UNAVAILABLE(tvos, watchos) NS_SWIFT_UI_ACTOR
26 | @interface UISlider : UIControl <NSCoding>
| `- note: 'UISlider' has been explicitly marked unavailable here
27 |
28 | @property(nonatomic) float value; // default 0.0. this value will be pinned to min/max
/Users/admin/builder/spi-builder-workspace/.dependencies/checkouts/Pharos/Pharos/Classes/PopulatedRelays/BindableCollection+UIStepper.swift:20:51: error: 'UIStepper' is unavailable in tvOS
18 | fileprivate var stepValueKey: String = "stepValueKey"
19 |
20 | public extension BindableCollection where Object: UIStepper {
| `- error: 'UIStepper' is unavailable in tvOS
21 |
22 | // MARK: Two Way Relay
/Applications/Xcode-27.0.0-Release.Candidate.app/Contents/Developer/Platforms/AppleTVOS.platform/Developer/SDKs/AppleTVOS27.0.sdk/System/Library/Frameworks/UIKit.framework/Headers/UIStepper.h:18:12: note: 'UIStepper' has been explicitly marked unavailable here
16 |
17 | UIKIT_EXTERN API_AVAILABLE(ios(5.0)) API_UNAVAILABLE(tvos, watchos) NS_SWIFT_UI_ACTOR
18 | @interface UIStepper : UIControl
| `- note: 'UIStepper' has been explicitly marked unavailable here
19 |
20 | @property(nonatomic,getter=isContinuous) BOOL continuous; // if YES, value change events are sent any time the value changes during interaction. default = YES
/Users/admin/builder/spi-builder-workspace/.dependencies/checkouts/Pharos/Pharos/Classes/PopulatedRelays/BindableCollection+UISwitch.swift:18:51: error: 'UISwitch' is unavailable in tvOS
16 | fileprivate var isOnKey: String = "isOnKey"
17 |
18 | public extension BindableCollection where Object: UISwitch {
| `- error: 'UISwitch' is unavailable in tvOS
19 |
20 | // MARK: Two Way Relay
/Applications/Xcode-27.0.0-Release.Candidate.app/Contents/Developer/Platforms/AppleTVOS.platform/Developer/SDKs/AppleTVOS27.0.sdk/System/Library/Frameworks/UIKit.framework/Headers/UISwitch.h:23:12: note: 'UISwitch' has been explicitly marked unavailable here
21 |
22 | UIKIT_EXTERN API_AVAILABLE(ios(2.0)) API_UNAVAILABLE(tvos, watchos) NS_SWIFT_UI_ACTOR
23 | @interface UISwitch : UIControl <NSCoding>
| `- note: 'UISwitch' has been explicitly marked unavailable here
24 |
25 | @property(nullable, nonatomic, strong) UIColor *onTintColor API_AVAILABLE(ios(5.0)) UI_APPEARANCE_SELECTOR;
/Users/admin/builder/spi-builder-workspace/.dependencies/checkouts/Pharos/Pharos/Classes/PopulatedRelays/BindableCollection+UITableView.swift:61:42: error: 'UITableViewDragDelegate' is unavailable in tvOS
59 |
60 | @available(iOS 11.0, *)
61 | var dragDelegate: BindableObservable<UITableViewDragDelegate?> {
| `- error: 'UITableViewDragDelegate' is unavailable in tvOS
62 | bindable(of: \.dragDelegate, key: &dragDelegateKey)
63 | }
/Applications/Xcode-27.0.0-Release.Candidate.app/Contents/Developer/Platforms/AppleTVOS.platform/Developer/SDKs/AppleTVOS27.0.sdk/System/Library/Frameworks/UIKit.framework/Headers/UITableView.h:608:11: note: 'UITableViewDragDelegate' has been explicitly marked unavailable here
606 |
607 | API_AVAILABLE(ios(11.0)) API_UNAVAILABLE(tvos, watchos) NS_SWIFT_UI_ACTOR
608 | @protocol UITableViewDragDelegate <NSObject>
| `- note: 'UITableViewDragDelegate' has been explicitly marked unavailable here
609 |
610 | @required
/Users/admin/builder/spi-builder-workspace/.dependencies/checkouts/Pharos/Pharos/Classes/PopulatedRelays/BindableCollection+UITableView.swift:66:42: error: 'UITableViewDropDelegate' is unavailable in tvOS
64 |
65 | @available(iOS 11.0, *)
66 | var dropDelegate: BindableObservable<UITableViewDropDelegate?> {
| `- error: 'UITableViewDropDelegate' is unavailable in tvOS
67 | bindable(of: \.dropDelegate, key: &dropDelegateKey)
68 | }
/Applications/Xcode-27.0.0-Release.Candidate.app/Contents/Developer/Platforms/AppleTVOS.platform/Developer/SDKs/AppleTVOS27.0.sdk/System/Library/Frameworks/UIKit.framework/Headers/UITableView.h:648:11: note: 'UITableViewDropDelegate' has been explicitly marked unavailable here
646 |
647 | API_AVAILABLE(ios(11.0)) API_UNAVAILABLE(tvos, watchos) NS_SWIFT_UI_ACTOR
648 | @protocol UITableViewDropDelegate <NSObject>
| `- note: 'UITableViewDropDelegate' has been explicitly marked unavailable here
649 |
650 | @required
/Users/admin/builder/spi-builder-workspace/.dependencies/checkouts/Pharos/Pharos/Classes/PopulatedRelays/BindableCollection+UITableView.swift:130:60: error: 'SeparatorStyle' is unavailable in tvOS
128 | }
129 |
130 | var separatorStyle: BindableObservable<UITableViewCell.SeparatorStyle> {
| `- error: 'SeparatorStyle' is unavailable in tvOS
131 | bindable(of: \.separatorStyle, key: &separatorStyleKey)
132 | }
/Applications/Xcode-27.0.0-Release.Candidate.app/Contents/Developer/Platforms/AppleTVOS.platform/Developer/SDKs/AppleTVOS27.0.sdk/System/Library/Frameworks/UIKit.framework/Headers/UITableViewCell.h:32:28: note: 'SeparatorStyle' has been explicitly marked unavailable here
30 | } API_UNAVAILABLE(watchos); // available in iPhone OS 3.0
31 |
32 | typedef NS_ENUM(NSInteger, UITableViewCellSeparatorStyle) {
| `- note: 'SeparatorStyle' has been explicitly marked unavailable here
33 | UITableViewCellSeparatorStyleNone,
34 | UITableViewCellSeparatorStyleSingleLine,
Failed frontend command:
/Applications/Xcode-27.0.0-Release.Candidate.app/Contents/Developer/Toolchains/XcodeDefault.xctoolchain/usr/bin/swift-frontend -frontend -emit-module -experimental-skip-non-inlinable-function-bodies-without-types /Users/admin/builder/spi-builder-workspace/.dependencies/checkouts/Pharos/Pharos/Classes/Model/Changes.swift /Users/admin/builder/spi-builder-workspace/.dependencies/checkouts/Pharos/Pharos/Classes/Model/ObjectRetainer.swift /Users/admin/builder/spi-builder-workspace/.dependencies/checkouts/Pharos/Pharos/Classes/Model/PharosContext.swift /Users/admin/builder/spi-builder-workspace/.dependencies/checkouts/Pharos/Pharos/Classes/Model/Retainer.swift /Users/admin/builder/spi-builder-workspace/.dependencies/checkouts/Pharos/Pharos/Classes/Observable/Observable.swift /Users/admin/builder/spi-builder-workspace/.dependencies/checkouts/Pharos/Pharos/Classes/Observable/Observed.swift /Users/admin/builder/spi-builder-workspace/.dependencies/checkouts/Pharos/Pharos/Classes/Observable/Subject.swift /Users/admin/builder/spi-builder-workspace/.dependencies/checkouts/Pharos/Pharos/Classes/PopulatedRelays/BindableCollection+TextInput.swift /Users/admin/builder/spi-builder-workspace/.dependencies/checkouts/Pharos/Pharos/Classes/PopulatedRelays/BindableCollection+UIButton.swift /Users/admin/builder/spi-builder-workspace/.dependencies/checkouts/Pharos/Pharos/Classes/PopulatedRelays/BindableCollection+UICollectionView.swift /Users/admin/builder/spi-builder-workspace/.dependencies/checkouts/Pharos/Pharos/Classes/PopulatedRelays/BindableCollection+UIControl.swift /Users/admin/builder/spi-builder-workspace/.dependencies/checkouts/Pharos/Pharos/Classes/PopulatedRelays/BindableCollection+UIImageView.swift /Users/admin/builder/spi-builder-workspace/.dependencies/checkouts/Pharos/Pharos/Classes/PopulatedRelays/BindableCollection+UILabel.swift /Users/admin/builder/spi-builder-workspace/.dependencies/checkouts/Pharos/Pharos/Classes/PopulatedRelays/BindableCollection+UIScrollView.swift /Users/admin/builder/spi-builder-workspace/.dependencies/checkouts/Pharos/Pharos/Classes/PopulatedRelays/BindableCollection+UISlider.swift /Users/admin/builder/spi-builder-workspace/.dependencies/checkouts/Pharos/Pharos/Classes/PopulatedRelays/BindableCollection+UIStackView.swift /Users/admin/builder/spi-builder-workspace/.dependencies/checkouts/Pharos/Pharos/Classes/PopulatedRelays/BindableCollection+UIStepper.swift /Users/admin/builder/spi-builder-workspace/.dependencies/checkouts/Pharos/Pharos/Classes/PopulatedRelays/BindableCollection+UISwitch.swift /Users/admin/builder/spi-builder-workspace/.dependencies/checkouts/Pharos/Pharos/Classes/PopulatedRelays/BindableCollection+UITableView.swift /Users/admin/builder/spi-builder-workspace/.dependencies/checkouts/Pharos/Pharos/Classes/PopulatedRelays/BindableCollection+UIView.swift /Users/admin/builder/spi-builder-workspace/.dependencies/checkouts/Pharos/Pharos/Classes/PopulatedRelays/BindableCollectionCellView.swift /Users/admin/builder/spi-builder-workspace/.dependencies/checkouts/Pharos/Pharos/Classes/PopulatedRelays/PopulatedRelays.swift /Users/admin/builder/spi-builder-workspace/.dependencies/checkouts/Pharos/Pharos/Classes/Relay/BaseProtocols.swift /Users/admin/builder/spi-builder-workspace/.dependencies/checkouts/Pharos/Pharos/Classes/Relay/BindableKVOObservable.swift /Users/admin/builder/spi-builder-workspace/.dependencies/checkouts/Pharos/Pharos/Classes/Relay/BindableObservable.swift /Users/admin/builder/spi-builder-workspace/.dependencies/checkouts/Pharos/Pharos/Classes/Relay/FilteredObservable.swift /Users/admin/builder/spi-builder-workspace/.dependencies/checkouts/Pharos/Pharos/Classes/Relay/MappedObservable.swift /Users/admin/builder/spi-builder-workspace/.dependencies/checkouts/Pharos/Pharos/Classes/Relay/MergedObservable.swift /Users/admin/builder/spi-builder-workspace/.dependencies/checkouts/Pharos/Pharos/Classes/Relay/MulticastObservable.swift /Users/admin/builder/spi-builder-workspace/.dependencies/checkouts/Pharos/Pharos/Classes/Relay/ObservableBlock.swift /Users/admin/builder/spi-builder-workspace/.dependencies/checkouts/Pharos/Pharos/Classes/Relay/Publisher.swift /Users/admin/builder/spi-builder-workspace/.dependencies/checkouts/Pharos/Pharos/Classes/Relay/RootObservable.swift /Users/admin/builder/spi-builder-workspace/.dependencies/checkouts/Pharos/Pharos/Classes/UIControl/UIControl+Extensions.swift /Users/admin/builder/spi-builder-workspace/.dependencies/checkouts/Pharos/Pharos/Classes/UIControl/UIControlAction.swift /Users/admin/builder/spi-builder-workspace/.dependencies/checkouts/Pharos/Pharos/Classes/UIControl/UIControlSubject.swift /Users/admin/builder/spi-builder-workspace/.dependencies/checkouts/Pharos/Pharos/Classes/Utils/Dictionary+Extensions.swift /Users/admin/builder/spi-builder-workspace/.dependencies/checkouts/Pharos/Pharos/Classes/Utils/RelayInvoker.swift -target arm64-apple-tvos15.0 -module-can-import-version UIKit 9127.0.84.1 9127.0.84 -disable-cross-import-overlay-search -load-resolved-plugin /Applications/Xcode-27.0.0-Release.Candidate.app/Contents/Developer/Platforms/AppleTVOS.platform/Developer/usr/lib/swift/host/plugins/libFoundationMacros.dylib\#/Applications/Xcode-27.0.0-Release.Candidate.app/Contents/Developer/Platforms/AppleTVOS.platform/Developer/usr/bin/swift-plugin-server\#FoundationMacros -load-resolved-plugin /Applications/Xcode-27.0.0-Release.Candidate.app/Contents/Developer/Platforms/AppleTVOS.platform/Developer/usr/lib/swift/host/plugins/libObservationMacros.dylib\#/Applications/Xcode-27.0.0-Release.Candidate.app/Contents/Developer/Platforms/AppleTVOS.platform/Developer/usr/bin/swift-plugin-server\#ObservationMacros -load-resolved-plugin /Applications/Xcode-27.0.0-Release.Candidate.app/Contents/Developer/Platforms/AppleTVOS.platform/Developer/usr/lib/swift/host/plugins/libPreviewsMacros.dylib\#/Applications/Xcode-27.0.0-Release.Candidate.app/Contents/Developer/Platforms/AppleTVOS.platform/Developer/usr/bin/swift-plugin-server\#PreviewsMacros -load-resolved-plugin /Applications/Xcode-27.0.0-Release.Candidate.app/Contents/Developer/Platforms/AppleTVOS.platform/Developer/usr/lib/swift/host/plugins/libSwiftMacros.dylib\#/Applications/Xcode-27.0.0-Release.Candidate.app/Contents/Developer/Platforms/AppleTVOS.platform/Developer/usr/bin/swift-plugin-server\#SwiftMacros -load-resolved-plugin /Applications/Xcode-27.0.0-Release.Candidate.app/Contents/Developer/Platforms/AppleTVOS.platform/Developer/usr/lib/swift/host/plugins/libSwiftUIMacros.dylib\#/Applications/Xcode-27.0.0-Release.Candidate.app/Contents/Developer/Platforms/AppleTVOS.platform/Developer/usr/bin/swift-plugin-server\#SwiftUIMacros -disable-implicit-swift-modules -Xcc -fno-implicit-modules -Xcc -fno-implicit-module-maps -explicit-swift-module-map-file /Users/admin/builder/spi-builder-workspace/.derivedData/Build/Intermediates.noindex/Pharos.build/Debug-appletvos/Pharos-t.build/Objects-normal/arm64/Pharos-dependencies-1.json -Xllvm -aarch64-use-tbi -enable-objc-interop -stack-check -sdk /Applications/Xcode-27.0.0-Release.Candidate.app/Contents/Developer/Platforms/AppleTVOS.platform/Developer/SDKs/AppleTVOS27.0.sdk -I /Users/admin/builder/spi-builder-workspace/.derivedData/Build/Products/Debug-appletvos -Isystem /Applications/Xcode-27.0.0-Release.Candidate.app/Contents/Developer/Platforms/AppleTVOS.platform/Developer/usr/lib -F /Users/admin/builder/spi-builder-workspace/.derivedData/Build/Products/Debug-appletvos/PackageFrameworks -F /Users/admin/builder/spi-builder-workspace/.derivedData/Build/Products/Debug-appletvos -F /Applications/Xcode-27.0.0-Release.Candidate.app/Contents/Developer/Platforms/AppleTVOS.platform/Developer/Library/Frameworks -F /Applications/Xcode-27.0.0-Release.Candidate.app/Contents/Developer/Platforms/AppleTVOS.platform/Developer/SDKs/AppleTVOS27.0.sdk/Developer/Library/Frameworks -module-cache-path /Users/admin/builder/spi-builder-workspace/.derivedData/Build/Intermediates.noindex/SwiftExplicitPrecompiledModules -no-color-diagnostics -Xcc -fno-color-diagnostics -enable-testing -g -debug-info-format\=dwarf -dwarf-version\=4 -suppress-warnings -profile-generate -profile-coverage-mapping -swift-version 5 -Onone -D SWIFT_PACKAGE -D DEBUG -D SWIFT_MODULE_RESOURCE_BUNDLE_UNAVAILABLE -D Xcode -serialize-debugging-options -enable-experimental-feature DebugDescriptionMacro -empty-abi-descriptor -validate-clang-modules-once -clang-build-session-file /Users/admin/builder/spi-builder-workspace/.derivedData/ModuleCache.noindex/Session.modulevalidation -Xcc -working-directory -Xcc /Users/admin/builder/spi-builder-workspace/.swiftpm/xcode -enable-anonymous-context-mangled-names -file-compilation-dir /Users/admin/builder/spi-builder-workspace/.swiftpm/xcode -Xcc -D_LIBCPP_HARDENING_MODE\=_LIBCPP_HARDENING_MODE_DEBUG -Xcc -ivfsstatcache -Xcc /Users/admin/builder/spi-builder-workspace/.derivedData/SDKStatCaches.noindex/appletvos27.0-24J360-e829b21a6f8c9b70876ba0858053c044b32bfd8d43560033f8d89884cdb90028.sdkstatcache -Xcc -fmodules-prune-interval\=86400 -Xcc -fmodules-prune-after\=345600 -Xcc -I/Users/admin/builder/spi-builder-workspace/.derivedData/Build/Products/Debug-appletvos/include -Xcc -I/Users/admin/builder/spi-builder-workspace/.derivedData/Build/Intermediates.noindex/Pharos.build/Debug-appletvos/Pharos-t.build/DerivedSources-normal/arm64 -Xcc -I/Users/admin/builder/spi-builder-workspace/.derivedData/Build/Intermediates.noindex/Pharos.build/Debug-appletvos/Pharos-t.build/DerivedSources/arm64 -Xcc -I/Users/admin/builder/spi-builder-workspace/.derivedData/Build/Intermediates.noindex/Pharos.build/Debug-appletvos/Pharos-t.build/DerivedSources -Xcc -DSWIFT_PACKAGE -Xcc -DDEBUG\=1 -no-auto-bridging-header-chaining -module-name Pharos -const-gather-protocols-file /Users/admin/builder/spi-builder-workspace/.derivedData/Build/Intermediates.noindex/Pharos.build/Debug-appletvos/Pharos-t.build/Objects-normal/arm64/Pharos_const_extract_protocols.json -disable-clang-spi -clang-target arm64-apple-tvos27.0 -target-sdk-version 27.0 -target-sdk-name appletvos27.0 -in-process-plugin-server-path /Applications/Xcode-27.0.0-Release.Candidate.app/Contents/Developer/Toolchains/XcodeDefault.xctoolchain/usr/lib/swift/host/libSwiftInProcPluginServer.dylib -emit-module-doc-path /Users/admin/builder/spi-builder-workspace/.derivedData/Build/Intermediates.noindex/Pharos.build/Debug-appletvos/Pharos-t.build/Objects-normal/arm64/Pharos.swiftdoc -emit-module-source-info-path /Users/admin/builder/spi-builder-workspace/.derivedData/Build/Intermediates.noindex/Pharos.build/Debug-appletvos/Pharos-t.build/Objects-normal/arm64/Pharos.swiftsourceinfo -emit-objc-header-path /Users/admin/builder/spi-builder-workspace/.derivedData/Build/Intermediates.noindex/Pharos.build/Debug-appletvos/Pharos-t.build/Objects-normal/arm64/Pharos-Swift.h -serialize-diagnostics-path /Users/admin/builder/spi-builder-workspace/.derivedData/Build/Intermediates.noindex/Pharos.build/Debug-appletvos/Pharos-t.build/Objects-normal/arm64/Pharos-primary-emit-module.dia -emit-dependencies-path /Users/admin/builder/spi-builder-workspace/.derivedData/Build/Intermediates.noindex/Pharos.build/Debug-appletvos/Pharos-t.build/Objects-normal/arm64/Pharos-primary-emit-module.d -parse-as-library -o /Users/admin/builder/spi-builder-workspace/.derivedData/Build/Intermediates.noindex/Pharos.build/Debug-appletvos/Pharos-t.build/Objects-normal/arm64/Pharos.swiftmodule -emit-abi-descriptor-path /Users/admin/builder/spi-builder-workspace/.derivedData/Build/Intermediates.noindex/Pharos.build/Debug-appletvos/Pharos-t.build/Objects-normal/arm64/Pharos.abi.json
SwiftCompile normal arm64 (in target 'Pharos' from project 'Pharos')
cd /Users/admin/builder/spi-builder-workspace/.swiftpm/xcode
SwiftDriverJobDiscovery normal arm64 Compiling ClavierGlobalConfig.swift (in target 'Clavier' from project 'Clavier')
SwiftCompile normal arm64 Compiling\ Changes.swift,\ ObjectRetainer.swift,\ PharosContext.swift,\ Retainer.swift /Users/admin/builder/spi-builder-workspace/.dependencies/checkouts/Pharos/Pharos/Classes/Model/Changes.swift /Users/admin/builder/spi-builder-workspace/.dependencies/checkouts/Pharos/Pharos/Classes/Model/ObjectRetainer.swift /Users/admin/builder/spi-builder-workspace/.dependencies/checkouts/Pharos/Pharos/Classes/Model/PharosContext.swift /Users/admin/builder/spi-builder-workspace/.dependencies/checkouts/Pharos/Pharos/Classes/Model/Retainer.swift (in target 'Pharos' from project 'Pharos')
SwiftCompile normal arm64 /Users/admin/builder/spi-builder-workspace/.dependencies/checkouts/Pharos/Pharos/Classes/Model/Changes.swift (in target 'Pharos' from project 'Pharos')
cd /Users/admin/builder/spi-builder-workspace/.swiftpm/xcode
builtin-SwiftPerFileCompile Changes.swift
SwiftCompile normal arm64 /Users/admin/builder/spi-builder-workspace/.dependencies/checkouts/Pharos/Pharos/Classes/Model/ObjectRetainer.swift (in target 'Pharos' from project 'Pharos')
cd /Users/admin/builder/spi-builder-workspace/.swiftpm/xcode
builtin-SwiftPerFileCompile ObjectRetainer.swift
SwiftCompile normal arm64 /Users/admin/builder/spi-builder-workspace/.dependencies/checkouts/Pharos/Pharos/Classes/Model/PharosContext.swift (in target 'Pharos' from project 'Pharos')
cd /Users/admin/builder/spi-builder-workspace/.swiftpm/xcode
builtin-SwiftPerFileCompile PharosContext.swift
SwiftCompile normal arm64 /Users/admin/builder/spi-builder-workspace/.dependencies/checkouts/Pharos/Pharos/Classes/Model/Retainer.swift (in target 'Pharos' from project 'Pharos')
cd /Users/admin/builder/spi-builder-workspace/.swiftpm/xcode
builtin-SwiftPerFileCompile Retainer.swift
SwiftCompile normal arm64 Compiling\ RootObservable.swift,\ UIControl+Extensions.swift,\ UIControlAction.swift /Users/admin/builder/spi-builder-workspace/.dependencies/checkouts/Pharos/Pharos/Classes/Relay/RootObservable.swift /Users/admin/builder/spi-builder-workspace/.dependencies/checkouts/Pharos/Pharos/Classes/UIControl/UIControl+Extensions.swift /Users/admin/builder/spi-builder-workspace/.dependencies/checkouts/Pharos/Pharos/Classes/UIControl/UIControlAction.swift (in target 'Pharos' from project 'Pharos')
SwiftCompile normal arm64 /Users/admin/builder/spi-builder-workspace/.dependencies/checkouts/Pharos/Pharos/Classes/Relay/RootObservable.swift (in target 'Pharos' from project 'Pharos')
cd /Users/admin/builder/spi-builder-workspace/.swiftpm/xcode
builtin-SwiftPerFileCompile RootObservable.swift
SwiftCompile normal arm64 /Users/admin/builder/spi-builder-workspace/.dependencies/checkouts/Pharos/Pharos/Classes/UIControl/UIControl+Extensions.swift (in target 'Pharos' from project 'Pharos')
cd /Users/admin/builder/spi-builder-workspace/.swiftpm/xcode
builtin-SwiftPerFileCompile UIControl+Extensions.swift
SwiftCompile normal arm64 /Users/admin/builder/spi-builder-workspace/.dependencies/checkouts/Pharos/Pharos/Classes/UIControl/UIControlAction.swift (in target 'Pharos' from project 'Pharos')
cd /Users/admin/builder/spi-builder-workspace/.swiftpm/xcode
builtin-SwiftPerFileCompile UIControlAction.swift
SwiftDriverJobDiscovery normal arm64 Compiling ElementPath.swift (in target 'DifferenceKit' from project 'DifferenceKit')
SwiftCompile normal arm64 Compiling\ BindableCollection+UILabel.swift,\ BindableCollection+UIScrollView.swift,\ BindableCollection+UISlider.swift,\ BindableCollection+UIStackView.swift /Users/admin/builder/spi-builder-workspace/.dependencies/checkouts/Pharos/Pharos/Classes/PopulatedRelays/BindableCollection+UILabel.swift /Users/admin/builder/spi-builder-workspace/.dependencies/checkouts/Pharos/Pharos/Classes/PopulatedRelays/BindableCollection+UIScrollView.swift /Users/admin/builder/spi-builder-workspace/.dependencies/checkouts/Pharos/Pharos/Classes/PopulatedRelays/BindableCollection+UISlider.swift /Users/admin/builder/spi-builder-workspace/.dependencies/checkouts/Pharos/Pharos/Classes/PopulatedRelays/BindableCollection+UIStackView.swift (in target 'Pharos' from project 'Pharos')
/Users/admin/builder/spi-builder-workspace/.dependencies/checkouts/Pharos/Pharos/Classes/PopulatedRelays/BindableCollection+UIScrollView.swift:131:44: error: 'UIRefreshControl' is unavailable in tvOS
129 | }
130 |
131 | var refreshControl: BindableObservable<UIRefreshControl?> {
| `- error: 'UIRefreshControl' is unavailable in tvOS
132 | bindable(of: \.refreshControl, key: &refreshControlKey)
133 | }
/Applications/Xcode-27.0.0-Release.Candidate.app/Contents/Developer/Platforms/AppleTVOS.platform/Developer/SDKs/AppleTVOS27.0.sdk/System/Library/Frameworks/UIKit.framework/Headers/UIRefreshControl.h:16:12: note: 'UIRefreshControl' has been explicitly marked unavailable here
14 |
15 | UIKIT_EXTERN API_AVAILABLE(ios(6.0)) API_UNAVAILABLE(tvos, watchos) NS_SWIFT_UI_ACTOR
16 | @interface UIRefreshControl : UIControl
| `- note: 'UIRefreshControl' has been explicitly marked unavailable here
17 |
18 | /* The designated initializer
/Users/admin/builder/spi-builder-workspace/.dependencies/checkouts/Pharos/Pharos/Classes/PopulatedRelays/BindableCollection+UIScrollView.swift:74:22: error: cannot convert value of type 'KeyPath<Object, Bool>' to expected argument type 'ReferenceWritableKeyPath<Object, Bool>'
72 |
73 | var isPagingEnabled: BindableObservable<Bool> {
74 | bindable(of: \.isPagingEnabled, key: &isPagingEnabledKey)
| `- error: cannot convert value of type 'KeyPath<Object, Bool>' to expected argument type 'ReferenceWritableKeyPath<Object, Bool>'
75 | }
76 |
/Users/admin/builder/spi-builder-workspace/.dependencies/checkouts/Pharos/Pharos/Classes/PopulatedRelays/BindableCollection+UIScrollView.swift:128:22: error: cannot convert value of type 'KeyPath<Object, Bool>' to expected argument type 'ReferenceWritableKeyPath<Object, Bool>'
126 |
127 | var scrollsToTop: BindableObservable<Bool> {
128 | bindable(of: \.scrollsToTop, key: &scrollsToTopKey)
| `- error: cannot convert value of type 'KeyPath<Object, Bool>' to expected argument type 'ReferenceWritableKeyPath<Object, Bool>'
129 | }
130 |
/Users/admin/builder/spi-builder-workspace/.dependencies/checkouts/Pharos/Pharos/Classes/PopulatedRelays/BindableCollection+UIScrollView.swift:132:22: error: cannot convert value of type 'KeyPath<Object, UIRefreshControl?>' to expected argument type 'ReferenceWritableKeyPath<Object, UIRefreshControl?>'
130 |
131 | var refreshControl: BindableObservable<UIRefreshControl?> {
132 | bindable(of: \.refreshControl, key: &refreshControlKey)
| `- error: cannot convert value of type 'KeyPath<Object, UIRefreshControl?>' to expected argument type 'ReferenceWritableKeyPath<Object, UIRefreshControl?>'
133 | }
134 |
SwiftCompile normal arm64 /Users/admin/builder/spi-builder-workspace/.dependencies/checkouts/Pharos/Pharos/Classes/PopulatedRelays/BindableCollection+UILabel.swift (in target 'Pharos' from project 'Pharos')
cd /Users/admin/builder/spi-builder-workspace/.swiftpm/xcode
builtin-SwiftPerFileCompile BindableCollection+UILabel.swift
SwiftCompile normal arm64 /Users/admin/builder/spi-builder-workspace/.dependencies/checkouts/Pharos/Pharos/Classes/PopulatedRelays/BindableCollection+UIScrollView.swift (in target 'Pharos' from project 'Pharos')
cd /Users/admin/builder/spi-builder-workspace/.swiftpm/xcode
builtin-SwiftPerFileCompile BindableCollection+UIScrollView.swift
SwiftCompile normal arm64 /Users/admin/builder/spi-builder-workspace/.dependencies/checkouts/Pharos/Pharos/Classes/PopulatedRelays/BindableCollection+UISlider.swift (in target 'Pharos' from project 'Pharos')
cd /Users/admin/builder/spi-builder-workspace/.swiftpm/xcode
builtin-SwiftPerFileCompile BindableCollection+UISlider.swift
SwiftCompile normal arm64 /Users/admin/builder/spi-builder-workspace/.dependencies/checkouts/Pharos/Pharos/Classes/PopulatedRelays/BindableCollection+UIStackView.swift (in target 'Pharos' from project 'Pharos')
cd /Users/admin/builder/spi-builder-workspace/.swiftpm/xcode
builtin-SwiftPerFileCompile BindableCollection+UIStackView.swift
SwiftEmitModule normal arm64 Emitting\ module\ for\ DiffableDataSources (in target 'DiffableDataSources' from project 'DiffableDataSources')
SwiftCompile normal arm64 (in target 'DiffableDataSources' from project 'DiffableDataSources')
cd /Users/admin/builder/spi-builder-workspace/.swiftpm/xcode
SwiftEmitModule normal arm64 Emitting\ module\ for\ Draftsman (in target 'Draftsman' from project 'Draftsman')
SwiftCompile normal arm64 (in target 'Draftsman' from project 'Draftsman')
cd /Users/admin/builder/spi-builder-workspace/.swiftpm/xcode
SwiftDriverJobDiscovery normal arm64 Compiling StagedChangeset.swift (in target 'DifferenceKit' from project 'DifferenceKit')
SwiftCompile normal arm64 Compiling\ BindableObservable.swift,\ FilteredObservable.swift,\ MappedObservable.swift,\ MergedObservable.swift /Users/admin/builder/spi-builder-workspace/.dependencies/checkouts/Pharos/Pharos/Classes/Relay/BindableObservable.swift /Users/admin/builder/spi-builder-workspace/.dependencies/checkouts/Pharos/Pharos/Classes/Relay/FilteredObservable.swift /Users/admin/builder/spi-builder-workspace/.dependencies/checkouts/Pharos/Pharos/Classes/Relay/MappedObservable.swift /Users/admin/builder/spi-builder-workspace/.dependencies/checkouts/Pharos/Pharos/Classes/Relay/MergedObservable.swift (in target 'Pharos' from project 'Pharos')
SwiftCompile normal arm64 /Users/admin/builder/spi-builder-workspace/.dependencies/checkouts/Pharos/Pharos/Classes/Relay/BindableObservable.swift (in target 'Pharos' from project 'Pharos')
cd /Users/admin/builder/spi-builder-workspace/.swiftpm/xcode
builtin-SwiftPerFileCompile BindableObservable.swift
SwiftCompile normal arm64 /Users/admin/builder/spi-builder-workspace/.dependencies/checkouts/Pharos/Pharos/Classes/Relay/FilteredObservable.swift (in target 'Pharos' from project 'Pharos')
cd /Users/admin/builder/spi-builder-workspace/.swiftpm/xcode
builtin-SwiftPerFileCompile FilteredObservable.swift
SwiftCompile normal arm64 /Users/admin/builder/spi-builder-workspace/.dependencies/checkouts/Pharos/Pharos/Classes/Relay/MappedObservable.swift (in target 'Pharos' from project 'Pharos')
cd /Users/admin/builder/spi-builder-workspace/.swiftpm/xcode
builtin-SwiftPerFileCompile MappedObservable.swift
SwiftCompile normal arm64 /Users/admin/builder/spi-builder-workspace/.dependencies/checkouts/Pharos/Pharos/Classes/Relay/MergedObservable.swift (in target 'Pharos' from project 'Pharos')
cd /Users/admin/builder/spi-builder-workspace/.swiftpm/xcode
builtin-SwiftPerFileCompile MergedObservable.swift
SwiftCompile normal arm64 Compiling\ BindableCollection+UIButton.swift,\ BindableCollection+UICollectionView.swift,\ BindableCollection+UIControl.swift,\ BindableCollection+UIImageView.swift /Users/admin/builder/spi-builder-workspace/.dependencies/checkouts/Pharos/Pharos/Classes/PopulatedRelays/BindableCollection+UIButton.swift /Users/admin/builder/spi-builder-workspace/.dependencies/checkouts/Pharos/Pharos/Classes/PopulatedRelays/BindableCollection+UICollectionView.swift /Users/admin/builder/spi-builder-workspace/.dependencies/checkouts/Pharos/Pharos/Classes/PopulatedRelays/BindableCollection+UIControl.swift /Users/admin/builder/spi-builder-workspace/.dependencies/checkouts/Pharos/Pharos/Classes/PopulatedRelays/BindableCollection+UIImageView.swift (in target 'Pharos' from project 'Pharos')
/Users/admin/builder/spi-builder-workspace/.dependencies/checkouts/Pharos/Pharos/Classes/PopulatedRelays/BindableCollection+UIButton.swift:50:21: error: cannot convert value of type 'KeyPath<Object, Bool>' to expected argument type 'ReferenceWritableKeyPath<Object, Bool>'
48 |
49 | var showsTouchWhenHighlighted: BindableObservable<Bool> {
50 | bindable(of:\.showsTouchWhenHighlighted, key: &showsTouchWhenHighlightedKey)
| `- error: cannot convert value of type 'KeyPath<Object, Bool>' to expected argument type 'ReferenceWritableKeyPath<Object, Bool>'
51 | }
52 |
/Users/admin/builder/spi-builder-workspace/.dependencies/checkouts/Pharos/Pharos/Classes/PopulatedRelays/BindableCollection+UIButton.swift:55:21: error: cannot convert value of type 'KeyPath<Object, Bool>' to expected argument type 'ReferenceWritableKeyPath<Object, Bool>'
53 | @available(iOS 13.4, *)
54 | var isPointerInteractionEnabled: BindableObservable<Bool> {
55 | bindable(of:\.isPointerInteractionEnabled, key: &isPointerInteractionEnabledKey)
| `- error: cannot convert value of type 'KeyPath<Object, Bool>' to expected argument type 'ReferenceWritableKeyPath<Object, Bool>'
56 | }
57 |
SwiftCompile normal arm64 /Users/admin/builder/spi-builder-workspace/.dependencies/checkouts/Pharos/Pharos/Classes/PopulatedRelays/BindableCollection+UIButton.swift (in target 'Pharos' from project 'Pharos')
cd /Users/admin/builder/spi-builder-workspace/.swiftpm/xcode
builtin-SwiftPerFileCompile BindableCollection+UIButton.swift
SwiftCompile normal arm64 /Users/admin/builder/spi-builder-workspace/.dependencies/checkouts/Pharos/Pharos/Classes/PopulatedRelays/BindableCollection+UICollectionView.swift (in target 'Pharos' from project 'Pharos')
cd /Users/admin/builder/spi-builder-workspace/.swiftpm/xcode
builtin-SwiftPerFileCompile BindableCollection+UICollectionView.swift
SwiftCompile normal arm64 /Users/admin/builder/spi-builder-workspace/.dependencies/checkouts/Pharos/Pharos/Classes/PopulatedRelays/BindableCollection+UIControl.swift (in target 'Pharos' from project 'Pharos')
cd /Users/admin/builder/spi-builder-workspace/.swiftpm/xcode
builtin-SwiftPerFileCompile BindableCollection+UIControl.swift
SwiftCompile normal arm64 /Users/admin/builder/spi-builder-workspace/.dependencies/checkouts/Pharos/Pharos/Classes/PopulatedRelays/BindableCollection+UIImageView.swift (in target 'Pharos' from project 'Pharos')
cd /Users/admin/builder/spi-builder-workspace/.swiftpm/xcode
builtin-SwiftPerFileCompile BindableCollection+UIImageView.swift
SwiftDriverJobDiscovery normal arm64 Compiling Changes.swift, ObjectRetainer.swift, PharosContext.swift, Retainer.swift (in target 'Pharos' from project 'Pharos')
SwiftCompile normal arm64 Compiling\ Observable.swift,\ Observed.swift,\ Subject.swift,\ BindableCollection+TextInput.swift /Users/admin/builder/spi-builder-workspace/.dependencies/checkouts/Pharos/Pharos/Classes/Observable/Observable.swift /Users/admin/builder/spi-builder-workspace/.dependencies/checkouts/Pharos/Pharos/Classes/Observable/Observed.swift /Users/admin/builder/spi-builder-workspace/.dependencies/checkouts/Pharos/Pharos/Classes/Observable/Subject.swift /Users/admin/builder/spi-builder-workspace/.dependencies/checkouts/Pharos/Pharos/Classes/PopulatedRelays/BindableCollection+TextInput.swift (in target 'Pharos' from project 'Pharos')
SwiftCompile normal arm64 /Users/admin/builder/spi-builder-workspace/.dependencies/checkouts/Pharos/Pharos/Classes/Observable/Observable.swift (in target 'Pharos' from project 'Pharos')
cd /Users/admin/builder/spi-builder-workspace/.swiftpm/xcode
builtin-SwiftPerFileCompile Observable.swift
SwiftCompile normal arm64 /Users/admin/builder/spi-builder-workspace/.dependencies/checkouts/Pharos/Pharos/Classes/Observable/Observed.swift (in target 'Pharos' from project 'Pharos')
cd /Users/admin/builder/spi-builder-workspace/.swiftpm/xcode
builtin-SwiftPerFileCompile Observed.swift
SwiftCompile normal arm64 /Users/admin/builder/spi-builder-workspace/.dependencies/checkouts/Pharos/Pharos/Classes/Observable/Subject.swift (in target 'Pharos' from project 'Pharos')
cd /Users/admin/builder/spi-builder-workspace/.swiftpm/xcode
builtin-SwiftPerFileCompile Subject.swift
SwiftCompile normal arm64 /Users/admin/builder/spi-builder-workspace/.dependencies/checkouts/Pharos/Pharos/Classes/PopulatedRelays/BindableCollection+TextInput.swift (in target 'Pharos' from project 'Pharos')
cd /Users/admin/builder/spi-builder-workspace/.swiftpm/xcode
builtin-SwiftPerFileCompile BindableCollection+TextInput.swift
SwiftDriverJobDiscovery normal arm64 Emitting module for DiffableDataSources (in target 'DiffableDataSources' from project 'DiffableDataSources')
PruneExplicitPrecompiledModules /Users/admin/builder/spi-builder-workspace/.derivedData/SDKExplicitPrecompiledModules
PruneExplicitPrecompiledModules /Users/admin/builder/spi-builder-workspace/.derivedData/Build/Intermediates.noindex/SwiftExplicitPrecompiledModules
PruneExplicitPrecompiledModules /Users/admin/builder/spi-builder-workspace/.derivedData/Build/Intermediates.noindex/ExplicitPrecompiledModules
2026-09-18 07:37:24.336 xcodebuild[1135:6509] [MT] IDERunDestination: Supported platforms for the buildables in the current scheme is empty.
2026-09-18 07:37:24.440 xcodebuild[1135:6509] [MT] IDERunDestination: Supported platforms for the buildables in the current scheme is empty.
** BUILD FAILED **
The following build commands failed:
SwiftEmitModule normal arm64 Emitting\ module\ for\ Pharos (in target 'Pharos' from project 'Pharos')
SwiftCompile normal arm64 (in target 'Pharos' from project 'Pharos')
Building workspace Artisan with scheme Artisan
(3 failures)
BUILD FAILURE 6.4 tvOS