The Swift Package Index logo.Swift Package Index

Build Information

Failed to build LogKit, reference 3.1.0 (319210), with Swift 6.1 for Linux on 9 Jul 2026 13:39:52 UTC.

Build Command

bash -c docker run --pull=always --rm -v "checkouts-53886768-0":/host -w "$PWD" -e JAVA_HOME="/root/.sdkman/candidates/java/current" -e SPI_BUILD="1" -e SPI_PROCESSING="1" registry.gitlab.com/saguaro1/spi-images:basic-6.1-latest swift build --triple x86_64-unknown-linux-gnu 2>&1

Build Log

========================================
RunAll
========================================
Builder version: 0e64495ecc1688c3b3e031a5ef1348b5c05091ae
Interrupt handler set up.
========================================
Checkout
========================================
Clone URL: https://github.com/marekpridal/LogKit.git
Reference: 3.1.0
Initialized empty Git repository in /host/spi-builder-workspace/.git/
hint: Using 'master' as the name for the initial branch. This default branch name
hint: is subject to change. To configure the initial branch name to use in all
hint: of your new repositories, which will suppress this warning, call:
hint:
hint: 	git config --global init.defaultBranch <name>
hint:
hint: Names commonly chosen instead of 'master' are 'main', 'trunk' and
hint: 'development'. The just-created branch can be renamed via this command:
hint:
hint: 	git branch -m <name>
From https://github.com/marekpridal/LogKit
 * tag               3.1.0      -> FETCH_HEAD
HEAD is now at 319210d Merge pull request #11 from marekpridal/xcode-27
Cloned https://github.com/marekpridal/LogKit.git
Revision (git rev-parse @):
319210dc5cf4655026003cffc45d6ca4e973a430
SUCCESS checkout https://github.com/marekpridal/LogKit.git at 3.1.0
========================================
Build
========================================
Selected platform:         linux
Swift version:             6.1
Building package at path:  $PWD
https://github.com/marekpridal/LogKit.git
https://github.com/marekpridal/LogKit.git
WARNING: environment variable SUPPRESS_SWIFT_6_FLAGS is not set
Running build ...
bash -c docker run --pull=always --rm -v "checkouts-53886768-0":/host -w "$PWD" -e JAVA_HOME="/root/.sdkman/candidates/java/current" -e SPI_BUILD="1" -e SPI_PROCESSING="1" registry.gitlab.com/saguaro1/spi-images:basic-6.1-latest swift build --triple x86_64-unknown-linux-gnu -Xswiftc -Xfrontend -Xswiftc -stats-output-dir -Xswiftc -Xfrontend -Xswiftc .stats -Xswiftc -strict-concurrency=complete -Xswiftc -enable-upcoming-feature -Xswiftc StrictConcurrency -Xswiftc -enable-upcoming-feature -Xswiftc DisableOutwardActorInference -Xswiftc -enable-upcoming-feature -Xswiftc GlobalActorIsolatedTypesUsability -Xswiftc -enable-upcoming-feature -Xswiftc InferSendableFromCaptures 2>&1
basic-6.1-latest: Pulling from saguaro1/spi-images
Digest: sha256:0f094b998e61bb35b7a666f42e392cfb12929ea8fa9160622b1badd8b73d5c87
Status: Image is up to date for registry.gitlab.com/saguaro1/spi-images:basic-6.1-latest
Fetching https://github.com/skiptools/swift-android-native.git
[1/903] Fetching swift-android-native
Fetched https://github.com/skiptools/swift-android-native.git from cache (0.44s)
Computing version for https://github.com/skiptools/swift-android-native.git
Computed https://github.com/skiptools/swift-android-native.git at 1.5.1 (0.71s)
Fetching https://source.skip.tools/swift-jni.git
[1/269] Fetching swift-jni
Fetched https://source.skip.tools/swift-jni.git from cache (0.59s)
Computing version for https://source.skip.tools/swift-jni.git
Computed https://source.skip.tools/swift-jni.git at 0.5.0 (0.82s)
Creating working copy for https://source.skip.tools/swift-jni.git
Working copy of https://source.skip.tools/swift-jni.git resolved at 0.5.0
Creating working copy for https://github.com/skiptools/swift-android-native.git
Working copy of https://github.com/skiptools/swift-android-native.git resolved at 1.5.1
Building for debugging...
[0/7] Write sources
[1/7] Write swift-version-24593BA9C3E375BF.txt
error: emit-module command failed with exit code 1 (use -v to see invocation)
[3/9] Emitting module LogKit
<unknown>:0: warning: upcoming feature 'InferSendableFromCaptures' is already enabled as of Swift version 6
<unknown>:0: warning: upcoming feature 'GlobalActorIsolatedTypesUsability' is already enabled as of Swift version 6
<unknown>:0: warning: upcoming feature 'DisableOutwardActorInference' is already enabled as of Swift version 6
/host/spi-builder-workspace/Sources/LogKit/LogKit.swift:10:8: error: no such module 'AndroidLogging'
  8 | import Foundation
  9 | #if os(Android) || os(Windows) || os(Linux)
 10 | import AndroidLogging
    |        `- error: no such module 'AndroidLogging'
 11 | import FoundationNetworking
 12 | #else
[4/9] Compiling LogKit LogKit.swift
<unknown>:0: warning: upcoming feature 'InferSendableFromCaptures' is already enabled as of Swift version 6
<unknown>:0: warning: upcoming feature 'GlobalActorIsolatedTypesUsability' is already enabled as of Swift version 6
<unknown>:0: warning: upcoming feature 'DisableOutwardActorInference' is already enabled as of Swift version 6
/host/spi-builder-workspace/Sources/LogKit/LogKit.swift:10:8: error: no such module 'AndroidLogging'
  8 | import Foundation
  9 | #if os(Android) || os(Windows) || os(Linux)
 10 | import AndroidLogging
    |        `- error: no such module 'AndroidLogging'
 11 | import FoundationNetworking
 12 | #else
Running build ...
bash -c docker run --pull=always --rm -v "checkouts-53886768-0":/host -w "$PWD" -e JAVA_HOME="/root/.sdkman/candidates/java/current" -e SPI_BUILD="1" -e SPI_PROCESSING="1" registry.gitlab.com/saguaro1/spi-images:basic-6.1-latest swift build --triple x86_64-unknown-linux-gnu 2>&1
basic-6.1-latest: Pulling from saguaro1/spi-images
Digest: sha256:0f094b998e61bb35b7a666f42e392cfb12929ea8fa9160622b1badd8b73d5c87
Status: Image is up to date for registry.gitlab.com/saguaro1/spi-images:basic-6.1-latest
[0/1] Planning build
Building for debugging...
[0/6] Write swift-version-24593BA9C3E375BF.txt
error: emit-module command failed with exit code 1 (use -v to see invocation)
[2/8] Emitting module LogKit
/host/spi-builder-workspace/Sources/LogKit/LogKit.swift:10:8: error: no such module 'AndroidLogging'
  8 | import Foundation
  9 | #if os(Android) || os(Windows) || os(Linux)
 10 | import AndroidLogging
    |        `- error: no such module 'AndroidLogging'
 11 | import FoundationNetworking
 12 | #else
[3/8] Compiling LogKit LogKit.swift
/host/spi-builder-workspace/Sources/LogKit/LogKit.swift:10:8: error: no such module 'AndroidLogging'
  8 | import Foundation
  9 | #if os(Android) || os(Windows) || os(Linux)
 10 | import AndroidLogging
    |        `- error: no such module 'AndroidLogging'
 11 | import FoundationNetworking
 12 | #else
BUILD FAILURE 6.1 linux