The Swift Package Index logo.Swift Package Index

Build Information

Failed to build DVB, reference master (3d3999), with Swift 6.4 for watchOS using Xcode 27.0 on 16 Sep 2026 05:29:51 UTC.

Build Command

env DEVELOPER_DIR=/Applications/Xcode-27.0.0-Release.Candidate.app xcrun xcodebuild -IDEClonedSourcePackagesDirPathOverride=$PWD/.dependencies -skipMacroValidation -skipPackagePluginValidation -derivedDataPath $PWD/.derivedData build -scheme DVB-Package -destination generic/platform=watchOS

Build Log

========================================
RunAll
========================================
Builder version: 5.1.0
Interrupt handler set up.
========================================
Checkout
========================================
Clone URL: https://github.com/kiliankoe/DVB.git
Reference: master
Initialized empty Git repository in /Users/admin/builder/spi-builder-workspace/.git/
From https://github.com/kiliankoe/DVB
 * branch            master     -> FETCH_HEAD
 * [new branch]      master     -> origin/master
HEAD is now at 3d3999b Remove TripsResponse expirationTime
Cloned https://github.com/kiliankoe/DVB.git
Revision (git rev-parse @):
3d3999bca5e3847f0b73668b8fe496b73c69712c
SUCCESS checkout https://github.com/kiliankoe/DVB.git at master
========================================
Build
========================================
Selected platform:         watchOS
Swift version:             6.4
Building package at path:  $PWD
https://github.com/kiliankoe/DVB.git
Command line invocation:
    /Applications/Xcode-27.0.0-Release.Candidate.app/Contents/Developer/usr/bin/xcodebuild -IDEClonedSourcePackagesDirPathOverride=/Users/admin/builder/spi-builder-workspace/.dependencies -resolvePackageDependencies
resolved source packages:
{
  "dependencies" : [
  ],
  "manifest_display_name" : "DVB",
  "name" : "DVB",
  "path" : "/Users/admin/builder/spi-builder-workspace",
  "platforms" : [
  ],
  "products" : [
    {
      "name" : "DVB",
      "targets" : [
        "DVB"
      ],
      "type" : {
        "library" : [
          "automatic"
        ]
      }
    }
  ],
  "targets" : [
    {
      "c99name" : "DVBTests",
      "module_type" : "SwiftTarget",
      "name" : "DVBTests",
      "path" : "Tests/DVBTests",
      "sources" : [
        "DateTests.swift",
        "DepartureTests.swift",
        "GaussKruegerTests.swift",
        "LineTests.swift",
        "ModeTests.swift",
        "POITests.swift",
        "ResultTests.swift",
        "RouteChangeTests.swift",
        "RouteTests.swift",
        "StopTests.swift",
        "TripTests.swift"
      ],
      "target_dependencies" : [
        "DVB"
      ],
      "type" : "test"
    },
    {
      "c99name" : "DVB",
      "module_type" : "SwiftTarget",
      "name" : "DVB",
      "path" : "Sources/DVB",
      "product_memberships" : [
        "DVB"
      ],
      "sources" : [
        "DVBError.swift",
        "Date+SAP.swift",
        "Endpoint.swift",
        "GaussKrueger.swift",
        "Models/Departure/Departure+State.swift",
        "Models/Departure/Departure.swift",
        "Models/Departure/MonitorResponse.swift",
        "Models/Diva.swift",
        "Models/Line/Line+Direction.swift",
        "Models/Line/Line+TimeTable.swift",
        "Models/Line/Line.swift",
        "Models/Line/LinesResponse.swift",
        "Models/Mode.swift",
        "Models/POI/POI+Kind.swift",
        "Models/POI/POI.swift",
        "Models/POI/POIResponse.swift",
        "Models/Platform.swift",
        "Models/Route/Request Settings/MobilitySettings.swift",
        "Models/Route/Request Settings/StandardSettings.swift",
        "Models/Route/Route+MapData.swift",
        "Models/Route/Route+ModeElement.swift",
        "Models/Route/Route+RoutePartial.swift",
        "Models/Route/Route+RouteStop.swift",
        "Models/Route/Route.swift",
        "Models/Route/RoutesResponse.swift",
        "Models/RouteChange/RouteChange+Kind.swift",
        "Models/RouteChange/RouteChange+Line.swift",
        "Models/RouteChange/RouteChange+ValidityPeriod.swift",
        "Models/RouteChange/RouteChange.swift",
        "Models/RouteChange/RouteChangeResponse.swift",
        "Models/Stop/FindResponse.swift",
        "Models/Stop/Stop.swift",
        "Models/Trip.swift",
        "Network.swift",
        "Result.swift",
        "SAPDateDecoder.swift"
      ],
      "type" : "library"
    }
  ],
  "tools_version" : "5.2"
}
{
  "project" : {
    "configurations" : [
      "Debug",
      "Release"
    ],
    "name" : "DVB",
    "schemes" : [
      "DVB-Package",
      "DVBPackageDescription",
      "DVBPackageTests"
    ],
    "targets" : [
      "DVBPackageDescription",
      "DVBTests",
      "DVB",
      "DVBPackageTests"
    ]
  }
}
Running build ...
env DEVELOPER_DIR=/Applications/Xcode-27.0.0-Release.Candidate.app xcrun xcodebuild -IDEClonedSourcePackagesDirPathOverride=$PWD/.dependencies -skipMacroValidation -skipPackagePluginValidation -derivedDataPath $PWD/.derivedData build -scheme DVB-Package -destination generic/platform=watchOS
Command line invocation:
    /Applications/Xcode-27.0.0-Release.Candidate.app/Contents/Developer/usr/bin/xcodebuild -IDEClonedSourcePackagesDirPathOverride=/Users/admin/builder/spi-builder-workspace/.dependencies -skipMacroValidation -skipPackagePluginValidation -derivedDataPath /Users/admin/builder/spi-builder-workspace/.derivedData build -scheme DVB-Package -destination generic/platform=watchOS
ComputePackagePrebuildTargetDependencyGraph
Prepare packages
CreateBuildRequest
SendProjectDescription
CreateBuildOperation
ComputeTargetDependencyGraph
note: Building targets in dependency order
note: Target dependency graph (1 target)
    Target 'DVB' in project 'DVB' (no dependencies)
GatherProvisioningInputs
CreateBuildDescription
ExecuteExternalTool /Applications/Xcode-27.0.0-Release.Candidate.app/Contents/Developer/Toolchains/XcodeDefault.xctoolchain/usr/bin/clang -v -E -dM -isysroot /Applications/Xcode-27.0.0-Release.Candidate.app/Contents/Developer/Platforms/WatchOS.platform/Developer/SDKs/WatchOS27.0.sdk -x c -c /dev/null
ExecuteExternalTool /Applications/Xcode-27.0.0-Release.Candidate.app/Contents/Developer/Toolchains/XcodeDefault.xctoolchain/usr/bin/swiftc --version
ExecuteExternalTool /Applications/Xcode-27.0.0-Release.Candidate.app/Contents/Developer/Toolchains/XcodeDefault.xctoolchain/usr/bin/ld -version_details
Build description signature: b3322a8d37c1270eff649c28501bc952
Build description path: /Users/admin/builder/spi-builder-workspace/.derivedData/Build/Intermediates.noindex/XCBuildData/b3322a8d37c1270eff649c28501bc952.xcbuilddata
/Users/admin/builder/spi-builder-workspace/DVB.xcodeproj: error: The watchOS deployment target 'WATCHOS_DEPLOYMENT_TARGET' is set to 2.0, but the range of supported deployment target versions is 9.0 to 27.0.x. (in target 'DVB' from project 'DVB')
error: The armv7k architecture is deprecated. You should update your ARCHS build setting to remove the armv7k architecture. (in target 'DVB' from project 'DVB')
warning: Run script build phase 'SwiftLint' will be run during every build because it does not specify any outputs. To address this issue, either add output dependencies to the script phase, or configure it to run in every build by unchecking "Based on dependency analysis" in the script phase. (in target 'DVB' from project 'DVB')
warning: Run script build phase 'TODO/FIXME' will be run during every build because it does not specify any outputs. To address this issue, either add output dependencies to the script phase, or configure it to run in every build by unchecking "Based on dependency analysis" in the script phase. (in target 'DVB' from project 'DVB')
** BUILD FAILED **
The following build commands failed:
	Building project DVB with scheme DVB-Package
(1 failure)
Command line invocation:
    /Applications/Xcode-27.0.0-Release.Candidate.app/Contents/Developer/usr/bin/xcodebuild -IDEClonedSourcePackagesDirPathOverride=/Users/admin/builder/spi-builder-workspace/.dependencies -resolvePackageDependencies
resolved source packages:
{
  "dependencies" : [
  ],
  "manifest_display_name" : "DVB",
  "name" : "DVB",
  "path" : "/Users/admin/builder/spi-builder-workspace",
  "platforms" : [
  ],
  "products" : [
    {
      "name" : "DVB",
      "targets" : [
        "DVB"
      ],
      "type" : {
        "library" : [
          "automatic"
        ]
      }
    }
  ],
  "targets" : [
    {
      "c99name" : "DVBTests",
      "module_type" : "SwiftTarget",
      "name" : "DVBTests",
      "path" : "Tests/DVBTests",
      "sources" : [
        "DateTests.swift",
        "DepartureTests.swift",
        "GaussKruegerTests.swift",
        "LineTests.swift",
        "ModeTests.swift",
        "POITests.swift",
        "ResultTests.swift",
        "RouteChangeTests.swift",
        "RouteTests.swift",
        "StopTests.swift",
        "TripTests.swift"
      ],
      "target_dependencies" : [
        "DVB"
      ],
      "type" : "test"
    },
    {
      "c99name" : "DVB",
      "module_type" : "SwiftTarget",
      "name" : "DVB",
      "path" : "Sources/DVB",
      "product_memberships" : [
        "DVB"
      ],
      "sources" : [
        "DVBError.swift",
        "Date+SAP.swift",
        "Endpoint.swift",
        "GaussKrueger.swift",
        "Models/Departure/Departure+State.swift",
        "Models/Departure/Departure.swift",
        "Models/Departure/MonitorResponse.swift",
        "Models/Diva.swift",
        "Models/Line/Line+Direction.swift",
        "Models/Line/Line+TimeTable.swift",
        "Models/Line/Line.swift",
        "Models/Line/LinesResponse.swift",
        "Models/Mode.swift",
        "Models/POI/POI+Kind.swift",
        "Models/POI/POI.swift",
        "Models/POI/POIResponse.swift",
        "Models/Platform.swift",
        "Models/Route/Request Settings/MobilitySettings.swift",
        "Models/Route/Request Settings/StandardSettings.swift",
        "Models/Route/Route+MapData.swift",
        "Models/Route/Route+ModeElement.swift",
        "Models/Route/Route+RoutePartial.swift",
        "Models/Route/Route+RouteStop.swift",
        "Models/Route/Route.swift",
        "Models/Route/RoutesResponse.swift",
        "Models/RouteChange/RouteChange+Kind.swift",
        "Models/RouteChange/RouteChange+Line.swift",
        "Models/RouteChange/RouteChange+ValidityPeriod.swift",
        "Models/RouteChange/RouteChange.swift",
        "Models/RouteChange/RouteChangeResponse.swift",
        "Models/Stop/FindResponse.swift",
        "Models/Stop/Stop.swift",
        "Models/Trip.swift",
        "Network.swift",
        "Result.swift",
        "SAPDateDecoder.swift"
      ],
      "type" : "library"
    }
  ],
  "tools_version" : "5.2"
}
{
  "project" : {
    "configurations" : [
      "Debug",
      "Release"
    ],
    "name" : "DVB",
    "schemes" : [
      "DVB-Package",
      "DVBPackageDescription",
      "DVBPackageTests"
    ],
    "targets" : [
      "DVBPackageDescription",
      "DVBTests",
      "DVB",
      "DVBPackageTests"
    ]
  }
}
Running build ...
env DEVELOPER_DIR=/Applications/Xcode-27.0.0-Release.Candidate.app xcrun xcodebuild -IDEClonedSourcePackagesDirPathOverride=$PWD/.dependencies -skipMacroValidation -skipPackagePluginValidation -derivedDataPath $PWD/.derivedData build -scheme DVB-Package -destination generic/platform=watchOS
Command line invocation:
    /Applications/Xcode-27.0.0-Release.Candidate.app/Contents/Developer/usr/bin/xcodebuild -IDEClonedSourcePackagesDirPathOverride=/Users/admin/builder/spi-builder-workspace/.dependencies -skipMacroValidation -skipPackagePluginValidation -derivedDataPath /Users/admin/builder/spi-builder-workspace/.derivedData build -scheme DVB-Package -destination generic/platform=watchOS
ComputePackagePrebuildTargetDependencyGraph
Prepare packages
CreateBuildRequest
SendProjectDescription
CreateBuildOperation
ComputeTargetDependencyGraph
note: Building targets in dependency order
note: Target dependency graph (1 target)
    Target 'DVB' in project 'DVB' (no dependencies)
GatherProvisioningInputs
CreateBuildDescription
error: The armv7k architecture is deprecated. You should update your ARCHS build setting to remove the armv7k architecture. (in target 'DVB' from project 'DVB')
/Users/admin/builder/spi-builder-workspace/DVB.xcodeproj: error: The watchOS deployment target 'WATCHOS_DEPLOYMENT_TARGET' is set to 2.0, but the range of supported deployment target versions is 9.0 to 27.0.x. (in target 'DVB' from project 'DVB')
warning: Run script build phase 'SwiftLint' will be run during every build because it does not specify any outputs. To address this issue, either add output dependencies to the script phase, or configure it to run in every build by unchecking "Based on dependency analysis" in the script phase. (in target 'DVB' from project 'DVB')
warning: Run script build phase 'TODO/FIXME' will be run during every build because it does not specify any outputs. To address this issue, either add output dependencies to the script phase, or configure it to run in every build by unchecking "Based on dependency analysis" in the script phase. (in target 'DVB' from project 'DVB')
** BUILD FAILED **
The following build commands failed:
	Building project DVB with scheme DVB-Package
(1 failure)
BUILD FAILURE 6.4 watchOS