Build Information
Failed to build SwiftySandboxFileAccess, reference master (7d4e95), with Swift 6.4 for watchOS using Xcode 27.0 on 17 Sep 2026 19:54:57 UTC.
Build Command
env DEVELOPER_DIR=/Applications/Xcode-27.0.0-Release.Candidate.app xcrun xcodebuild -IDEClonedSourcePackagesDirPathOverride=$PWD/.dependencies -skipMacroValidation -skipPackagePluginValidation -derivedDataPath $PWD/.derivedData build -scheme SwiftySandboxFileAccess -destination generic/platform=watchOSBuild Log
========================================
RunAll
========================================
Builder version: 5.1.0
Interrupt handler set up.
========================================
Checkout
========================================
Clone URL: https://github.com/ConfusedVorlon/SwiftySandboxFileAccess.git
Reference: master
Initialized empty Git repository in /Users/admin/builder/spi-builder-workspace/.git/
From https://github.com/ConfusedVorlon/SwiftySandboxFileAccess
* branch master -> FETCH_HEAD
* [new branch] master -> origin/master
HEAD is now at 7d4e954 tweak readme
Cloned https://github.com/ConfusedVorlon/SwiftySandboxFileAccess.git
Revision (git rev-parse @):
7d4e9549cf3e1c331742b86a1dbcacccf52b7274
SUCCESS checkout https://github.com/ConfusedVorlon/SwiftySandboxFileAccess.git at master
========================================
Build
========================================
Selected platform: watchOS
Swift version: 6.4
Building package at path: $PWD
https://github.com/ConfusedVorlon/SwiftySandboxFileAccess.git
Command line invocation:
/Applications/Xcode-27.0.0-Release.Candidate.app/Contents/Developer/usr/bin/xcodebuild -IDEClonedSourcePackagesDirPathOverride=/Users/admin/builder/spi-builder-workspace/.dependencies -resolvePackageDependencies
Resolve Package Graph
Resolve Package Graph
Resolved source packages:
SwiftySandboxFileAccess: /Users/admin/builder/spi-builder-workspace
resolved source packages: SwiftySandboxFileAccess
2026-09-17 15:54:14.019 xcodebuild[529:3035] [MT] IDERunDestination: Supported platforms for the buildables in the current scheme is empty.
{
"dependencies" : [
],
"manifest_display_name" : "SwiftySandboxFileAccess",
"name" : "SwiftySandboxFileAccess",
"path" : "/Users/admin/builder/spi-builder-workspace",
"platforms" : [
],
"products" : [
{
"name" : "SwiftySandboxFileAccess",
"targets" : [
"SwiftySandboxFileAccess"
],
"type" : {
"library" : [
"automatic"
]
}
}
],
"targets" : [
{
"c99name" : "SwiftySandboxFileAccess",
"module_type" : "SwiftTarget",
"name" : "SwiftySandboxFileAccess",
"path" : "Sources/SwiftySandboxFileAccess",
"product_memberships" : [
"SwiftySandboxFileAccess"
],
"sources" : [
"AccessInfo.swift",
"Permissions.swift",
"PowerboxAccess.swift",
"SandboxFileAccess.swift",
"SandboxFileAccessOpenSavePanelDelegate.swift",
"SandboxFileAccessPersist.swift"
],
"type" : "library"
}
],
"tools_version" : "5.3"
}
{
"workspace" : {
"name" : "SwiftySandboxFileAccess",
"schemes" : [
"SwiftySandboxFileAccess"
]
}
}
2026-09-17 15:54:49.916 xcodebuild[626:3956] [MT] IDERunDestination: Supported platforms for the buildables in the current scheme is empty.
Running build ...
env DEVELOPER_DIR=/Applications/Xcode-27.0.0-Release.Candidate.app xcrun xcodebuild -IDEClonedSourcePackagesDirPathOverride=$PWD/.dependencies -skipMacroValidation -skipPackagePluginValidation -derivedDataPath $PWD/.derivedData build -scheme SwiftySandboxFileAccess -destination generic/platform=watchOS
Command line invocation:
/Applications/Xcode-27.0.0-Release.Candidate.app/Contents/Developer/usr/bin/xcodebuild -IDEClonedSourcePackagesDirPathOverride=/Users/admin/builder/spi-builder-workspace/.dependencies -skipMacroValidation -skipPackagePluginValidation -derivedDataPath /Users/admin/builder/spi-builder-workspace/.derivedData build -scheme SwiftySandboxFileAccess -destination generic/platform=watchOS
Resolve Package Graph
Resolved source packages:
SwiftySandboxFileAccess: /Users/admin/builder/spi-builder-workspace
ComputePackagePrebuildTargetDependencyGraph
Prepare packages
CreateBuildRequest
SendProjectDescription
CreateBuildOperation
ComputeTargetDependencyGraph
note: Building targets in dependency order
note: Target dependency graph (2 targets)
Target 'SwiftySandboxFileAccess-product' in project 'SwiftySandboxFileAccess'
➜ Explicit dependency on target 'SwiftySandboxFileAccess' in project 'SwiftySandboxFileAccess'
Target 'SwiftySandboxFileAccess' in project 'SwiftySandboxFileAccess' (no dependencies)
GatherProvisioningInputs
CreateBuildDescription
ExecuteExternalTool /Applications/Xcode-27.0.0-Release.Candidate.app/Contents/Developer/Toolchains/XcodeDefault.xctoolchain/usr/bin/clang -v -E -dM -isysroot /Applications/Xcode-27.0.0-Release.Candidate.app/Contents/Developer/Platforms/WatchOS.platform/Developer/SDKs/WatchOS27.0.sdk -x c -c /dev/null
ExecuteExternalTool /Applications/Xcode-27.0.0-Release.Candidate.app/Contents/Developer/Toolchains/XcodeDefault.xctoolchain/usr/bin/swiftc --version
ExecuteExternalTool /Applications/Xcode-27.0.0-Release.Candidate.app/Contents/Developer/Toolchains/XcodeDefault.xctoolchain/usr/bin/ld -version_details
Build description signature: 2dcda4d3812792f579df29ae2753245c
Build description path: /Users/admin/builder/spi-builder-workspace/.derivedData/Build/Intermediates.noindex/XCBuildData/2dcda4d3812792f579df29ae2753245c.xcbuilddata
CreateBuildDirectory /Users/admin/builder/spi-builder-workspace/.derivedData/SDKExplicitPrecompiledModules
cd /Users/admin/builder/spi-builder-workspace/.swiftpm/xcode
builtin-create-build-directory /Users/admin/builder/spi-builder-workspace/.derivedData/SDKExplicitPrecompiledModules
CreateBuildDirectory /Users/admin/builder/spi-builder-workspace/.derivedData/ModuleCache.noindex
cd /Users/admin/builder/spi-builder-workspace/.swiftpm/xcode
builtin-create-build-directory /Users/admin/builder/spi-builder-workspace/.derivedData/ModuleCache.noindex
CreateBuildDirectory /Users/admin/builder/spi-builder-workspace/.derivedData/CompilationCache.noindex
cd /Users/admin/builder/spi-builder-workspace/.swiftpm/xcode
builtin-create-build-directory /Users/admin/builder/spi-builder-workspace/.derivedData/CompilationCache.noindex
CreateBuildDirectory /Users/admin/builder/spi-builder-workspace/.derivedData/Build/Products
cd /Users/admin/builder/spi-builder-workspace/.swiftpm/xcode
builtin-create-build-directory /Users/admin/builder/spi-builder-workspace/.derivedData/Build/Products
CreateBuildDirectory /Users/admin/builder/spi-builder-workspace/.derivedData/Build/Intermediates.noindex
cd /Users/admin/builder/spi-builder-workspace/.swiftpm/xcode
builtin-create-build-directory /Users/admin/builder/spi-builder-workspace/.derivedData/Build/Intermediates.noindex
ClangStatCache /Applications/Xcode-27.0.0-Release.Candidate.app/Contents/Developer/Toolchains/XcodeDefault.xctoolchain/usr/bin/clang-stat-cache /Applications/Xcode-27.0.0-Release.Candidate.app/Contents/Developer/Platforms/WatchOS.platform/Developer/SDKs/WatchOS27.0.sdk /Users/admin/builder/spi-builder-workspace/.derivedData/SDKStatCaches.noindex/watchos27.0-24R360-e829b21a6f8c9b70876ba0858053c04477534ef55a1706bf4c1112bbb242f0a2.sdkstatcache
cd /Users/admin/builder/spi-builder-workspace/.swiftpm/xcode
/Applications/Xcode-27.0.0-Release.Candidate.app/Contents/Developer/Toolchains/XcodeDefault.xctoolchain/usr/bin/clang-stat-cache /Applications/Xcode-27.0.0-Release.Candidate.app/Contents/Developer/Platforms/WatchOS.platform/Developer/SDKs/WatchOS27.0.sdk -o /Users/admin/builder/spi-builder-workspace/.derivedData/SDKStatCaches.noindex/watchos27.0-24R360-e829b21a6f8c9b70876ba0858053c04477534ef55a1706bf4c1112bbb242f0a2.sdkstatcache
CreateBuildDirectory /Users/admin/builder/spi-builder-workspace/.derivedData/Build/Intermediates.noindex/SwiftExplicitPrecompiledModules
cd /Users/admin/builder/spi-builder-workspace/.swiftpm/xcode
builtin-create-build-directory /Users/admin/builder/spi-builder-workspace/.derivedData/Build/Intermediates.noindex/SwiftExplicitPrecompiledModules
CreateBuildDirectory /Users/admin/builder/spi-builder-workspace/.derivedData/Build/Intermediates.noindex/ExplicitPrecompiledModules
cd /Users/admin/builder/spi-builder-workspace/.swiftpm/xcode
builtin-create-build-directory /Users/admin/builder/spi-builder-workspace/.derivedData/Build/Intermediates.noindex/ExplicitPrecompiledModules
CreateBuildDirectory /Users/admin/builder/spi-builder-workspace/.derivedData/Build/Intermediates.noindex/PrecompiledHeaders
cd /Users/admin/builder/spi-builder-workspace/.swiftpm/xcode
builtin-create-build-directory /Users/admin/builder/spi-builder-workspace/.derivedData/Build/Intermediates.noindex/PrecompiledHeaders
CreateBuildDirectory /Users/admin/builder/spi-builder-workspace/.derivedData/Build/Products/Debug-watchos
cd /Users/admin/builder/spi-builder-workspace/.swiftpm/xcode
builtin-create-build-directory /Users/admin/builder/spi-builder-workspace/.derivedData/Build/Products/Debug-watchos
CreateBuildDirectory /Users/admin/builder/spi-builder-workspace/.derivedData/Build/Intermediates.noindex/EagerLinkingTBDs/Debug-watchos
cd /Users/admin/builder/spi-builder-workspace/.swiftpm/xcode
builtin-create-build-directory /Users/admin/builder/spi-builder-workspace/.derivedData/Build/Intermediates.noindex/EagerLinkingTBDs/Debug-watchos
CreateBuildDirectory /Users/admin/builder/spi-builder-workspace/.derivedData/Build/Products/Debug-watchos/PackageFrameworks
cd /Users/admin/builder/spi-builder-workspace/.swiftpm/xcode
builtin-create-build-directory /Users/admin/builder/spi-builder-workspace/.derivedData/Build/Products/Debug-watchos/PackageFrameworks
WriteAuxiliaryFile /Users/admin/builder/spi-builder-workspace/.derivedData/Build/Intermediates.noindex/SwiftySandboxFileAccess.build/Debug-watchos/SwiftySandboxFileAccess-t.build/SwiftySandboxFileAccess.DependencyStaticMetadataFileList (in target 'SwiftySandboxFileAccess' from project 'SwiftySandboxFileAccess')
cd /Users/admin/builder/spi-builder-workspace
write-file /Users/admin/builder/spi-builder-workspace/.derivedData/Build/Intermediates.noindex/SwiftySandboxFileAccess.build/Debug-watchos/SwiftySandboxFileAccess-t.build/SwiftySandboxFileAccess.DependencyStaticMetadataFileList
WriteAuxiliaryFile /Users/admin/builder/spi-builder-workspace/.derivedData/Build/Intermediates.noindex/SwiftySandboxFileAccess.build/Debug-watchos/SwiftySandboxFileAccess-t.build/SwiftySandboxFileAccess.modulemap (in target 'SwiftySandboxFileAccess' from project 'SwiftySandboxFileAccess')
cd /Users/admin/builder/spi-builder-workspace
write-file /Users/admin/builder/spi-builder-workspace/.derivedData/Build/Intermediates.noindex/SwiftySandboxFileAccess.build/Debug-watchos/SwiftySandboxFileAccess-t.build/SwiftySandboxFileAccess.modulemap
WriteAuxiliaryFile /Users/admin/builder/spi-builder-workspace/.derivedData/Build/Intermediates.noindex/SwiftySandboxFileAccess.build/Debug-watchos/SwiftySandboxFileAccess-t.build/SwiftySandboxFileAccess.DependencyMetadataFileList (in target 'SwiftySandboxFileAccess' from project 'SwiftySandboxFileAccess')
cd /Users/admin/builder/spi-builder-workspace
write-file /Users/admin/builder/spi-builder-workspace/.derivedData/Build/Intermediates.noindex/SwiftySandboxFileAccess.build/Debug-watchos/SwiftySandboxFileAccess-t.build/SwiftySandboxFileAccess.DependencyMetadataFileList
WriteAuxiliaryFile /Users/admin/builder/spi-builder-workspace/.derivedData/Build/Intermediates.noindex/SwiftySandboxFileAccess.build/Debug-watchos/SwiftySandboxFileAccess-t.build/Objects-normal/arm64_32/SwiftySandboxFileAccess.SwiftFileList (in target 'SwiftySandboxFileAccess' from project 'SwiftySandboxFileAccess')
cd /Users/admin/builder/spi-builder-workspace
write-file /Users/admin/builder/spi-builder-workspace/.derivedData/Build/Intermediates.noindex/SwiftySandboxFileAccess.build/Debug-watchos/SwiftySandboxFileAccess-t.build/Objects-normal/arm64_32/SwiftySandboxFileAccess.SwiftFileList
WriteAuxiliaryFile /Users/admin/builder/spi-builder-workspace/.derivedData/Build/Intermediates.noindex/SwiftySandboxFileAccess.build/Debug-watchos/SwiftySandboxFileAccess-t.build/Objects-normal/arm64_32/SwiftySandboxFileAccess_const_extract_protocols.json (in target 'SwiftySandboxFileAccess' from project 'SwiftySandboxFileAccess')
cd /Users/admin/builder/spi-builder-workspace
write-file /Users/admin/builder/spi-builder-workspace/.derivedData/Build/Intermediates.noindex/SwiftySandboxFileAccess.build/Debug-watchos/SwiftySandboxFileAccess-t.build/Objects-normal/arm64_32/SwiftySandboxFileAccess_const_extract_protocols.json
WriteAuxiliaryFile /Users/admin/builder/spi-builder-workspace/.derivedData/Build/Intermediates.noindex/SwiftySandboxFileAccess.build/Debug-watchos/SwiftySandboxFileAccess-t.build/Objects-normal/arm64_32/SwiftySandboxFileAccess.LinkFileList (in target 'SwiftySandboxFileAccess' from project 'SwiftySandboxFileAccess')
cd /Users/admin/builder/spi-builder-workspace
write-file /Users/admin/builder/spi-builder-workspace/.derivedData/Build/Intermediates.noindex/SwiftySandboxFileAccess.build/Debug-watchos/SwiftySandboxFileAccess-t.build/Objects-normal/arm64_32/SwiftySandboxFileAccess.LinkFileList
WriteAuxiliaryFile /Users/admin/builder/spi-builder-workspace/.derivedData/Build/Intermediates.noindex/SwiftySandboxFileAccess.build/Debug-watchos/SwiftySandboxFileAccess-t.build/Objects-normal/arm64_32/SwiftySandboxFileAccess-OutputFileMap.json (in target 'SwiftySandboxFileAccess' from project 'SwiftySandboxFileAccess')
cd /Users/admin/builder/spi-builder-workspace
write-file /Users/admin/builder/spi-builder-workspace/.derivedData/Build/Intermediates.noindex/SwiftySandboxFileAccess.build/Debug-watchos/SwiftySandboxFileAccess-t.build/Objects-normal/arm64_32/SwiftySandboxFileAccess-OutputFileMap.json
WriteAuxiliaryFile /Users/admin/builder/spi-builder-workspace/.derivedData/Build/Intermediates.noindex/SwiftySandboxFileAccess.build/Debug-watchos/SwiftySandboxFileAccess-t.build/Objects-normal/arm64_32/SwiftySandboxFileAccess.SwiftConstValuesFileList (in target 'SwiftySandboxFileAccess' from project 'SwiftySandboxFileAccess')
cd /Users/admin/builder/spi-builder-workspace
write-file /Users/admin/builder/spi-builder-workspace/.derivedData/Build/Intermediates.noindex/SwiftySandboxFileAccess.build/Debug-watchos/SwiftySandboxFileAccess-t.build/Objects-normal/arm64_32/SwiftySandboxFileAccess.SwiftConstValuesFileList
WriteAuxiliaryFile /Users/admin/builder/spi-builder-workspace/.derivedData/Build/Intermediates.noindex/SwiftySandboxFileAccess.build/Debug-watchos/SwiftySandboxFileAccess-t.build/Objects-normal/arm64/SwiftySandboxFileAccess_const_extract_protocols.json (in target 'SwiftySandboxFileAccess' from project 'SwiftySandboxFileAccess')
cd /Users/admin/builder/spi-builder-workspace
write-file /Users/admin/builder/spi-builder-workspace/.derivedData/Build/Intermediates.noindex/SwiftySandboxFileAccess.build/Debug-watchos/SwiftySandboxFileAccess-t.build/Objects-normal/arm64/SwiftySandboxFileAccess_const_extract_protocols.json
WriteAuxiliaryFile /Users/admin/builder/spi-builder-workspace/.derivedData/Build/Intermediates.noindex/SwiftySandboxFileAccess.build/Debug-watchos/SwiftySandboxFileAccess-t.build/Objects-normal/arm64/SwiftySandboxFileAccess.SwiftFileList (in target 'SwiftySandboxFileAccess' from project 'SwiftySandboxFileAccess')
cd /Users/admin/builder/spi-builder-workspace
write-file /Users/admin/builder/spi-builder-workspace/.derivedData/Build/Intermediates.noindex/SwiftySandboxFileAccess.build/Debug-watchos/SwiftySandboxFileAccess-t.build/Objects-normal/arm64/SwiftySandboxFileAccess.SwiftFileList
WriteAuxiliaryFile /Users/admin/builder/spi-builder-workspace/.derivedData/Build/Intermediates.noindex/SwiftySandboxFileAccess.build/Debug-watchos/SwiftySandboxFileAccess-t.build/Objects-normal/arm64/SwiftySandboxFileAccess.SwiftConstValuesFileList (in target 'SwiftySandboxFileAccess' from project 'SwiftySandboxFileAccess')
cd /Users/admin/builder/spi-builder-workspace
write-file /Users/admin/builder/spi-builder-workspace/.derivedData/Build/Intermediates.noindex/SwiftySandboxFileAccess.build/Debug-watchos/SwiftySandboxFileAccess-t.build/Objects-normal/arm64/SwiftySandboxFileAccess.SwiftConstValuesFileList
WriteAuxiliaryFile /Users/admin/builder/spi-builder-workspace/.derivedData/Build/Intermediates.noindex/SwiftySandboxFileAccess.build/Debug-watchos/SwiftySandboxFileAccess-t.build/Objects-normal/arm64/SwiftySandboxFileAccess.LinkFileList (in target 'SwiftySandboxFileAccess' from project 'SwiftySandboxFileAccess')
cd /Users/admin/builder/spi-builder-workspace
write-file /Users/admin/builder/spi-builder-workspace/.derivedData/Build/Intermediates.noindex/SwiftySandboxFileAccess.build/Debug-watchos/SwiftySandboxFileAccess-t.build/Objects-normal/arm64/SwiftySandboxFileAccess.LinkFileList
WriteAuxiliaryFile /Users/admin/builder/spi-builder-workspace/.derivedData/Build/Intermediates.noindex/SwiftySandboxFileAccess.build/Debug-watchos/SwiftySandboxFileAccess-t.build/Objects-normal/arm64/SwiftySandboxFileAccess-OutputFileMap.json (in target 'SwiftySandboxFileAccess' from project 'SwiftySandboxFileAccess')
cd /Users/admin/builder/spi-builder-workspace
write-file /Users/admin/builder/spi-builder-workspace/.derivedData/Build/Intermediates.noindex/SwiftySandboxFileAccess.build/Debug-watchos/SwiftySandboxFileAccess-t.build/Objects-normal/arm64/SwiftySandboxFileAccess-OutputFileMap.json
Copy /Users/admin/builder/spi-builder-workspace/.derivedData/Build/Intermediates.noindex/GeneratedModuleMaps-watchos/SwiftySandboxFileAccess.modulemap /Users/admin/builder/spi-builder-workspace/.derivedData/Build/Intermediates.noindex/SwiftySandboxFileAccess.build/Debug-watchos/SwiftySandboxFileAccess-t.build/SwiftySandboxFileAccess.modulemap (in target 'SwiftySandboxFileAccess' from project 'SwiftySandboxFileAccess')
cd /Users/admin/builder/spi-builder-workspace
builtin-copy -exclude .DS_Store -exclude CVS -exclude .svn -exclude .git -exclude .hg -resolve-src-symlinks /Users/admin/builder/spi-builder-workspace/.derivedData/Build/Intermediates.noindex/SwiftySandboxFileAccess.build/Debug-watchos/SwiftySandboxFileAccess-t.build/SwiftySandboxFileAccess.modulemap /Users/admin/builder/spi-builder-workspace/.derivedData/Build/Intermediates.noindex/GeneratedModuleMaps-watchos
SwiftDriver SwiftySandboxFileAccess normal arm64 com.apple.xcode.tools.swift.compiler (in target 'SwiftySandboxFileAccess' from project 'SwiftySandboxFileAccess')
cd /Users/admin/builder/spi-builder-workspace/.swiftpm/xcode
builtin-SwiftDriver -- /Applications/Xcode-27.0.0-Release.Candidate.app/Contents/Developer/Toolchains/XcodeDefault.xctoolchain/usr/bin/swiftc -parse-as-library -module-name SwiftySandboxFileAccess -Onone @/Users/admin/builder/spi-builder-workspace/.derivedData/Build/Intermediates.noindex/SwiftySandboxFileAccess.build/Debug-watchos/SwiftySandboxFileAccess-t.build/Objects-normal/arm64/SwiftySandboxFileAccess.SwiftFileList -DSWIFT_PACKAGE -DDEBUG -DSWIFT_MODULE_RESOURCE_BUNDLE_UNAVAILABLE -DXcode -plugin-path /Applications/Xcode-27.0.0-Release.Candidate.app/Contents/Developer/Toolchains/XcodeDefault.xctoolchain/usr/lib/swift/host/plugins/testing -enable-experimental-feature DebugDescriptionMacro -sdk /Applications/Xcode-27.0.0-Release.Candidate.app/Contents/Developer/Platforms/WatchOS.platform/Developer/SDKs/WatchOS27.0.sdk -target arm64-apple-watchos9.0 -g -module-cache-path /Users/admin/builder/spi-builder-workspace/.derivedData/ModuleCache.noindex -Xfrontend -serialize-debugging-options -enable-testing -index-store-path /Users/admin/builder/spi-builder-workspace/.derivedData/Index.noindex/DataStore -Xcc -D_LIBCPP_HARDENING_MODE\=_LIBCPP_HARDENING_MODE_DEBUG -swift-version 5 -I /Users/admin/builder/spi-builder-workspace/.derivedData/Build/Products/Debug-watchos -Isystem /Applications/Xcode-27.0.0-Release.Candidate.app/Contents/Developer/Platforms/WatchOS.platform/Developer/usr/lib -F /Users/admin/builder/spi-builder-workspace/.derivedData/Build/Products/Debug-watchos -F /Applications/Xcode-27.0.0-Release.Candidate.app/Contents/Developer/Platforms/WatchOS.platform/Developer/Library/Frameworks -F /Applications/Xcode-27.0.0-Release.Candidate.app/Contents/Developer/Platforms/WatchOS.platform/Developer/SDKs/WatchOS27.0.sdk/Developer/Library/Frameworks -c -j10 -enable-batch-mode -incremental -Xcc -ivfsstatcache -Xcc /Users/admin/builder/spi-builder-workspace/.derivedData/SDKStatCaches.noindex/watchos27.0-24R360-e829b21a6f8c9b70876ba0858053c04477534ef55a1706bf4c1112bbb242f0a2.sdkstatcache -output-file-map /Users/admin/builder/spi-builder-workspace/.derivedData/Build/Intermediates.noindex/SwiftySandboxFileAccess.build/Debug-watchos/SwiftySandboxFileAccess-t.build/Objects-normal/arm64/SwiftySandboxFileAccess-OutputFileMap.json -save-temps -no-color-diagnostics -explicit-module-build -module-cache-path /Users/admin/builder/spi-builder-workspace/.derivedData/Build/Intermediates.noindex/SwiftExplicitPrecompiledModules -clang-scanner-module-cache-path /Users/admin/builder/spi-builder-workspace/.derivedData/ModuleCache.noindex -sdk-module-cache-path /Users/admin/builder/spi-builder-workspace/.derivedData/SDKExplicitPrecompiledModules -emit-dependencies -emit-module -emit-module-path /Users/admin/builder/spi-builder-workspace/.derivedData/Build/Intermediates.noindex/SwiftySandboxFileAccess.build/Debug-watchos/SwiftySandboxFileAccess-t.build/Objects-normal/arm64/SwiftySandboxFileAccess.swiftmodule -serialize-diagnostics -dependency-scan-serialize-diagnostics-path /Users/admin/builder/spi-builder-workspace/.derivedData/Build/Intermediates.noindex/SwiftySandboxFileAccess.build/Debug-watchos/SwiftySandboxFileAccess-t.build/Objects-normal/arm64/SwiftySandboxFileAccess-dependency-scan.dia -validate-clang-modules-once -clang-build-session-file /Users/admin/builder/spi-builder-workspace/.derivedData/ModuleCache.noindex/Session.modulevalidation -Xcc -fmodules-prune-interval\=86400 -Xcc -fmodules-prune-after\=345600 -emit-const-values -const-gather-protocols-list /Users/admin/builder/spi-builder-workspace/.derivedData/Build/Intermediates.noindex/SwiftySandboxFileAccess.build/Debug-watchos/SwiftySandboxFileAccess-t.build/Objects-normal/arm64/SwiftySandboxFileAccess_const_extract_protocols.json -Xcc -I/Users/admin/builder/spi-builder-workspace/.derivedData/Build/Products/Debug-watchos/include -Xcc -I/Users/admin/builder/spi-builder-workspace/.derivedData/Build/Intermediates.noindex/SwiftySandboxFileAccess.build/Debug-watchos/SwiftySandboxFileAccess-t.build/DerivedSources-normal/arm64 -Xcc -I/Users/admin/builder/spi-builder-workspace/.derivedData/Build/Intermediates.noindex/SwiftySandboxFileAccess.build/Debug-watchos/SwiftySandboxFileAccess-t.build/DerivedSources/arm64 -Xcc -I/Users/admin/builder/spi-builder-workspace/.derivedData/Build/Intermediates.noindex/SwiftySandboxFileAccess.build/Debug-watchos/SwiftySandboxFileAccess-t.build/DerivedSources -Xcc -DSWIFT_PACKAGE -Xcc -DDEBUG\=1 -emit-objc-header -emit-objc-header-path /Users/admin/builder/spi-builder-workspace/.derivedData/Build/Intermediates.noindex/SwiftySandboxFileAccess.build/Debug-watchos/SwiftySandboxFileAccess-t.build/Objects-normal/arm64/SwiftySandboxFileAccess-Swift.h -working-directory /Users/admin/builder/spi-builder-workspace/.swiftpm/xcode -experimental-emit-module-separately -disable-cmo
/Users/admin/builder/spi-builder-workspace/Sources/SwiftySandboxFileAccess/SandboxFileAccess.swift:1:8: error: Unable to resolve module dependency: 'AppKit' (in target 'SwiftySandboxFileAccess' from project 'SwiftySandboxFileAccess')
note: A dependency of main module 'SwiftySandboxFileAccess'
/Users/admin/builder/spi-builder-workspace/Sources/SwiftySandboxFileAccess/SandboxFileAccessOpenSavePanelDelegate.swift:33:8: note: Also imported here
/Users/admin/builder/spi-builder-workspace/Sources/SwiftySandboxFileAccess/SandboxFileAccess.swift:1:8: note: A dependency of main module 'SwiftySandboxFileAccess'
import AppKit
^ (in target 'SwiftySandboxFileAccess' from project 'SwiftySandboxFileAccess')
/Users/admin/builder/spi-builder-workspace/Sources/SwiftySandboxFileAccess/SandboxFileAccessOpenSavePanelDelegate.swift:33:8: note: Also imported here
import AppKit
^ (in target 'SwiftySandboxFileAccess' from project 'SwiftySandboxFileAccess')
SwiftDriver SwiftySandboxFileAccess normal arm64_32 com.apple.xcode.tools.swift.compiler (in target 'SwiftySandboxFileAccess' from project 'SwiftySandboxFileAccess')
cd /Users/admin/builder/spi-builder-workspace/.swiftpm/xcode
builtin-SwiftDriver -- /Applications/Xcode-27.0.0-Release.Candidate.app/Contents/Developer/Toolchains/XcodeDefault.xctoolchain/usr/bin/swiftc -parse-as-library -module-name SwiftySandboxFileAccess -Onone @/Users/admin/builder/spi-builder-workspace/.derivedData/Build/Intermediates.noindex/SwiftySandboxFileAccess.build/Debug-watchos/SwiftySandboxFileAccess-t.build/Objects-normal/arm64_32/SwiftySandboxFileAccess.SwiftFileList -DSWIFT_PACKAGE -DDEBUG -DSWIFT_MODULE_RESOURCE_BUNDLE_UNAVAILABLE -DXcode -plugin-path /Applications/Xcode-27.0.0-Release.Candidate.app/Contents/Developer/Toolchains/XcodeDefault.xctoolchain/usr/lib/swift/host/plugins/testing -enable-experimental-feature DebugDescriptionMacro -sdk /Applications/Xcode-27.0.0-Release.Candidate.app/Contents/Developer/Platforms/WatchOS.platform/Developer/SDKs/WatchOS27.0.sdk -target arm64_32-apple-watchos9.0 -g -module-cache-path /Users/admin/builder/spi-builder-workspace/.derivedData/ModuleCache.noindex -Xfrontend -serialize-debugging-options -enable-testing -index-store-path /Users/admin/builder/spi-builder-workspace/.derivedData/Index.noindex/DataStore -Xcc -D_LIBCPP_HARDENING_MODE\=_LIBCPP_HARDENING_MODE_DEBUG -swift-version 5 -I /Users/admin/builder/spi-builder-workspace/.derivedData/Build/Products/Debug-watchos -Isystem /Applications/Xcode-27.0.0-Release.Candidate.app/Contents/Developer/Platforms/WatchOS.platform/Developer/usr/lib -F /Users/admin/builder/spi-builder-workspace/.derivedData/Build/Products/Debug-watchos -F /Applications/Xcode-27.0.0-Release.Candidate.app/Contents/Developer/Platforms/WatchOS.platform/Developer/Library/Frameworks -F /Applications/Xcode-27.0.0-Release.Candidate.app/Contents/Developer/Platforms/WatchOS.platform/Developer/SDKs/WatchOS27.0.sdk/Developer/Library/Frameworks -c -j10 -enable-batch-mode -incremental -Xcc -ivfsstatcache -Xcc /Users/admin/builder/spi-builder-workspace/.derivedData/SDKStatCaches.noindex/watchos27.0-24R360-e829b21a6f8c9b70876ba0858053c04477534ef55a1706bf4c1112bbb242f0a2.sdkstatcache -output-file-map /Users/admin/builder/spi-builder-workspace/.derivedData/Build/Intermediates.noindex/SwiftySandboxFileAccess.build/Debug-watchos/SwiftySandboxFileAccess-t.build/Objects-normal/arm64_32/SwiftySandboxFileAccess-OutputFileMap.json -save-temps -no-color-diagnostics -explicit-module-build -module-cache-path /Users/admin/builder/spi-builder-workspace/.derivedData/Build/Intermediates.noindex/SwiftExplicitPrecompiledModules -clang-scanner-module-cache-path /Users/admin/builder/spi-builder-workspace/.derivedData/ModuleCache.noindex -sdk-module-cache-path /Users/admin/builder/spi-builder-workspace/.derivedData/SDKExplicitPrecompiledModules -emit-dependencies -emit-module -emit-module-path /Users/admin/builder/spi-builder-workspace/.derivedData/Build/Intermediates.noindex/SwiftySandboxFileAccess.build/Debug-watchos/SwiftySandboxFileAccess-t.build/Objects-normal/arm64_32/SwiftySandboxFileAccess.swiftmodule -serialize-diagnostics -dependency-scan-serialize-diagnostics-path /Users/admin/builder/spi-builder-workspace/.derivedData/Build/Intermediates.noindex/SwiftySandboxFileAccess.build/Debug-watchos/SwiftySandboxFileAccess-t.build/Objects-normal/arm64_32/SwiftySandboxFileAccess-dependency-scan.dia -validate-clang-modules-once -clang-build-session-file /Users/admin/builder/spi-builder-workspace/.derivedData/ModuleCache.noindex/Session.modulevalidation -Xcc -fmodules-prune-interval\=86400 -Xcc -fmodules-prune-after\=345600 -emit-const-values -const-gather-protocols-list /Users/admin/builder/spi-builder-workspace/.derivedData/Build/Intermediates.noindex/SwiftySandboxFileAccess.build/Debug-watchos/SwiftySandboxFileAccess-t.build/Objects-normal/arm64_32/SwiftySandboxFileAccess_const_extract_protocols.json -Xcc -I/Users/admin/builder/spi-builder-workspace/.derivedData/Build/Products/Debug-watchos/include -Xcc -I/Users/admin/builder/spi-builder-workspace/.derivedData/Build/Intermediates.noindex/SwiftySandboxFileAccess.build/Debug-watchos/SwiftySandboxFileAccess-t.build/DerivedSources-normal/arm64_32 -Xcc -I/Users/admin/builder/spi-builder-workspace/.derivedData/Build/Intermediates.noindex/SwiftySandboxFileAccess.build/Debug-watchos/SwiftySandboxFileAccess-t.build/DerivedSources/arm64_32 -Xcc -I/Users/admin/builder/spi-builder-workspace/.derivedData/Build/Intermediates.noindex/SwiftySandboxFileAccess.build/Debug-watchos/SwiftySandboxFileAccess-t.build/DerivedSources -Xcc -DSWIFT_PACKAGE -Xcc -DDEBUG\=1 -emit-objc-header -emit-objc-header-path /Users/admin/builder/spi-builder-workspace/.derivedData/Build/Intermediates.noindex/SwiftySandboxFileAccess.build/Debug-watchos/SwiftySandboxFileAccess-t.build/Objects-normal/arm64_32/SwiftySandboxFileAccess-Swift.h -working-directory /Users/admin/builder/spi-builder-workspace/.swiftpm/xcode -experimental-emit-module-separately -disable-cmo
/Users/admin/builder/spi-builder-workspace/Sources/SwiftySandboxFileAccess/SandboxFileAccess.swift:1:8: error: Unable to resolve module dependency: 'AppKit' (in target 'SwiftySandboxFileAccess' from project 'SwiftySandboxFileAccess')
note: A dependency of main module 'SwiftySandboxFileAccess'
/Users/admin/builder/spi-builder-workspace/Sources/SwiftySandboxFileAccess/SandboxFileAccessOpenSavePanelDelegate.swift:33:8: note: Also imported here
/Users/admin/builder/spi-builder-workspace/Sources/SwiftySandboxFileAccess/SandboxFileAccess.swift:1:8: note: A dependency of main module 'SwiftySandboxFileAccess'
import AppKit
^ (in target 'SwiftySandboxFileAccess' from project 'SwiftySandboxFileAccess')
/Users/admin/builder/spi-builder-workspace/Sources/SwiftySandboxFileAccess/SandboxFileAccessOpenSavePanelDelegate.swift:33:8: note: Also imported here
import AppKit
^ (in target 'SwiftySandboxFileAccess' from project 'SwiftySandboxFileAccess')
PruneExplicitPrecompiledModules /Users/admin/builder/spi-builder-workspace/.derivedData/Build/Intermediates.noindex/SwiftExplicitPrecompiledModules
PruneExplicitPrecompiledModules /Users/admin/builder/spi-builder-workspace/.derivedData/Build/Intermediates.noindex/ExplicitPrecompiledModules
PruneExplicitPrecompiledModules /Users/admin/builder/spi-builder-workspace/.derivedData/SDKExplicitPrecompiledModules
2026-09-17 15:54:51.372 xcodebuild[627:4000] [MT] IDERunDestination: Supported platforms for the buildables in the current scheme is empty.
** BUILD FAILED **
The following build commands failed:
SwiftDriver SwiftySandboxFileAccess normal arm64 com.apple.xcode.tools.swift.compiler (in target 'SwiftySandboxFileAccess' from project 'SwiftySandboxFileAccess')
SwiftDriver SwiftySandboxFileAccess normal arm64_32 com.apple.xcode.tools.swift.compiler (in target 'SwiftySandboxFileAccess' from project 'SwiftySandboxFileAccess')
Building workspace SwiftySandboxFileAccess with scheme SwiftySandboxFileAccess
(3 failures)
Command line invocation:
/Applications/Xcode-27.0.0-Release.Candidate.app/Contents/Developer/usr/bin/xcodebuild -IDEClonedSourcePackagesDirPathOverride=/Users/admin/builder/spi-builder-workspace/.dependencies -resolvePackageDependencies
Resolve Package Graph
Resolved source packages:
SwiftySandboxFileAccess: /Users/admin/builder/spi-builder-workspace
resolved source packages: SwiftySandboxFileAccess
2026-09-17 15:54:54.327 xcodebuild[669:4399] [MT] IDERunDestination: Supported platforms for the buildables in the current scheme is empty.
{
"dependencies" : [
],
"manifest_display_name" : "SwiftySandboxFileAccess",
"name" : "SwiftySandboxFileAccess",
"path" : "/Users/admin/builder/spi-builder-workspace",
"platforms" : [
],
"products" : [
{
"name" : "SwiftySandboxFileAccess",
"targets" : [
"SwiftySandboxFileAccess"
],
"type" : {
"library" : [
"automatic"
]
}
}
],
"targets" : [
{
"c99name" : "SwiftySandboxFileAccess",
"module_type" : "SwiftTarget",
"name" : "SwiftySandboxFileAccess",
"path" : "Sources/SwiftySandboxFileAccess",
"product_memberships" : [
"SwiftySandboxFileAccess"
],
"sources" : [
"AccessInfo.swift",
"Permissions.swift",
"PowerboxAccess.swift",
"SandboxFileAccess.swift",
"SandboxFileAccessOpenSavePanelDelegate.swift",
"SandboxFileAccessPersist.swift"
],
"type" : "library"
}
],
"tools_version" : "5.3"
}
{
"workspace" : {
"name" : "SwiftySandboxFileAccess",
"schemes" : [
"SwiftySandboxFileAccess"
]
}
}
2026-09-17 15:54:55.556 xcodebuild[678:4460] [MT] IDERunDestination: Supported platforms for the buildables in the current scheme is empty.
Running build ...
env DEVELOPER_DIR=/Applications/Xcode-27.0.0-Release.Candidate.app xcrun xcodebuild -IDEClonedSourcePackagesDirPathOverride=$PWD/.dependencies -skipMacroValidation -skipPackagePluginValidation -derivedDataPath $PWD/.derivedData build -scheme SwiftySandboxFileAccess -destination generic/platform=watchOS
Command line invocation:
/Applications/Xcode-27.0.0-Release.Candidate.app/Contents/Developer/usr/bin/xcodebuild -IDEClonedSourcePackagesDirPathOverride=/Users/admin/builder/spi-builder-workspace/.dependencies -skipMacroValidation -skipPackagePluginValidation -derivedDataPath /Users/admin/builder/spi-builder-workspace/.derivedData build -scheme SwiftySandboxFileAccess -destination generic/platform=watchOS
Resolve Package Graph
Resolved source packages:
SwiftySandboxFileAccess: /Users/admin/builder/spi-builder-workspace
ComputePackagePrebuildTargetDependencyGraph
Prepare packages
CreateBuildRequest
SendProjectDescription
CreateBuildOperation
ComputeTargetDependencyGraph
note: Building targets in dependency order
note: Target dependency graph (2 targets)
Target 'SwiftySandboxFileAccess-product' in project 'SwiftySandboxFileAccess'
➜ Explicit dependency on target 'SwiftySandboxFileAccess' in project 'SwiftySandboxFileAccess'
Target 'SwiftySandboxFileAccess' in project 'SwiftySandboxFileAccess' (no dependencies)
GatherProvisioningInputs
CreateBuildDescription
ClangStatCache /Applications/Xcode-27.0.0-Release.Candidate.app/Contents/Developer/Toolchains/XcodeDefault.xctoolchain/usr/bin/clang-stat-cache /Applications/Xcode-27.0.0-Release.Candidate.app/Contents/Developer/Platforms/WatchOS.platform/Developer/SDKs/WatchOS27.0.sdk /Users/admin/builder/spi-builder-workspace/.derivedData/SDKStatCaches.noindex/watchos27.0-24R360-e829b21a6f8c9b70876ba0858053c04477534ef55a1706bf4c1112bbb242f0a2.sdkstatcache
cd /Users/admin/builder/spi-builder-workspace/.swiftpm/xcode
/Applications/Xcode-27.0.0-Release.Candidate.app/Contents/Developer/Toolchains/XcodeDefault.xctoolchain/usr/bin/clang-stat-cache /Applications/Xcode-27.0.0-Release.Candidate.app/Contents/Developer/Platforms/WatchOS.platform/Developer/SDKs/WatchOS27.0.sdk -o /Users/admin/builder/spi-builder-workspace/.derivedData/SDKStatCaches.noindex/watchos27.0-24R360-e829b21a6f8c9b70876ba0858053c04477534ef55a1706bf4c1112bbb242f0a2.sdkstatcache
SwiftDriver SwiftySandboxFileAccess normal arm64 com.apple.xcode.tools.swift.compiler (in target 'SwiftySandboxFileAccess' from project 'SwiftySandboxFileAccess')
cd /Users/admin/builder/spi-builder-workspace/.swiftpm/xcode
builtin-SwiftDriver -- /Applications/Xcode-27.0.0-Release.Candidate.app/Contents/Developer/Toolchains/XcodeDefault.xctoolchain/usr/bin/swiftc -parse-as-library -module-name SwiftySandboxFileAccess -Onone @/Users/admin/builder/spi-builder-workspace/.derivedData/Build/Intermediates.noindex/SwiftySandboxFileAccess.build/Debug-watchos/SwiftySandboxFileAccess-t.build/Objects-normal/arm64/SwiftySandboxFileAccess.SwiftFileList -DSWIFT_PACKAGE -DDEBUG -DSWIFT_MODULE_RESOURCE_BUNDLE_UNAVAILABLE -DXcode -plugin-path /Applications/Xcode-27.0.0-Release.Candidate.app/Contents/Developer/Toolchains/XcodeDefault.xctoolchain/usr/lib/swift/host/plugins/testing -enable-experimental-feature DebugDescriptionMacro -sdk /Applications/Xcode-27.0.0-Release.Candidate.app/Contents/Developer/Platforms/WatchOS.platform/Developer/SDKs/WatchOS27.0.sdk -target arm64-apple-watchos9.0 -g -module-cache-path /Users/admin/builder/spi-builder-workspace/.derivedData/ModuleCache.noindex -Xfrontend -serialize-debugging-options -enable-testing -index-store-path /Users/admin/builder/spi-builder-workspace/.derivedData/Index.noindex/DataStore -Xcc -D_LIBCPP_HARDENING_MODE\=_LIBCPP_HARDENING_MODE_DEBUG -swift-version 5 -I /Users/admin/builder/spi-builder-workspace/.derivedData/Build/Products/Debug-watchos -Isystem /Applications/Xcode-27.0.0-Release.Candidate.app/Contents/Developer/Platforms/WatchOS.platform/Developer/usr/lib -F /Users/admin/builder/spi-builder-workspace/.derivedData/Build/Products/Debug-watchos -F /Applications/Xcode-27.0.0-Release.Candidate.app/Contents/Developer/Platforms/WatchOS.platform/Developer/Library/Frameworks -F /Applications/Xcode-27.0.0-Release.Candidate.app/Contents/Developer/Platforms/WatchOS.platform/Developer/SDKs/WatchOS27.0.sdk/Developer/Library/Frameworks -c -j10 -enable-batch-mode -incremental -Xcc -ivfsstatcache -Xcc /Users/admin/builder/spi-builder-workspace/.derivedData/SDKStatCaches.noindex/watchos27.0-24R360-e829b21a6f8c9b70876ba0858053c04477534ef55a1706bf4c1112bbb242f0a2.sdkstatcache -output-file-map /Users/admin/builder/spi-builder-workspace/.derivedData/Build/Intermediates.noindex/SwiftySandboxFileAccess.build/Debug-watchos/SwiftySandboxFileAccess-t.build/Objects-normal/arm64/SwiftySandboxFileAccess-OutputFileMap.json -save-temps -no-color-diagnostics -explicit-module-build -module-cache-path /Users/admin/builder/spi-builder-workspace/.derivedData/Build/Intermediates.noindex/SwiftExplicitPrecompiledModules -clang-scanner-module-cache-path /Users/admin/builder/spi-builder-workspace/.derivedData/ModuleCache.noindex -sdk-module-cache-path /Users/admin/builder/spi-builder-workspace/.derivedData/SDKExplicitPrecompiledModules -emit-dependencies -emit-module -emit-module-path /Users/admin/builder/spi-builder-workspace/.derivedData/Build/Intermediates.noindex/SwiftySandboxFileAccess.build/Debug-watchos/SwiftySandboxFileAccess-t.build/Objects-normal/arm64/SwiftySandboxFileAccess.swiftmodule -serialize-diagnostics -dependency-scan-serialize-diagnostics-path /Users/admin/builder/spi-builder-workspace/.derivedData/Build/Intermediates.noindex/SwiftySandboxFileAccess.build/Debug-watchos/SwiftySandboxFileAccess-t.build/Objects-normal/arm64/SwiftySandboxFileAccess-dependency-scan.dia -validate-clang-modules-once -clang-build-session-file /Users/admin/builder/spi-builder-workspace/.derivedData/ModuleCache.noindex/Session.modulevalidation -Xcc -fmodules-prune-interval\=86400 -Xcc -fmodules-prune-after\=345600 -emit-const-values -const-gather-protocols-list /Users/admin/builder/spi-builder-workspace/.derivedData/Build/Intermediates.noindex/SwiftySandboxFileAccess.build/Debug-watchos/SwiftySandboxFileAccess-t.build/Objects-normal/arm64/SwiftySandboxFileAccess_const_extract_protocols.json -Xcc -I/Users/admin/builder/spi-builder-workspace/.derivedData/Build/Products/Debug-watchos/include -Xcc -I/Users/admin/builder/spi-builder-workspace/.derivedData/Build/Intermediates.noindex/SwiftySandboxFileAccess.build/Debug-watchos/SwiftySandboxFileAccess-t.build/DerivedSources-normal/arm64 -Xcc -I/Users/admin/builder/spi-builder-workspace/.derivedData/Build/Intermediates.noindex/SwiftySandboxFileAccess.build/Debug-watchos/SwiftySandboxFileAccess-t.build/DerivedSources/arm64 -Xcc -I/Users/admin/builder/spi-builder-workspace/.derivedData/Build/Intermediates.noindex/SwiftySandboxFileAccess.build/Debug-watchos/SwiftySandboxFileAccess-t.build/DerivedSources -Xcc -DSWIFT_PACKAGE -Xcc -DDEBUG\=1 -emit-objc-header -emit-objc-header-path /Users/admin/builder/spi-builder-workspace/.derivedData/Build/Intermediates.noindex/SwiftySandboxFileAccess.build/Debug-watchos/SwiftySandboxFileAccess-t.build/Objects-normal/arm64/SwiftySandboxFileAccess-Swift.h -working-directory /Users/admin/builder/spi-builder-workspace/.swiftpm/xcode -experimental-emit-module-separately -disable-cmo
/Users/admin/builder/spi-builder-workspace/Sources/SwiftySandboxFileAccess/SandboxFileAccess.swift:1:8: error: Unable to resolve module dependency: 'AppKit' (in target 'SwiftySandboxFileAccess' from project 'SwiftySandboxFileAccess')
note: A dependency of main module 'SwiftySandboxFileAccess'
/Users/admin/builder/spi-builder-workspace/Sources/SwiftySandboxFileAccess/SandboxFileAccessOpenSavePanelDelegate.swift:33:8: note: Also imported here
/Users/admin/builder/spi-builder-workspace/Sources/SwiftySandboxFileAccess/SandboxFileAccess.swift:1:8: note: A dependency of main module 'SwiftySandboxFileAccess'
import AppKit
^ (in target 'SwiftySandboxFileAccess' from project 'SwiftySandboxFileAccess')
/Users/admin/builder/spi-builder-workspace/Sources/SwiftySandboxFileAccess/SandboxFileAccessOpenSavePanelDelegate.swift:33:8: note: Also imported here
import AppKit
^ (in target 'SwiftySandboxFileAccess' from project 'SwiftySandboxFileAccess')
SwiftDriver SwiftySandboxFileAccess normal arm64_32 com.apple.xcode.tools.swift.compiler (in target 'SwiftySandboxFileAccess' from project 'SwiftySandboxFileAccess')
cd /Users/admin/builder/spi-builder-workspace/.swiftpm/xcode
builtin-SwiftDriver -- /Applications/Xcode-27.0.0-Release.Candidate.app/Contents/Developer/Toolchains/XcodeDefault.xctoolchain/usr/bin/swiftc -parse-as-library -module-name SwiftySandboxFileAccess -Onone @/Users/admin/builder/spi-builder-workspace/.derivedData/Build/Intermediates.noindex/SwiftySandboxFileAccess.build/Debug-watchos/SwiftySandboxFileAccess-t.build/Objects-normal/arm64_32/SwiftySandboxFileAccess.SwiftFileList -DSWIFT_PACKAGE -DDEBUG -DSWIFT_MODULE_RESOURCE_BUNDLE_UNAVAILABLE -DXcode -plugin-path /Applications/Xcode-27.0.0-Release.Candidate.app/Contents/Developer/Toolchains/XcodeDefault.xctoolchain/usr/lib/swift/host/plugins/testing -enable-experimental-feature DebugDescriptionMacro -sdk /Applications/Xcode-27.0.0-Release.Candidate.app/Contents/Developer/Platforms/WatchOS.platform/Developer/SDKs/WatchOS27.0.sdk -target arm64_32-apple-watchos9.0 -g -module-cache-path /Users/admin/builder/spi-builder-workspace/.derivedData/ModuleCache.noindex -Xfrontend -serialize-debugging-options -enable-testing -index-store-path /Users/admin/builder/spi-builder-workspace/.derivedData/Index.noindex/DataStore -Xcc -D_LIBCPP_HARDENING_MODE\=_LIBCPP_HARDENING_MODE_DEBUG -swift-version 5 -I /Users/admin/builder/spi-builder-workspace/.derivedData/Build/Products/Debug-watchos -Isystem /Applications/Xcode-27.0.0-Release.Candidate.app/Contents/Developer/Platforms/WatchOS.platform/Developer/usr/lib -F /Users/admin/builder/spi-builder-workspace/.derivedData/Build/Products/Debug-watchos -F /Applications/Xcode-27.0.0-Release.Candidate.app/Contents/Developer/Platforms/WatchOS.platform/Developer/Library/Frameworks -F /Applications/Xcode-27.0.0-Release.Candidate.app/Contents/Developer/Platforms/WatchOS.platform/Developer/SDKs/WatchOS27.0.sdk/Developer/Library/Frameworks -c -j10 -enable-batch-mode -incremental -Xcc -ivfsstatcache -Xcc /Users/admin/builder/spi-builder-workspace/.derivedData/SDKStatCaches.noindex/watchos27.0-24R360-e829b21a6f8c9b70876ba0858053c04477534ef55a1706bf4c1112bbb242f0a2.sdkstatcache -output-file-map /Users/admin/builder/spi-builder-workspace/.derivedData/Build/Intermediates.noindex/SwiftySandboxFileAccess.build/Debug-watchos/SwiftySandboxFileAccess-t.build/Objects-normal/arm64_32/SwiftySandboxFileAccess-OutputFileMap.json -save-temps -no-color-diagnostics -explicit-module-build -module-cache-path /Users/admin/builder/spi-builder-workspace/.derivedData/Build/Intermediates.noindex/SwiftExplicitPrecompiledModules -clang-scanner-module-cache-path /Users/admin/builder/spi-builder-workspace/.derivedData/ModuleCache.noindex -sdk-module-cache-path /Users/admin/builder/spi-builder-workspace/.derivedData/SDKExplicitPrecompiledModules -emit-dependencies -emit-module -emit-module-path /Users/admin/builder/spi-builder-workspace/.derivedData/Build/Intermediates.noindex/SwiftySandboxFileAccess.build/Debug-watchos/SwiftySandboxFileAccess-t.build/Objects-normal/arm64_32/SwiftySandboxFileAccess.swiftmodule -serialize-diagnostics -dependency-scan-serialize-diagnostics-path /Users/admin/builder/spi-builder-workspace/.derivedData/Build/Intermediates.noindex/SwiftySandboxFileAccess.build/Debug-watchos/SwiftySandboxFileAccess-t.build/Objects-normal/arm64_32/SwiftySandboxFileAccess-dependency-scan.dia -validate-clang-modules-once -clang-build-session-file /Users/admin/builder/spi-builder-workspace/.derivedData/ModuleCache.noindex/Session.modulevalidation -Xcc -fmodules-prune-interval\=86400 -Xcc -fmodules-prune-after\=345600 -emit-const-values -const-gather-protocols-list /Users/admin/builder/spi-builder-workspace/.derivedData/Build/Intermediates.noindex/SwiftySandboxFileAccess.build/Debug-watchos/SwiftySandboxFileAccess-t.build/Objects-normal/arm64_32/SwiftySandboxFileAccess_const_extract_protocols.json -Xcc -I/Users/admin/builder/spi-builder-workspace/.derivedData/Build/Products/Debug-watchos/include -Xcc -I/Users/admin/builder/spi-builder-workspace/.derivedData/Build/Intermediates.noindex/SwiftySandboxFileAccess.build/Debug-watchos/SwiftySandboxFileAccess-t.build/DerivedSources-normal/arm64_32 -Xcc -I/Users/admin/builder/spi-builder-workspace/.derivedData/Build/Intermediates.noindex/SwiftySandboxFileAccess.build/Debug-watchos/SwiftySandboxFileAccess-t.build/DerivedSources/arm64_32 -Xcc -I/Users/admin/builder/spi-builder-workspace/.derivedData/Build/Intermediates.noindex/SwiftySandboxFileAccess.build/Debug-watchos/SwiftySandboxFileAccess-t.build/DerivedSources -Xcc -DSWIFT_PACKAGE -Xcc -DDEBUG\=1 -emit-objc-header -emit-objc-header-path /Users/admin/builder/spi-builder-workspace/.derivedData/Build/Intermediates.noindex/SwiftySandboxFileAccess.build/Debug-watchos/SwiftySandboxFileAccess-t.build/Objects-normal/arm64_32/SwiftySandboxFileAccess-Swift.h -working-directory /Users/admin/builder/spi-builder-workspace/.swiftpm/xcode -experimental-emit-module-separately -disable-cmo
/Users/admin/builder/spi-builder-workspace/Sources/SwiftySandboxFileAccess/SandboxFileAccess.swift:1:8: error: Unable to resolve module dependency: 'AppKit' (in target 'SwiftySandboxFileAccess' from project 'SwiftySandboxFileAccess')
note: A dependency of main module 'SwiftySandboxFileAccess'
/Users/admin/builder/spi-builder-workspace/Sources/SwiftySandboxFileAccess/SandboxFileAccessOpenSavePanelDelegate.swift:33:8: note: Also imported here
/Users/admin/builder/spi-builder-workspace/Sources/SwiftySandboxFileAccess/SandboxFileAccess.swift:1:8: note: A dependency of main module 'SwiftySandboxFileAccess'
import AppKit
^ (in target 'SwiftySandboxFileAccess' from project 'SwiftySandboxFileAccess')
/Users/admin/builder/spi-builder-workspace/Sources/SwiftySandboxFileAccess/SandboxFileAccessOpenSavePanelDelegate.swift:33:8: note: Also imported here
import AppKit
^ (in target 'SwiftySandboxFileAccess' from project 'SwiftySandboxFileAccess')
PruneExplicitPrecompiledModules /Users/admin/builder/spi-builder-workspace/.derivedData/SDKExplicitPrecompiledModules
PruneExplicitPrecompiledModules /Users/admin/builder/spi-builder-workspace/.derivedData/Build/Intermediates.noindex/ExplicitPrecompiledModules
PruneExplicitPrecompiledModules /Users/admin/builder/spi-builder-workspace/.derivedData/Build/Intermediates.noindex/SwiftExplicitPrecompiledModules
2026-09-17 15:54:56.510 xcodebuild[679:4488] [MT] IDERunDestination: Supported platforms for the buildables in the current scheme is empty.
** BUILD FAILED **
The following build commands failed:
SwiftDriver SwiftySandboxFileAccess normal arm64 com.apple.xcode.tools.swift.compiler (in target 'SwiftySandboxFileAccess' from project 'SwiftySandboxFileAccess')
SwiftDriver SwiftySandboxFileAccess normal arm64_32 com.apple.xcode.tools.swift.compiler (in target 'SwiftySandboxFileAccess' from project 'SwiftySandboxFileAccess')
Building workspace SwiftySandboxFileAccess with scheme SwiftySandboxFileAccess
(3 failures)
BUILD FAILURE 6.4 watchOS