The Swift Package Index logo.Swift Package Index

Build Information

Failed to build klaviyo-swift-sdk, reference 5.6.0 (fcd017), with Swift 6.1 for Wasm on 30 Oct 2026 01:46:53 UTC.

Build Command

bash -c docker run --pull=always --rm -v "checkouts-54344845-0":/host -w "$PWD" -e JAVA_HOME="/root/.sdkman/candidates/java/current" -e SPI_BUILD="1" -e SPI_PROCESSING="1" registry.gitlab.com/saguaro1/spi-images:wasm-6.1-latest swift build --swift-sdk wasm32-unknown-wasi 2>&1

Build Log

========================================
RunAll
========================================
Builder version: 5.1.4
Interrupt handler set up.
========================================
Checkout
========================================
Clone URL: https://github.com/klaviyo/klaviyo-swift-sdk.git
Reference: 5.6.0
Initialized empty Git repository in /host/spi-builder-workspace/.git/
hint: Using 'master' as the name for the initial branch. This default branch name
hint: is subject to change. To configure the initial branch name to use in all
hint: of your new repositories, which will suppress this warning, call:
hint:
hint: 	git config --global init.defaultBranch <name>
hint:
hint: Names commonly chosen instead of 'master' are 'main', 'trunk' and
hint: 'development'. The just-created branch can be renamed via this command:
hint:
hint: 	git branch -m <name>
From https://github.com/klaviyo/klaviyo-swift-sdk
 * tag               5.6.0      -> FETCH_HEAD
HEAD is now at fcd017e chore(release): merge master into rel/5.6.0 (#809)
Cloned https://github.com/klaviyo/klaviyo-swift-sdk.git
Revision (git rev-parse @):
fcd017e47b37c4d07c9b2a55075bea08cf789fa3
SUCCESS checkout https://github.com/klaviyo/klaviyo-swift-sdk.git at 5.6.0
========================================
Build
========================================
Selected platform:         wasm
Swift version:             6.1
Building package at path:  $PWD
https://github.com/klaviyo/klaviyo-swift-sdk.git
https://github.com/klaviyo/klaviyo-swift-sdk.git
WARNING: environment variable SUPPRESS_SWIFT_6_FLAGS is not set
Running build ...
bash -c docker run --pull=always --rm -v "checkouts-54344845-0":/host -w "$PWD" -e JAVA_HOME="/root/.sdkman/candidates/java/current" -e SPI_BUILD="1" -e SPI_PROCESSING="1" registry.gitlab.com/saguaro1/spi-images:wasm-6.1-latest swift build --swift-sdk wasm32-unknown-wasi -Xswiftc -Xfrontend -Xswiftc -stats-output-dir -Xswiftc -Xfrontend -Xswiftc .stats -Xswiftc -strict-concurrency=complete -Xswiftc -enable-upcoming-feature -Xswiftc StrictConcurrency -Xswiftc -enable-upcoming-feature -Xswiftc DisableOutwardActorInference -Xswiftc -enable-upcoming-feature -Xswiftc GlobalActorIsolatedTypesUsability -Xswiftc -enable-upcoming-feature -Xswiftc InferSendableFromCaptures 2>&1
wasm-6.1-latest: Pulling from saguaro1/spi-images
Digest: sha256:f257c9b8465670613eb336f6def351d681b1d395aebdb231a45bac980c1f9d3c
Status: Image is up to date for registry.gitlab.com/saguaro1/spi-images:wasm-6.1-latest
Fetching https://github.com/Flight-School/AnyCodable
Fetching https://github.com/pointfreeco/swift-snapshot-testing
[1/782] Fetching anycodable
[713/17381] Fetching anycodable, swift-snapshot-testing
Fetched https://github.com/Flight-School/AnyCodable from cache (2.14s)
Fetched https://github.com/pointfreeco/swift-snapshot-testing from cache (2.17s)
Computing version for https://github.com/Flight-School/AnyCodable
Computed https://github.com/Flight-School/AnyCodable at 0.6.7 (3.10s)
Computing version for https://github.com/pointfreeco/swift-snapshot-testing
Computed https://github.com/pointfreeco/swift-snapshot-testing at 1.19.7 (0.24s)
Fetching https://github.com/pointfreeco/swift-custom-dump
Fetching https://github.com/swiftlang/swift-syntax
[1/5669] Fetching swift-custom-dump
[5670/87031] Fetching swift-custom-dump, swift-syntax
Fetched https://github.com/pointfreeco/swift-custom-dump from cache (3.33s)
Fetched https://github.com/swiftlang/swift-syntax from cache (3.35s)
Computing version for https://github.com/pointfreeco/swift-custom-dump
Computed https://github.com/pointfreeco/swift-custom-dump at 1.7.3 (3.60s)
Fetching https://github.com/pointfreeco/xctest-dynamic-overlay
[1/2727] Fetching xctest-dynamic-overlay
Fetched https://github.com/pointfreeco/xctest-dynamic-overlay from cache (0.64s)
Computing version for https://github.com/pointfreeco/xctest-dynamic-overlay
Computed https://github.com/pointfreeco/xctest-dynamic-overlay at 1.13.1 (1.59s)
Computing version for https://github.com/swiftlang/swift-syntax
Computed https://github.com/swiftlang/swift-syntax at 604.0.0 (0.33s)
Creating working copy for https://github.com/pointfreeco/xctest-dynamic-overlay
Working copy of https://github.com/pointfreeco/xctest-dynamic-overlay resolved at 1.13.1
Creating working copy for https://github.com/swiftlang/swift-syntax
Working copy of https://github.com/swiftlang/swift-syntax resolved at 604.0.0
Creating working copy for https://github.com/pointfreeco/swift-custom-dump
Working copy of https://github.com/pointfreeco/swift-custom-dump resolved at 1.7.3
Creating working copy for https://github.com/Flight-School/AnyCodable
Working copy of https://github.com/Flight-School/AnyCodable resolved at 0.6.7
Creating working copy for https://github.com/pointfreeco/swift-snapshot-testing
Working copy of https://github.com/pointfreeco/swift-snapshot-testing resolved at 1.19.7
Building for debugging...
[0/15] Write sources
[0/15] Copying toggleHandler.js
[0/15] Copying PrivacyInfo.xcprivacy
[0/15] Copying klaviyo.html
[0/15] Copying closeHandler.js
[0/15] Copying consoleHandler.js
[0/15] Copying jstest.html
[0/15] Copying InAppFormsTemplate.html
[0/15] Write sources
In file included from /host/spi-builder-workspace/Sources/KlaviyoAutomaticPushBootstrap/KlaviyoAutomaticPushBootstrap.m:1:
/host/spi-builder-workspace/Sources/KlaviyoAutomaticPushBootstrap/include/KlaviyoAutomaticPushBootstrap.h:1:9: fatal error: 'Foundation/Foundation.h' file not found
    1 | #import <Foundation/Foundation.h>
      |         ^~~~~~~~~~~~~~~~~~~~~~~~~
1 error generated.
[13/15] Compiling KlaviyoAutomaticPushBootstrap KlaviyoAutomaticPushBootstrap.m
[13/15] Write swift-version-24593BA9C3E375BF.txt
Running build ...
bash -c docker run --pull=always --rm -v "checkouts-54344845-0":/host -w "$PWD" -e JAVA_HOME="/root/.sdkman/candidates/java/current" -e SPI_BUILD="1" -e SPI_PROCESSING="1" registry.gitlab.com/saguaro1/spi-images:wasm-6.1-latest swift build --swift-sdk wasm32-unknown-wasi 2>&1
wasm-6.1-latest: Pulling from saguaro1/spi-images
Digest: sha256:f257c9b8465670613eb336f6def351d681b1d395aebdb231a45bac980c1f9d3c
Status: Image is up to date for registry.gitlab.com/saguaro1/spi-images:wasm-6.1-latest
warning: 'spi-builder-workspace': found 15 file(s) which are unhandled; explicitly declare them as resources or exclude from the target
    /host/spi-builder-workspace/Tests/KlaviyoCoreTests/__Snapshots__/KlaviyoAPITests/testEncodingError.1.txt
    /host/spi-builder-workspace/Tests/KlaviyoCoreTests/__Snapshots__/EncodableTests/testEventPayload.1.json
    /host/spi-builder-workspace/Tests/KlaviyoCoreTests/__Snapshots__/KlaviyoAPITests/testInvalidStatusCode.1.txt
    /host/spi-builder-workspace/Tests/KlaviyoCoreTests/__Snapshots__/KlaviyoAPITests/testNetworkError.1.txt
    /host/spi-builder-workspace/Tests/KlaviyoCoreTests/__Snapshots__/NetworkSessionTests/testSessionDataTask.1.txt
    /host/spi-builder-workspace/Tests/KlaviyoCoreTests/__Snapshots__/EncodableTests/testUnregisterTokenPayload.1.json
    /host/spi-builder-workspace/Tests/KlaviyoCoreTests/__Snapshots__/EncodableTests/testTokenPayload.debug.json
    /host/spi-builder-workspace/Tests/KlaviyoCoreTests/__Snapshots__/NetworkSessionTests/testDefaultUserAgent.1.txt
    /host/spi-builder-workspace/Tests/KlaviyoCoreTests/__Snapshots__/EncodableTests/testKlaviyoRequest.release.json
    /host/spi-builder-workspace/Tests/KlaviyoCoreTests/__Snapshots__/EncodableTests/testTokenPayload.release.json
    /host/spi-builder-workspace/Tests/KlaviyoCoreTests/__Snapshots__/KlaviyoAPITests/testInvalidURL.1.txt
    /host/spi-builder-workspace/Tests/KlaviyoCoreTests/__Snapshots__/EncodableTests/testProfilePayload.1.json
    /host/spi-builder-workspace/Tests/KlaviyoCoreTests/__Snapshots__/NetworkSessionTests/testCreateEmphemeralSesionHeaders.1.txt
    /host/spi-builder-workspace/Tests/KlaviyoCoreTests/__Snapshots__/NetworkSessionTests/testSessionDataTask.2.txt
    /host/spi-builder-workspace/Tests/KlaviyoCoreTests/__Snapshots__/EncodableTests/testKlaviyoRequest.debug.json
[0/1] Planning build
Building for debugging...
In file included from /host/spi-builder-workspace/Sources/KlaviyoAutomaticPushBootstrap/KlaviyoAutomaticPushBootstrap.m:1:
/host/spi-builder-workspace/Sources/KlaviyoAutomaticPushBootstrap/include/KlaviyoAutomaticPushBootstrap.h:1:9: fatal error: 'Foundation/Foundation.h' file not found
    1 | #import <Foundation/Foundation.h>
      |         ^~~~~~~~~~~~~~~~~~~~~~~~~
1 error generated.
[0/2] Compiling KlaviyoAutomaticPushBootstrap KlaviyoAutomaticPushBootstrap.m
[0/2] Write swift-version-24593BA9C3E375BF.txt
BUILD FAILURE 6.1 wasm