The Swift Package Index logo.Swift Package Index

Build Information

Failed to build TaylorTorch, reference main (442b73), with Swift 6.4 for macOS (SPM) on 23 Sep 2026 14:30:48 UTC.

Build Command

env DEVELOPER_DIR=/Applications/Xcode-27.0.0-Release.Candidate.app xcrun swift build --arch arm64

Build Log

========================================
RunAll
========================================
Builder version: 5.1.0
Interrupt handler set up.
========================================
Checkout
========================================
Clone URL: https://github.com/pedronahum/TaylorTorch.git
Reference: main
Initialized empty Git repository in /Users/admin/builder/spi-builder-workspace/.git/
From https://github.com/pedronahum/TaylorTorch
 * branch            main       -> FETCH_HEAD
 * [new branch]      main       -> origin/main
HEAD is now at 442b734 Linux fixes for Pytorch linking (#2)
Cloned https://github.com/pedronahum/TaylorTorch.git
Revision (git rev-parse @):
442b734b07d6e88c53c1ee736e46f7d731d9b534
SUCCESS checkout https://github.com/pedronahum/TaylorTorch.git at main
========================================
Build
========================================
Selected platform:         macosSpm
Swift version:             6.4
Building package at path:  $PWD
https://github.com/pedronahum/TaylorTorch.git
Running build ...
env DEVELOPER_DIR=/Applications/Xcode-27.0.0-Release.Candidate.app xcrun swift build --arch arm64
Building for debugging...
[Computing dependencies]
[Pre-planning 1 / 358]
[Planning deferred tasks]
[60 / 125]
[71 / 127] _NumericsShims
[72 / 127] RealModule
[75 / 141]
[78 / 141] RealModule
[79 / 141] RealModule
[81 / 180] RealModule
[90 / 180]
[95 / 180]
[100 / 180]
[103 / 180] RealModule
[107 / 180] RealModule
[109 / 180] RealModule
[113 / 180] ATenCXXDoctests-product
Fetching https://github.com/apple/swift-docc-plugin
Fetching https://github.com/differentiable-swift/swift-numerics-differentiable
[1/2345] Fetching swift-docc-plugin
[2/2712] Fetching swift-docc-plugin, swift-numerics-differentiable
Fetched https://github.com/differentiable-swift/swift-numerics-differentiable (1.47s)
Fetched https://github.com/apple/swift-docc-plugin (1.47s)
Computing version for https://github.com/differentiable-swift/swift-numerics-differentiable
Computed https://github.com/differentiable-swift/swift-numerics-differentiable at 1.3.1 (2.08s)
Fetching https://github.com/apple/swift-numerics
[1/6640] Fetching swift-numerics
Fetched https://github.com/apple/swift-numerics (1.34s)
Computing version for https://github.com/apple/swift-numerics
Computed https://github.com/apple/swift-numerics at 1.1.1 (1.95s)
Computing version for https://github.com/apple/swift-docc-plugin
Computed https://github.com/apple/swift-docc-plugin at 1.5.0 (2.10s)
Fetching https://github.com/swiftlang/swift-docc-symbolkit
[1/3829] Fetching swift-docc-symbolkit
Fetched https://github.com/swiftlang/swift-docc-symbolkit (1.36s)
Computing version for https://github.com/swiftlang/swift-docc-symbolkit
Computed https://github.com/swiftlang/swift-docc-symbolkit at 1.0.0 (2.10s)
Creating working copy for https://github.com/swiftlang/swift-docc-symbolkit
Working copy of https://github.com/swiftlang/swift-docc-symbolkit resolved at 1.0.0
Creating working copy for https://github.com/differentiable-swift/swift-numerics-differentiable
Working copy of https://github.com/differentiable-swift/swift-numerics-differentiable resolved at 1.3.1
Creating working copy for https://github.com/apple/swift-docc-plugin
Working copy of https://github.com/apple/swift-docc-plugin resolved at 1.5.0
Creating working copy for https://github.com/apple/swift-numerics
Working copy of https://github.com/apple/swift-numerics resolved at 1.1.1
In file included from /Users/admin/builder/spi-builder-workspace/Sources/ATenCXXDoctests/conv2d_doctests.cpp:3:
/Users/admin/builder/spi-builder-workspace/Sources/ATenCXX/include/tensor_shim.hpp:2:10: fatal error: 'ATen/ops/gru_cell.h' file not found
    2 | #include "ATen/ops/gru_cell.h"
      |          ^~~~~~~~~~~~~~~~~~~~~
1 error generated.
error: CompileC /Users/admin/builder/spi-builder-workspace/.build/out/Intermediates.noindex/TaylorTorch.build/Debug/ATenCXXDoctests-p.build/Objects-normal/arm64/conv2d_doctests.o /Users/admin/builder/spi-builder-workspace/Sources/ATenCXXDoctests/conv2d_doctests.cpp normal arm64 c++ com.apple.compilers.llvm.clang.1_0.compiler failed with a nonzero exit code. Command line:     cd /Users/admin/builder

    Using response file: /Users/admin/builder/spi-builder-workspace/.build/out/Intermediates.noindex/TaylorTorch.build/Debug/ATenCXXDoctests-p.build/Objects-normal/arm64/82b82416624d2658e5098eb0a28c15c5-common-args.resp

    /Applications/Xcode-27.0.0-Release.Candidate.app/Contents/Developer/Toolchains/XcodeDefault.xctoolchain/usr/bin/clang -x c++ -ivfsstatcache /Users/admin/builder/spi-builder-workspace/.build/out/SDKStatCaches.noindex/macosx27.0-26A425-80c5bbf1d171475443272936d42f90a36a22442a12e9d48fe1a705f55a1adfc4.sdkstatcache -target arm64-apple-macos14.0 -fmessage-length\=0 -fdiagnostics-show-note-include-stack -fmacro-backtrace-limit\=0 -fcolor-diagnostics -fmodules-prune-interval\=86400 -fmodules-prune-after\=345600 -fbuild-session-file\=/Users/admin/builder/spi-builder-workspace/.build/out/ModuleCache.noindex/Session.modulevalidation -fmodules-validate-once-per-build-session -Wnon-modular-include-in-framework-module -Werror\=non-modular-include-in-framework-module -Wno-trigraphs -Wno-missing-field-initializers -Wno-missing-prototypes -Wno-return-type -Wno-non-virtual-dtor -Wno-overloaded-virtual -Wno-exit-time-destructors -Wno-missing-braces -Wparentheses -Wswitch -Wno-unused-function -Wno-unused-label -Wno-unused-parameter -Wno-unused-variable -Wunused-value -Wno-empty-body -Wno-uninitialized -Wno-unknown-pragmas -Wno-shadow -Wno-four-char-constants -Wno-conversion -Wno-constant-conversion -Wno-int-conversion -Wno-bool-conversion -Wno-enum-conversion -Wno-float-conversion -Wno-non-literal-null-conversion -Wno-objc-literal-conversion -Wshorten-64-to-32 -Wno-newline-eof -Wno-c++11-extensions -Wno-implicit-fallthrough -isysroot /Applications/Xcode-27.0.0-Release.Candidate.app/Contents/Developer/Platforms/MacOSX.platform/Developer/SDKs/MacOSX27.0.sdk -fstrict-aliasing -Wdeprecated-declarations -Winvalid-offsetof -Wno-sign-conversion -Wno-infinite-recursion -Wno-move -Wno-comma -Wno-block-capture-autoreleasing -Wno-strict-prototypes -Wno-range-loop-analysis -Wno-semicolon-before-method-body -index-store-path /Users/admin/builder/spi-builder-workspace/.build/out @/Users/admin/builder/spi-builder-workspace/.build/out/Intermediates.noindex/TaylorTorch.build/Debug/ATenCXXDoctests-p.build/Objects-normal/arm64/82b82416624d2658e5098eb0a28c15c5-common-args.resp -MMD -MT dependencies -MF /Users/admin/builder/spi-builder-workspace/.build/out/Intermediates.noindex/TaylorTorch.build/Debug/ATenCXXDoctests-p.build/Objects-normal/arm64/conv2d_doctests.d --serialize-diagnostics /Users/admin/builder/spi-builder-workspace/.build/out/Intermediates.noindex/TaylorTorch.build/Debug/ATenCXXDoctests-p.build/Objects-normal/arm64/conv2d_doctests.dia -c /Users/admin/builder/spi-builder-workspace/Sources/ATenCXXDoctests/conv2d_doctests.cpp -o /Users/admin/builder/spi-builder-workspace/.build/out/Intermediates.noindex/TaylorTorch.build/Debug/ATenCXXDoctests-p.build/Objects-normal/arm64/conv2d_doctests.o -index-unit-output-path /TaylorTorch.build/Debug/ATenCXXDoctests-p.build/Objects-normal/arm64/conv2d_doctests.o
In file included from /Users/admin/builder/spi-builder-workspace/Sources/ATenCXXDoctests/conv2d_backward_doctests.cpp:3:
/Users/admin/builder/spi-builder-workspace/Sources/ATenCXX/include/tensor_shim.hpp:2:10: fatal error: 'ATen/ops/gru_cell.h' file not found
    2 | #include "ATen/ops/gru_cell.h"
      |          ^~~~~~~~~~~~~~~~~~~~~
1 error generated.
error: CompileC /Users/admin/builder/spi-builder-workspace/.build/out/Intermediates.noindex/TaylorTorch.build/Debug/ATenCXXDoctests-p.build/Objects-normal/arm64/conv2d_backward_doctests.o /Users/admin/builder/spi-builder-workspace/Sources/ATenCXXDoctests/conv2d_backward_doctests.cpp normal arm64 c++ com.apple.compilers.llvm.clang.1_0.compiler failed with a nonzero exit code. Command line:     cd /Users/admin/builder

    Using response file: /Users/admin/builder/spi-builder-workspace/.build/out/Intermediates.noindex/TaylorTorch.build/Debug/ATenCXXDoctests-p.build/Objects-normal/arm64/82b82416624d2658e5098eb0a28c15c5-common-args.resp

    /Applications/Xcode-27.0.0-Release.Candidate.app/Contents/Developer/Toolchains/XcodeDefault.xctoolchain/usr/bin/clang -x c++ -ivfsstatcache /Users/admin/builder/spi-builder-workspace/.build/out/SDKStatCaches.noindex/macosx27.0-26A425-80c5bbf1d171475443272936d42f90a36a22442a12e9d48fe1a705f55a1adfc4.sdkstatcache -target arm64-apple-macos14.0 -fmessage-length\=0 -fdiagnostics-show-note-include-stack -fmacro-backtrace-limit\=0 -fcolor-diagnostics -fmodules-prune-interval\=86400 -fmodules-prune-after\=345600 -fbuild-session-file\=/Users/admin/builder/spi-builder-workspace/.build/out/ModuleCache.noindex/Session.modulevalidation -fmodules-validate-once-per-build-session -Wnon-modular-include-in-framework-module -Werror\=non-modular-include-in-framework-module -Wno-trigraphs -Wno-missing-field-initializers -Wno-missing-prototypes -Wno-return-type -Wno-non-virtual-dtor -Wno-overloaded-virtual -Wno-exit-time-destructors -Wno-missing-braces -Wparentheses -Wswitch -Wno-unused-function -Wno-unused-label -Wno-unused-parameter -Wno-unused-variable -Wunused-value -Wno-empty-body -Wno-uninitialized -Wno-unknown-pragmas -Wno-shadow -Wno-four-char-constants -Wno-conversion -Wno-constant-conversion -Wno-int-conversion -Wno-bool-conversion -Wno-enum-conversion -Wno-float-conversion -Wno-non-literal-null-conversion -Wno-objc-literal-conversion -Wshorten-64-to-32 -Wno-newline-eof -Wno-c++11-extensions -Wno-implicit-fallthrough -isysroot /Applications/Xcode-27.0.0-Release.Candidate.app/Contents/Developer/Platforms/MacOSX.platform/Developer/SDKs/MacOSX27.0.sdk -fstrict-aliasing -Wdeprecated-declarations -Winvalid-offsetof -Wno-sign-conversion -Wno-infinite-recursion -Wno-move -Wno-comma -Wno-block-capture-autoreleasing -Wno-strict-prototypes -Wno-range-loop-analysis -Wno-semicolon-before-method-body -index-store-path /Users/admin/builder/spi-builder-workspace/.build/out @/Users/admin/builder/spi-builder-workspace/.build/out/Intermediates.noindex/TaylorTorch.build/Debug/ATenCXXDoctests-p.build/Objects-normal/arm64/82b82416624d2658e5098eb0a28c15c5-common-args.resp -MMD -MT dependencies -MF /Users/admin/builder/spi-builder-workspace/.build/out/Intermediates.noindex/TaylorTorch.build/Debug/ATenCXXDoctests-p.build/Objects-normal/arm64/conv2d_backward_doctests.d --serialize-diagnostics /Users/admin/builder/spi-builder-workspace/.build/out/Intermediates.noindex/TaylorTorch.build/Debug/ATenCXXDoctests-p.build/Objects-normal/arm64/conv2d_backward_doctests.dia -c /Users/admin/builder/spi-builder-workspace/Sources/ATenCXXDoctests/conv2d_backward_doctests.cpp -o /Users/admin/builder/spi-builder-workspace/.build/out/Intermediates.noindex/TaylorTorch.build/Debug/ATenCXXDoctests-p.build/Objects-normal/arm64/conv2d_backward_doctests.o -index-unit-output-path /TaylorTorch.build/Debug/ATenCXXDoctests-p.build/Objects-normal/arm64/conv2d_backward_doctests.o
In file included from /Users/admin/builder/spi-builder-workspace/Sources/ATenCXXDoctests/avg_pool2d_doctests.cpp:3:
/Users/admin/builder/spi-builder-workspace/Sources/ATenCXX/include/tensor_shim.hpp:2:10: fatal error: 'ATen/ops/gru_cell.h' file not found
    2 | #include "ATen/ops/gru_cell.h"
      |          ^~~~~~~~~~~~~~~~~~~~~
1 error generated.
error: CompileC /Users/admin/builder/spi-builder-workspace/.build/out/Intermediates.noindex/TaylorTorch.build/Debug/ATenCXXDoctests-p.build/Objects-normal/arm64/avg_pool2d_doctests.o /Users/admin/builder/spi-builder-workspace/Sources/ATenCXXDoctests/avg_pool2d_doctests.cpp normal arm64 c++ com.apple.compilers.llvm.clang.1_0.compiler failed with a nonzero exit code. Command line:     cd /Users/admin/builder

    Using response file: /Users/admin/builder/spi-builder-workspace/.build/out/Intermediates.noindex/TaylorTorch.build/Debug/ATenCXXDoctests-p.build/Objects-normal/arm64/82b82416624d2658e5098eb0a28c15c5-common-args.resp

    /Applications/Xcode-27.0.0-Release.Candidate.app/Contents/Developer/Toolchains/XcodeDefault.xctoolchain/usr/bin/clang -x c++ -ivfsstatcache /Users/admin/builder/spi-builder-workspace/.build/out/SDKStatCaches.noindex/macosx27.0-26A425-80c5bbf1d171475443272936d42f90a36a22442a12e9d48fe1a705f55a1adfc4.sdkstatcache -target arm64-apple-macos14.0 -fmessage-length\=0 -fdiagnostics-show-note-include-stack -fmacro-backtrace-limit\=0 -fcolor-diagnostics -fmodules-prune-interval\=86400 -fmodules-prune-after\=345600 -fbuild-session-file\=/Users/admin/builder/spi-builder-workspace/.build/out/ModuleCache.noindex/Session.modulevalidation -fmodules-validate-once-per-build-session -Wnon-modular-include-in-framework-module -Werror\=non-modular-include-in-framework-module -Wno-trigraphs -Wno-missing-field-initializers -Wno-missing-prototypes -Wno-return-type -Wno-non-virtual-dtor -Wno-overloaded-virtual -Wno-exit-time-destructors -Wno-missing-braces -Wparentheses -Wswitch -Wno-unused-function -Wno-unused-label -Wno-unused-parameter -Wno-unused-variable -Wunused-value -Wno-empty-body -Wno-uninitialized -Wno-unknown-pragmas -Wno-shadow -Wno-four-char-constants -Wno-conversion -Wno-constant-conversion -Wno-int-conversion -Wno-bool-conversion -Wno-enum-conversion -Wno-float-conversion -Wno-non-literal-null-conversion -Wno-objc-literal-conversion -Wshorten-64-to-32 -Wno-newline-eof -Wno-c++11-extensions -Wno-implicit-fallthrough -isysroot /Applications/Xcode-27.0.0-Release.Candidate.app/Contents/Developer/Platforms/MacOSX.platform/Developer/SDKs/MacOSX27.0.sdk -fstrict-aliasing -Wdeprecated-declarations -Winvalid-offsetof -Wno-sign-conversion -Wno-infinite-recursion -Wno-move -Wno-comma -Wno-block-capture-autoreleasing -Wno-strict-prototypes -Wno-range-loop-analysis -Wno-semicolon-before-method-body -index-store-path /Users/admin/builder/spi-builder-workspace/.build/out @/Users/admin/builder/spi-builder-workspace/.build/out/Intermediates.noindex/TaylorTorch.build/Debug/ATenCXXDoctests-p.build/Objects-normal/arm64/82b82416624d2658e5098eb0a28c15c5-common-args.resp -MMD -MT dependencies -MF /Users/admin/builder/spi-builder-workspace/.build/out/Intermediates.noindex/TaylorTorch.build/Debug/ATenCXXDoctests-p.build/Objects-normal/arm64/avg_pool2d_doctests.d --serialize-diagnostics /Users/admin/builder/spi-builder-workspace/.build/out/Intermediates.noindex/TaylorTorch.build/Debug/ATenCXXDoctests-p.build/Objects-normal/arm64/avg_pool2d_doctests.dia -c /Users/admin/builder/spi-builder-workspace/Sources/ATenCXXDoctests/avg_pool2d_doctests.cpp -o /Users/admin/builder/spi-builder-workspace/.build/out/Intermediates.noindex/TaylorTorch.build/Debug/ATenCXXDoctests-p.build/Objects-normal/arm64/avg_pool2d_doctests.o -index-unit-output-path /TaylorTorch.build/Debug/ATenCXXDoctests-p.build/Objects-normal/arm64/avg_pool2d_doctests.o
In file included from /Users/admin/builder/spi-builder-workspace/Sources/ATenCXXDoctests/masked_scatter_doctests.cpp:3:
/Users/admin/builder/spi-builder-workspace/Sources/ATenCXX/include/tensor_shim.hpp:2:10: fatal error: 'ATen/ops/gru_cell.h' file not found
    2 | #include "ATen/ops/gru_cell.h"
      |          ^~~~~~~~~~~~~~~~~~~~~
1 error generated.
error: CompileC /Users/admin/builder/spi-builder-workspace/.build/out/Intermediates.noindex/TaylorTorch.build/Debug/ATenCXXDoctests-p.build/Objects-normal/arm64/masked_scatter_doctests.o /Users/admin/builder/spi-builder-workspace/Sources/ATenCXXDoctests/masked_scatter_doctests.cpp normal arm64 c++ com.apple.compilers.llvm.clang.1_0.compiler failed with a nonzero exit code. Command line:     cd /Users/admin/builder

    Using response file: /Users/admin/builder/spi-builder-workspace/.build/out/Intermediates.noindex/TaylorTorch.build/Debug/ATenCXXDoctests-p.build/Objects-normal/arm64/82b82416624d2658e5098eb0a28c15c5-common-args.resp

    /Applications/Xcode-27.0.0-Release.Candidate.app/Contents/Developer/Toolchains/XcodeDefault.xctoolchain/usr/bin/clang -x c++ -ivfsstatcache /Users/admin/builder/spi-builder-workspace/.build/out/SDKStatCaches.noindex/macosx27.0-26A425-80c5bbf1d171475443272936d42f90a36a22442a12e9d48fe1a705f55a1adfc4.sdkstatcache -target arm64-apple-macos14.0 -fmessage-length\=0 -fdiagnostics-show-note-include-stack -fmacro-backtrace-limit\=0 -fcolor-diagnostics -fmodules-prune-interval\=86400 -fmodules-prune-after\=345600 -fbuild-session-file\=/Users/admin/builder/spi-builder-workspace/.build/out/ModuleCache.noindex/Session.modulevalidation -fmodules-validate-once-per-build-session -Wnon-modular-include-in-framework-module -Werror\=non-modular-include-in-framework-module -Wno-trigraphs -Wno-missing-field-initializers -Wno-missing-prototypes -Wno-return-type -Wno-non-virtual-dtor -Wno-overloaded-virtual -Wno-exit-time-destructors -Wno-missing-braces -Wparentheses -Wswitch -Wno-unused-function -Wno-unused-label -Wno-unused-parameter -Wno-unused-variable -Wunused-value -Wno-empty-body -Wno-uninitialized -Wno-unknown-pragmas -Wno-shadow -Wno-four-char-constants -Wno-conversion -Wno-constant-conversion -Wno-int-conversion -Wno-bool-conversion -Wno-enum-conversion -Wno-float-conversion -Wno-non-literal-null-conversion -Wno-objc-literal-conversion -Wshorten-64-to-32 -Wno-newline-eof -Wno-c++11-extensions -Wno-implicit-fallthrough -isysroot /Applications/Xcode-27.0.0-Release.Candidate.app/Contents/Developer/Platforms/MacOSX.platform/Developer/SDKs/MacOSX27.0.sdk -fstrict-aliasing -Wdeprecated-declarations -Winvalid-offsetof -Wno-sign-conversion -Wno-infinite-recursion -Wno-move -Wno-comma -Wno-block-capture-autoreleasing -Wno-strict-prototypes -Wno-range-loop-analysis -Wno-semicolon-before-method-body -index-store-path /Users/admin/builder/spi-builder-workspace/.build/out @/Users/admin/builder/spi-builder-workspace/.build/out/Intermediates.noindex/TaylorTorch.build/Debug/ATenCXXDoctests-p.build/Objects-normal/arm64/82b82416624d2658e5098eb0a28c15c5-common-args.resp -MMD -MT dependencies -MF /Users/admin/builder/spi-builder-workspace/.build/out/Intermediates.noindex/TaylorTorch.build/Debug/ATenCXXDoctests-p.build/Objects-normal/arm64/masked_scatter_doctests.d --serialize-diagnostics /Users/admin/builder/spi-builder-workspace/.build/out/Intermediates.noindex/TaylorTorch.build/Debug/ATenCXXDoctests-p.build/Objects-normal/arm64/masked_scatter_doctests.dia -c /Users/admin/builder/spi-builder-workspace/Sources/ATenCXXDoctests/masked_scatter_doctests.cpp -o /Users/admin/builder/spi-builder-workspace/.build/out/Intermediates.noindex/TaylorTorch.build/Debug/ATenCXXDoctests-p.build/Objects-normal/arm64/masked_scatter_doctests.o -index-unit-output-path /TaylorTorch.build/Debug/ATenCXXDoctests-p.build/Objects-normal/arm64/masked_scatter_doctests.o
In file included from /Users/admin/builder/spi-builder-workspace/Sources/ATenCXXDoctests/group_norm_doctests.cpp:3:
/Users/admin/builder/spi-builder-workspace/Sources/ATenCXX/include/tensor_shim.hpp:2:10: fatal error: 'ATen/ops/gru_cell.h' file not found
    2 | #include "ATen/ops/gru_cell.h"
      |          ^~~~~~~~~~~~~~~~~~~~~
1 error generated.
error: CompileC /Users/admin/builder/spi-builder-workspace/.build/out/Intermediates.noindex/TaylorTorch.build/Debug/ATenCXXDoctests-p.build/Objects-normal/arm64/group_norm_doctests.o /Users/admin/builder/spi-builder-workspace/Sources/ATenCXXDoctests/group_norm_doctests.cpp normal arm64 c++ com.apple.compilers.llvm.clang.1_0.compiler failed with a nonzero exit code. Command line:     cd /Users/admin/builder

    Using response file: /Users/admin/builder/spi-builder-workspace/.build/out/Intermediates.noindex/TaylorTorch.build/Debug/ATenCXXDoctests-p.build/Objects-normal/arm64/82b82416624d2658e5098eb0a28c15c5-common-args.resp

    /Applications/Xcode-27.0.0-Release.Candidate.app/Contents/Developer/Toolchains/XcodeDefault.xctoolchain/usr/bin/clang -x c++ -ivfsstatcache /Users/admin/builder/spi-builder-workspace/.build/out/SDKStatCaches.noindex/macosx27.0-26A425-80c5bbf1d171475443272936d42f90a36a22442a12e9d48fe1a705f55a1adfc4.sdkstatcache -target arm64-apple-macos14.0 -fmessage-length\=0 -fdiagnostics-show-note-include-stack -fmacro-backtrace-limit\=0 -fcolor-diagnostics -fmodules-prune-interval\=86400 -fmodules-prune-after\=345600 -fbuild-session-file\=/Users/admin/builder/spi-builder-workspace/.build/out/ModuleCache.noindex/Session.modulevalidation -fmodules-validate-once-per-build-session -Wnon-modular-include-in-framework-module -Werror\=non-modular-include-in-framework-module -Wno-trigraphs -Wno-missing-field-initializers -Wno-missing-prototypes -Wno-return-type -Wno-non-virtual-dtor -Wno-overloaded-virtual -Wno-exit-time-destructors -Wno-missing-braces -Wparentheses -Wswitch -Wno-unused-function -Wno-unused-label -Wno-unused-parameter -Wno-unused-variable -Wunused-value -Wno-empty-body -Wno-uninitialized -Wno-unknown-pragmas -Wno-shadow -Wno-four-char-constants -Wno-conversion -Wno-constant-conversion -Wno-int-conversion -Wno-bool-conversion -Wno-enum-conversion -Wno-float-conversion -Wno-non-literal-null-conversion -Wno-objc-literal-conversion -Wshorten-64-to-32 -Wno-newline-eof -Wno-c++11-extensions -Wno-implicit-fallthrough -isysroot /Applications/Xcode-27.0.0-Release.Candidate.app/Contents/Developer/Platforms/MacOSX.platform/Developer/SDKs/MacOSX27.0.sdk -fstrict-aliasing -Wdeprecated-declarations -Winvalid-offsetof -Wno-sign-conversion -Wno-infinite-recursion -Wno-move -Wno-comma -Wno-block-capture-autoreleasing -Wno-strict-prototypes -Wno-range-loop-analysis -Wno-semicolon-before-method-body -index-store-path /Users/admin/builder/spi-builder-workspace/.build/out @/Users/admin/builder/spi-builder-workspace/.build/out/Intermediates.noindex/TaylorTorch.build/Debug/ATenCXXDoctests-p.build/Objects-normal/arm64/82b82416624d2658e5098eb0a28c15c5-common-args.resp -MMD -MT dependencies -MF /Users/admin/builder/spi-builder-workspace/.build/out/Intermediates.noindex/TaylorTorch.build/Debug/ATenCXXDoctests-p.build/Objects-normal/arm64/group_norm_doctests.d --serialize-diagnostics /Users/admin/builder/spi-builder-workspace/.build/out/Intermediates.noindex/TaylorTorch.build/Debug/ATenCXXDoctests-p.build/Objects-normal/arm64/group_norm_doctests.dia -c /Users/admin/builder/spi-builder-workspace/Sources/ATenCXXDoctests/group_norm_doctests.cpp -o /Users/admin/builder/spi-builder-workspace/.build/out/Intermediates.noindex/TaylorTorch.build/Debug/ATenCXXDoctests-p.build/Objects-normal/arm64/group_norm_doctests.o -index-unit-output-path /TaylorTorch.build/Debug/ATenCXXDoctests-p.build/Objects-normal/arm64/group_norm_doctests.o
In file included from /Users/admin/builder/spi-builder-workspace/Sources/ATenCXXDoctests/ttsd_doctest_bridge.cpp:4:
/Users/admin/builder/spi-builder-workspace/Sources/ATenCXX/include/tensor_shim.hpp:2:10: fatal error: 'ATen/ops/gru_cell.h' file not found
    2 | #include "ATen/ops/gru_cell.h"
      |          ^~~~~~~~~~~~~~~~~~~~~
1 error generated.
error: CompileC /Users/admin/builder/spi-builder-workspace/.build/out/Intermediates.noindex/TaylorTorch.build/Debug/ATenCXXDoctests-p.build/Objects-normal/arm64/ttsd_doctest_bridge.o /Users/admin/builder/spi-builder-workspace/Sources/ATenCXXDoctests/ttsd_doctest_bridge.cpp normal arm64 c++ com.apple.compilers.llvm.clang.1_0.compiler failed with a nonzero exit code. Command line:     cd /Users/admin/builder

    Using response file: /Users/admin/builder/spi-builder-workspace/.build/out/Intermediates.noindex/TaylorTorch.build/Debug/ATenCXXDoctests-p.build/Objects-normal/arm64/82b82416624d2658e5098eb0a28c15c5-common-args.resp

    /Applications/Xcode-27.0.0-Release.Candidate.app/Contents/Developer/Toolchains/XcodeDefault.xctoolchain/usr/bin/clang -x c++ -ivfsstatcache /Users/admin/builder/spi-builder-workspace/.build/out/SDKStatCaches.noindex/macosx27.0-26A425-80c5bbf1d171475443272936d42f90a36a22442a12e9d48fe1a705f55a1adfc4.sdkstatcache -target arm64-apple-macos14.0 -fmessage-length\=0 -fdiagnostics-show-note-include-stack -fmacro-backtrace-limit\=0 -fcolor-diagnostics -fmodules-prune-interval\=86400 -fmodules-prune-after\=345600 -fbuild-session-file\=/Users/admin/builder/spi-builder-workspace/.build/out/ModuleCache.noindex/Session.modulevalidation -fmodules-validate-once-per-build-session -Wnon-modular-include-in-framework-module -Werror\=non-modular-include-in-framework-module -Wno-trigraphs -Wno-missing-field-initializers -Wno-missing-prototypes -Wno-return-type -Wno-non-virtual-dtor -Wno-overloaded-virtual -Wno-exit-time-destructors -Wno-missing-braces -Wparentheses -Wswitch -Wno-unused-function -Wno-unused-label -Wno-unused-parameter -Wno-unused-variable -Wunused-value -Wno-empty-body -Wno-uninitialized -Wno-unknown-pragmas -Wno-shadow -Wno-four-char-constants -Wno-conversion -Wno-constant-conversion -Wno-int-conversion -Wno-bool-conversion -Wno-enum-conversion -Wno-float-conversion -Wno-non-literal-null-conversion -Wno-objc-literal-conversion -Wshorten-64-to-32 -Wno-newline-eof -Wno-c++11-extensions -Wno-implicit-fallthrough -isysroot /Applications/Xcode-27.0.0-Release.Candidate.app/Contents/Developer/Platforms/MacOSX.platform/Developer/SDKs/MacOSX27.0.sdk -fstrict-aliasing -Wdeprecated-declarations -Winvalid-offsetof -Wno-sign-conversion -Wno-infinite-recursion -Wno-move -Wno-comma -Wno-block-capture-autoreleasing -Wno-strict-prototypes -Wno-range-loop-analysis -Wno-semicolon-before-method-body -index-store-path /Users/admin/builder/spi-builder-workspace/.build/out @/Users/admin/builder/spi-builder-workspace/.build/out/Intermediates.noindex/TaylorTorch.build/Debug/ATenCXXDoctests-p.build/Objects-normal/arm64/82b82416624d2658e5098eb0a28c15c5-common-args.resp -MMD -MT dependencies -MF /Users/admin/builder/spi-builder-workspace/.build/out/Intermediates.noindex/TaylorTorch.build/Debug/ATenCXXDoctests-p.build/Objects-normal/arm64/ttsd_doctest_bridge.d --serialize-diagnostics /Users/admin/builder/spi-builder-workspace/.build/out/Intermediates.noindex/TaylorTorch.build/Debug/ATenCXXDoctests-p.build/Objects-normal/arm64/ttsd_doctest_bridge.dia -c /Users/admin/builder/spi-builder-workspace/Sources/ATenCXXDoctests/ttsd_doctest_bridge.cpp -o /Users/admin/builder/spi-builder-workspace/.build/out/Intermediates.noindex/TaylorTorch.build/Debug/ATenCXXDoctests-p.build/Objects-normal/arm64/ttsd_doctest_bridge.o -index-unit-output-path /TaylorTorch.build/Debug/ATenCXXDoctests-p.build/Objects-normal/arm64/ttsd_doctest_bridge.o
In file included from /Users/admin/builder/spi-builder-workspace/Sources/ATenCXXDoctests/max_pool2d_doctests.cpp:3:
/Users/admin/builder/spi-builder-workspace/Sources/ATenCXX/include/tensor_shim.hpp:2:10: fatal error: 'ATen/ops/gru_cell.h' file not found
    2 | #include "ATen/ops/gru_cell.h"
      |          ^~~~~~~~~~~~~~~~~~~~~
1 error generated.
error: CompileC /Users/admin/builder/spi-builder-workspace/.build/out/Intermediates.noindex/TaylorTorch.build/Debug/ATenCXXDoctests-p.build/Objects-normal/arm64/max_pool2d_doctests.o /Users/admin/builder/spi-builder-workspace/Sources/ATenCXXDoctests/max_pool2d_doctests.cpp normal arm64 c++ com.apple.compilers.llvm.clang.1_0.compiler failed with a nonzero exit code. Command line:     cd /Users/admin/builder

    Using response file: /Users/admin/builder/spi-builder-workspace/.build/out/Intermediates.noindex/TaylorTorch.build/Debug/ATenCXXDoctests-p.build/Objects-normal/arm64/82b82416624d2658e5098eb0a28c15c5-common-args.resp

    /Applications/Xcode-27.0.0-Release.Candidate.app/Contents/Developer/Toolchains/XcodeDefault.xctoolchain/usr/bin/clang -x c++ -ivfsstatcache /Users/admin/builder/spi-builder-workspace/.build/out/SDKStatCaches.noindex/macosx27.0-26A425-80c5bbf1d171475443272936d42f90a36a22442a12e9d48fe1a705f55a1adfc4.sdkstatcache -target arm64-apple-macos14.0 -fmessage-length\=0 -fdiagnostics-show-note-include-stack -fmacro-backtrace-limit\=0 -fcolor-diagnostics -fmodules-prune-interval\=86400 -fmodules-prune-after\=345600 -fbuild-session-file\=/Users/admin/builder/spi-builder-workspace/.build/out/ModuleCache.noindex/Session.modulevalidation -fmodules-validate-once-per-build-session -Wnon-modular-include-in-framework-module -Werror\=non-modular-include-in-framework-module -Wno-trigraphs -Wno-missing-field-initializers -Wno-missing-prototypes -Wno-return-type -Wno-non-virtual-dtor -Wno-overloaded-virtual -Wno-exit-time-destructors -Wno-missing-braces -Wparentheses -Wswitch -Wno-unused-function -Wno-unused-label -Wno-unused-parameter -Wno-unused-variable -Wunused-value -Wno-empty-body -Wno-uninitialized -Wno-unknown-pragmas -Wno-shadow -Wno-four-char-constants -Wno-conversion -Wno-constant-conversion -Wno-int-conversion -Wno-bool-conversion -Wno-enum-conversion -Wno-float-conversion -Wno-non-literal-null-conversion -Wno-objc-literal-conversion -Wshorten-64-to-32 -Wno-newline-eof -Wno-c++11-extensions -Wno-implicit-fallthrough -isysroot /Applications/Xcode-27.0.0-Release.Candidate.app/Contents/Developer/Platforms/MacOSX.platform/Developer/SDKs/MacOSX27.0.sdk -fstrict-aliasing -Wdeprecated-declarations -Winvalid-offsetof -Wno-sign-conversion -Wno-infinite-recursion -Wno-move -Wno-comma -Wno-block-capture-autoreleasing -Wno-strict-prototypes -Wno-range-loop-analysis -Wno-semicolon-before-method-body -index-store-path /Users/admin/builder/spi-builder-workspace/.build/out @/Users/admin/builder/spi-builder-workspace/.build/out/Intermediates.noindex/TaylorTorch.build/Debug/ATenCXXDoctests-p.build/Objects-normal/arm64/82b82416624d2658e5098eb0a28c15c5-common-args.resp -MMD -MT dependencies -MF /Users/admin/builder/spi-builder-workspace/.build/out/Intermediates.noindex/TaylorTorch.build/Debug/ATenCXXDoctests-p.build/Objects-normal/arm64/max_pool2d_doctests.d --serialize-diagnostics /Users/admin/builder/spi-builder-workspace/.build/out/Intermediates.noindex/TaylorTorch.build/Debug/ATenCXXDoctests-p.build/Objects-normal/arm64/max_pool2d_doctests.dia -c /Users/admin/builder/spi-builder-workspace/Sources/ATenCXXDoctests/max_pool2d_doctests.cpp -o /Users/admin/builder/spi-builder-workspace/.build/out/Intermediates.noindex/TaylorTorch.build/Debug/ATenCXXDoctests-p.build/Objects-normal/arm64/max_pool2d_doctests.o -index-unit-output-path /TaylorTorch.build/Debug/ATenCXXDoctests-p.build/Objects-normal/arm64/max_pool2d_doctests.o
error: Build failed
BUILD FAILURE 6.4 macosSpm