The Swift Package Index logo.Swift Package Index

Build Information

Failed to build RestEssentials, reference master (7f06c9), with Swift 6.4 for Wasm on 27 Sep 2026 10:05:14 UTC.

Build Command

bash -c docker run --pull=always --rm -v "checkouts-54344845-0":/host -w "$PWD" -e JAVA_HOME="/root/.sdkman/candidates/java/current" -e SPI_BUILD="1" -e SPI_PROCESSING="1" registry.gitlab.com/saguaro1/spi-images:wasm-6.4-latest swift build --swift-sdk swift-6.4.x-DEVELOPMENT-SNAPSHOT-2026-09-04-a_wasm 2>&1

Build Log

========================================
RunAll
========================================
Builder version: 5.1.0
Interrupt handler set up.
========================================
Checkout
========================================
Clone URL: https://github.com/sean7512/RestEssentials.git
Reference: master
Initialized empty Git repository in /host/spi-builder-workspace/.git/
hint: Using 'master' as the name for the initial branch. This default branch name
hint: is subject to change. To configure the initial branch name to use in all
hint: of your new repositories, which will suppress this warning, call:
hint:
hint: 	git config --global init.defaultBranch <name>
hint:
hint: Names commonly chosen instead of 'master' are 'main', 'trunk' and
hint: 'development'. The just-created branch can be renamed via this command:
hint:
hint: 	git branch -m <name>
From https://github.com/sean7512/RestEssentials
 * branch            master     -> FETCH_HEAD
 * [new branch]      master     -> origin/master
HEAD is now at 7f06c98 add data to header generator and move to swift package project:
Cloned https://github.com/sean7512/RestEssentials.git
Revision (git rev-parse @):
7f06c98ba52829b5e9645d59478e300624b21f04
SUCCESS checkout https://github.com/sean7512/RestEssentials.git at master
========================================
Build
========================================
Selected platform:         wasm
Swift version:             6.4
Building package at path:  $PWD
https://github.com/sean7512/RestEssentials.git
Running build ...
bash -c docker run --pull=always --rm -v "checkouts-54344845-0":/host -w "$PWD" -e JAVA_HOME="/root/.sdkman/candidates/java/current" -e SPI_BUILD="1" -e SPI_PROCESSING="1" registry.gitlab.com/saguaro1/spi-images:wasm-6.4-latest swift build --swift-sdk swift-6.4.x-DEVELOPMENT-SNAPSHOT-2026-09-04-a_wasm 2>&1
wasm-6.4-latest: Pulling from saguaro1/spi-images
Digest: sha256:4328fdb43c680d205c1d6761b1e3267aa38277eefdda9ddfb17b6a0f1a77857a
Status: Image is up to date for registry.gitlab.com/saguaro1/spi-images:wasm-6.4-latest
warning: 'spi-builder-workspace': found 1 file(s) which are unhandled; explicitly declare them as resources or exclude from the target
    /host/spi-builder-workspace/Sources/RestEssentialsTests/Info.plist
warning: 'spi-builder-workspace': found 1 file(s) which are unhandled; explicitly declare them as resources or exclude from the target
    /host/spi-builder-workspace/Sources/RestEssentials/Info.plist
Building for debugging...
[Planning deferred tasks]
error: SwiftCompile normal wasm32 failed with a nonzero exit code. Command line:     cd /host

/host/spi-builder-workspace/Sources/RestEssentials/RestController.swift:16:36: error: 'HTTPURLResponse' is unavailable: This type has moved to the FoundationNetworking module. Import that module to use it.
 14 |     /// - parameter HTTPURLResponse: The HTTPURLResponse from the server
 15 |     /// - parameter Data: The raw returned data from the server
 16 |     case unexpectedStatusCode(Int, HTTPURLResponse, Data)
    |                                    `- error: 'HTTPURLResponse' is unavailable: This type has moved to the FoundationNetworking module. Import that module to use it.
 17 |
 18 |     /// Indicates that the server responded using an unknown protocol.
Foundation.HTTPURLResponse:2:18: note: 'HTTPURLResponse' has been explicitly marked unavailable here
1 | @available(*, unavailable, message: "This type has moved to the FoundationNetworking module. Import that module to use it.")
2 | public typealias HTTPURLResponse = AnyObject
  |                  `- note: 'HTTPURLResponse' has been explicitly marked unavailable here
/host/spi-builder-workspace/Sources/RestEssentials/RestController.swift:21:22: error: 'URLResponse' is unavailable: This type has moved to the FoundationNetworking module. Import that module to use it.
 19 |     /// - parameter URLResponse: The response returned form the server.
 20 |     /// - parameter Data: The raw returned data from the server.
 21 |     case badResponse(URLResponse, Data)
    |                      `- error: 'URLResponse' is unavailable: This type has moved to the FoundationNetworking module. Import that module to use it.
 22 |
 23 |     /// Indicates the server's response could not be deserialized using the given Deserializer.
Foundation.URLResponse:2:18: note: 'URLResponse' has been explicitly marked unavailable here
1 | @available(*, unavailable, message: "This type has moved to the FoundationNetworking module. Import that module to use it.")
2 | public typealias URLResponse = AnyObject
  |                  `- note: 'URLResponse' has been explicitly marked unavailable here
/host/spi-builder-workspace/Sources/RestEssentials/RestController.swift:27:28: error: 'HTTPURLResponse' is unavailable: This type has moved to the FoundationNetworking module. Import that module to use it.
 25 |     /// - parameter Data: The raw returned data from the server
 26 |     /// - parameter Error: The original system error (like a DecodingError, etc) that caused the malformedResponse to trigger
 27 |     case malformedResponse(HTTPURLResponse, Data, Error)
    |                            `- error: 'HTTPURLResponse' is unavailable: This type has moved to the FoundationNetworking module. Import that module to use it.
 28 | }
 29 |
Foundation.HTTPURLResponse:2:18: note: 'HTTPURLResponse' has been explicitly marked unavailable here
1 | @available(*, unavailable, message: "This type has moved to the FoundationNetworking module. Import that module to use it.")
2 | public typealias HTTPURLResponse = AnyObject
  |                  `- note: 'HTTPURLResponse' has been explicitly marked unavailable here
/host/spi-builder-workspace/Sources/RestEssentials/RestController.swift:53:41: error: cannot find type 'URLSessionDelegate' in scope
 51 | ///
 52 | /// **NOTE:** Ensure to configure `App Transport Security` appropriately.
 53 | public class RestController : NSObject, URLSessionDelegate {
    |                                         `- error: cannot find type 'URLSessionDelegate' in scope
 54 |
 55 |     fileprivate static let kDefaultRequestTimeout = 60 as TimeInterval
/host/spi-builder-workspace/Sources/RestEssentials/RestController.swift:66:26: error: 'URLSession' is unavailable: This type has moved to the FoundationNetworking module. Import that module to use it.
 64 |
 65 |     private let url: URL
 66 |     private var session: URLSession
    |                          `- error: 'URLSession' is unavailable: This type has moved to the FoundationNetworking module. Import that module to use it.
 67 |
 68 |     /// This generator will be called before every useage of this RestController
Foundation.URLSession:2:18: note: 'URLSession' has been explicitly marked unavailable here
1 | @available(*, unavailable, message: "This type has moved to the FoundationNetworking module. Import that module to use it.")
2 | public typealias URLSession = AnyObject
  |                  `- note: 'URLSession' has been explicitly marked unavailable here
/host/spi-builder-workspace/Sources/RestEssentials/RestController.swift:107:142: error: 'AuthChallengeDisposition' is not a member type of type 'Foundation.URLSession' (aka 'AnyObject')
105 |     }
106 |
107 |     public func urlSession(_ session: URLSession, didReceive challenge: URLAuthenticationChallenge, completionHandler: @escaping (URLSession.AuthChallengeDisposition, URLCredential?) -> Void) {
    |                                                                                                                                              `- error: 'AuthChallengeDisposition' is not a member type of type 'Foundation.URLSession' (aka 'AnyObject')
108 |         if(acceptSelfSignedCertificate && challenge.protectionSpace.authenticationMethod == NSURLAuthenticationMethodServerTrust && challenge.protectionSpace.host == url.host) {
109 |             let credential = URLCredential(trust: challenge.protectionSpace.serverTrust!)
/host/spi-builder-workspace/Sources/RestEssentials/RestController.swift:107:39: error: 'URLSession' is unavailable: This type has moved to the FoundationNetworking module. Import that module to use it.
105 |     }
106 |
107 |     public func urlSession(_ session: URLSession, didReceive challenge: URLAuthenticationChallenge, completionHandler: @escaping (URLSession.AuthChallengeDisposition, URLCredential?) -> Void) {
    |                                       `- error: 'URLSession' is unavailable: This type has moved to the FoundationNetworking module. Import that module to use it.
108 |         if(acceptSelfSignedCertificate && challenge.protectionSpace.authenticationMethod == NSURLAuthenticationMethodServerTrust && challenge.protectionSpace.host == url.host) {
109 |             let credential = URLCredential(trust: challenge.protectionSpace.serverTrust!)
Foundation.URLSession:2:18: note: 'URLSession' has been explicitly marked unavailable here
1 | @available(*, unavailable, message: "This type has moved to the FoundationNetworking module. Import that module to use it.")
2 | public typealias URLSession = AnyObject
  |                  `- note: 'URLSession' has been explicitly marked unavailable here
/host/spi-builder-workspace/Sources/RestEssentials/RestController.swift:107:73: error: 'URLAuthenticationChallenge' is unavailable: This type has moved to the FoundationNetworking module. Import that module to use it.
105 |     }
106 |
107 |     public func urlSession(_ session: URLSession, didReceive challenge: URLAuthenticationChallenge, completionHandler: @escaping (URLSession.AuthChallengeDisposition, URLCredential?) -> Void) {
    |                                                                         `- error: 'URLAuthenticationChallenge' is unavailable: This type has moved to the FoundationNetworking module. Import that module to use it.
108 |         if(acceptSelfSignedCertificate && challenge.protectionSpace.authenticationMethod == NSURLAuthenticationMethodServerTrust && challenge.protectionSpace.host == url.host) {
109 |             let credential = URLCredential(trust: challenge.protectionSpace.serverTrust!)
Foundation.URLAuthenticationChallenge:2:18: note: 'URLAuthenticationChallenge' has been explicitly marked unavailable here
1 | @available(*, unavailable, message: "This type has moved to the FoundationNetworking module. Import that module to use it.")
2 | public typealias URLAuthenticationChallenge = AnyObject
  |                  `- note: 'URLAuthenticationChallenge' has been explicitly marked unavailable here
/host/spi-builder-workspace/Sources/RestEssentials/RestController.swift:116:176: error: 'HTTPURLResponse' is unavailable: This type has moved to the FoundationNetworking module. Import that module to use it.
114 |     }
115 |
116 |     private func dataTask(relativePath: String?, queryItems: [URLQueryItem]?, httpMethod: String, accept: String, payload: Data?, options: RestOptions) async throws -> (Data, HTTPURLResponse) {
    |                                                                                                                                                                                `- error: 'HTTPURLResponse' is unavailable: This type has moved to the FoundationNetworking module. Import that module to use it.
117 |         var restURL: URL
118 |         if let relativeURL = relativePath {
Foundation.HTTPURLResponse:2:18: note: 'HTTPURLResponse' has been explicitly marked unavailable here
1 | @available(*, unavailable, message: "This type has moved to the FoundationNetworking module. Import that module to use it.")
2 | public typealias HTTPURLResponse = AnyObject
  |                  `- note: 'HTTPURLResponse' has been explicitly marked unavailable here
Failed frontend command:
/usr/bin/swift-frontend -frontend -emit-module -experimental-skip-non-inlinable-function-bodies-without-types /host/spi-builder-workspace/Sources/RestEssentials/Deserializer.swift /host/spi-builder-workspace/Sources/RestEssentials/JSON.swift /host/spi-builder-workspace/Sources/RestEssentials/RestController.swift -target wasm32-unknown-wasip1 -disable-objc-interop -sdk /root/.swiftpm/swift-sdks/swift-6.4.x-DEVELOPMENT-SNAPSHOT-2026-09-04-a_wasm.artifactbundle/swift-6.4.x-DEVELOPMENT-SNAPSHOT-2026-09-04-a_wasm/wasm32-unknown-wasip1/WASI.sdk -sysroot /root/.swiftpm/swift-sdks/swift-6.4.x-DEVELOPMENT-SNAPSHOT-2026-09-04-a_wasm.artifactbundle/swift-6.4.x-DEVELOPMENT-SNAPSHOT-2026-09-04-a_wasm/wasm32-unknown-wasip1/WASI.sdk -I /host/spi-builder-workspace/.build/out/Products/Debug-webassembly-wasm32 -module-cache-path /host/spi-builder-workspace/.build/out/ModuleCache.noindex -color-diagnostics -Xcc -fcolor-diagnostics -enable-testing -g -debug-info-format\=dwarf -dwarf-version\=4 -swift-version 5 -Onone -D SWIFT_PACKAGE -D DEBUG -D SWIFT_MODULE_RESOURCE_BUNDLE_UNAVAILABLE -D Xcode -serialize-debugging-options -enable-experimental-feature DebugDescriptionMacro -empty-abi-descriptor -external-plugin-path /usr/lib/swift/host/plugins/testing\#/usr/bin/swift-plugin-server -validate-clang-modules-once -clang-build-session-file /host/spi-builder-workspace/.build/out/ModuleCache.noindex/Session.modulevalidation -Xcc -working-directory -Xcc /host -resource-dir /root/.swiftpm/swift-sdks/swift-6.4.x-DEVELOPMENT-SNAPSHOT-2026-09-04-a_wasm.artifactbundle/swift-6.4.x-DEVELOPMENT-SNAPSHOT-2026-09-04-a_wasm/wasm32-unknown-wasip1/swift.xctoolchain/usr/lib/swift_static -use-static-resource-dir -enable-anonymous-context-mangled-names -file-compilation-dir /host -Xcc -resource-dir -Xcc /root/.swiftpm/swift-sdks/swift-6.4.x-DEVELOPMENT-SNAPSHOT-2026-09-04-a_wasm.artifactbundle/swift-6.4.x-DEVELOPMENT-SNAPSHOT-2026-09-04-a_wasm/wasm32-unknown-wasip1/swift.xctoolchain/usr/lib/swift_static/clang -Xcc -D_LIBCPP_HARDENING_MODE\=_LIBCPP_HARDENING_MODE_DEBUG -Xcc -fmodules-prune-interval\=86400 -Xcc -fmodules-prune-after\=345600 -Xcc -I/host/spi-builder-workspace/.build/out/Products/Debug-webassembly-wasm32/include -Xcc -I/host/spi-builder-workspace/.build/out/Intermediates.noindex/RestEssentials.build/Debug-webassembly-wasm32/RestEssentials-t.build/DerivedSources-normal/wasm32 -Xcc -I/host/spi-builder-workspace/.build/out/Intermediates.noindex/RestEssentials.build/Debug-webassembly-wasm32/RestEssentials-t.build/DerivedSources/wasm32 -Xcc -I/host/spi-builder-workspace/.build/out/Intermediates.noindex/RestEssentials.build/Debug-webassembly-wasm32/RestEssentials-t.build/DerivedSources -Xcc -DSWIFT_PACKAGE -Xcc -DDEBUG\=1 -no-auto-bridging-header-chaining -module-name RestEssentials -package-name spi_builder_workspace -const-gather-protocols-file /host/spi-builder-workspace/.build/out/Intermediates.noindex/RestEssentials.build/Debug-webassembly-wasm32/RestEssentials-t.build/Objects-normal/wasm32/RestEssentials_const_extract_protocols.json -in-process-plugin-server-path /usr/lib/swift/host/libSwiftInProcPluginServer.so -plugin-path /usr/lib/swift/host/plugins -plugin-path /usr/local/lib/swift/host/plugins -emit-module-doc-path /host/spi-builder-workspace/.build/out/Intermediates.noindex/RestEssentials.build/Debug-webassembly-wasm32/RestEssentials-t.build/Objects-normal/wasm32/Modules/RestEssentials.swiftdoc -emit-module-source-info-path /host/spi-builder-workspace/.build/out/Intermediates.noindex/RestEssentials.build/Debug-webassembly-wasm32/RestEssentials-t.build/Objects-normal/wasm32/Modules/RestEssentials.swiftsourceinfo -emit-objc-header-path /host/spi-builder-workspace/.build/out/Intermediates.noindex/RestEssentials.build/Debug-webassembly-wasm32/RestEssentials-t.build/Objects-normal/wasm32/RestEssentials-Swift.h -serialize-diagnostics-path /host/spi-builder-workspace/.build/out/Intermediates.noindex/RestEssentials.build/Debug-webassembly-wasm32/RestEssentials-t.build/Objects-normal/wasm32/RestEssentials-primary-emit-module.dia -emit-dependencies-path /host/spi-builder-workspace/.build/out/Intermediates.noindex/RestEssentials.build/Debug-webassembly-wasm32/RestEssentials-t.build/Objects-normal/wasm32/RestEssentials-primary-emit-module.d -parse-as-library -o /host/spi-builder-workspace/.build/out/Intermediates.noindex/RestEssentials.build/Debug-webassembly-wasm32/RestEssentials-t.build/Objects-normal/wasm32/Modules/RestEssentials.swiftmodule
error: Build failed
BUILD FAILURE 6.4 wasm