Build Information
Failed to build OpenfortSwift, reference main (a2297e), with Swift 6.2 for watchOS using Xcode 26.3 on 30 Sep 2026 10:05:49 UTC.
Build Command
env DEVELOPER_DIR=/Applications/Xcode-26.3.0.app xcrun xcodebuild -IDEClonedSourcePackagesDirPathOverride=$PWD/.dependencies -skipMacroValidation -skipPackagePluginValidation -derivedDataPath $PWD/.derivedData build -scheme OpenfortSwift -destination generic/platform=watchOSBuild Log
========================================
RunAll
========================================
Builder version: 5.1.1
Interrupt handler set up.
========================================
Checkout
========================================
Clone URL: https://github.com/openfort-xyz/swift-sdk.git
Reference: main
Initialized empty Git repository in /Users/admin/builder/spi-builder-workspace/.git/
From https://github.com/openfort-xyz/swift-sdk
* branch main -> FETCH_HEAD
* [new branch] main -> origin/main
HEAD is now at a2297e0 Merge pull request #19 from openfort-xyz/fix/oauth-bridge-redirect-url
Cloned https://github.com/openfort-xyz/swift-sdk.git
Revision (git rev-parse @):
a2297e03493e43f6149d35fa4883f9c2aa298cbf
SPI manifest file found: $PWD/.spi.yml
SUCCESS checkout https://github.com/openfort-xyz/swift-sdk.git at main
========================================
Build
========================================
Selected platform: watchOS
Swift version: 6.2
Building package at path: $PWD
https://github.com/openfort-xyz/swift-sdk.git
Command line invocation:
/Applications/Xcode-26.3.0.app/Contents/Developer/usr/bin/xcodebuild -IDEClonedSourcePackagesDirPathOverride=/Users/admin/builder/spi-builder-workspace/.dependencies -resolvePackageDependencies
Resolve Package Graph
Fetching from https://github.com/apple/swift-docc-plugin.git
Fetching from https://github.com/swiftlang/swift-docc-symbolkit
Creating working copy of package ‘swift-docc-symbolkit’
Checking out 1.0.0 of package ‘swift-docc-symbolkit’
Creating working copy of package ‘swift-docc-plugin’
Checking out 1.5.0 of package ‘swift-docc-plugin’
Resolve Package Graph
Resolved source packages:
OpenfortSwift: /Users/admin/builder/spi-builder-workspace
SwiftDocCPlugin: https://github.com/apple/swift-docc-plugin.git @ 1.5.0
SymbolKit: https://github.com/swiftlang/swift-docc-symbolkit @ 1.0.0
resolved source packages: OpenfortSwift, SwiftDocCPlugin, SymbolKit
2026-09-30 06:04:44.105 xcodebuild[532:3059] [MT] IDERunDestination: Supported platforms for the buildables in the current scheme is empty.
{
"dependencies" : [
{
"identity" : "swift-docc-plugin",
"requirement" : {
"range" : [
{
"lower_bound" : "1.3.0",
"upper_bound" : "2.0.0"
}
]
},
"type" : "sourceControl",
"url" : "https://github.com/apple/swift-docc-plugin.git"
}
],
"manifest_display_name" : "OpenfortSwift",
"name" : "OpenfortSwift",
"path" : "/Users/admin/builder/spi-builder-workspace",
"platforms" : [
{
"name" : "ios",
"version" : "16.0"
},
{
"name" : "macos",
"version" : "11.0"
}
],
"products" : [
{
"name" : "OpenfortSwift",
"targets" : [
"OpenfortSwift"
],
"type" : {
"library" : [
"automatic"
]
}
}
],
"targets" : [
{
"c99name" : "OpenfortSwiftTests",
"module_type" : "SwiftTarget",
"name" : "OpenfortSwiftTests",
"path" : "Tests/OpenfortSwiftTests",
"sources" : [
"OFFundingTests.swift",
"OFOAuthBridgeTests.swift",
"OFTransactionTests.swift",
"OpenfortSwiftTests.swift"
],
"target_dependencies" : [
"OpenfortSwift"
],
"type" : "test"
},
{
"c99name" : "OpenfortSwift",
"module_type" : "SwiftTarget",
"name" : "OpenfortSwift",
"path" : "Sources/OpenfortSwift",
"product_memberships" : [
"OpenfortSwift"
],
"resources" : [
{
"path" : "/Users/admin/builder/spi-builder-workspace/Sources/OpenfortSwift/Resources/index.html",
"rule" : {
"process" : {
}
}
},
{
"path" : "/Users/admin/builder/spi-builder-workspace/Sources/OpenfortSwift/Resources/openfort-sync.js",
"rule" : {
"process" : {
}
}
},
{
"path" : "/Users/admin/builder/spi-builder-workspace/Sources/OpenfortSwift/Resources/openfort.js",
"rule" : {
"process" : {
}
}
},
{
"path" : "/Users/admin/builder/spi-builder-workspace/Sources/OpenfortSwift/Resources/securestorage.js",
"rule" : {
"process" : {
}
}
},
{
"path" : "/Users/admin/builder/spi-builder-workspace/Sources/OpenfortSwift/Resources/storage.js",
"rule" : {
"process" : {
}
}
},
{
"path" : "/Users/admin/builder/spi-builder-workspace/Sources/OpenfortSwift/Resources/utils.js",
"rule" : {
"process" : {
}
}
}
],
"sources" : [
"AnyCodable/AnyCodable.swift",
"DTO/OFAddEmailParams.swift",
"DTO/OFAuthEmailPasswordParams.swift",
"DTO/OFConfigureEmbeddedWalletDTO.swift",
"DTO/OFEmbeddedAccountCreateParams.swift",
"DTO/OFEmbeddedAccountRecoverParams.swift",
"DTO/OFFundingPaymentMethodInput.swift",
"DTO/OFGetEthereumProviderParams.swift",
"DTO/OFInitLinkOAuthParams.swift",
"DTO/OFInitLinkSiweParams.swift",
"DTO/OFInitOAuthParams.swift",
"DTO/OFInitSIWEParams.swift",
"DTO/OFLinkPhoneOtpParams.swift",
"DTO/OFLinkWithSiweParams.swift",
"DTO/OFLogInWithEmailOtpParams.swift",
"DTO/OFLogInWithPhoneOtpParams.swift",
"DTO/OFLoginWithIdTokenParams.swift",
"DTO/OFLoginWithSiweParams.swift",
"DTO/OFPayLinkParams.swift",
"DTO/OFRequestEmailOtpParams.swift",
"DTO/OFRequestEmailVerificationParams.swift",
"DTO/OFRequestPhoneOtpParams.swift",
"DTO/OFRequestResetPasswordParams.swift",
"DTO/OFResetPasswordParams.swift",
"DTO/OFSendSignatureSessionRequestParams.swift",
"DTO/OFSendTransactionSignatureRequestParams.swift",
"DTO/OFSetRecoveryMethodParams.swift",
"DTO/OFSignMessageParams.swift",
"DTO/OFSignTypedDataParams.swift",
"DTO/OFSignUpWithEmailPasswordParams.swift",
"DTO/OFStoreCredentialsParams.swift",
"DTO/OFUnlinkOAuthParams.swift",
"DTO/OFUnlinkWalletParams.swift",
"DTO/OFVerifyEmailOtpParams.swift",
"DTO/OFVerifyEmailParams.swift",
"Errors/OFErrorDomains.swift",
"Errors/OFErrors.swift",
"Keychain/OFKeychainHelper.swift",
"OFFunding.swift",
"OFFundingChains.swift",
"OFSDK.swift",
"Protocols/OFAuthorizable.swift",
"Protocols/OFEmbeddedWalletAccessable.swift",
"Protocols/OFFundable.swift",
"Protocols/OFMethods.swift",
"Protocols/OFOpenfortRootable.swift",
"Protocols/OFProxible.swift",
"Protocols/OFUserAccessable.swift",
"ResponseModels/JSONValue.swift",
"ResponseModels/OFAddEmailResponse.swift",
"ResponseModels/OFAuthProvider.swift",
"ResponseModels/OFAuthorizationResponse.swift",
"ResponseModels/OFCodableSendable.swift",
"ResponseModels/OFEmbeddedState.swift",
"ResponseModels/OFFundingChain.swift",
"ResponseModels/OFFundingSession.swift",
"ResponseModels/OFGetUserInstanceResponse.swift",
"ResponseModels/OFInitLinkOAuthResponse.swift",
"ResponseModels/OFInitOAuthResponse.swift",
"ResponseModels/OFInitSIWEResponse.swift",
"ResponseModels/OFLinkWalletResponse.swift",
"ResponseModels/OFListResponse.swift",
"ResponseModels/OFLoginWithIdTokenResponse.swift",
"ResponseModels/OFOAuthProvider.swift",
"ResponseModels/OFSessionResponse.swift",
"ResponseModels/OFSignUpResponse.swift",
"ResponseModels/OFSimpleResultResponse.swift",
"ResponseModels/OFTransactionResponse.swift",
"ResponseModels/OFUnlinkOAuthResponse.swift",
"ResponseModels/OFUnlinkWalletResponse.swift",
"Utils/OFERC20.swift",
"Utils/OFEVM.swift",
"Utils/OpenfortEIP1193Provider.swift",
"WebView/MessageProcessors/OFScriptMessageProcessor.swift",
"WebView/MessageProcessors/OFStorageMessageProcessor.swift",
"WebView/OFAuthReplyHandler.swift",
"WebView/OFBridgeKeepAlive.swift",
"WebView/OFConfig.swift",
"WebView/OFScriptMessageHandler.swift",
"WebView/OFWebView.swift",
"WebView/OFWebViewCoordinator.swift"
],
"type" : "library"
}
],
"tools_version" : "6.0"
}
{
"workspace" : {
"name" : "spi-builder-workspace",
"schemes" : [
"OpenfortSwift"
]
}
}
2026-09-30 06:05:12.748 xcodebuild[844:5148] [MT] IDERunDestination: Supported platforms for the buildables in the current scheme is empty.
Running build ...
env DEVELOPER_DIR=/Applications/Xcode-26.3.0.app xcrun xcodebuild -IDEClonedSourcePackagesDirPathOverride=$PWD/.dependencies -skipMacroValidation -skipPackagePluginValidation -derivedDataPath $PWD/.derivedData build -scheme OpenfortSwift -destination generic/platform=watchOS
Command line invocation:
/Applications/Xcode-26.3.0.app/Contents/Developer/usr/bin/xcodebuild -IDEClonedSourcePackagesDirPathOverride=/Users/admin/builder/spi-builder-workspace/.dependencies -skipMacroValidation -skipPackagePluginValidation -derivedDataPath /Users/admin/builder/spi-builder-workspace/.derivedData build -scheme OpenfortSwift -destination generic/platform=watchOS
Resolve Package Graph
Resolve Package Graph
Resolved source packages:
SymbolKit: https://github.com/swiftlang/swift-docc-symbolkit @ 1.0.0
SwiftDocCPlugin: https://github.com/apple/swift-docc-plugin.git @ 1.5.0
OpenfortSwift: /Users/admin/builder/spi-builder-workspace
ComputePackagePrebuildTargetDependencyGraph
Prepare packages
CreateBuildRequest
SendProjectDescription
CreateBuildOperation
ComputeTargetDependencyGraph
note: Building targets in dependency order
note: Target dependency graph (3 targets)
Target 'OpenfortSwift' in project 'OpenfortSwift'
➜ Explicit dependency on target 'OpenfortSwift' in project 'OpenfortSwift'
➜ Explicit dependency on target 'OpenfortSwift_OpenfortSwift' in project 'OpenfortSwift'
Target 'OpenfortSwift' in project 'OpenfortSwift'
➜ Explicit dependency on target 'OpenfortSwift_OpenfortSwift' in project 'OpenfortSwift'
Target 'OpenfortSwift_OpenfortSwift' in project 'OpenfortSwift' (no dependencies)
GatherProvisioningInputs
CreateBuildDescription
ExecuteExternalTool /Applications/Xcode-26.3.0.app/Contents/Developer/Toolchains/XcodeDefault.xctoolchain/usr/bin/clang -v -E -dM -isysroot /Applications/Xcode-26.3.0.app/Contents/Developer/Platforms/WatchOS.platform/Developer/SDKs/WatchOS26.2.sdk -x c -c /dev/null
ExecuteExternalTool /Applications/Xcode-26.3.0.app/Contents/Developer/Toolchains/XcodeDefault.xctoolchain/usr/bin/swiftc --version
ExecuteExternalTool /Applications/Xcode-26.3.0.app/Contents/Developer/Toolchains/XcodeDefault.xctoolchain/usr/bin/ld -version_details
ReadFileContents /Applications/Xcode-26.3.0.app/Contents/Developer/Toolchains/XcodeDefault.xctoolchain/usr/share/docc/features.json
Build description signature: d61aba5f5a9c3096a85b37c8ef299c21
Build description path: /Users/admin/builder/spi-builder-workspace/.derivedData/Build/Intermediates.noindex/XCBuildData/d61aba5f5a9c3096a85b37c8ef299c21.xcbuilddata
ClangStatCache /Applications/Xcode-26.3.0.app/Contents/Developer/Toolchains/XcodeDefault.xctoolchain/usr/bin/clang-stat-cache /Applications/Xcode-26.3.0.app/Contents/Developer/Platforms/WatchOS.platform/Developer/SDKs/WatchOS26.2.sdk /Users/admin/builder/spi-builder-workspace/.derivedData/SDKStatCaches.noindex/watchos26.2-23S303-dc75598d0054f22ec865fa860f139d721753b489057de6bda919edfa1c59a62b.sdkstatcache
cd /Users/admin/builder/spi-builder-workspace/.swiftpm/xcode
/Applications/Xcode-26.3.0.app/Contents/Developer/Toolchains/XcodeDefault.xctoolchain/usr/bin/clang-stat-cache /Applications/Xcode-26.3.0.app/Contents/Developer/Platforms/WatchOS.platform/Developer/SDKs/WatchOS26.2.sdk -o /Users/admin/builder/spi-builder-workspace/.derivedData/SDKStatCaches.noindex/watchos26.2-23S303-dc75598d0054f22ec865fa860f139d721753b489057de6bda919edfa1c59a62b.sdkstatcache
CreateBuildDirectory /Users/admin/builder/spi-builder-workspace/.derivedData/Build/Products
cd /Users/admin/builder/spi-builder-workspace/.swiftpm/xcode
builtin-create-build-directory /Users/admin/builder/spi-builder-workspace/.derivedData/Build/Products
CreateBuildDirectory /Users/admin/builder/spi-builder-workspace/.derivedData/Build/Intermediates.noindex
cd /Users/admin/builder/spi-builder-workspace/.swiftpm/xcode
builtin-create-build-directory /Users/admin/builder/spi-builder-workspace/.derivedData/Build/Intermediates.noindex
CreateBuildDirectory /Users/admin/builder/spi-builder-workspace/.derivedData/Build/Intermediates.noindex/SwiftExplicitPrecompiledModules
cd /Users/admin/builder/spi-builder-workspace/.swiftpm/xcode
builtin-create-build-directory /Users/admin/builder/spi-builder-workspace/.derivedData/Build/Intermediates.noindex/SwiftExplicitPrecompiledModules
CreateBuildDirectory /Users/admin/builder/spi-builder-workspace/.derivedData/Build/Intermediates.noindex/ExplicitPrecompiledModules
cd /Users/admin/builder/spi-builder-workspace/.swiftpm/xcode
builtin-create-build-directory /Users/admin/builder/spi-builder-workspace/.derivedData/Build/Intermediates.noindex/ExplicitPrecompiledModules
CreateBuildDirectory /Users/admin/builder/spi-builder-workspace/.derivedData/Build/Products/Debug-watchos
cd /Users/admin/builder/spi-builder-workspace/.swiftpm/xcode
builtin-create-build-directory /Users/admin/builder/spi-builder-workspace/.derivedData/Build/Products/Debug-watchos
CreateBuildDirectory /Users/admin/builder/spi-builder-workspace/.derivedData/Build/Intermediates.noindex/EagerLinkingTBDs/Debug-watchos
cd /Users/admin/builder/spi-builder-workspace/.swiftpm/xcode
builtin-create-build-directory /Users/admin/builder/spi-builder-workspace/.derivedData/Build/Intermediates.noindex/EagerLinkingTBDs/Debug-watchos
CreateBuildDirectory /Users/admin/builder/spi-builder-workspace/.derivedData/Build/Products/Debug-watchos/PackageFrameworks
cd /Users/admin/builder/spi-builder-workspace/.swiftpm/xcode
builtin-create-build-directory /Users/admin/builder/spi-builder-workspace/.derivedData/Build/Products/Debug-watchos/PackageFrameworks
MkDir /Users/admin/builder/spi-builder-workspace/.derivedData/Build/Products/Debug-watchos/OpenfortSwift_OpenfortSwift.bundle (in target 'OpenfortSwift_OpenfortSwift' from project 'OpenfortSwift')
cd /Users/admin/builder/spi-builder-workspace
/bin/mkdir -p /Users/admin/builder/spi-builder-workspace/.derivedData/Build/Products/Debug-watchos/OpenfortSwift_OpenfortSwift.bundle
WriteAuxiliaryFile /Users/admin/builder/spi-builder-workspace/.derivedData/Build/Intermediates.noindex/OpenfortSwift.build/Debug-watchos/OpenfortSwift.build/OpenfortSwift.modulemap (in target 'OpenfortSwift' from project 'OpenfortSwift')
cd /Users/admin/builder/spi-builder-workspace
write-file /Users/admin/builder/spi-builder-workspace/.derivedData/Build/Intermediates.noindex/OpenfortSwift.build/Debug-watchos/OpenfortSwift.build/OpenfortSwift.modulemap
WriteAuxiliaryFile /Users/admin/builder/spi-builder-workspace/.derivedData/Build/Intermediates.noindex/OpenfortSwift.build/Debug-watchos/OpenfortSwift.build/OpenfortSwift.DependencyStaticMetadataFileList (in target 'OpenfortSwift' from project 'OpenfortSwift')
cd /Users/admin/builder/spi-builder-workspace
write-file /Users/admin/builder/spi-builder-workspace/.derivedData/Build/Intermediates.noindex/OpenfortSwift.build/Debug-watchos/OpenfortSwift.build/OpenfortSwift.DependencyStaticMetadataFileList
WriteAuxiliaryFile /Users/admin/builder/spi-builder-workspace/.derivedData/Build/Intermediates.noindex/OpenfortSwift.build/Debug-watchos/OpenfortSwift_OpenfortSwift.build/empty-OpenfortSwift_OpenfortSwift.plist (in target 'OpenfortSwift_OpenfortSwift' from project 'OpenfortSwift')
cd /Users/admin/builder/spi-builder-workspace
write-file /Users/admin/builder/spi-builder-workspace/.derivedData/Build/Intermediates.noindex/OpenfortSwift.build/Debug-watchos/OpenfortSwift_OpenfortSwift.build/empty-OpenfortSwift_OpenfortSwift.plist
WriteAuxiliaryFile /Users/admin/builder/spi-builder-workspace/.derivedData/Build/Intermediates.noindex/OpenfortSwift.build/Debug-watchos/OpenfortSwift.build/OpenfortSwift.DependencyMetadataFileList (in target 'OpenfortSwift' from project 'OpenfortSwift')
cd /Users/admin/builder/spi-builder-workspace
write-file /Users/admin/builder/spi-builder-workspace/.derivedData/Build/Intermediates.noindex/OpenfortSwift.build/Debug-watchos/OpenfortSwift.build/OpenfortSwift.DependencyMetadataFileList
WriteAuxiliaryFile /Users/admin/builder/spi-builder-workspace/.derivedData/Build/Intermediates.noindex/OpenfortSwift.build/Debug-watchos/OpenfortSwift_OpenfortSwift.build/OpenfortSwift_OpenfortSwift.DependencyStaticMetadataFileList (in target 'OpenfortSwift_OpenfortSwift' from project 'OpenfortSwift')
cd /Users/admin/builder/spi-builder-workspace
write-file /Users/admin/builder/spi-builder-workspace/.derivedData/Build/Intermediates.noindex/OpenfortSwift.build/Debug-watchos/OpenfortSwift_OpenfortSwift.build/OpenfortSwift_OpenfortSwift.DependencyStaticMetadataFileList
WriteAuxiliaryFile /Users/admin/builder/spi-builder-workspace/.derivedData/Build/Intermediates.noindex/OpenfortSwift.build/Debug-watchos/OpenfortSwift_OpenfortSwift.build/OpenfortSwift_OpenfortSwift.DependencyMetadataFileList (in target 'OpenfortSwift_OpenfortSwift' from project 'OpenfortSwift')
cd /Users/admin/builder/spi-builder-workspace
write-file /Users/admin/builder/spi-builder-workspace/.derivedData/Build/Intermediates.noindex/OpenfortSwift.build/Debug-watchos/OpenfortSwift_OpenfortSwift.build/OpenfortSwift_OpenfortSwift.DependencyMetadataFileList
WriteAuxiliaryFile /Users/admin/builder/spi-builder-workspace/.derivedData/Build/Intermediates.noindex/OpenfortSwift.build/Debug-watchos/OpenfortSwift.build/Objects-normal/arm64_32/OpenfortSwift_const_extract_protocols.json (in target 'OpenfortSwift' from project 'OpenfortSwift')
cd /Users/admin/builder/spi-builder-workspace
write-file /Users/admin/builder/spi-builder-workspace/.derivedData/Build/Intermediates.noindex/OpenfortSwift.build/Debug-watchos/OpenfortSwift.build/Objects-normal/arm64_32/OpenfortSwift_const_extract_protocols.json
WriteAuxiliaryFile /Users/admin/builder/spi-builder-workspace/.derivedData/Build/Intermediates.noindex/OpenfortSwift.build/Debug-watchos/OpenfortSwift.build/Objects-normal/arm64_32/OpenfortSwift.SwiftFileList (in target 'OpenfortSwift' from project 'OpenfortSwift')
cd /Users/admin/builder/spi-builder-workspace
write-file /Users/admin/builder/spi-builder-workspace/.derivedData/Build/Intermediates.noindex/OpenfortSwift.build/Debug-watchos/OpenfortSwift.build/Objects-normal/arm64_32/OpenfortSwift.SwiftFileList
WriteAuxiliaryFile /Users/admin/builder/spi-builder-workspace/.derivedData/Build/Intermediates.noindex/OpenfortSwift.build/Debug-watchos/OpenfortSwift.build/Objects-normal/arm64_32/OpenfortSwift.SwiftConstValuesFileList (in target 'OpenfortSwift' from project 'OpenfortSwift')
cd /Users/admin/builder/spi-builder-workspace
write-file /Users/admin/builder/spi-builder-workspace/.derivedData/Build/Intermediates.noindex/OpenfortSwift.build/Debug-watchos/OpenfortSwift.build/Objects-normal/arm64_32/OpenfortSwift.SwiftConstValuesFileList
WriteAuxiliaryFile /Users/admin/builder/spi-builder-workspace/.derivedData/Build/Intermediates.noindex/OpenfortSwift.build/Debug-watchos/OpenfortSwift.build/Objects-normal/arm64_32/OpenfortSwift.LinkFileList (in target 'OpenfortSwift' from project 'OpenfortSwift')
cd /Users/admin/builder/spi-builder-workspace
write-file /Users/admin/builder/spi-builder-workspace/.derivedData/Build/Intermediates.noindex/OpenfortSwift.build/Debug-watchos/OpenfortSwift.build/Objects-normal/arm64_32/OpenfortSwift.LinkFileList
WriteAuxiliaryFile /Users/admin/builder/spi-builder-workspace/.derivedData/Build/Intermediates.noindex/OpenfortSwift.build/Debug-watchos/OpenfortSwift.build/Objects-normal/arm64_32/OpenfortSwift-OutputFileMap.json (in target 'OpenfortSwift' from project 'OpenfortSwift')
cd /Users/admin/builder/spi-builder-workspace
write-file /Users/admin/builder/spi-builder-workspace/.derivedData/Build/Intermediates.noindex/OpenfortSwift.build/Debug-watchos/OpenfortSwift.build/Objects-normal/arm64_32/OpenfortSwift-OutputFileMap.json
WriteAuxiliaryFile /Users/admin/builder/spi-builder-workspace/.derivedData/Build/Intermediates.noindex/OpenfortSwift.build/Debug-watchos/OpenfortSwift.build/Objects-normal/arm64/OpenfortSwift.SwiftFileList (in target 'OpenfortSwift' from project 'OpenfortSwift')
cd /Users/admin/builder/spi-builder-workspace
write-file /Users/admin/builder/spi-builder-workspace/.derivedData/Build/Intermediates.noindex/OpenfortSwift.build/Debug-watchos/OpenfortSwift.build/Objects-normal/arm64/OpenfortSwift.SwiftFileList
WriteAuxiliaryFile /Users/admin/builder/spi-builder-workspace/.derivedData/Build/Intermediates.noindex/OpenfortSwift.build/Debug-watchos/OpenfortSwift.build/Objects-normal/arm64/OpenfortSwift_const_extract_protocols.json (in target 'OpenfortSwift' from project 'OpenfortSwift')
cd /Users/admin/builder/spi-builder-workspace
write-file /Users/admin/builder/spi-builder-workspace/.derivedData/Build/Intermediates.noindex/OpenfortSwift.build/Debug-watchos/OpenfortSwift.build/Objects-normal/arm64/OpenfortSwift_const_extract_protocols.json
WriteAuxiliaryFile /Users/admin/builder/spi-builder-workspace/.derivedData/Build/Intermediates.noindex/OpenfortSwift.build/Debug-watchos/OpenfortSwift.build/Objects-normal/arm64/OpenfortSwift.LinkFileList (in target 'OpenfortSwift' from project 'OpenfortSwift')
cd /Users/admin/builder/spi-builder-workspace
write-file /Users/admin/builder/spi-builder-workspace/.derivedData/Build/Intermediates.noindex/OpenfortSwift.build/Debug-watchos/OpenfortSwift.build/Objects-normal/arm64/OpenfortSwift.LinkFileList
WriteAuxiliaryFile /Users/admin/builder/spi-builder-workspace/.derivedData/Build/Intermediates.noindex/OpenfortSwift.build/Debug-watchos/OpenfortSwift.build/Objects-normal/arm64/OpenfortSwift.SwiftConstValuesFileList (in target 'OpenfortSwift' from project 'OpenfortSwift')
cd /Users/admin/builder/spi-builder-workspace
write-file /Users/admin/builder/spi-builder-workspace/.derivedData/Build/Intermediates.noindex/OpenfortSwift.build/Debug-watchos/OpenfortSwift.build/Objects-normal/arm64/OpenfortSwift.SwiftConstValuesFileList
WriteAuxiliaryFile /Users/admin/builder/spi-builder-workspace/.derivedData/Build/Intermediates.noindex/OpenfortSwift.build/Debug-watchos/OpenfortSwift.build/Objects-normal/arm64/OpenfortSwift-OutputFileMap.json (in target 'OpenfortSwift' from project 'OpenfortSwift')
cd /Users/admin/builder/spi-builder-workspace
write-file /Users/admin/builder/spi-builder-workspace/.derivedData/Build/Intermediates.noindex/OpenfortSwift.build/Debug-watchos/OpenfortSwift.build/Objects-normal/arm64/OpenfortSwift-OutputFileMap.json
WriteAuxiliaryFile /Users/admin/builder/spi-builder-workspace/.derivedData/Build/Intermediates.noindex/OpenfortSwift.build/Debug-watchos/OpenfortSwift.build/DerivedSources/resource_bundle_accessor.swift (in target 'OpenfortSwift' from project 'OpenfortSwift')
cd /Users/admin/builder/spi-builder-workspace
write-file /Users/admin/builder/spi-builder-workspace/.derivedData/Build/Intermediates.noindex/OpenfortSwift.build/Debug-watchos/OpenfortSwift.build/DerivedSources/resource_bundle_accessor.swift
Copy /Users/admin/builder/spi-builder-workspace/.derivedData/Build/Intermediates.noindex/GeneratedModuleMaps-watchos/OpenfortSwift.modulemap /Users/admin/builder/spi-builder-workspace/.derivedData/Build/Intermediates.noindex/OpenfortSwift.build/Debug-watchos/OpenfortSwift.build/OpenfortSwift.modulemap (in target 'OpenfortSwift' from project 'OpenfortSwift')
cd /Users/admin/builder/spi-builder-workspace
builtin-copy -exclude .DS_Store -exclude CVS -exclude .svn -exclude .git -exclude .hg -resolve-src-symlinks /Users/admin/builder/spi-builder-workspace/.derivedData/Build/Intermediates.noindex/OpenfortSwift.build/Debug-watchos/OpenfortSwift.build/OpenfortSwift.modulemap /Users/admin/builder/spi-builder-workspace/.derivedData/Build/Intermediates.noindex/GeneratedModuleMaps-watchos
ProcessInfoPlistFile /Users/admin/builder/spi-builder-workspace/.derivedData/Build/Products/Debug-watchos/OpenfortSwift_OpenfortSwift.bundle/Info.plist /Users/admin/builder/spi-builder-workspace/.derivedData/Build/Intermediates.noindex/OpenfortSwift.build/Debug-watchos/OpenfortSwift_OpenfortSwift.build/empty-OpenfortSwift_OpenfortSwift.plist (in target 'OpenfortSwift_OpenfortSwift' from project 'OpenfortSwift')
cd /Users/admin/builder/spi-builder-workspace
builtin-infoPlistUtility /Users/admin/builder/spi-builder-workspace/.derivedData/Build/Intermediates.noindex/OpenfortSwift.build/Debug-watchos/OpenfortSwift_OpenfortSwift.build/empty-OpenfortSwift_OpenfortSwift.plist -producttype com.apple.product-type.bundle -expandbuildsettings -format binary -platform watchos -o /Users/admin/builder/spi-builder-workspace/.derivedData/Build/Products/Debug-watchos/OpenfortSwift_OpenfortSwift.bundle/Info.plist
CpResource /Users/admin/builder/spi-builder-workspace/.derivedData/Build/Products/Debug-watchos/OpenfortSwift_OpenfortSwift.bundle/utils.js /Users/admin/builder/spi-builder-workspace/Sources/OpenfortSwift/Resources/utils.js (in target 'OpenfortSwift_OpenfortSwift' from project 'OpenfortSwift')
cd /Users/admin/builder/spi-builder-workspace
builtin-copy -exclude .DS_Store -exclude CVS -exclude .svn -exclude .git -exclude .hg -resolve-src-symlinks /Users/admin/builder/spi-builder-workspace/Sources/OpenfortSwift/Resources/utils.js /Users/admin/builder/spi-builder-workspace/.derivedData/Build/Products/Debug-watchos/OpenfortSwift_OpenfortSwift.bundle
CpResource /Users/admin/builder/spi-builder-workspace/.derivedData/Build/Products/Debug-watchos/OpenfortSwift_OpenfortSwift.bundle/storage.js /Users/admin/builder/spi-builder-workspace/Sources/OpenfortSwift/Resources/storage.js (in target 'OpenfortSwift_OpenfortSwift' from project 'OpenfortSwift')
cd /Users/admin/builder/spi-builder-workspace
builtin-copy -exclude .DS_Store -exclude CVS -exclude .svn -exclude .git -exclude .hg -resolve-src-symlinks /Users/admin/builder/spi-builder-workspace/Sources/OpenfortSwift/Resources/storage.js /Users/admin/builder/spi-builder-workspace/.derivedData/Build/Products/Debug-watchos/OpenfortSwift_OpenfortSwift.bundle
CpResource /Users/admin/builder/spi-builder-workspace/.derivedData/Build/Products/Debug-watchos/OpenfortSwift_OpenfortSwift.bundle/securestorage.js /Users/admin/builder/spi-builder-workspace/Sources/OpenfortSwift/Resources/securestorage.js (in target 'OpenfortSwift_OpenfortSwift' from project 'OpenfortSwift')
cd /Users/admin/builder/spi-builder-workspace
builtin-copy -exclude .DS_Store -exclude CVS -exclude .svn -exclude .git -exclude .hg -resolve-src-symlinks /Users/admin/builder/spi-builder-workspace/Sources/OpenfortSwift/Resources/securestorage.js /Users/admin/builder/spi-builder-workspace/.derivedData/Build/Products/Debug-watchos/OpenfortSwift_OpenfortSwift.bundle
CpResource /Users/admin/builder/spi-builder-workspace/.derivedData/Build/Products/Debug-watchos/OpenfortSwift_OpenfortSwift.bundle/openfort.js /Users/admin/builder/spi-builder-workspace/Sources/OpenfortSwift/Resources/openfort.js (in target 'OpenfortSwift_OpenfortSwift' from project 'OpenfortSwift')
cd /Users/admin/builder/spi-builder-workspace
builtin-copy -exclude .DS_Store -exclude CVS -exclude .svn -exclude .git -exclude .hg -resolve-src-symlinks /Users/admin/builder/spi-builder-workspace/Sources/OpenfortSwift/Resources/openfort.js /Users/admin/builder/spi-builder-workspace/.derivedData/Build/Products/Debug-watchos/OpenfortSwift_OpenfortSwift.bundle
CpResource /Users/admin/builder/spi-builder-workspace/.derivedData/Build/Products/Debug-watchos/OpenfortSwift_OpenfortSwift.bundle/openfort-sync.js /Users/admin/builder/spi-builder-workspace/Sources/OpenfortSwift/Resources/openfort-sync.js (in target 'OpenfortSwift_OpenfortSwift' from project 'OpenfortSwift')
cd /Users/admin/builder/spi-builder-workspace
builtin-copy -exclude .DS_Store -exclude CVS -exclude .svn -exclude .git -exclude .hg -resolve-src-symlinks /Users/admin/builder/spi-builder-workspace/Sources/OpenfortSwift/Resources/openfort-sync.js /Users/admin/builder/spi-builder-workspace/.derivedData/Build/Products/Debug-watchos/OpenfortSwift_OpenfortSwift.bundle
CpResource /Users/admin/builder/spi-builder-workspace/.derivedData/Build/Products/Debug-watchos/OpenfortSwift_OpenfortSwift.bundle/index.html /Users/admin/builder/spi-builder-workspace/Sources/OpenfortSwift/Resources/index.html (in target 'OpenfortSwift_OpenfortSwift' from project 'OpenfortSwift')
cd /Users/admin/builder/spi-builder-workspace
builtin-copy -exclude .DS_Store -exclude CVS -exclude .svn -exclude .git -exclude .hg -resolve-src-symlinks /Users/admin/builder/spi-builder-workspace/Sources/OpenfortSwift/Resources/index.html /Users/admin/builder/spi-builder-workspace/.derivedData/Build/Products/Debug-watchos/OpenfortSwift_OpenfortSwift.bundle
RegisterExecutionPolicyException /Users/admin/builder/spi-builder-workspace/.derivedData/Build/Products/Debug-watchos/OpenfortSwift_OpenfortSwift.bundle (in target 'OpenfortSwift_OpenfortSwift' from project 'OpenfortSwift')
cd /Users/admin/builder/spi-builder-workspace
builtin-RegisterExecutionPolicyException /Users/admin/builder/spi-builder-workspace/.derivedData/Build/Products/Debug-watchos/OpenfortSwift_OpenfortSwift.bundle
Touch /Users/admin/builder/spi-builder-workspace/.derivedData/Build/Products/Debug-watchos/OpenfortSwift_OpenfortSwift.bundle (in target 'OpenfortSwift_OpenfortSwift' from project 'OpenfortSwift')
cd /Users/admin/builder/spi-builder-workspace
/usr/bin/touch -c /Users/admin/builder/spi-builder-workspace/.derivedData/Build/Products/Debug-watchos/OpenfortSwift_OpenfortSwift.bundle
SwiftDriver OpenfortSwift normal arm64_32 com.apple.xcode.tools.swift.compiler (in target 'OpenfortSwift' from project 'OpenfortSwift')
cd /Users/admin/builder/spi-builder-workspace/.swiftpm/xcode
builtin-SwiftDriver -- /Applications/Xcode-26.3.0.app/Contents/Developer/Toolchains/XcodeDefault.xctoolchain/usr/bin/swiftc -module-name OpenfortSwift -Onone -enforce-exclusivity\=checked @/Users/admin/builder/spi-builder-workspace/.derivedData/Build/Intermediates.noindex/OpenfortSwift.build/Debug-watchos/OpenfortSwift.build/Objects-normal/arm64_32/OpenfortSwift.SwiftFileList -DSWIFT_PACKAGE -DDEBUG -DSWIFT_MODULE_RESOURCE_BUNDLE_AVAILABLE -DXcode -plugin-path /Applications/Xcode-26.3.0.app/Contents/Developer/Toolchains/XcodeDefault.xctoolchain/usr/lib/swift/host/plugins/testing -enable-experimental-feature DebugDescriptionMacro -sdk /Applications/Xcode-26.3.0.app/Contents/Developer/Platforms/WatchOS.platform/Developer/SDKs/WatchOS26.2.sdk -target arm64_32-apple-watchos9.0 -g -module-cache-path /Users/admin/builder/spi-builder-workspace/.derivedData/ModuleCache.noindex -Xfrontend -serialize-debugging-options -profile-coverage-mapping -profile-generate -enable-testing -index-store-path /Users/admin/builder/spi-builder-workspace/.derivedData/Index.noindex/DataStore -Xcc -D_LIBCPP_HARDENING_MODE\=_LIBCPP_HARDENING_MODE_DEBUG -swift-version 6 -I /Users/admin/builder/spi-builder-workspace/.derivedData/Build/Products/Debug-watchos -Isystem /Applications/Xcode-26.3.0.app/Contents/Developer/Platforms/WatchOS.platform/Developer/usr/lib -F /Users/admin/builder/spi-builder-workspace/.derivedData/Build/Products/Debug-watchos -F /Applications/Xcode-26.3.0.app/Contents/Developer/Platforms/WatchOS.platform/Developer/Library/Frameworks -F /Applications/Xcode-26.3.0.app/Contents/Developer/Platforms/WatchOS.platform/Developer/SDKs/WatchOS26.2.sdk/Developer/Library/Frameworks -c -j10 -enable-batch-mode -incremental -Xcc -ivfsstatcache -Xcc /Users/admin/builder/spi-builder-workspace/.derivedData/SDKStatCaches.noindex/watchos26.2-23S303-dc75598d0054f22ec865fa860f139d721753b489057de6bda919edfa1c59a62b.sdkstatcache -output-file-map /Users/admin/builder/spi-builder-workspace/.derivedData/Build/Intermediates.noindex/OpenfortSwift.build/Debug-watchos/OpenfortSwift.build/Objects-normal/arm64_32/OpenfortSwift-OutputFileMap.json -use-frontend-parseable-output -save-temps -no-color-diagnostics -explicit-module-build -module-cache-path /Users/admin/builder/spi-builder-workspace/.derivedData/Build/Intermediates.noindex/SwiftExplicitPrecompiledModules -clang-scanner-module-cache-path /Users/admin/builder/spi-builder-workspace/.derivedData/ModuleCache.noindex -sdk-module-cache-path /Users/admin/builder/spi-builder-workspace/.derivedData/ModuleCache.noindex -serialize-diagnostics -emit-dependencies -emit-module -emit-module-path /Users/admin/builder/spi-builder-workspace/.derivedData/Build/Intermediates.noindex/OpenfortSwift.build/Debug-watchos/OpenfortSwift.build/Objects-normal/arm64_32/OpenfortSwift.swiftmodule -validate-clang-modules-once -clang-build-session-file /Users/admin/builder/spi-builder-workspace/.derivedData/ModuleCache.noindex/Session.modulevalidation -package-name spi_builder_workspace -Xcc -I/Users/admin/builder/spi-builder-workspace/.derivedData/Build/Intermediates.noindex/OpenfortSwift.build/Debug-watchos/OpenfortSwift.build/swift-overrides.hmap -emit-const-values -Xfrontend -const-gather-protocols-file -Xfrontend /Users/admin/builder/spi-builder-workspace/.derivedData/Build/Intermediates.noindex/OpenfortSwift.build/Debug-watchos/OpenfortSwift.build/Objects-normal/arm64_32/OpenfortSwift_const_extract_protocols.json -Xcc -I/Users/admin/builder/spi-builder-workspace/.derivedData/Build/Products/Debug-watchos/include -Xcc -I/Users/admin/builder/spi-builder-workspace/.derivedData/Build/Intermediates.noindex/OpenfortSwift.build/Debug-watchos/OpenfortSwift.build/DerivedSources-normal/arm64_32 -Xcc -I/Users/admin/builder/spi-builder-workspace/.derivedData/Build/Intermediates.noindex/OpenfortSwift.build/Debug-watchos/OpenfortSwift.build/DerivedSources/arm64_32 -Xcc -I/Users/admin/builder/spi-builder-workspace/.derivedData/Build/Intermediates.noindex/OpenfortSwift.build/Debug-watchos/OpenfortSwift.build/DerivedSources -Xcc -DSWIFT_PACKAGE -Xcc -DDEBUG\=1 -emit-objc-header -emit-objc-header-path /Users/admin/builder/spi-builder-workspace/.derivedData/Build/Intermediates.noindex/OpenfortSwift.build/Debug-watchos/OpenfortSwift.build/Objects-normal/arm64_32/OpenfortSwift-Swift.h -working-directory /Users/admin/builder/spi-builder-workspace/.swiftpm/xcode -experimental-emit-module-separately -disable-cmo
/Users/admin/builder/spi-builder-workspace/Sources/OpenfortSwift/OFSDK.swift:8:8: error: Unable to find module dependency: 'WebKit'
import WebKit
^ (in target 'OpenfortSwift' from project 'OpenfortSwift')
/Users/admin/builder/spi-builder-workspace/Sources/OpenfortSwift/OFSDK.swift:8:8: note: A dependency of main module 'OpenfortSwift'
import WebKit
^ (in target 'OpenfortSwift' from project 'OpenfortSwift')
/Users/admin/builder/spi-builder-workspace/Sources/OpenfortSwift/Protocols/OFOpenfortRootable.swift:7:24: note: Also imported here
@preconcurrency import WebKit
^ (in target 'OpenfortSwift' from project 'OpenfortSwift')
/Users/admin/builder/spi-builder-workspace/Sources/OpenfortSwift/Utils/OpenfortEIP1193Provider.swift:9:8: note: Also imported here
import WebKit
^ (in target 'OpenfortSwift' from project 'OpenfortSwift')
/Users/admin/builder/spi-builder-workspace/Sources/OpenfortSwift/WebView/MessageProcessors/OFScriptMessageProcessor.swift:8:8: note: Also imported here
import WebKit
^ (in target 'OpenfortSwift' from project 'OpenfortSwift')
/Users/admin/builder/spi-builder-workspace/Sources/OpenfortSwift/WebView/MessageProcessors/OFStorageMessageProcessor.swift:8:8: note: Also imported here
import WebKit
^ (in target 'OpenfortSwift' from project 'OpenfortSwift')
/Users/admin/builder/spi-builder-workspace/Sources/OpenfortSwift/WebView/OFAuthReplyHandler.swift:8:8: note: Also imported here
import WebKit
^ (in target 'OpenfortSwift' from project 'OpenfortSwift')
/Users/admin/builder/spi-builder-workspace/Sources/OpenfortSwift/WebView/OFBridgeKeepAlive.swift:6:8: note: Also imported here
import WebKit
^ (in target 'OpenfortSwift' from project 'OpenfortSwift')
/Users/admin/builder/spi-builder-workspace/Sources/OpenfortSwift/WebView/OFScriptMessageHandler.swift:8:8: note: Also imported here
import WebKit
^ (in target 'OpenfortSwift' from project 'OpenfortSwift')
/Users/admin/builder/spi-builder-workspace/Sources/OpenfortSwift/WebView/OFWebView.swift:9:8: note: Also imported here
import WebKit
^ (in target 'OpenfortSwift' from project 'OpenfortSwift')
/Users/admin/builder/spi-builder-workspace/Sources/OpenfortSwift/WebView/OFWebViewCoordinator.swift:8:8: note: Also imported here
import WebKit
^ (in target 'OpenfortSwift' from project 'OpenfortSwift')
SwiftDriver OpenfortSwift normal arm64 com.apple.xcode.tools.swift.compiler (in target 'OpenfortSwift' from project 'OpenfortSwift')
cd /Users/admin/builder/spi-builder-workspace/.swiftpm/xcode
builtin-SwiftDriver -- /Applications/Xcode-26.3.0.app/Contents/Developer/Toolchains/XcodeDefault.xctoolchain/usr/bin/swiftc -module-name OpenfortSwift -Onone -enforce-exclusivity\=checked @/Users/admin/builder/spi-builder-workspace/.derivedData/Build/Intermediates.noindex/OpenfortSwift.build/Debug-watchos/OpenfortSwift.build/Objects-normal/arm64/OpenfortSwift.SwiftFileList -DSWIFT_PACKAGE -DDEBUG -DSWIFT_MODULE_RESOURCE_BUNDLE_AVAILABLE -DXcode -plugin-path /Applications/Xcode-26.3.0.app/Contents/Developer/Toolchains/XcodeDefault.xctoolchain/usr/lib/swift/host/plugins/testing -enable-experimental-feature DebugDescriptionMacro -sdk /Applications/Xcode-26.3.0.app/Contents/Developer/Platforms/WatchOS.platform/Developer/SDKs/WatchOS26.2.sdk -target arm64-apple-watchos9.0 -g -module-cache-path /Users/admin/builder/spi-builder-workspace/.derivedData/ModuleCache.noindex -Xfrontend -serialize-debugging-options -profile-coverage-mapping -profile-generate -enable-testing -index-store-path /Users/admin/builder/spi-builder-workspace/.derivedData/Index.noindex/DataStore -Xcc -D_LIBCPP_HARDENING_MODE\=_LIBCPP_HARDENING_MODE_DEBUG -swift-version 6 -I /Users/admin/builder/spi-builder-workspace/.derivedData/Build/Products/Debug-watchos -Isystem /Applications/Xcode-26.3.0.app/Contents/Developer/Platforms/WatchOS.platform/Developer/usr/lib -F /Users/admin/builder/spi-builder-workspace/.derivedData/Build/Products/Debug-watchos -F /Applications/Xcode-26.3.0.app/Contents/Developer/Platforms/WatchOS.platform/Developer/Library/Frameworks -F /Applications/Xcode-26.3.0.app/Contents/Developer/Platforms/WatchOS.platform/Developer/SDKs/WatchOS26.2.sdk/Developer/Library/Frameworks -c -j10 -enable-batch-mode -incremental -Xcc -ivfsstatcache -Xcc /Users/admin/builder/spi-builder-workspace/.derivedData/SDKStatCaches.noindex/watchos26.2-23S303-dc75598d0054f22ec865fa860f139d721753b489057de6bda919edfa1c59a62b.sdkstatcache -output-file-map /Users/admin/builder/spi-builder-workspace/.derivedData/Build/Intermediates.noindex/OpenfortSwift.build/Debug-watchos/OpenfortSwift.build/Objects-normal/arm64/OpenfortSwift-OutputFileMap.json -use-frontend-parseable-output -save-temps -no-color-diagnostics -explicit-module-build -module-cache-path /Users/admin/builder/spi-builder-workspace/.derivedData/Build/Intermediates.noindex/SwiftExplicitPrecompiledModules -clang-scanner-module-cache-path /Users/admin/builder/spi-builder-workspace/.derivedData/ModuleCache.noindex -sdk-module-cache-path /Users/admin/builder/spi-builder-workspace/.derivedData/ModuleCache.noindex -serialize-diagnostics -emit-dependencies -emit-module -emit-module-path /Users/admin/builder/spi-builder-workspace/.derivedData/Build/Intermediates.noindex/OpenfortSwift.build/Debug-watchos/OpenfortSwift.build/Objects-normal/arm64/OpenfortSwift.swiftmodule -validate-clang-modules-once -clang-build-session-file /Users/admin/builder/spi-builder-workspace/.derivedData/ModuleCache.noindex/Session.modulevalidation -package-name spi_builder_workspace -Xcc -I/Users/admin/builder/spi-builder-workspace/.derivedData/Build/Intermediates.noindex/OpenfortSwift.build/Debug-watchos/OpenfortSwift.build/swift-overrides.hmap -emit-const-values -Xfrontend -const-gather-protocols-file -Xfrontend /Users/admin/builder/spi-builder-workspace/.derivedData/Build/Intermediates.noindex/OpenfortSwift.build/Debug-watchos/OpenfortSwift.build/Objects-normal/arm64/OpenfortSwift_const_extract_protocols.json -Xcc -I/Users/admin/builder/spi-builder-workspace/.derivedData/Build/Products/Debug-watchos/include -Xcc -I/Users/admin/builder/spi-builder-workspace/.derivedData/Build/Intermediates.noindex/OpenfortSwift.build/Debug-watchos/OpenfortSwift.build/DerivedSources-normal/arm64 -Xcc -I/Users/admin/builder/spi-builder-workspace/.derivedData/Build/Intermediates.noindex/OpenfortSwift.build/Debug-watchos/OpenfortSwift.build/DerivedSources/arm64 -Xcc -I/Users/admin/builder/spi-builder-workspace/.derivedData/Build/Intermediates.noindex/OpenfortSwift.build/Debug-watchos/OpenfortSwift.build/DerivedSources -Xcc -DSWIFT_PACKAGE -Xcc -DDEBUG\=1 -emit-objc-header -emit-objc-header-path /Users/admin/builder/spi-builder-workspace/.derivedData/Build/Intermediates.noindex/OpenfortSwift.build/Debug-watchos/OpenfortSwift.build/Objects-normal/arm64/OpenfortSwift-Swift.h -working-directory /Users/admin/builder/spi-builder-workspace/.swiftpm/xcode -experimental-emit-module-separately -disable-cmo
/Users/admin/builder/spi-builder-workspace/Sources/OpenfortSwift/OFSDK.swift:8:8: error: Unable to find module dependency: 'WebKit'
import WebKit
^ (in target 'OpenfortSwift' from project 'OpenfortSwift')
/Users/admin/builder/spi-builder-workspace/Sources/OpenfortSwift/OFSDK.swift:8:8: note: A dependency of main module 'OpenfortSwift'
import WebKit
^ (in target 'OpenfortSwift' from project 'OpenfortSwift')
/Users/admin/builder/spi-builder-workspace/Sources/OpenfortSwift/Protocols/OFOpenfortRootable.swift:7:24: note: Also imported here
@preconcurrency import WebKit
^ (in target 'OpenfortSwift' from project 'OpenfortSwift')
/Users/admin/builder/spi-builder-workspace/Sources/OpenfortSwift/Utils/OpenfortEIP1193Provider.swift:9:8: note: Also imported here
import WebKit
^ (in target 'OpenfortSwift' from project 'OpenfortSwift')
/Users/admin/builder/spi-builder-workspace/Sources/OpenfortSwift/WebView/MessageProcessors/OFScriptMessageProcessor.swift:8:8: note: Also imported here
import WebKit
^ (in target 'OpenfortSwift' from project 'OpenfortSwift')
/Users/admin/builder/spi-builder-workspace/Sources/OpenfortSwift/WebView/MessageProcessors/OFStorageMessageProcessor.swift:8:8: note: Also imported here
import WebKit
^ (in target 'OpenfortSwift' from project 'OpenfortSwift')
/Users/admin/builder/spi-builder-workspace/Sources/OpenfortSwift/WebView/OFAuthReplyHandler.swift:8:8: note: Also imported here
import WebKit
^ (in target 'OpenfortSwift' from project 'OpenfortSwift')
/Users/admin/builder/spi-builder-workspace/Sources/OpenfortSwift/WebView/OFBridgeKeepAlive.swift:6:8: note: Also imported here
import WebKit
^ (in target 'OpenfortSwift' from project 'OpenfortSwift')
/Users/admin/builder/spi-builder-workspace/Sources/OpenfortSwift/WebView/OFScriptMessageHandler.swift:8:8: note: Also imported here
import WebKit
^ (in target 'OpenfortSwift' from project 'OpenfortSwift')
/Users/admin/builder/spi-builder-workspace/Sources/OpenfortSwift/WebView/OFWebView.swift:9:8: note: Also imported here
import WebKit
^ (in target 'OpenfortSwift' from project 'OpenfortSwift')
/Users/admin/builder/spi-builder-workspace/Sources/OpenfortSwift/WebView/OFWebViewCoordinator.swift:8:8: note: Also imported here
import WebKit
^ (in target 'OpenfortSwift' from project 'OpenfortSwift')
2026-09-30 06:05:20.706 xcodebuild[902:5535] [MT] IDERunDestination: Supported platforms for the buildables in the current scheme is empty.
/Users/admin/builder/spi-builder-workspace/Sources/OpenfortSwift/OFSDK.swift:8:8: error: Unable to find module dependency: 'WebKit'
import WebKit
^
/Users/admin/builder/spi-builder-workspace/Sources/OpenfortSwift/OFSDK.swift:8:8: error: Unable to find module dependency: 'WebKit'
import WebKit
^
/Users/admin/builder/spi-builder-workspace/Sources/OpenfortSwift/OFSDK.swift:8:8: note: a dependency of main module 'OpenfortSwift'
import WebKit
^
/Users/admin/builder/spi-builder-workspace/Sources/OpenfortSwift/OFSDK.swift:8:8: note: a dependency of main module 'OpenfortSwift'
import WebKit
^
/Users/admin/builder/spi-builder-workspace/Sources/OpenfortSwift/Protocols/OFOpenfortRootable.swift:7:24: note: also imported here
@preconcurrency import WebKit
^
/Users/admin/builder/spi-builder-workspace/Sources/OpenfortSwift/Protocols/OFOpenfortRootable.swift:7:24: note: also imported here
@preconcurrency import WebKit
^
/Users/admin/builder/spi-builder-workspace/Sources/OpenfortSwift/Utils/OpenfortEIP1193Provider.swift:9:8: note: also imported here
import WebKit
^
/Users/admin/builder/spi-builder-workspace/Sources/OpenfortSwift/Utils/OpenfortEIP1193Provider.swift:9:8: note: also imported here
import WebKit
^
/Users/admin/builder/spi-builder-workspace/Sources/OpenfortSwift/WebView/MessageProcessors/OFScriptMessageProcessor.swift:8:8: note: also imported here
import WebKit
^
/Users/admin/builder/spi-builder-workspace/Sources/OpenfortSwift/WebView/MessageProcessors/OFScriptMessageProcessor.swift:8:8: note: also imported here
import WebKit
^
/Users/admin/builder/spi-builder-workspace/Sources/OpenfortSwift/WebView/MessageProcessors/OFStorageMessageProcessor.swift:8:8: note: also imported here
import WebKit
^
/Users/admin/builder/spi-builder-workspace/Sources/OpenfortSwift/WebView/MessageProcessors/OFStorageMessageProcessor.swift:8:8: note: also imported here
import WebKit
^
/Users/admin/builder/spi-builder-workspace/Sources/OpenfortSwift/WebView/OFAuthReplyHandler.swift:8:8: note: also imported here
import WebKit
^
/Users/admin/builder/spi-builder-workspace/Sources/OpenfortSwift/WebView/OFAuthReplyHandler.swift:8:8: note: also imported here
import WebKit
^
/Users/admin/builder/spi-builder-workspace/Sources/OpenfortSwift/WebView/OFBridgeKeepAlive.swift:6:8: note: also imported here
import WebKit
^
/Users/admin/builder/spi-builder-workspace/Sources/OpenfortSwift/WebView/OFBridgeKeepAlive.swift:6:8: note: also imported here
import WebKit
^
/Users/admin/builder/spi-builder-workspace/Sources/OpenfortSwift/WebView/OFScriptMessageHandler.swift:8:8: note: also imported here
import WebKit
^
/Users/admin/builder/spi-builder-workspace/Sources/OpenfortSwift/WebView/OFScriptMessageHandler.swift:8:8: note: also imported here
import WebKit
^
/Users/admin/builder/spi-builder-workspace/Sources/OpenfortSwift/WebView/OFWebView.swift:9:8: note: also imported here
import WebKit
^
/Users/admin/builder/spi-builder-workspace/Sources/OpenfortSwift/WebView/OFWebView.swift:9:8: note: also imported here
import WebKit
^
/Users/admin/builder/spi-builder-workspace/Sources/OpenfortSwift/WebView/OFWebViewCoordinator.swift:8:8: note: also imported here
import WebKit
^
/Users/admin/builder/spi-builder-workspace/Sources/OpenfortSwift/WebView/OFWebViewCoordinator.swift:8:8: note: also imported here
import WebKit
^
** BUILD FAILED **
The following build commands failed:
SwiftDriver OpenfortSwift normal arm64_32 com.apple.xcode.tools.swift.compiler (in target 'OpenfortSwift' from project 'OpenfortSwift')
SwiftDriver OpenfortSwift normal arm64 com.apple.xcode.tools.swift.compiler (in target 'OpenfortSwift' from project 'OpenfortSwift')
Building workspace spi-builder-workspace with scheme OpenfortSwift
(3 failures)
Command line invocation:
/Applications/Xcode-26.3.0.app/Contents/Developer/usr/bin/xcodebuild -IDEClonedSourcePackagesDirPathOverride=/Users/admin/builder/spi-builder-workspace/.dependencies -resolvePackageDependencies
Resolve Package Graph
Resolved source packages:
SwiftDocCPlugin: https://github.com/apple/swift-docc-plugin.git @ 1.5.0
SymbolKit: https://github.com/swiftlang/swift-docc-symbolkit @ 1.0.0
OpenfortSwift: /Users/admin/builder/spi-builder-workspace
resolved source packages: SwiftDocCPlugin, SymbolKit, OpenfortSwift
2026-09-30 06:05:36.258 xcodebuild[1047:6570] [MT] IDERunDestination: Supported platforms for the buildables in the current scheme is empty.
{
"dependencies" : [
{
"identity" : "swift-docc-plugin",
"requirement" : {
"range" : [
{
"lower_bound" : "1.3.0",
"upper_bound" : "2.0.0"
}
]
},
"type" : "sourceControl",
"url" : "https://github.com/apple/swift-docc-plugin.git"
}
],
"manifest_display_name" : "OpenfortSwift",
"name" : "OpenfortSwift",
"path" : "/Users/admin/builder/spi-builder-workspace",
"platforms" : [
{
"name" : "ios",
"version" : "16.0"
},
{
"name" : "macos",
"version" : "11.0"
}
],
"products" : [
{
"name" : "OpenfortSwift",
"targets" : [
"OpenfortSwift"
],
"type" : {
"library" : [
"automatic"
]
}
}
],
"targets" : [
{
"c99name" : "OpenfortSwiftTests",
"module_type" : "SwiftTarget",
"name" : "OpenfortSwiftTests",
"path" : "Tests/OpenfortSwiftTests",
"sources" : [
"OFFundingTests.swift",
"OFOAuthBridgeTests.swift",
"OFTransactionTests.swift",
"OpenfortSwiftTests.swift"
],
"target_dependencies" : [
"OpenfortSwift"
],
"type" : "test"
},
{
"c99name" : "OpenfortSwift",
"module_type" : "SwiftTarget",
"name" : "OpenfortSwift",
"path" : "Sources/OpenfortSwift",
"product_memberships" : [
"OpenfortSwift"
],
"resources" : [
{
"path" : "/Users/admin/builder/spi-builder-workspace/Sources/OpenfortSwift/Resources/index.html",
"rule" : {
"process" : {
}
}
},
{
"path" : "/Users/admin/builder/spi-builder-workspace/Sources/OpenfortSwift/Resources/openfort-sync.js",
"rule" : {
"process" : {
}
}
},
{
"path" : "/Users/admin/builder/spi-builder-workspace/Sources/OpenfortSwift/Resources/openfort.js",
"rule" : {
"process" : {
}
}
},
{
"path" : "/Users/admin/builder/spi-builder-workspace/Sources/OpenfortSwift/Resources/securestorage.js",
"rule" : {
"process" : {
}
}
},
{
"path" : "/Users/admin/builder/spi-builder-workspace/Sources/OpenfortSwift/Resources/storage.js",
"rule" : {
"process" : {
}
}
},
{
"path" : "/Users/admin/builder/spi-builder-workspace/Sources/OpenfortSwift/Resources/utils.js",
"rule" : {
"process" : {
}
}
}
],
"sources" : [
"AnyCodable/AnyCodable.swift",
"DTO/OFAddEmailParams.swift",
"DTO/OFAuthEmailPasswordParams.swift",
"DTO/OFConfigureEmbeddedWalletDTO.swift",
"DTO/OFEmbeddedAccountCreateParams.swift",
"DTO/OFEmbeddedAccountRecoverParams.swift",
"DTO/OFFundingPaymentMethodInput.swift",
"DTO/OFGetEthereumProviderParams.swift",
"DTO/OFInitLinkOAuthParams.swift",
"DTO/OFInitLinkSiweParams.swift",
"DTO/OFInitOAuthParams.swift",
"DTO/OFInitSIWEParams.swift",
"DTO/OFLinkPhoneOtpParams.swift",
"DTO/OFLinkWithSiweParams.swift",
"DTO/OFLogInWithEmailOtpParams.swift",
"DTO/OFLogInWithPhoneOtpParams.swift",
"DTO/OFLoginWithIdTokenParams.swift",
"DTO/OFLoginWithSiweParams.swift",
"DTO/OFPayLinkParams.swift",
"DTO/OFRequestEmailOtpParams.swift",
"DTO/OFRequestEmailVerificationParams.swift",
"DTO/OFRequestPhoneOtpParams.swift",
"DTO/OFRequestResetPasswordParams.swift",
"DTO/OFResetPasswordParams.swift",
"DTO/OFSendSignatureSessionRequestParams.swift",
"DTO/OFSendTransactionSignatureRequestParams.swift",
"DTO/OFSetRecoveryMethodParams.swift",
"DTO/OFSignMessageParams.swift",
"DTO/OFSignTypedDataParams.swift",
"DTO/OFSignUpWithEmailPasswordParams.swift",
"DTO/OFStoreCredentialsParams.swift",
"DTO/OFUnlinkOAuthParams.swift",
"DTO/OFUnlinkWalletParams.swift",
"DTO/OFVerifyEmailOtpParams.swift",
"DTO/OFVerifyEmailParams.swift",
"Errors/OFErrorDomains.swift",
"Errors/OFErrors.swift",
"Keychain/OFKeychainHelper.swift",
"OFFunding.swift",
"OFFundingChains.swift",
"OFSDK.swift",
"Protocols/OFAuthorizable.swift",
"Protocols/OFEmbeddedWalletAccessable.swift",
"Protocols/OFFundable.swift",
"Protocols/OFMethods.swift",
"Protocols/OFOpenfortRootable.swift",
"Protocols/OFProxible.swift",
"Protocols/OFUserAccessable.swift",
"ResponseModels/JSONValue.swift",
"ResponseModels/OFAddEmailResponse.swift",
"ResponseModels/OFAuthProvider.swift",
"ResponseModels/OFAuthorizationResponse.swift",
"ResponseModels/OFCodableSendable.swift",
"ResponseModels/OFEmbeddedState.swift",
"ResponseModels/OFFundingChain.swift",
"ResponseModels/OFFundingSession.swift",
"ResponseModels/OFGetUserInstanceResponse.swift",
"ResponseModels/OFInitLinkOAuthResponse.swift",
"ResponseModels/OFInitOAuthResponse.swift",
"ResponseModels/OFInitSIWEResponse.swift",
"ResponseModels/OFLinkWalletResponse.swift",
"ResponseModels/OFListResponse.swift",
"ResponseModels/OFLoginWithIdTokenResponse.swift",
"ResponseModels/OFOAuthProvider.swift",
"ResponseModels/OFSessionResponse.swift",
"ResponseModels/OFSignUpResponse.swift",
"ResponseModels/OFSimpleResultResponse.swift",
"ResponseModels/OFTransactionResponse.swift",
"ResponseModels/OFUnlinkOAuthResponse.swift",
"ResponseModels/OFUnlinkWalletResponse.swift",
"Utils/OFERC20.swift",
"Utils/OFEVM.swift",
"Utils/OpenfortEIP1193Provider.swift",
"WebView/MessageProcessors/OFScriptMessageProcessor.swift",
"WebView/MessageProcessors/OFStorageMessageProcessor.swift",
"WebView/OFAuthReplyHandler.swift",
"WebView/OFBridgeKeepAlive.swift",
"WebView/OFConfig.swift",
"WebView/OFScriptMessageHandler.swift",
"WebView/OFWebView.swift",
"WebView/OFWebViewCoordinator.swift"
],
"type" : "library"
}
],
"tools_version" : "6.0"
}
{
"workspace" : {
"name" : "spi-builder-workspace",
"schemes" : [
"OpenfortSwift"
]
}
}
2026-09-30 06:05:42.783 xcodebuild[1111:6971] [MT] IDERunDestination: Supported platforms for the buildables in the current scheme is empty.
Running build ...
env DEVELOPER_DIR=/Applications/Xcode-26.3.0.app xcrun xcodebuild -IDEClonedSourcePackagesDirPathOverride=$PWD/.dependencies -skipMacroValidation -skipPackagePluginValidation -derivedDataPath $PWD/.derivedData build -scheme OpenfortSwift -destination generic/platform=watchOS
Command line invocation:
/Applications/Xcode-26.3.0.app/Contents/Developer/usr/bin/xcodebuild -IDEClonedSourcePackagesDirPathOverride=/Users/admin/builder/spi-builder-workspace/.dependencies -skipMacroValidation -skipPackagePluginValidation -derivedDataPath /Users/admin/builder/spi-builder-workspace/.derivedData build -scheme OpenfortSwift -destination generic/platform=watchOS
Resolve Package Graph
Resolved source packages:
OpenfortSwift: /Users/admin/builder/spi-builder-workspace
SymbolKit: https://github.com/swiftlang/swift-docc-symbolkit @ 1.0.0
SwiftDocCPlugin: https://github.com/apple/swift-docc-plugin.git @ 1.5.0
ComputePackagePrebuildTargetDependencyGraph
Prepare packages
CreateBuildRequest
SendProjectDescription
CreateBuildOperation
ComputeTargetDependencyGraph
note: Building targets in dependency order
note: Target dependency graph (3 targets)
Target 'OpenfortSwift' in project 'OpenfortSwift'
➜ Explicit dependency on target 'OpenfortSwift' in project 'OpenfortSwift'
➜ Explicit dependency on target 'OpenfortSwift_OpenfortSwift' in project 'OpenfortSwift'
Target 'OpenfortSwift' in project 'OpenfortSwift'
➜ Explicit dependency on target 'OpenfortSwift_OpenfortSwift' in project 'OpenfortSwift'
Target 'OpenfortSwift_OpenfortSwift' in project 'OpenfortSwift' (no dependencies)
GatherProvisioningInputs
CreateBuildDescription
ClangStatCache /Applications/Xcode-26.3.0.app/Contents/Developer/Toolchains/XcodeDefault.xctoolchain/usr/bin/clang-stat-cache /Applications/Xcode-26.3.0.app/Contents/Developer/Platforms/WatchOS.platform/Developer/SDKs/WatchOS26.2.sdk /Users/admin/builder/spi-builder-workspace/.derivedData/SDKStatCaches.noindex/watchos26.2-23S303-dc75598d0054f22ec865fa860f139d721753b489057de6bda919edfa1c59a62b.sdkstatcache
cd /Users/admin/builder/spi-builder-workspace/.swiftpm/xcode
/Applications/Xcode-26.3.0.app/Contents/Developer/Toolchains/XcodeDefault.xctoolchain/usr/bin/clang-stat-cache /Applications/Xcode-26.3.0.app/Contents/Developer/Platforms/WatchOS.platform/Developer/SDKs/WatchOS26.2.sdk -o /Users/admin/builder/spi-builder-workspace/.derivedData/SDKStatCaches.noindex/watchos26.2-23S303-dc75598d0054f22ec865fa860f139d721753b489057de6bda919edfa1c59a62b.sdkstatcache
SwiftDriver OpenfortSwift normal arm64_32 com.apple.xcode.tools.swift.compiler (in target 'OpenfortSwift' from project 'OpenfortSwift')
cd /Users/admin/builder/spi-builder-workspace/.swiftpm/xcode
builtin-SwiftDriver -- /Applications/Xcode-26.3.0.app/Contents/Developer/Toolchains/XcodeDefault.xctoolchain/usr/bin/swiftc -module-name OpenfortSwift -Onone -enforce-exclusivity\=checked @/Users/admin/builder/spi-builder-workspace/.derivedData/Build/Intermediates.noindex/OpenfortSwift.build/Debug-watchos/OpenfortSwift.build/Objects-normal/arm64_32/OpenfortSwift.SwiftFileList -DSWIFT_PACKAGE -DDEBUG -DSWIFT_MODULE_RESOURCE_BUNDLE_AVAILABLE -DXcode -plugin-path /Applications/Xcode-26.3.0.app/Contents/Developer/Toolchains/XcodeDefault.xctoolchain/usr/lib/swift/host/plugins/testing -enable-experimental-feature DebugDescriptionMacro -sdk /Applications/Xcode-26.3.0.app/Contents/Developer/Platforms/WatchOS.platform/Developer/SDKs/WatchOS26.2.sdk -target arm64_32-apple-watchos9.0 -g -module-cache-path /Users/admin/builder/spi-builder-workspace/.derivedData/ModuleCache.noindex -Xfrontend -serialize-debugging-options -profile-coverage-mapping -profile-generate -enable-testing -index-store-path /Users/admin/builder/spi-builder-workspace/.derivedData/Index.noindex/DataStore -Xcc -D_LIBCPP_HARDENING_MODE\=_LIBCPP_HARDENING_MODE_DEBUG -swift-version 6 -I /Users/admin/builder/spi-builder-workspace/.derivedData/Build/Products/Debug-watchos -Isystem /Applications/Xcode-26.3.0.app/Contents/Developer/Platforms/WatchOS.platform/Developer/usr/lib -F /Users/admin/builder/spi-builder-workspace/.derivedData/Build/Products/Debug-watchos -F /Applications/Xcode-26.3.0.app/Contents/Developer/Platforms/WatchOS.platform/Developer/Library/Frameworks -F /Applications/Xcode-26.3.0.app/Contents/Developer/Platforms/WatchOS.platform/Developer/SDKs/WatchOS26.2.sdk/Developer/Library/Frameworks -c -j10 -enable-batch-mode -incremental -Xcc -ivfsstatcache -Xcc /Users/admin/builder/spi-builder-workspace/.derivedData/SDKStatCaches.noindex/watchos26.2-23S303-dc75598d0054f22ec865fa860f139d721753b489057de6bda919edfa1c59a62b.sdkstatcache -output-file-map /Users/admin/builder/spi-builder-workspace/.derivedData/Build/Intermediates.noindex/OpenfortSwift.build/Debug-watchos/OpenfortSwift.build/Objects-normal/arm64_32/OpenfortSwift-OutputFileMap.json -use-frontend-parseable-output -save-temps -no-color-diagnostics -explicit-module-build -module-cache-path /Users/admin/builder/spi-builder-workspace/.derivedData/Build/Intermediates.noindex/SwiftExplicitPrecompiledModules -clang-scanner-module-cache-path /Users/admin/builder/spi-builder-workspace/.derivedData/ModuleCache.noindex -sdk-module-cache-path /Users/admin/builder/spi-builder-workspace/.derivedData/ModuleCache.noindex -serialize-diagnostics -emit-dependencies -emit-module -emit-module-path /Users/admin/builder/spi-builder-workspace/.derivedData/Build/Intermediates.noindex/OpenfortSwift.build/Debug-watchos/OpenfortSwift.build/Objects-normal/arm64_32/OpenfortSwift.swiftmodule -validate-clang-modules-once -clang-build-session-file /Users/admin/builder/spi-builder-workspace/.derivedData/ModuleCache.noindex/Session.modulevalidation -package-name spi_builder_workspace -Xcc -I/Users/admin/builder/spi-builder-workspace/.derivedData/Build/Intermediates.noindex/OpenfortSwift.build/Debug-watchos/OpenfortSwift.build/swift-overrides.hmap -emit-const-values -Xfrontend -const-gather-protocols-file -Xfrontend /Users/admin/builder/spi-builder-workspace/.derivedData/Build/Intermediates.noindex/OpenfortSwift.build/Debug-watchos/OpenfortSwift.build/Objects-normal/arm64_32/OpenfortSwift_const_extract_protocols.json -Xcc -I/Users/admin/builder/spi-builder-workspace/.derivedData/Build/Products/Debug-watchos/include -Xcc -I/Users/admin/builder/spi-builder-workspace/.derivedData/Build/Intermediates.noindex/OpenfortSwift.build/Debug-watchos/OpenfortSwift.build/DerivedSources-normal/arm64_32 -Xcc -I/Users/admin/builder/spi-builder-workspace/.derivedData/Build/Intermediates.noindex/OpenfortSwift.build/Debug-watchos/OpenfortSwift.build/DerivedSources/arm64_32 -Xcc -I/Users/admin/builder/spi-builder-workspace/.derivedData/Build/Intermediates.noindex/OpenfortSwift.build/Debug-watchos/OpenfortSwift.build/DerivedSources -Xcc -DSWIFT_PACKAGE -Xcc -DDEBUG\=1 -emit-objc-header -emit-objc-header-path /Users/admin/builder/spi-builder-workspace/.derivedData/Build/Intermediates.noindex/OpenfortSwift.build/Debug-watchos/OpenfortSwift.build/Objects-normal/arm64_32/OpenfortSwift-Swift.h -working-directory /Users/admin/builder/spi-builder-workspace/.swiftpm/xcode -experimental-emit-module-separately -disable-cmo
/Users/admin/builder/spi-builder-workspace/Sources/OpenfortSwift/OFSDK.swift:8:8: error: Unable to find module dependency: 'WebKit'
import WebKit
^ (in target 'OpenfortSwift' from project 'OpenfortSwift')
/Users/admin/builder/spi-builder-workspace/Sources/OpenfortSwift/OFSDK.swift:8:8: note: A dependency of main module 'OpenfortSwift'
import WebKit
^ (in target 'OpenfortSwift' from project 'OpenfortSwift')
/Users/admin/builder/spi-builder-workspace/Sources/OpenfortSwift/Protocols/OFOpenfortRootable.swift:7:24: note: Also imported here
@preconcurrency import WebKit
^ (in target 'OpenfortSwift' from project 'OpenfortSwift')
/Users/admin/builder/spi-builder-workspace/Sources/OpenfortSwift/Utils/OpenfortEIP1193Provider.swift:9:8: note: Also imported here
import WebKit
^ (in target 'OpenfortSwift' from project 'OpenfortSwift')
/Users/admin/builder/spi-builder-workspace/Sources/OpenfortSwift/WebView/MessageProcessors/OFScriptMessageProcessor.swift:8:8: note: Also imported here
import WebKit
^ (in target 'OpenfortSwift' from project 'OpenfortSwift')
/Users/admin/builder/spi-builder-workspace/Sources/OpenfortSwift/WebView/MessageProcessors/OFStorageMessageProcessor.swift:8:8: note: Also imported here
import WebKit
^ (in target 'OpenfortSwift' from project 'OpenfortSwift')
/Users/admin/builder/spi-builder-workspace/Sources/OpenfortSwift/WebView/OFAuthReplyHandler.swift:8:8: note: Also imported here
import WebKit
^ (in target 'OpenfortSwift' from project 'OpenfortSwift')
/Users/admin/builder/spi-builder-workspace/Sources/OpenfortSwift/WebView/OFBridgeKeepAlive.swift:6:8: note: Also imported here
import WebKit
^ (in target 'OpenfortSwift' from project 'OpenfortSwift')
/Users/admin/builder/spi-builder-workspace/Sources/OpenfortSwift/WebView/OFScriptMessageHandler.swift:8:8: note: Also imported here
import WebKit
^ (in target 'OpenfortSwift' from project 'OpenfortSwift')
/Users/admin/builder/spi-builder-workspace/Sources/OpenfortSwift/WebView/OFWebView.swift:9:8: note: Also imported here
import WebKit
^ (in target 'OpenfortSwift' from project 'OpenfortSwift')
/Users/admin/builder/spi-builder-workspace/Sources/OpenfortSwift/WebView/OFWebViewCoordinator.swift:8:8: note: Also imported here
import WebKit
^ (in target 'OpenfortSwift' from project 'OpenfortSwift')
SwiftDriver OpenfortSwift normal arm64 com.apple.xcode.tools.swift.compiler (in target 'OpenfortSwift' from project 'OpenfortSwift')
cd /Users/admin/builder/spi-builder-workspace/.swiftpm/xcode
builtin-SwiftDriver -- /Applications/Xcode-26.3.0.app/Contents/Developer/Toolchains/XcodeDefault.xctoolchain/usr/bin/swiftc -module-name OpenfortSwift -Onone -enforce-exclusivity\=checked @/Users/admin/builder/spi-builder-workspace/.derivedData/Build/Intermediates.noindex/OpenfortSwift.build/Debug-watchos/OpenfortSwift.build/Objects-normal/arm64/OpenfortSwift.SwiftFileList -DSWIFT_PACKAGE -DDEBUG -DSWIFT_MODULE_RESOURCE_BUNDLE_AVAILABLE -DXcode -plugin-path /Applications/Xcode-26.3.0.app/Contents/Developer/Toolchains/XcodeDefault.xctoolchain/usr/lib/swift/host/plugins/testing -enable-experimental-feature DebugDescriptionMacro -sdk /Applications/Xcode-26.3.0.app/Contents/Developer/Platforms/WatchOS.platform/Developer/SDKs/WatchOS26.2.sdk -target arm64-apple-watchos9.0 -g -module-cache-path /Users/admin/builder/spi-builder-workspace/.derivedData/ModuleCache.noindex -Xfrontend -serialize-debugging-options -profile-coverage-mapping -profile-generate -enable-testing -index-store-path /Users/admin/builder/spi-builder-workspace/.derivedData/Index.noindex/DataStore -Xcc -D_LIBCPP_HARDENING_MODE\=_LIBCPP_HARDENING_MODE_DEBUG -swift-version 6 -I /Users/admin/builder/spi-builder-workspace/.derivedData/Build/Products/Debug-watchos -Isystem /Applications/Xcode-26.3.0.app/Contents/Developer/Platforms/WatchOS.platform/Developer/usr/lib -F /Users/admin/builder/spi-builder-workspace/.derivedData/Build/Products/Debug-watchos -F /Applications/Xcode-26.3.0.app/Contents/Developer/Platforms/WatchOS.platform/Developer/Library/Frameworks -F /Applications/Xcode-26.3.0.app/Contents/Developer/Platforms/WatchOS.platform/Developer/SDKs/WatchOS26.2.sdk/Developer/Library/Frameworks -c -j10 -enable-batch-mode -incremental -Xcc -ivfsstatcache -Xcc /Users/admin/builder/spi-builder-workspace/.derivedData/SDKStatCaches.noindex/watchos26.2-23S303-dc75598d0054f22ec865fa860f139d721753b489057de6bda919edfa1c59a62b.sdkstatcache -output-file-map /Users/admin/builder/spi-builder-workspace/.derivedData/Build/Intermediates.noindex/OpenfortSwift.build/Debug-watchos/OpenfortSwift.build/Objects-normal/arm64/OpenfortSwift-OutputFileMap.json -use-frontend-parseable-output -save-temps -no-color-diagnostics -explicit-module-build -module-cache-path /Users/admin/builder/spi-builder-workspace/.derivedData/Build/Intermediates.noindex/SwiftExplicitPrecompiledModules -clang-scanner-module-cache-path /Users/admin/builder/spi-builder-workspace/.derivedData/ModuleCache.noindex -sdk-module-cache-path /Users/admin/builder/spi-builder-workspace/.derivedData/ModuleCache.noindex -serialize-diagnostics -emit-dependencies -emit-module -emit-module-path /Users/admin/builder/spi-builder-workspace/.derivedData/Build/Intermediates.noindex/OpenfortSwift.build/Debug-watchos/OpenfortSwift.build/Objects-normal/arm64/OpenfortSwift.swiftmodule -validate-clang-modules-once -clang-build-session-file /Users/admin/builder/spi-builder-workspace/.derivedData/ModuleCache.noindex/Session.modulevalidation -package-name spi_builder_workspace -Xcc -I/Users/admin/builder/spi-builder-workspace/.derivedData/Build/Intermediates.noindex/OpenfortSwift.build/Debug-watchos/OpenfortSwift.build/swift-overrides.hmap -emit-const-values -Xfrontend -const-gather-protocols-file -Xfrontend /Users/admin/builder/spi-builder-workspace/.derivedData/Build/Intermediates.noindex/OpenfortSwift.build/Debug-watchos/OpenfortSwift.build/Objects-normal/arm64/OpenfortSwift_const_extract_protocols.json -Xcc -I/Users/admin/builder/spi-builder-workspace/.derivedData/Build/Products/Debug-watchos/include -Xcc -I/Users/admin/builder/spi-builder-workspace/.derivedData/Build/Intermediates.noindex/OpenfortSwift.build/Debug-watchos/OpenfortSwift.build/DerivedSources-normal/arm64 -Xcc -I/Users/admin/builder/spi-builder-workspace/.derivedData/Build/Intermediates.noindex/OpenfortSwift.build/Debug-watchos/OpenfortSwift.build/DerivedSources/arm64 -Xcc -I/Users/admin/builder/spi-builder-workspace/.derivedData/Build/Intermediates.noindex/OpenfortSwift.build/Debug-watchos/OpenfortSwift.build/DerivedSources -Xcc -DSWIFT_PACKAGE -Xcc -DDEBUG\=1 -emit-objc-header -emit-objc-header-path /Users/admin/builder/spi-builder-workspace/.derivedData/Build/Intermediates.noindex/OpenfortSwift.build/Debug-watchos/OpenfortSwift.build/Objects-normal/arm64/OpenfortSwift-Swift.h -working-directory /Users/admin/builder/spi-builder-workspace/.swiftpm/xcode -experimental-emit-module-separately -disable-cmo
/Users/admin/builder/spi-builder-workspace/Sources/OpenfortSwift/OFSDK.swift:8:8: error: Unable to find module dependency: 'WebKit'
import WebKit
^ (in target 'OpenfortSwift' from project 'OpenfortSwift')
/Users/admin/builder/spi-builder-workspace/Sources/OpenfortSwift/OFSDK.swift:8:8: note: A dependency of main module 'OpenfortSwift'
import WebKit
^ (in target 'OpenfortSwift' from project 'OpenfortSwift')
/Users/admin/builder/spi-builder-workspace/Sources/OpenfortSwift/Protocols/OFOpenfortRootable.swift:7:24: note: Also imported here
@preconcurrency import WebKit
^ (in target 'OpenfortSwift' from project 'OpenfortSwift')
/Users/admin/builder/spi-builder-workspace/Sources/OpenfortSwift/Utils/OpenfortEIP1193Provider.swift:9:8: note: Also imported here
import WebKit
^ (in target 'OpenfortSwift' from project 'OpenfortSwift')
/Users/admin/builder/spi-builder-workspace/Sources/OpenfortSwift/WebView/MessageProcessors/OFScriptMessageProcessor.swift:8:8: note: Also imported here
import WebKit
^ (in target 'OpenfortSwift' from project 'OpenfortSwift')
/Users/admin/builder/spi-builder-workspace/Sources/OpenfortSwift/WebView/MessageProcessors/OFStorageMessageProcessor.swift:8:8: note: Also imported here
import WebKit
^ (in target 'OpenfortSwift' from project 'OpenfortSwift')
/Users/admin/builder/spi-builder-workspace/Sources/OpenfortSwift/WebView/OFAuthReplyHandler.swift:8:8: note: Also imported here
import WebKit
^ (in target 'OpenfortSwift' from project 'OpenfortSwift')
/Users/admin/builder/spi-builder-workspace/Sources/OpenfortSwift/WebView/OFBridgeKeepAlive.swift:6:8: note: Also imported here
import WebKit
^ (in target 'OpenfortSwift' from project 'OpenfortSwift')
/Users/admin/builder/spi-builder-workspace/Sources/OpenfortSwift/WebView/OFScriptMessageHandler.swift:8:8: note: Also imported here
import WebKit
^ (in target 'OpenfortSwift' from project 'OpenfortSwift')
/Users/admin/builder/spi-builder-workspace/Sources/OpenfortSwift/WebView/OFWebView.swift:9:8: note: Also imported here
import WebKit
^ (in target 'OpenfortSwift' from project 'OpenfortSwift')
/Users/admin/builder/spi-builder-workspace/Sources/OpenfortSwift/WebView/OFWebViewCoordinator.swift:8:8: note: Also imported here
import WebKit
^ (in target 'OpenfortSwift' from project 'OpenfortSwift')
2026-09-30 06:05:49.029 xcodebuild[1169:7353] [MT] IDERunDestination: Supported platforms for the buildables in the current scheme is empty.
/Users/admin/builder/spi-builder-workspace/Sources/OpenfortSwift/OFSDK.swift:8:8: error: Unable to find module dependency: 'WebKit'
import WebKit
^
/Users/admin/builder/spi-builder-workspace/Sources/OpenfortSwift/OFSDK.swift:8:8: error: Unable to find module dependency: 'WebKit'
import WebKit
^
/Users/admin/builder/spi-builder-workspace/Sources/OpenfortSwift/OFSDK.swift:8:8: note: a dependency of main module 'OpenfortSwift'
import WebKit
^
/Users/admin/builder/spi-builder-workspace/Sources/OpenfortSwift/OFSDK.swift:8:8: note: a dependency of main module 'OpenfortSwift'
import WebKit
^
/Users/admin/builder/spi-builder-workspace/Sources/OpenfortSwift/Protocols/OFOpenfortRootable.swift:7:24: note: also imported here
@preconcurrency import WebKit
^
/Users/admin/builder/spi-builder-workspace/Sources/OpenfortSwift/Protocols/OFOpenfortRootable.swift:7:24: note: also imported here
@preconcurrency import WebKit
^
/Users/admin/builder/spi-builder-workspace/Sources/OpenfortSwift/Utils/OpenfortEIP1193Provider.swift:9:8: note: also imported here
import WebKit
^
/Users/admin/builder/spi-builder-workspace/Sources/OpenfortSwift/Utils/OpenfortEIP1193Provider.swift:9:8: note: also imported here
import WebKit
^
/Users/admin/builder/spi-builder-workspace/Sources/OpenfortSwift/WebView/MessageProcessors/OFScriptMessageProcessor.swift:8:8: note: also imported here
import WebKit
^
/Users/admin/builder/spi-builder-workspace/Sources/OpenfortSwift/WebView/MessageProcessors/OFScriptMessageProcessor.swift:8:8: note: also imported here
import WebKit
^
/Users/admin/builder/spi-builder-workspace/Sources/OpenfortSwift/WebView/MessageProcessors/OFStorageMessageProcessor.swift:8:8: note: also imported here
import WebKit
^
/Users/admin/builder/spi-builder-workspace/Sources/OpenfortSwift/WebView/MessageProcessors/OFStorageMessageProcessor.swift:8:8: note: also imported here
import WebKit
^
/Users/admin/builder/spi-builder-workspace/Sources/OpenfortSwift/WebView/OFAuthReplyHandler.swift:8:8: note: also imported here
import WebKit
^
/Users/admin/builder/spi-builder-workspace/Sources/OpenfortSwift/WebView/OFAuthReplyHandler.swift:8:8: note: also imported here
import WebKit
^
/Users/admin/builder/spi-builder-workspace/Sources/OpenfortSwift/WebView/OFBridgeKeepAlive.swift:6:8: note: also imported here
import WebKit
^
/Users/admin/builder/spi-builder-workspace/Sources/OpenfortSwift/WebView/OFBridgeKeepAlive.swift:6:8: note: also imported here
import WebKit
^
/Users/admin/builder/spi-builder-workspace/Sources/OpenfortSwift/WebView/OFScriptMessageHandler.swift:8:8: note: also imported here
import WebKit
^
/Users/admin/builder/spi-builder-workspace/Sources/OpenfortSwift/WebView/OFScriptMessageHandler.swift:8:8: note: also imported here
import WebKit
^
/Users/admin/builder/spi-builder-workspace/Sources/OpenfortSwift/WebView/OFWebView.swift:9:8: note: also imported here
import WebKit
^
/Users/admin/builder/spi-builder-workspace/Sources/OpenfortSwift/WebView/OFWebView.swift:9:8: note: also imported here
import WebKit
^
/Users/admin/builder/spi-builder-workspace/Sources/OpenfortSwift/WebView/OFWebViewCoordinator.swift:8:8: note: also imported here
import WebKit
^
/Users/admin/builder/spi-builder-workspace/Sources/OpenfortSwift/WebView/OFWebViewCoordinator.swift:8:8: note: also imported here
import WebKit
^
** BUILD FAILED **
The following build commands failed:
SwiftDriver OpenfortSwift normal arm64_32 com.apple.xcode.tools.swift.compiler (in target 'OpenfortSwift' from project 'OpenfortSwift')
SwiftDriver OpenfortSwift normal arm64 com.apple.xcode.tools.swift.compiler (in target 'OpenfortSwift' from project 'OpenfortSwift')
Building workspace spi-builder-workspace with scheme OpenfortSwift
(3 failures)
BUILD FAILURE 6.2 watchOS