Build Information
Failed to build ApiCore, reference master (c3893b), with Swift 6.4 for watchOS using Xcode 27.0 on 18 Sep 2026 02:27:47 UTC.
Build Command
env DEVELOPER_DIR=/Applications/Xcode-27.0.0-Release.Candidate.app xcrun xcodebuild -IDEClonedSourcePackagesDirPathOverride=$PWD/.dependencies -skipMacroValidation -skipPackagePluginValidation -derivedDataPath $PWD/.derivedData build -scheme ApiCore-Package -destination generic/platform=watchOSBuild Log
Using response file: /Users/admin/builder/spi-builder-workspace/.derivedData/Build/Intermediates.noindex/swift-nio-ssl.build/Debug-watchos/CNIOOpenSSL-t.build/Objects-normal/arm64_32/7187679823f38a2a940e0043cdf9d637-common-args.resp
builtin-ScanDependencies -o /Users/admin/builder/spi-builder-workspace/.derivedData/Build/Intermediates.noindex/swift-nio-ssl.build/Debug-watchos/CNIOOpenSSL-t.build/Objects-normal/arm64_32/shims.o.scan -- /Applications/Xcode-27.0.0-Release.Candidate.app/Contents/Developer/Toolchains/XcodeDefault.xctoolchain/usr/bin/clang -x c -ivfsstatcache /Users/admin/builder/spi-builder-workspace/.derivedData/SDKStatCaches.noindex/watchos27.0-24R360-e829b21a6f8c9b70876ba0858053c04477534ef55a1706bf4c1112bbb242f0a2.sdkstatcache -target arm64_32-apple-watchos9.0 -fmessage-length\=0 -fdiagnostics-show-note-include-stack -fmacro-backtrace-limit\=0 -fno-color-diagnostics -fmodules-prune-interval\=86400 -fmodules-prune-after\=345600 -fbuild-session-file\=/Users/admin/builder/spi-builder-workspace/.derivedData/ModuleCache.noindex/Session.modulevalidation -fmodules-validate-once-per-build-session -Wnon-modular-include-in-framework-module -Werror\=non-modular-include-in-framework-module -Wno-trigraphs -Wno-missing-field-initializers -Wno-missing-prototypes -Wno-return-type -Wno-missing-braces -Wparentheses -Wswitch -Wno-unused-function -Wno-unused-label -Wno-unused-parameter -Wno-unused-variable -Wunused-value -Wno-empty-body -Wno-uninitialized -Wno-unknown-pragmas -w -Wno-shadow -Wno-four-char-constants -Wno-conversion -Wno-constant-conversion -Wno-int-conversion -Wno-bool-conversion -Wno-enum-conversion -Wno-float-conversion -Wno-non-literal-null-conversion -Wno-objc-literal-conversion -Wno-shorten-64-to-32 -Wpointer-sign -Wno-newline-eof -Wno-implicit-fallthrough -isysroot /Applications/Xcode-27.0.0-Release.Candidate.app/Contents/Developer/Platforms/WatchOS.platform/Developer/SDKs/WatchOS27.0.sdk -fstrict-aliasing -Wdeprecated-declarations -Wno-sign-conversion -Wno-infinite-recursion -Wno-comma -Wno-block-capture-autoreleasing -Wno-strict-prototypes -Wno-semicolon-before-method-body -index-store-path /Users/admin/builder/spi-builder-workspace/.derivedData/Index.noindex/DataStore @/Users/admin/builder/spi-builder-workspace/.derivedData/Build/Intermediates.noindex/swift-nio-ssl.build/Debug-watchos/CNIOOpenSSL-t.build/Objects-normal/arm64_32/7187679823f38a2a940e0043cdf9d637-common-args.resp -MMD -MT dependencies -MF /Users/admin/builder/spi-builder-workspace/.derivedData/Build/Intermediates.noindex/swift-nio-ssl.build/Debug-watchos/CNIOOpenSSL-t.build/Objects-normal/arm64_32/shims.d --serialize-diagnostics /Users/admin/builder/spi-builder-workspace/.derivedData/Build/Intermediates.noindex/swift-nio-ssl.build/Debug-watchos/CNIOOpenSSL-t.build/Objects-normal/arm64_32/shims.dia -c /Users/admin/builder/spi-builder-workspace/.dependencies/checkouts/swift-nio-ssl/Sources/CNIOOpenSSL/shims.c -o /Users/admin/builder/spi-builder-workspace/.derivedData/Build/Intermediates.noindex/swift-nio-ssl.build/Debug-watchos/CNIOOpenSSL-t.build/Objects-normal/arm64_32/shims.o -index-unit-output-path /swift-nio-ssl.build/Debug-watchos/CNIOOpenSSL-t.build/Objects-normal/arm64_32/shims.o
/Users/admin/builder/spi-builder-workspace/.dependencies/checkouts/swift-nio-ssl/Sources/CNIOOpenSSL/include/c_nio_openssl.h:17:10: error: 'openssl/conf.h' file not found (in target 'CNIOOpenSSL' from project 'swift-nio-ssl')
/Users/admin/builder/spi-builder-workspace/.dependencies/checkouts/swift-nio-ssl/Sources/CNIOOpenSSL/shims.c:16:10: note: in file included from /Users/admin/builder/spi-builder-workspace/.dependencies/checkouts/swift-nio-ssl/Sources/CNIOOpenSSL/shims.c:16:
ScanDependencies /Users/admin/builder/spi-builder-workspace/.derivedData/Build/Intermediates.noindex/swift-nio-ssl.build/Debug-watchos/CNIOOpenSSL-t.build/Objects-normal/arm64_32/helpers.o /Users/admin/builder/spi-builder-workspace/.dependencies/checkouts/swift-nio-ssl/Sources/CNIOOpenSSL/helpers.c normal arm64_32 c com.apple.compilers.llvm.clang.1_0.compiler (in target 'CNIOOpenSSL' from project 'swift-nio-ssl')
cd /Users/admin/builder/spi-builder-workspace/.swiftpm/xcode
Using response file: /Users/admin/builder/spi-builder-workspace/.derivedData/Build/Intermediates.noindex/swift-nio-ssl.build/Debug-watchos/CNIOOpenSSL-t.build/Objects-normal/arm64_32/7187679823f38a2a940e0043cdf9d637-common-args.resp
builtin-ScanDependencies -o /Users/admin/builder/spi-builder-workspace/.derivedData/Build/Intermediates.noindex/swift-nio-ssl.build/Debug-watchos/CNIOOpenSSL-t.build/Objects-normal/arm64_32/helpers.o.scan -- /Applications/Xcode-27.0.0-Release.Candidate.app/Contents/Developer/Toolchains/XcodeDefault.xctoolchain/usr/bin/clang -x c -ivfsstatcache /Users/admin/builder/spi-builder-workspace/.derivedData/SDKStatCaches.noindex/watchos27.0-24R360-e829b21a6f8c9b70876ba0858053c04477534ef55a1706bf4c1112bbb242f0a2.sdkstatcache -target arm64_32-apple-watchos9.0 -fmessage-length\=0 -fdiagnostics-show-note-include-stack -fmacro-backtrace-limit\=0 -fno-color-diagnostics -fmodules-prune-interval\=86400 -fmodules-prune-after\=345600 -fbuild-session-file\=/Users/admin/builder/spi-builder-workspace/.derivedData/ModuleCache.noindex/Session.modulevalidation -fmodules-validate-once-per-build-session -Wnon-modular-include-in-framework-module -Werror\=non-modular-include-in-framework-module -Wno-trigraphs -Wno-missing-field-initializers -Wno-missing-prototypes -Wno-return-type -Wno-missing-braces -Wparentheses -Wswitch -Wno-unused-function -Wno-unused-label -Wno-unused-parameter -Wno-unused-variable -Wunused-value -Wno-empty-body -Wno-uninitialized -Wno-unknown-pragmas -w -Wno-shadow -Wno-four-char-constants -Wno-conversion -Wno-constant-conversion -Wno-int-conversion -Wno-bool-conversion -Wno-enum-conversion -Wno-float-conversion -Wno-non-literal-null-conversion -Wno-objc-literal-conversion -Wno-shorten-64-to-32 -Wpointer-sign -Wno-newline-eof -Wno-implicit-fallthrough -isysroot /Applications/Xcode-27.0.0-Release.Candidate.app/Contents/Developer/Platforms/WatchOS.platform/Developer/SDKs/WatchOS27.0.sdk -fstrict-aliasing -Wdeprecated-declarations -Wno-sign-conversion -Wno-infinite-recursion -Wno-comma -Wno-block-capture-autoreleasing -Wno-strict-prototypes -Wno-semicolon-before-method-body -index-store-path /Users/admin/builder/spi-builder-workspace/.derivedData/Index.noindex/DataStore @/Users/admin/builder/spi-builder-workspace/.derivedData/Build/Intermediates.noindex/swift-nio-ssl.build/Debug-watchos/CNIOOpenSSL-t.build/Objects-normal/arm64_32/7187679823f38a2a940e0043cdf9d637-common-args.resp -MMD -MT dependencies -MF /Users/admin/builder/spi-builder-workspace/.derivedData/Build/Intermediates.noindex/swift-nio-ssl.build/Debug-watchos/CNIOOpenSSL-t.build/Objects-normal/arm64_32/helpers.d --serialize-diagnostics /Users/admin/builder/spi-builder-workspace/.derivedData/Build/Intermediates.noindex/swift-nio-ssl.build/Debug-watchos/CNIOOpenSSL-t.build/Objects-normal/arm64_32/helpers.dia -c /Users/admin/builder/spi-builder-workspace/.dependencies/checkouts/swift-nio-ssl/Sources/CNIOOpenSSL/helpers.c -o /Users/admin/builder/spi-builder-workspace/.derivedData/Build/Intermediates.noindex/swift-nio-ssl.build/Debug-watchos/CNIOOpenSSL-t.build/Objects-normal/arm64_32/helpers.o -index-unit-output-path /swift-nio-ssl.build/Debug-watchos/CNIOOpenSSL-t.build/Objects-normal/arm64_32/helpers.o
/Users/admin/builder/spi-builder-workspace/.dependencies/checkouts/swift-nio-ssl/Sources/CNIOOpenSSL/include/c_nio_openssl.h:17:10: error: 'openssl/conf.h' file not found (in target 'CNIOOpenSSL' from project 'swift-nio-ssl')
/Users/admin/builder/spi-builder-workspace/.dependencies/checkouts/swift-nio-ssl/Sources/CNIOOpenSSL/helpers.c:14:10: note: in file included from /Users/admin/builder/spi-builder-workspace/.dependencies/checkouts/swift-nio-ssl/Sources/CNIOOpenSSL/helpers.c:14:
ScanDependencies /Users/admin/builder/spi-builder-workspace/.derivedData/Build/Intermediates.noindex/swift-nio.build/Debug-watchos/CNIOZlib-t.build/Objects-normal/arm64_32/empty.o /Users/admin/builder/spi-builder-workspace/.dependencies/checkouts/swift-nio/Sources/CNIOZlib/empty.c normal arm64_32 c com.apple.compilers.llvm.clang.1_0.compiler (in target 'CNIOZlib' from project 'swift-nio')
cd /Users/admin/builder/spi-builder-workspace/.swiftpm/xcode
Using response file: /Users/admin/builder/spi-builder-workspace/.derivedData/Build/Intermediates.noindex/swift-nio.build/Debug-watchos/CNIOZlib-t.build/Objects-normal/arm64_32/7187679823f38a2a940e0043cdf9d637-common-args.resp
builtin-ScanDependencies -o /Users/admin/builder/spi-builder-workspace/.derivedData/Build/Intermediates.noindex/swift-nio.build/Debug-watchos/CNIOZlib-t.build/Objects-normal/arm64_32/empty.o.scan -- /Applications/Xcode-27.0.0-Release.Candidate.app/Contents/Developer/Toolchains/XcodeDefault.xctoolchain/usr/bin/clang -x c -ivfsstatcache /Users/admin/builder/spi-builder-workspace/.derivedData/SDKStatCaches.noindex/watchos27.0-24R360-e829b21a6f8c9b70876ba0858053c04477534ef55a1706bf4c1112bbb242f0a2.sdkstatcache -target arm64_32-apple-watchos9.0 -fmessage-length\=0 -fdiagnostics-show-note-include-stack -fmacro-backtrace-limit\=0 -fno-color-diagnostics -fmodules-prune-interval\=86400 -fmodules-prune-after\=345600 -fbuild-session-file\=/Users/admin/builder/spi-builder-workspace/.derivedData/ModuleCache.noindex/Session.modulevalidation -fmodules-validate-once-per-build-session -Wnon-modular-include-in-framework-module -Werror\=non-modular-include-in-framework-module -Wno-trigraphs -Wno-missing-field-initializers -Wno-missing-prototypes -Wno-return-type -Wno-missing-braces -Wparentheses -Wswitch -Wno-unused-function -Wno-unused-label -Wno-unused-parameter -Wno-unused-variable -Wunused-value -Wno-empty-body -Wno-uninitialized -Wno-unknown-pragmas -w -Wno-shadow -Wno-four-char-constants -Wno-conversion -Wno-constant-conversion -Wno-int-conversion -Wno-bool-conversion -Wno-enum-conversion -Wno-float-conversion -Wno-non-literal-null-conversion -Wno-objc-literal-conversion -Wno-shorten-64-to-32 -Wpointer-sign -Wno-newline-eof -Wno-implicit-fallthrough -isysroot /Applications/Xcode-27.0.0-Release.Candidate.app/Contents/Developer/Platforms/WatchOS.platform/Developer/SDKs/WatchOS27.0.sdk -fstrict-aliasing -Wdeprecated-declarations -Wno-sign-conversion -Wno-infinite-recursion -Wno-comma -Wno-block-capture-autoreleasing -Wno-strict-prototypes -Wno-semicolon-before-method-body -index-store-path /Users/admin/builder/spi-builder-workspace/.derivedData/Index.noindex/DataStore @/Users/admin/builder/spi-builder-workspace/.derivedData/Build/Intermediates.noindex/swift-nio.build/Debug-watchos/CNIOZlib-t.build/Objects-normal/arm64_32/7187679823f38a2a940e0043cdf9d637-common-args.resp -MMD -MT dependencies -MF /Users/admin/builder/spi-builder-workspace/.derivedData/Build/Intermediates.noindex/swift-nio.build/Debug-watchos/CNIOZlib-t.build/Objects-normal/arm64_32/empty.d --serialize-diagnostics /Users/admin/builder/spi-builder-workspace/.derivedData/Build/Intermediates.noindex/swift-nio.build/Debug-watchos/CNIOZlib-t.build/Objects-normal/arm64_32/empty.dia -c /Users/admin/builder/spi-builder-workspace/.dependencies/checkouts/swift-nio/Sources/CNIOZlib/empty.c -o /Users/admin/builder/spi-builder-workspace/.derivedData/Build/Intermediates.noindex/swift-nio.build/Debug-watchos/CNIOZlib-t.build/Objects-normal/arm64_32/empty.o -index-unit-output-path /swift-nio.build/Debug-watchos/CNIOZlib-t.build/Objects-normal/arm64_32/empty.o
ScanDependencies /Users/admin/builder/spi-builder-workspace/.derivedData/Build/Intermediates.noindex/swift-nio.build/Debug-watchos/CNIOSHA1-t.build/Objects-normal/arm64_32/c_nio_sha1.o /Users/admin/builder/spi-builder-workspace/.dependencies/checkouts/swift-nio/Sources/CNIOSHA1/c_nio_sha1.c normal arm64_32 c com.apple.compilers.llvm.clang.1_0.compiler (in target 'CNIOSHA1' from project 'swift-nio')
cd /Users/admin/builder/spi-builder-workspace/.swiftpm/xcode
Using response file: /Users/admin/builder/spi-builder-workspace/.derivedData/Build/Intermediates.noindex/swift-nio.build/Debug-watchos/CNIOSHA1-t.build/Objects-normal/arm64_32/7187679823f38a2a940e0043cdf9d637-common-args.resp
builtin-ScanDependencies -o /Users/admin/builder/spi-builder-workspace/.derivedData/Build/Intermediates.noindex/swift-nio.build/Debug-watchos/CNIOSHA1-t.build/Objects-normal/arm64_32/c_nio_sha1.o.scan -- /Applications/Xcode-27.0.0-Release.Candidate.app/Contents/Developer/Toolchains/XcodeDefault.xctoolchain/usr/bin/clang -x c -ivfsstatcache /Users/admin/builder/spi-builder-workspace/.derivedData/SDKStatCaches.noindex/watchos27.0-24R360-e829b21a6f8c9b70876ba0858053c04477534ef55a1706bf4c1112bbb242f0a2.sdkstatcache -target arm64_32-apple-watchos9.0 -fmessage-length\=0 -fdiagnostics-show-note-include-stack -fmacro-backtrace-limit\=0 -fno-color-diagnostics -fmodules-prune-interval\=86400 -fmodules-prune-after\=345600 -fbuild-session-file\=/Users/admin/builder/spi-builder-workspace/.derivedData/ModuleCache.noindex/Session.modulevalidation -fmodules-validate-once-per-build-session -Wnon-modular-include-in-framework-module -Werror\=non-modular-include-in-framework-module -Wno-trigraphs -Wno-missing-field-initializers -Wno-missing-prototypes -Wno-return-type -Wno-missing-braces -Wparentheses -Wswitch -Wno-unused-function -Wno-unused-label -Wno-unused-parameter -Wno-unused-variable -Wunused-value -Wno-empty-body -Wno-uninitialized -Wno-unknown-pragmas -w -Wno-shadow -Wno-four-char-constants -Wno-conversion -Wno-constant-conversion -Wno-int-conversion -Wno-bool-conversion -Wno-enum-conversion -Wno-float-conversion -Wno-non-literal-null-conversion -Wno-objc-literal-conversion -Wno-shorten-64-to-32 -Wpointer-sign -Wno-newline-eof -Wno-implicit-fallthrough -isysroot /Applications/Xcode-27.0.0-Release.Candidate.app/Contents/Developer/Platforms/WatchOS.platform/Developer/SDKs/WatchOS27.0.sdk -fstrict-aliasing -Wdeprecated-declarations -Wno-sign-conversion -Wno-infinite-recursion -Wno-comma -Wno-block-capture-autoreleasing -Wno-strict-prototypes -Wno-semicolon-before-method-body -index-store-path /Users/admin/builder/spi-builder-workspace/.derivedData/Index.noindex/DataStore @/Users/admin/builder/spi-builder-workspace/.derivedData/Build/Intermediates.noindex/swift-nio.build/Debug-watchos/CNIOSHA1-t.build/Objects-normal/arm64_32/7187679823f38a2a940e0043cdf9d637-common-args.resp -MMD -MT dependencies -MF /Users/admin/builder/spi-builder-workspace/.derivedData/Build/Intermediates.noindex/swift-nio.build/Debug-watchos/CNIOSHA1-t.build/Objects-normal/arm64_32/c_nio_sha1.d --serialize-diagnostics /Users/admin/builder/spi-builder-workspace/.derivedData/Build/Intermediates.noindex/swift-nio.build/Debug-watchos/CNIOSHA1-t.build/Objects-normal/arm64_32/c_nio_sha1.dia -c /Users/admin/builder/spi-builder-workspace/.dependencies/checkouts/swift-nio/Sources/CNIOSHA1/c_nio_sha1.c -o /Users/admin/builder/spi-builder-workspace/.derivedData/Build/Intermediates.noindex/swift-nio.build/Debug-watchos/CNIOSHA1-t.build/Objects-normal/arm64_32/c_nio_sha1.o -index-unit-output-path /swift-nio.build/Debug-watchos/CNIOSHA1-t.build/Objects-normal/arm64_32/c_nio_sha1.o
ScanDependencies /Users/admin/builder/spi-builder-workspace/.derivedData/Build/Intermediates.noindex/swift-nio.build/Debug-watchos/CNIOZlib-t.build/Objects-normal/arm64/empty.o /Users/admin/builder/spi-builder-workspace/.dependencies/checkouts/swift-nio/Sources/CNIOZlib/empty.c normal arm64 c com.apple.compilers.llvm.clang.1_0.compiler (in target 'CNIOZlib' from project 'swift-nio')
cd /Users/admin/builder/spi-builder-workspace/.swiftpm/xcode
Using response file: /Users/admin/builder/spi-builder-workspace/.derivedData/Build/Intermediates.noindex/swift-nio.build/Debug-watchos/CNIOZlib-t.build/Objects-normal/arm64/7187679823f38a2a940e0043cdf9d637-common-args.resp
builtin-ScanDependencies -o /Users/admin/builder/spi-builder-workspace/.derivedData/Build/Intermediates.noindex/swift-nio.build/Debug-watchos/CNIOZlib-t.build/Objects-normal/arm64/empty.o.scan -- /Applications/Xcode-27.0.0-Release.Candidate.app/Contents/Developer/Toolchains/XcodeDefault.xctoolchain/usr/bin/clang -x c -ivfsstatcache /Users/admin/builder/spi-builder-workspace/.derivedData/SDKStatCaches.noindex/watchos27.0-24R360-e829b21a6f8c9b70876ba0858053c04477534ef55a1706bf4c1112bbb242f0a2.sdkstatcache -target arm64-apple-watchos9.0 -fmessage-length\=0 -fdiagnostics-show-note-include-stack -fmacro-backtrace-limit\=0 -fno-color-diagnostics -fmodules-prune-interval\=86400 -fmodules-prune-after\=345600 -fbuild-session-file\=/Users/admin/builder/spi-builder-workspace/.derivedData/ModuleCache.noindex/Session.modulevalidation -fmodules-validate-once-per-build-session -Wnon-modular-include-in-framework-module -Werror\=non-modular-include-in-framework-module -Wno-trigraphs -Wno-missing-field-initializers -Wno-missing-prototypes -Wno-return-type -Wno-missing-braces -Wparentheses -Wswitch -Wno-unused-function -Wno-unused-label -Wno-unused-parameter -Wno-unused-variable -Wunused-value -Wno-empty-body -Wno-uninitialized -Wno-unknown-pragmas -w -Wno-shadow -Wno-four-char-constants -Wno-conversion -Wno-constant-conversion -Wno-int-conversion -Wno-bool-conversion -Wno-enum-conversion -Wno-float-conversion -Wno-non-literal-null-conversion -Wno-objc-literal-conversion -Wshorten-64-to-32 -Wpointer-sign -Wno-newline-eof -Wno-implicit-fallthrough -isysroot /Applications/Xcode-27.0.0-Release.Candidate.app/Contents/Developer/Platforms/WatchOS.platform/Developer/SDKs/WatchOS27.0.sdk -fstrict-aliasing -Wdeprecated-declarations -Wno-sign-conversion -Wno-infinite-recursion -Wno-comma -Wno-block-capture-autoreleasing -Wno-strict-prototypes -Wno-semicolon-before-method-body -index-store-path /Users/admin/builder/spi-builder-workspace/.derivedData/Index.noindex/DataStore @/Users/admin/builder/spi-builder-workspace/.derivedData/Build/Intermediates.noindex/swift-nio.build/Debug-watchos/CNIOZlib-t.build/Objects-normal/arm64/7187679823f38a2a940e0043cdf9d637-common-args.resp -MMD -MT dependencies -MF /Users/admin/builder/spi-builder-workspace/.derivedData/Build/Intermediates.noindex/swift-nio.build/Debug-watchos/CNIOZlib-t.build/Objects-normal/arm64/empty.d --serialize-diagnostics /Users/admin/builder/spi-builder-workspace/.derivedData/Build/Intermediates.noindex/swift-nio.build/Debug-watchos/CNIOZlib-t.build/Objects-normal/arm64/empty.dia -c /Users/admin/builder/spi-builder-workspace/.dependencies/checkouts/swift-nio/Sources/CNIOZlib/empty.c -o /Users/admin/builder/spi-builder-workspace/.derivedData/Build/Intermediates.noindex/swift-nio.build/Debug-watchos/CNIOZlib-t.build/Objects-normal/arm64/empty.o -index-unit-output-path /swift-nio.build/Debug-watchos/CNIOZlib-t.build/Objects-normal/arm64/empty.o
ScanDependencies /Users/admin/builder/spi-builder-workspace/.derivedData/Build/Intermediates.noindex/swift-nio-ssl.build/Debug-watchos/CNIOOpenSSL-t.build/Objects-normal/arm64/helpers.o /Users/admin/builder/spi-builder-workspace/.dependencies/checkouts/swift-nio-ssl/Sources/CNIOOpenSSL/helpers.c normal arm64 c com.apple.compilers.llvm.clang.1_0.compiler (in target 'CNIOOpenSSL' from project 'swift-nio-ssl')
cd /Users/admin/builder/spi-builder-workspace/.swiftpm/xcode
Using response file: /Users/admin/builder/spi-builder-workspace/.derivedData/Build/Intermediates.noindex/swift-nio-ssl.build/Debug-watchos/CNIOOpenSSL-t.build/Objects-normal/arm64/7187679823f38a2a940e0043cdf9d637-common-args.resp
builtin-ScanDependencies -o /Users/admin/builder/spi-builder-workspace/.derivedData/Build/Intermediates.noindex/swift-nio-ssl.build/Debug-watchos/CNIOOpenSSL-t.build/Objects-normal/arm64/helpers.o.scan -- /Applications/Xcode-27.0.0-Release.Candidate.app/Contents/Developer/Toolchains/XcodeDefault.xctoolchain/usr/bin/clang -x c -ivfsstatcache /Users/admin/builder/spi-builder-workspace/.derivedData/SDKStatCaches.noindex/watchos27.0-24R360-e829b21a6f8c9b70876ba0858053c04477534ef55a1706bf4c1112bbb242f0a2.sdkstatcache -target arm64-apple-watchos9.0 -fmessage-length\=0 -fdiagnostics-show-note-include-stack -fmacro-backtrace-limit\=0 -fno-color-diagnostics -fmodules-prune-interval\=86400 -fmodules-prune-after\=345600 -fbuild-session-file\=/Users/admin/builder/spi-builder-workspace/.derivedData/ModuleCache.noindex/Session.modulevalidation -fmodules-validate-once-per-build-session -Wnon-modular-include-in-framework-module -Werror\=non-modular-include-in-framework-module -Wno-trigraphs -Wno-missing-field-initializers -Wno-missing-prototypes -Wno-return-type -Wno-missing-braces -Wparentheses -Wswitch -Wno-unused-function -Wno-unused-label -Wno-unused-parameter -Wno-unused-variable -Wunused-value -Wno-empty-body -Wno-uninitialized -Wno-unknown-pragmas -w -Wno-shadow -Wno-four-char-constants -Wno-conversion -Wno-constant-conversion -Wno-int-conversion -Wno-bool-conversion -Wno-enum-conversion -Wno-float-conversion -Wno-non-literal-null-conversion -Wno-objc-literal-conversion -Wshorten-64-to-32 -Wpointer-sign -Wno-newline-eof -Wno-implicit-fallthrough -isysroot /Applications/Xcode-27.0.0-Release.Candidate.app/Contents/Developer/Platforms/WatchOS.platform/Developer/SDKs/WatchOS27.0.sdk -fstrict-aliasing -Wdeprecated-declarations -Wno-sign-conversion -Wno-infinite-recursion -Wno-comma -Wno-block-capture-autoreleasing -Wno-strict-prototypes -Wno-semicolon-before-method-body -index-store-path /Users/admin/builder/spi-builder-workspace/.derivedData/Index.noindex/DataStore @/Users/admin/builder/spi-builder-workspace/.derivedData/Build/Intermediates.noindex/swift-nio-ssl.build/Debug-watchos/CNIOOpenSSL-t.build/Objects-normal/arm64/7187679823f38a2a940e0043cdf9d637-common-args.resp -MMD -MT dependencies -MF /Users/admin/builder/spi-builder-workspace/.derivedData/Build/Intermediates.noindex/swift-nio-ssl.build/Debug-watchos/CNIOOpenSSL-t.build/Objects-normal/arm64/helpers.d --serialize-diagnostics /Users/admin/builder/spi-builder-workspace/.derivedData/Build/Intermediates.noindex/swift-nio-ssl.build/Debug-watchos/CNIOOpenSSL-t.build/Objects-normal/arm64/helpers.dia -c /Users/admin/builder/spi-builder-workspace/.dependencies/checkouts/swift-nio-ssl/Sources/CNIOOpenSSL/helpers.c -o /Users/admin/builder/spi-builder-workspace/.derivedData/Build/Intermediates.noindex/swift-nio-ssl.build/Debug-watchos/CNIOOpenSSL-t.build/Objects-normal/arm64/helpers.o -index-unit-output-path /swift-nio-ssl.build/Debug-watchos/CNIOOpenSSL-t.build/Objects-normal/arm64/helpers.o
/Users/admin/builder/spi-builder-workspace/.dependencies/checkouts/swift-nio-ssl/Sources/CNIOOpenSSL/include/c_nio_openssl.h:17:10: error: 'openssl/conf.h' file not found (in target 'CNIOOpenSSL' from project 'swift-nio-ssl')
/Users/admin/builder/spi-builder-workspace/.dependencies/checkouts/swift-nio-ssl/Sources/CNIOOpenSSL/helpers.c:14:10: note: in file included from /Users/admin/builder/spi-builder-workspace/.dependencies/checkouts/swift-nio-ssl/Sources/CNIOOpenSSL/helpers.c:14:
ScanDependencies /Users/admin/builder/spi-builder-workspace/.derivedData/Build/Intermediates.noindex/swift-nio.build/Debug-watchos/CNIOSHA1-t.build/Objects-normal/arm64/c_nio_sha1.o /Users/admin/builder/spi-builder-workspace/.dependencies/checkouts/swift-nio/Sources/CNIOSHA1/c_nio_sha1.c normal arm64 c com.apple.compilers.llvm.clang.1_0.compiler (in target 'CNIOSHA1' from project 'swift-nio')
cd /Users/admin/builder/spi-builder-workspace/.swiftpm/xcode
Using response file: /Users/admin/builder/spi-builder-workspace/.derivedData/Build/Intermediates.noindex/swift-nio.build/Debug-watchos/CNIOSHA1-t.build/Objects-normal/arm64/7187679823f38a2a940e0043cdf9d637-common-args.resp
builtin-ScanDependencies -o /Users/admin/builder/spi-builder-workspace/.derivedData/Build/Intermediates.noindex/swift-nio.build/Debug-watchos/CNIOSHA1-t.build/Objects-normal/arm64/c_nio_sha1.o.scan -- /Applications/Xcode-27.0.0-Release.Candidate.app/Contents/Developer/Toolchains/XcodeDefault.xctoolchain/usr/bin/clang -x c -ivfsstatcache /Users/admin/builder/spi-builder-workspace/.derivedData/SDKStatCaches.noindex/watchos27.0-24R360-e829b21a6f8c9b70876ba0858053c04477534ef55a1706bf4c1112bbb242f0a2.sdkstatcache -target arm64-apple-watchos9.0 -fmessage-length\=0 -fdiagnostics-show-note-include-stack -fmacro-backtrace-limit\=0 -fno-color-diagnostics -fmodules-prune-interval\=86400 -fmodules-prune-after\=345600 -fbuild-session-file\=/Users/admin/builder/spi-builder-workspace/.derivedData/ModuleCache.noindex/Session.modulevalidation -fmodules-validate-once-per-build-session -Wnon-modular-include-in-framework-module -Werror\=non-modular-include-in-framework-module -Wno-trigraphs -Wno-missing-field-initializers -Wno-missing-prototypes -Wno-return-type -Wno-missing-braces -Wparentheses -Wswitch -Wno-unused-function -Wno-unused-label -Wno-unused-parameter -Wno-unused-variable -Wunused-value -Wno-empty-body -Wno-uninitialized -Wno-unknown-pragmas -w -Wno-shadow -Wno-four-char-constants -Wno-conversion -Wno-constant-conversion -Wno-int-conversion -Wno-bool-conversion -Wno-enum-conversion -Wno-float-conversion -Wno-non-literal-null-conversion -Wno-objc-literal-conversion -Wshorten-64-to-32 -Wpointer-sign -Wno-newline-eof -Wno-implicit-fallthrough -isysroot /Applications/Xcode-27.0.0-Release.Candidate.app/Contents/Developer/Platforms/WatchOS.platform/Developer/SDKs/WatchOS27.0.sdk -fstrict-aliasing -Wdeprecated-declarations -Wno-sign-conversion -Wno-infinite-recursion -Wno-comma -Wno-block-capture-autoreleasing -Wno-strict-prototypes -Wno-semicolon-before-method-body -index-store-path /Users/admin/builder/spi-builder-workspace/.derivedData/Index.noindex/DataStore @/Users/admin/builder/spi-builder-workspace/.derivedData/Build/Intermediates.noindex/swift-nio.build/Debug-watchos/CNIOSHA1-t.build/Objects-normal/arm64/7187679823f38a2a940e0043cdf9d637-common-args.resp -MMD -MT dependencies -MF /Users/admin/builder/spi-builder-workspace/.derivedData/Build/Intermediates.noindex/swift-nio.build/Debug-watchos/CNIOSHA1-t.build/Objects-normal/arm64/c_nio_sha1.d --serialize-diagnostics /Users/admin/builder/spi-builder-workspace/.derivedData/Build/Intermediates.noindex/swift-nio.build/Debug-watchos/CNIOSHA1-t.build/Objects-normal/arm64/c_nio_sha1.dia -c /Users/admin/builder/spi-builder-workspace/.dependencies/checkouts/swift-nio/Sources/CNIOSHA1/c_nio_sha1.c -o /Users/admin/builder/spi-builder-workspace/.derivedData/Build/Intermediates.noindex/swift-nio.build/Debug-watchos/CNIOSHA1-t.build/Objects-normal/arm64/c_nio_sha1.o -index-unit-output-path /swift-nio.build/Debug-watchos/CNIOSHA1-t.build/Objects-normal/arm64/c_nio_sha1.o
ScanDependencies /Users/admin/builder/spi-builder-workspace/.derivedData/Build/Intermediates.noindex/swift-nio-ssl.build/Debug-watchos/CNIOOpenSSL-t.build/Objects-normal/arm64/shims.o /Users/admin/builder/spi-builder-workspace/.dependencies/checkouts/swift-nio-ssl/Sources/CNIOOpenSSL/shims.c normal arm64 c com.apple.compilers.llvm.clang.1_0.compiler (in target 'CNIOOpenSSL' from project 'swift-nio-ssl')
cd /Users/admin/builder/spi-builder-workspace/.swiftpm/xcode
Using response file: /Users/admin/builder/spi-builder-workspace/.derivedData/Build/Intermediates.noindex/swift-nio-ssl.build/Debug-watchos/CNIOOpenSSL-t.build/Objects-normal/arm64/7187679823f38a2a940e0043cdf9d637-common-args.resp
builtin-ScanDependencies -o /Users/admin/builder/spi-builder-workspace/.derivedData/Build/Intermediates.noindex/swift-nio-ssl.build/Debug-watchos/CNIOOpenSSL-t.build/Objects-normal/arm64/shims.o.scan -- /Applications/Xcode-27.0.0-Release.Candidate.app/Contents/Developer/Toolchains/XcodeDefault.xctoolchain/usr/bin/clang -x c -ivfsstatcache /Users/admin/builder/spi-builder-workspace/.derivedData/SDKStatCaches.noindex/watchos27.0-24R360-e829b21a6f8c9b70876ba0858053c04477534ef55a1706bf4c1112bbb242f0a2.sdkstatcache -target arm64-apple-watchos9.0 -fmessage-length\=0 -fdiagnostics-show-note-include-stack -fmacro-backtrace-limit\=0 -fno-color-diagnostics -fmodules-prune-interval\=86400 -fmodules-prune-after\=345600 -fbuild-session-file\=/Users/admin/builder/spi-builder-workspace/.derivedData/ModuleCache.noindex/Session.modulevalidation -fmodules-validate-once-per-build-session -Wnon-modular-include-in-framework-module -Werror\=non-modular-include-in-framework-module -Wno-trigraphs -Wno-missing-field-initializers -Wno-missing-prototypes -Wno-return-type -Wno-missing-braces -Wparentheses -Wswitch -Wno-unused-function -Wno-unused-label -Wno-unused-parameter -Wno-unused-variable -Wunused-value -Wno-empty-body -Wno-uninitialized -Wno-unknown-pragmas -w -Wno-shadow -Wno-four-char-constants -Wno-conversion -Wno-constant-conversion -Wno-int-conversion -Wno-bool-conversion -Wno-enum-conversion -Wno-float-conversion -Wno-non-literal-null-conversion -Wno-objc-literal-conversion -Wshorten-64-to-32 -Wpointer-sign -Wno-newline-eof -Wno-implicit-fallthrough -isysroot /Applications/Xcode-27.0.0-Release.Candidate.app/Contents/Developer/Platforms/WatchOS.platform/Developer/SDKs/WatchOS27.0.sdk -fstrict-aliasing -Wdeprecated-declarations -Wno-sign-conversion -Wno-infinite-recursion -Wno-comma -Wno-block-capture-autoreleasing -Wno-strict-prototypes -Wno-semicolon-before-method-body -index-store-path /Users/admin/builder/spi-builder-workspace/.derivedData/Index.noindex/DataStore @/Users/admin/builder/spi-builder-workspace/.derivedData/Build/Intermediates.noindex/swift-nio-ssl.build/Debug-watchos/CNIOOpenSSL-t.build/Objects-normal/arm64/7187679823f38a2a940e0043cdf9d637-common-args.resp -MMD -MT dependencies -MF /Users/admin/builder/spi-builder-workspace/.derivedData/Build/Intermediates.noindex/swift-nio-ssl.build/Debug-watchos/CNIOOpenSSL-t.build/Objects-normal/arm64/shims.d --serialize-diagnostics /Users/admin/builder/spi-builder-workspace/.derivedData/Build/Intermediates.noindex/swift-nio-ssl.build/Debug-watchos/CNIOOpenSSL-t.build/Objects-normal/arm64/shims.dia -c /Users/admin/builder/spi-builder-workspace/.dependencies/checkouts/swift-nio-ssl/Sources/CNIOOpenSSL/shims.c -o /Users/admin/builder/spi-builder-workspace/.derivedData/Build/Intermediates.noindex/swift-nio-ssl.build/Debug-watchos/CNIOOpenSSL-t.build/Objects-normal/arm64/shims.o -index-unit-output-path /swift-nio-ssl.build/Debug-watchos/CNIOOpenSSL-t.build/Objects-normal/arm64/shims.o
/Users/admin/builder/spi-builder-workspace/.dependencies/checkouts/swift-nio-ssl/Sources/CNIOOpenSSL/include/c_nio_openssl.h:17:10: error: 'openssl/conf.h' file not found (in target 'CNIOOpenSSL' from project 'swift-nio-ssl')
/Users/admin/builder/spi-builder-workspace/.dependencies/checkouts/swift-nio-ssl/Sources/CNIOOpenSSL/shims.c:16:10: note: in file included from /Users/admin/builder/spi-builder-workspace/.dependencies/checkouts/swift-nio-ssl/Sources/CNIOOpenSSL/shims.c:16:
ScanDependencies /Users/admin/builder/spi-builder-workspace/.derivedData/Build/Intermediates.noindex/swift-nio.build/Debug-watchos/CNIOLinux-t.build/Objects-normal/arm64_32/shim.o /Users/admin/builder/spi-builder-workspace/.dependencies/checkouts/swift-nio/Sources/CNIOLinux/shim.c normal arm64_32 c com.apple.compilers.llvm.clang.1_0.compiler (in target 'CNIOLinux' from project 'swift-nio')
cd /Users/admin/builder/spi-builder-workspace/.swiftpm/xcode
Using response file: /Users/admin/builder/spi-builder-workspace/.derivedData/Build/Intermediates.noindex/swift-nio.build/Debug-watchos/CNIOLinux-t.build/Objects-normal/arm64_32/7187679823f38a2a940e0043cdf9d637-common-args.resp
builtin-ScanDependencies -o /Users/admin/builder/spi-builder-workspace/.derivedData/Build/Intermediates.noindex/swift-nio.build/Debug-watchos/CNIOLinux-t.build/Objects-normal/arm64_32/shim.o.scan -- /Applications/Xcode-27.0.0-Release.Candidate.app/Contents/Developer/Toolchains/XcodeDefault.xctoolchain/usr/bin/clang -x c -ivfsstatcache /Users/admin/builder/spi-builder-workspace/.derivedData/SDKStatCaches.noindex/watchos27.0-24R360-e829b21a6f8c9b70876ba0858053c04477534ef55a1706bf4c1112bbb242f0a2.sdkstatcache -target arm64_32-apple-watchos9.0 -fmessage-length\=0 -fdiagnostics-show-note-include-stack -fmacro-backtrace-limit\=0 -fno-color-diagnostics -fmodules-prune-interval\=86400 -fmodules-prune-after\=345600 -fbuild-session-file\=/Users/admin/builder/spi-builder-workspace/.derivedData/ModuleCache.noindex/Session.modulevalidation -fmodules-validate-once-per-build-session -Wnon-modular-include-in-framework-module -Werror\=non-modular-include-in-framework-module -Wno-trigraphs -Wno-missing-field-initializers -Wno-missing-prototypes -Wno-return-type -Wno-missing-braces -Wparentheses -Wswitch -Wno-unused-function -Wno-unused-label -Wno-unused-parameter -Wno-unused-variable -Wunused-value -Wno-empty-body -Wno-uninitialized -Wno-unknown-pragmas -w -Wno-shadow -Wno-four-char-constants -Wno-conversion -Wno-constant-conversion -Wno-int-conversion -Wno-bool-conversion -Wno-enum-conversion -Wno-float-conversion -Wno-non-literal-null-conversion -Wno-objc-literal-conversion -Wno-shorten-64-to-32 -Wpointer-sign -Wno-newline-eof -Wno-implicit-fallthrough -isysroot /Applications/Xcode-27.0.0-Release.Candidate.app/Contents/Developer/Platforms/WatchOS.platform/Developer/SDKs/WatchOS27.0.sdk -fstrict-aliasing -Wdeprecated-declarations -Wno-sign-conversion -Wno-infinite-recursion -Wno-comma -Wno-block-capture-autoreleasing -Wno-strict-prototypes -Wno-semicolon-before-method-body -index-store-path /Users/admin/builder/spi-builder-workspace/.derivedData/Index.noindex/DataStore @/Users/admin/builder/spi-builder-workspace/.derivedData/Build/Intermediates.noindex/swift-nio.build/Debug-watchos/CNIOLinux-t.build/Objects-normal/arm64_32/7187679823f38a2a940e0043cdf9d637-common-args.resp -MMD -MT dependencies -MF /Users/admin/builder/spi-builder-workspace/.derivedData/Build/Intermediates.noindex/swift-nio.build/Debug-watchos/CNIOLinux-t.build/Objects-normal/arm64_32/shim.d --serialize-diagnostics /Users/admin/builder/spi-builder-workspace/.derivedData/Build/Intermediates.noindex/swift-nio.build/Debug-watchos/CNIOLinux-t.build/Objects-normal/arm64_32/shim.dia -c /Users/admin/builder/spi-builder-workspace/.dependencies/checkouts/swift-nio/Sources/CNIOLinux/shim.c -o /Users/admin/builder/spi-builder-workspace/.derivedData/Build/Intermediates.noindex/swift-nio.build/Debug-watchos/CNIOLinux-t.build/Objects-normal/arm64_32/shim.o -index-unit-output-path /swift-nio.build/Debug-watchos/CNIOLinux-t.build/Objects-normal/arm64_32/shim.o
ScanDependencies /Users/admin/builder/spi-builder-workspace/.derivedData/Build/Intermediates.noindex/swift-nio.build/Debug-watchos/CNIOLinux-t.build/Objects-normal/arm64_32/ifaddrs-android.o /Users/admin/builder/spi-builder-workspace/.dependencies/checkouts/swift-nio/Sources/CNIOLinux/ifaddrs-android.c normal arm64_32 c com.apple.compilers.llvm.clang.1_0.compiler (in target 'CNIOLinux' from project 'swift-nio')
cd /Users/admin/builder/spi-builder-workspace/.swiftpm/xcode
Using response file: /Users/admin/builder/spi-builder-workspace/.derivedData/Build/Intermediates.noindex/swift-nio.build/Debug-watchos/CNIOLinux-t.build/Objects-normal/arm64_32/7187679823f38a2a940e0043cdf9d637-common-args.resp
builtin-ScanDependencies -o /Users/admin/builder/spi-builder-workspace/.derivedData/Build/Intermediates.noindex/swift-nio.build/Debug-watchos/CNIOLinux-t.build/Objects-normal/arm64_32/ifaddrs-android.o.scan -- /Applications/Xcode-27.0.0-Release.Candidate.app/Contents/Developer/Toolchains/XcodeDefault.xctoolchain/usr/bin/clang -x c -ivfsstatcache /Users/admin/builder/spi-builder-workspace/.derivedData/SDKStatCaches.noindex/watchos27.0-24R360-e829b21a6f8c9b70876ba0858053c04477534ef55a1706bf4c1112bbb242f0a2.sdkstatcache -target arm64_32-apple-watchos9.0 -fmessage-length\=0 -fdiagnostics-show-note-include-stack -fmacro-backtrace-limit\=0 -fno-color-diagnostics -fmodules-prune-interval\=86400 -fmodules-prune-after\=345600 -fbuild-session-file\=/Users/admin/builder/spi-builder-workspace/.derivedData/ModuleCache.noindex/Session.modulevalidation -fmodules-validate-once-per-build-session -Wnon-modular-include-in-framework-module -Werror\=non-modular-include-in-framework-module -Wno-trigraphs -Wno-missing-field-initializers -Wno-missing-prototypes -Wno-return-type -Wno-missing-braces -Wparentheses -Wswitch -Wno-unused-function -Wno-unused-label -Wno-unused-parameter -Wno-unused-variable -Wunused-value -Wno-empty-body -Wno-uninitialized -Wno-unknown-pragmas -w -Wno-shadow -Wno-four-char-constants -Wno-conversion -Wno-constant-conversion -Wno-int-conversion -Wno-bool-conversion -Wno-enum-conversion -Wno-float-conversion -Wno-non-literal-null-conversion -Wno-objc-literal-conversion -Wno-shorten-64-to-32 -Wpointer-sign -Wno-newline-eof -Wno-implicit-fallthrough -isysroot /Applications/Xcode-27.0.0-Release.Candidate.app/Contents/Developer/Platforms/WatchOS.platform/Developer/SDKs/WatchOS27.0.sdk -fstrict-aliasing -Wdeprecated-declarations -Wno-sign-conversion -Wno-infinite-recursion -Wno-comma -Wno-block-capture-autoreleasing -Wno-strict-prototypes -Wno-semicolon-before-method-body -index-store-path /Users/admin/builder/spi-builder-workspace/.derivedData/Index.noindex/DataStore @/Users/admin/builder/spi-builder-workspace/.derivedData/Build/Intermediates.noindex/swift-nio.build/Debug-watchos/CNIOLinux-t.build/Objects-normal/arm64_32/7187679823f38a2a940e0043cdf9d637-common-args.resp -MMD -MT dependencies -MF /Users/admin/builder/spi-builder-workspace/.derivedData/Build/Intermediates.noindex/swift-nio.build/Debug-watchos/CNIOLinux-t.build/Objects-normal/arm64_32/ifaddrs-android.d --serialize-diagnostics /Users/admin/builder/spi-builder-workspace/.derivedData/Build/Intermediates.noindex/swift-nio.build/Debug-watchos/CNIOLinux-t.build/Objects-normal/arm64_32/ifaddrs-android.dia -c /Users/admin/builder/spi-builder-workspace/.dependencies/checkouts/swift-nio/Sources/CNIOLinux/ifaddrs-android.c -o /Users/admin/builder/spi-builder-workspace/.derivedData/Build/Intermediates.noindex/swift-nio.build/Debug-watchos/CNIOLinux-t.build/Objects-normal/arm64_32/ifaddrs-android.o -index-unit-output-path /swift-nio.build/Debug-watchos/CNIOLinux-t.build/Objects-normal/arm64_32/ifaddrs-android.o
SwiftDriver XMLCoding normal arm64 com.apple.xcode.tools.swift.compiler (in target 'XMLCoding' from project 'XMLCoding')
cd /Users/admin/builder/spi-builder-workspace/.swiftpm/xcode
builtin-SwiftDriver -- /Applications/Xcode-27.0.0-Release.Candidate.app/Contents/Developer/Toolchains/XcodeDefault.xctoolchain/usr/bin/swiftc -parse-as-library -module-name XMLCoding -Onone @/Users/admin/builder/spi-builder-workspace/.derivedData/Build/Intermediates.noindex/XMLCoding.build/Debug-watchos/XMLCoding-t.build/Objects-normal/arm64/XMLCoding.SwiftFileList -DSWIFT_PACKAGE -DDEBUG -DSWIFT_MODULE_RESOURCE_BUNDLE_UNAVAILABLE -DXcode -plugin-path /Applications/Xcode-27.0.0-Release.Candidate.app/Contents/Developer/Toolchains/XcodeDefault.xctoolchain/usr/lib/swift/host/plugins/testing -enable-experimental-feature DebugDescriptionMacro -sdk /Applications/Xcode-27.0.0-Release.Candidate.app/Contents/Developer/Platforms/WatchOS.platform/Developer/SDKs/WatchOS27.0.sdk -target arm64-apple-watchos9.0 -g -module-cache-path /Users/admin/builder/spi-builder-workspace/.derivedData/ModuleCache.noindex -Xfrontend -serialize-debugging-options -profile-coverage-mapping -profile-generate -enable-testing -suppress-warnings -index-store-path /Users/admin/builder/spi-builder-workspace/.derivedData/Index.noindex/DataStore -Xcc -D_LIBCPP_HARDENING_MODE\=_LIBCPP_HARDENING_MODE_DEBUG -swift-version 4 -I /Users/admin/builder/spi-builder-workspace/.derivedData/Build/Products/Debug-watchos -Isystem /Applications/Xcode-27.0.0-Release.Candidate.app/Contents/Developer/Platforms/WatchOS.platform/Developer/usr/lib -F /Users/admin/builder/spi-builder-workspace/.derivedData/Build/Products/Debug-watchos -F /Applications/Xcode-27.0.0-Release.Candidate.app/Contents/Developer/Platforms/WatchOS.platform/Developer/Library/Frameworks -F /Applications/Xcode-27.0.0-Release.Candidate.app/Contents/Developer/Platforms/WatchOS.platform/Developer/SDKs/WatchOS27.0.sdk/Developer/Library/Frameworks -c -j10 -enable-batch-mode -incremental -Xcc -ivfsstatcache -Xcc /Users/admin/builder/spi-builder-workspace/.derivedData/SDKStatCaches.noindex/watchos27.0-24R360-e829b21a6f8c9b70876ba0858053c04477534ef55a1706bf4c1112bbb242f0a2.sdkstatcache -output-file-map /Users/admin/builder/spi-builder-workspace/.derivedData/Build/Intermediates.noindex/XMLCoding.build/Debug-watchos/XMLCoding-t.build/Objects-normal/arm64/XMLCoding-OutputFileMap.json -save-temps -no-color-diagnostics -emit-dependencies -emit-module -emit-module-path /Users/admin/builder/spi-builder-workspace/.derivedData/Build/Intermediates.noindex/XMLCoding.build/Debug-watchos/XMLCoding-t.build/Objects-normal/arm64/XMLCoding.swiftmodule -serialize-diagnostics -validate-clang-modules-once -clang-build-session-file /Users/admin/builder/spi-builder-workspace/.derivedData/ModuleCache.noindex/Session.modulevalidation -Xcc -fmodules-prune-interval\=86400 -Xcc -fmodules-prune-after\=345600 -emit-const-values -const-gather-protocols-list /Users/admin/builder/spi-builder-workspace/.derivedData/Build/Intermediates.noindex/XMLCoding.build/Debug-watchos/XMLCoding-t.build/Objects-normal/arm64/XMLCoding_const_extract_protocols.json -Xcc -I/Users/admin/builder/spi-builder-workspace/.derivedData/Build/Products/Debug-watchos/include -Xcc -I/Users/admin/builder/spi-builder-workspace/.derivedData/Build/Intermediates.noindex/XMLCoding.build/Debug-watchos/XMLCoding-t.build/DerivedSources-normal/arm64 -Xcc -I/Users/admin/builder/spi-builder-workspace/.derivedData/Build/Intermediates.noindex/XMLCoding.build/Debug-watchos/XMLCoding-t.build/DerivedSources/arm64 -Xcc -I/Users/admin/builder/spi-builder-workspace/.derivedData/Build/Intermediates.noindex/XMLCoding.build/Debug-watchos/XMLCoding-t.build/DerivedSources -Xcc -DSWIFT_PACKAGE -Xcc -DDEBUG\=1 -emit-objc-header -emit-objc-header-path /Users/admin/builder/spi-builder-workspace/.derivedData/Build/Intermediates.noindex/XMLCoding.build/Debug-watchos/XMLCoding-t.build/Objects-normal/arm64/XMLCoding-Swift.h -working-directory /Users/admin/builder/spi-builder-workspace/.swiftpm/xcode -experimental-emit-module-separately -disable-cmo
SwiftDriver XMLCoding normal arm64_32 com.apple.xcode.tools.swift.compiler (in target 'XMLCoding' from project 'XMLCoding')
cd /Users/admin/builder/spi-builder-workspace/.swiftpm/xcode
builtin-SwiftDriver -- /Applications/Xcode-27.0.0-Release.Candidate.app/Contents/Developer/Toolchains/XcodeDefault.xctoolchain/usr/bin/swiftc -parse-as-library -module-name XMLCoding -Onone @/Users/admin/builder/spi-builder-workspace/.derivedData/Build/Intermediates.noindex/XMLCoding.build/Debug-watchos/XMLCoding-t.build/Objects-normal/arm64_32/XMLCoding.SwiftFileList -DSWIFT_PACKAGE -DDEBUG -DSWIFT_MODULE_RESOURCE_BUNDLE_UNAVAILABLE -DXcode -plugin-path /Applications/Xcode-27.0.0-Release.Candidate.app/Contents/Developer/Toolchains/XcodeDefault.xctoolchain/usr/lib/swift/host/plugins/testing -enable-experimental-feature DebugDescriptionMacro -sdk /Applications/Xcode-27.0.0-Release.Candidate.app/Contents/Developer/Platforms/WatchOS.platform/Developer/SDKs/WatchOS27.0.sdk -target arm64_32-apple-watchos9.0 -g -module-cache-path /Users/admin/builder/spi-builder-workspace/.derivedData/ModuleCache.noindex -Xfrontend -serialize-debugging-options -profile-coverage-mapping -profile-generate -enable-testing -suppress-warnings -index-store-path /Users/admin/builder/spi-builder-workspace/.derivedData/Index.noindex/DataStore -Xcc -D_LIBCPP_HARDENING_MODE\=_LIBCPP_HARDENING_MODE_DEBUG -swift-version 4 -I /Users/admin/builder/spi-builder-workspace/.derivedData/Build/Products/Debug-watchos -Isystem /Applications/Xcode-27.0.0-Release.Candidate.app/Contents/Developer/Platforms/WatchOS.platform/Developer/usr/lib -F /Users/admin/builder/spi-builder-workspace/.derivedData/Build/Products/Debug-watchos -F /Applications/Xcode-27.0.0-Release.Candidate.app/Contents/Developer/Platforms/WatchOS.platform/Developer/Library/Frameworks -F /Applications/Xcode-27.0.0-Release.Candidate.app/Contents/Developer/Platforms/WatchOS.platform/Developer/SDKs/WatchOS27.0.sdk/Developer/Library/Frameworks -c -j10 -enable-batch-mode -incremental -Xcc -ivfsstatcache -Xcc /Users/admin/builder/spi-builder-workspace/.derivedData/SDKStatCaches.noindex/watchos27.0-24R360-e829b21a6f8c9b70876ba0858053c04477534ef55a1706bf4c1112bbb242f0a2.sdkstatcache -output-file-map /Users/admin/builder/spi-builder-workspace/.derivedData/Build/Intermediates.noindex/XMLCoding.build/Debug-watchos/XMLCoding-t.build/Objects-normal/arm64_32/XMLCoding-OutputFileMap.json -save-temps -no-color-diagnostics -emit-dependencies -emit-module -emit-module-path /Users/admin/builder/spi-builder-workspace/.derivedData/Build/Intermediates.noindex/XMLCoding.build/Debug-watchos/XMLCoding-t.build/Objects-normal/arm64_32/XMLCoding.swiftmodule -serialize-diagnostics -validate-clang-modules-once -clang-build-session-file /Users/admin/builder/spi-builder-workspace/.derivedData/ModuleCache.noindex/Session.modulevalidation -Xcc -fmodules-prune-interval\=86400 -Xcc -fmodules-prune-after\=345600 -emit-const-values -const-gather-protocols-list /Users/admin/builder/spi-builder-workspace/.derivedData/Build/Intermediates.noindex/XMLCoding.build/Debug-watchos/XMLCoding-t.build/Objects-normal/arm64_32/XMLCoding_const_extract_protocols.json -Xcc -I/Users/admin/builder/spi-builder-workspace/.derivedData/Build/Products/Debug-watchos/include -Xcc -I/Users/admin/builder/spi-builder-workspace/.derivedData/Build/Intermediates.noindex/XMLCoding.build/Debug-watchos/XMLCoding-t.build/DerivedSources-normal/arm64_32 -Xcc -I/Users/admin/builder/spi-builder-workspace/.derivedData/Build/Intermediates.noindex/XMLCoding.build/Debug-watchos/XMLCoding-t.build/DerivedSources/arm64_32 -Xcc -I/Users/admin/builder/spi-builder-workspace/.derivedData/Build/Intermediates.noindex/XMLCoding.build/Debug-watchos/XMLCoding-t.build/DerivedSources -Xcc -DSWIFT_PACKAGE -Xcc -DDEBUG\=1 -emit-objc-header -emit-objc-header-path /Users/admin/builder/spi-builder-workspace/.derivedData/Build/Intermediates.noindex/XMLCoding.build/Debug-watchos/XMLCoding-t.build/Objects-normal/arm64_32/XMLCoding-Swift.h -working-directory /Users/admin/builder/spi-builder-workspace/.swiftpm/xcode -experimental-emit-module-separately -disable-cmo
SwiftDriver SwiftGD normal arm64 com.apple.xcode.tools.swift.compiler (in target 'SwiftGD' from project 'SwiftGD')
cd /Users/admin/builder/spi-builder-workspace/.swiftpm/xcode
builtin-SwiftDriver -- /Applications/Xcode-27.0.0-Release.Candidate.app/Contents/Developer/Toolchains/XcodeDefault.xctoolchain/usr/bin/swiftc -parse-as-library -module-name SwiftGD -Onone @/Users/admin/builder/spi-builder-workspace/.derivedData/Build/Intermediates.noindex/SwiftGD.build/Debug-watchos/SwiftGD-t.build/Objects-normal/arm64/SwiftGD.SwiftFileList -DSWIFT_PACKAGE -DDEBUG -DSWIFT_MODULE_RESOURCE_BUNDLE_UNAVAILABLE -Xcc -fmodule-map-file\=/Users/admin/builder/spi-builder-workspace/.dependencies/checkouts/Cgd/module.modulemap -DXcode -plugin-path /Applications/Xcode-27.0.0-Release.Candidate.app/Contents/Developer/Toolchains/XcodeDefault.xctoolchain/usr/lib/swift/host/plugins/testing -enable-experimental-feature DebugDescriptionMacro -sdk /Applications/Xcode-27.0.0-Release.Candidate.app/Contents/Developer/Platforms/WatchOS.platform/Developer/SDKs/WatchOS27.0.sdk -target arm64-apple-watchos9.0 -g -module-cache-path /Users/admin/builder/spi-builder-workspace/.derivedData/ModuleCache.noindex -Xfrontend -serialize-debugging-options -profile-coverage-mapping -profile-generate -enable-testing -suppress-warnings -index-store-path /Users/admin/builder/spi-builder-workspace/.derivedData/Index.noindex/DataStore -Xcc -D_LIBCPP_HARDENING_MODE\=_LIBCPP_HARDENING_MODE_DEBUG -swift-version 4 -I /Users/admin/builder/spi-builder-workspace/.derivedData/Build/Products/Debug-watchos -Isystem /Applications/Xcode-27.0.0-Release.Candidate.app/Contents/Developer/Platforms/WatchOS.platform/Developer/usr/lib -F /Users/admin/builder/spi-builder-workspace/.derivedData/Build/Products/Debug-watchos -F /Applications/Xcode-27.0.0-Release.Candidate.app/Contents/Developer/Platforms/WatchOS.platform/Developer/Library/Frameworks -F /Applications/Xcode-27.0.0-Release.Candidate.app/Contents/Developer/Platforms/WatchOS.platform/Developer/SDKs/WatchOS27.0.sdk/Developer/Library/Frameworks -c -j10 -enable-batch-mode -incremental -Xcc -ivfsstatcache -Xcc /Users/admin/builder/spi-builder-workspace/.derivedData/SDKStatCaches.noindex/watchos27.0-24R360-e829b21a6f8c9b70876ba0858053c04477534ef55a1706bf4c1112bbb242f0a2.sdkstatcache -output-file-map /Users/admin/builder/spi-builder-workspace/.derivedData/Build/Intermediates.noindex/SwiftGD.build/Debug-watchos/SwiftGD-t.build/Objects-normal/arm64/SwiftGD-OutputFileMap.json -save-temps -no-color-diagnostics -emit-dependencies -emit-module -emit-module-path /Users/admin/builder/spi-builder-workspace/.derivedData/Build/Intermediates.noindex/SwiftGD.build/Debug-watchos/SwiftGD-t.build/Objects-normal/arm64/SwiftGD.swiftmodule -serialize-diagnostics -validate-clang-modules-once -clang-build-session-file /Users/admin/builder/spi-builder-workspace/.derivedData/ModuleCache.noindex/Session.modulevalidation -Xcc -fmodules-prune-interval\=86400 -Xcc -fmodules-prune-after\=345600 -emit-const-values -const-gather-protocols-list /Users/admin/builder/spi-builder-workspace/.derivedData/Build/Intermediates.noindex/SwiftGD.build/Debug-watchos/SwiftGD-t.build/Objects-normal/arm64/SwiftGD_const_extract_protocols.json -Xcc -I/Users/admin/builder/spi-builder-workspace/.derivedData/Build/Products/Debug-watchos/include -Xcc -I/Users/admin/builder/spi-builder-workspace/.derivedData/Build/Intermediates.noindex/SwiftGD.build/Debug-watchos/SwiftGD-t.build/DerivedSources-normal/arm64 -Xcc -I/Users/admin/builder/spi-builder-workspace/.derivedData/Build/Intermediates.noindex/SwiftGD.build/Debug-watchos/SwiftGD-t.build/DerivedSources/arm64 -Xcc -I/Users/admin/builder/spi-builder-workspace/.derivedData/Build/Intermediates.noindex/SwiftGD.build/Debug-watchos/SwiftGD-t.build/DerivedSources -Xcc -DSWIFT_PACKAGE -Xcc -DDEBUG\=1 -emit-objc-header -emit-objc-header-path /Users/admin/builder/spi-builder-workspace/.derivedData/Build/Intermediates.noindex/SwiftGD.build/Debug-watchos/SwiftGD-t.build/Objects-normal/arm64/SwiftGD-Swift.h -working-directory /Users/admin/builder/spi-builder-workspace/.swiftpm/xcode -experimental-emit-module-separately -disable-cmo
SwiftDriver SwiftGD normal arm64_32 com.apple.xcode.tools.swift.compiler (in target 'SwiftGD' from project 'SwiftGD')
cd /Users/admin/builder/spi-builder-workspace/.swiftpm/xcode
builtin-SwiftDriver -- /Applications/Xcode-27.0.0-Release.Candidate.app/Contents/Developer/Toolchains/XcodeDefault.xctoolchain/usr/bin/swiftc -parse-as-library -module-name SwiftGD -Onone @/Users/admin/builder/spi-builder-workspace/.derivedData/Build/Intermediates.noindex/SwiftGD.build/Debug-watchos/SwiftGD-t.build/Objects-normal/arm64_32/SwiftGD.SwiftFileList -DSWIFT_PACKAGE -DDEBUG -DSWIFT_MODULE_RESOURCE_BUNDLE_UNAVAILABLE -Xcc -fmodule-map-file\=/Users/admin/builder/spi-builder-workspace/.dependencies/checkouts/Cgd/module.modulemap -DXcode -plugin-path /Applications/Xcode-27.0.0-Release.Candidate.app/Contents/Developer/Toolchains/XcodeDefault.xctoolchain/usr/lib/swift/host/plugins/testing -enable-experimental-feature DebugDescriptionMacro -sdk /Applications/Xcode-27.0.0-Release.Candidate.app/Contents/Developer/Platforms/WatchOS.platform/Developer/SDKs/WatchOS27.0.sdk -target arm64_32-apple-watchos9.0 -g -module-cache-path /Users/admin/builder/spi-builder-workspace/.derivedData/ModuleCache.noindex -Xfrontend -serialize-debugging-options -profile-coverage-mapping -profile-generate -enable-testing -suppress-warnings -index-store-path /Users/admin/builder/spi-builder-workspace/.derivedData/Index.noindex/DataStore -Xcc -D_LIBCPP_HARDENING_MODE\=_LIBCPP_HARDENING_MODE_DEBUG -swift-version 4 -I /Users/admin/builder/spi-builder-workspace/.derivedData/Build/Products/Debug-watchos -Isystem /Applications/Xcode-27.0.0-Release.Candidate.app/Contents/Developer/Platforms/WatchOS.platform/Developer/usr/lib -F /Users/admin/builder/spi-builder-workspace/.derivedData/Build/Products/Debug-watchos -F /Applications/Xcode-27.0.0-Release.Candidate.app/Contents/Developer/Platforms/WatchOS.platform/Developer/Library/Frameworks -F /Applications/Xcode-27.0.0-Release.Candidate.app/Contents/Developer/Platforms/WatchOS.platform/Developer/SDKs/WatchOS27.0.sdk/Developer/Library/Frameworks -c -j10 -enable-batch-mode -incremental -Xcc -ivfsstatcache -Xcc /Users/admin/builder/spi-builder-workspace/.derivedData/SDKStatCaches.noindex/watchos27.0-24R360-e829b21a6f8c9b70876ba0858053c04477534ef55a1706bf4c1112bbb242f0a2.sdkstatcache -output-file-map /Users/admin/builder/spi-builder-workspace/.derivedData/Build/Intermediates.noindex/SwiftGD.build/Debug-watchos/SwiftGD-t.build/Objects-normal/arm64_32/SwiftGD-OutputFileMap.json -save-temps -no-color-diagnostics -emit-dependencies -emit-module -emit-module-path /Users/admin/builder/spi-builder-workspace/.derivedData/Build/Intermediates.noindex/SwiftGD.build/Debug-watchos/SwiftGD-t.build/Objects-normal/arm64_32/SwiftGD.swiftmodule -serialize-diagnostics -validate-clang-modules-once -clang-build-session-file /Users/admin/builder/spi-builder-workspace/.derivedData/ModuleCache.noindex/Session.modulevalidation -Xcc -fmodules-prune-interval\=86400 -Xcc -fmodules-prune-after\=345600 -emit-const-values -const-gather-protocols-list /Users/admin/builder/spi-builder-workspace/.derivedData/Build/Intermediates.noindex/SwiftGD.build/Debug-watchos/SwiftGD-t.build/Objects-normal/arm64_32/SwiftGD_const_extract_protocols.json -Xcc -I/Users/admin/builder/spi-builder-workspace/.derivedData/Build/Products/Debug-watchos/include -Xcc -I/Users/admin/builder/spi-builder-workspace/.derivedData/Build/Intermediates.noindex/SwiftGD.build/Debug-watchos/SwiftGD-t.build/DerivedSources-normal/arm64_32 -Xcc -I/Users/admin/builder/spi-builder-workspace/.derivedData/Build/Intermediates.noindex/SwiftGD.build/Debug-watchos/SwiftGD-t.build/DerivedSources/arm64_32 -Xcc -I/Users/admin/builder/spi-builder-workspace/.derivedData/Build/Intermediates.noindex/SwiftGD.build/Debug-watchos/SwiftGD-t.build/DerivedSources -Xcc -DSWIFT_PACKAGE -Xcc -DDEBUG\=1 -emit-objc-header -emit-objc-header-path /Users/admin/builder/spi-builder-workspace/.derivedData/Build/Intermediates.noindex/SwiftGD.build/Debug-watchos/SwiftGD-t.build/Objects-normal/arm64_32/SwiftGD-Swift.h -working-directory /Users/admin/builder/spi-builder-workspace/.swiftpm/xcode -experimental-emit-module-separately -disable-cmo
SwiftDriver Socket normal arm64_32 com.apple.xcode.tools.swift.compiler (in target 'Socket' from project 'Socket')
cd /Users/admin/builder/spi-builder-workspace/.swiftpm/xcode
builtin-SwiftDriver -- /Applications/Xcode-27.0.0-Release.Candidate.app/Contents/Developer/Toolchains/XcodeDefault.xctoolchain/usr/bin/swiftc -parse-as-library -module-name Socket -Onone @/Users/admin/builder/spi-builder-workspace/.derivedData/Build/Intermediates.noindex/Socket.build/Debug-watchos/Socket-t.build/Objects-normal/arm64_32/Socket.SwiftFileList -DSWIFT_PACKAGE -DDEBUG -DSWIFT_MODULE_RESOURCE_BUNDLE_UNAVAILABLE -DXcode -plugin-path /Applications/Xcode-27.0.0-Release.Candidate.app/Contents/Developer/Toolchains/XcodeDefault.xctoolchain/usr/lib/swift/host/plugins/testing -enable-experimental-feature DebugDescriptionMacro -sdk /Applications/Xcode-27.0.0-Release.Candidate.app/Contents/Developer/Platforms/WatchOS.platform/Developer/SDKs/WatchOS27.0.sdk -target arm64_32-apple-watchos9.0 -g -module-cache-path /Users/admin/builder/spi-builder-workspace/.derivedData/ModuleCache.noindex -Xfrontend -serialize-debugging-options -profile-coverage-mapping -profile-generate -enable-testing -suppress-warnings -index-store-path /Users/admin/builder/spi-builder-workspace/.derivedData/Index.noindex/DataStore -Xcc -D_LIBCPP_HARDENING_MODE\=_LIBCPP_HARDENING_MODE_DEBUG -swift-version 5 -I /Users/admin/builder/spi-builder-workspace/.derivedData/Build/Products/Debug-watchos -Isystem /Applications/Xcode-27.0.0-Release.Candidate.app/Contents/Developer/Platforms/WatchOS.platform/Developer/usr/lib -F /Users/admin/builder/spi-builder-workspace/.derivedData/Build/Products/Debug-watchos -F /Applications/Xcode-27.0.0-Release.Candidate.app/Contents/Developer/Platforms/WatchOS.platform/Developer/Library/Frameworks -F /Applications/Xcode-27.0.0-Release.Candidate.app/Contents/Developer/Platforms/WatchOS.platform/Developer/SDKs/WatchOS27.0.sdk/Developer/Library/Frameworks -c -j10 -enable-batch-mode -incremental -Xcc -ivfsstatcache -Xcc /Users/admin/builder/spi-builder-workspace/.derivedData/SDKStatCaches.noindex/watchos27.0-24R360-e829b21a6f8c9b70876ba0858053c04477534ef55a1706bf4c1112bbb242f0a2.sdkstatcache -output-file-map /Users/admin/builder/spi-builder-workspace/.derivedData/Build/Intermediates.noindex/Socket.build/Debug-watchos/Socket-t.build/Objects-normal/arm64_32/Socket-OutputFileMap.json -save-temps -no-color-diagnostics -explicit-module-build -module-cache-path /Users/admin/builder/spi-builder-workspace/.derivedData/Build/Intermediates.noindex/SwiftExplicitPrecompiledModules -clang-scanner-module-cache-path /Users/admin/builder/spi-builder-workspace/.derivedData/ModuleCache.noindex -sdk-module-cache-path /Users/admin/builder/spi-builder-workspace/.derivedData/SDKExplicitPrecompiledModules -emit-dependencies -emit-module -emit-module-path /Users/admin/builder/spi-builder-workspace/.derivedData/Build/Intermediates.noindex/Socket.build/Debug-watchos/Socket-t.build/Objects-normal/arm64_32/Socket.swiftmodule -serialize-diagnostics -dependency-scan-serialize-diagnostics-path /Users/admin/builder/spi-builder-workspace/.derivedData/Build/Intermediates.noindex/Socket.build/Debug-watchos/Socket-t.build/Objects-normal/arm64_32/Socket-dependency-scan.dia -validate-clang-modules-once -clang-build-session-file /Users/admin/builder/spi-builder-workspace/.derivedData/ModuleCache.noindex/Session.modulevalidation -Xcc -fmodules-prune-interval\=86400 -Xcc -fmodules-prune-after\=345600 -emit-const-values -const-gather-protocols-list /Users/admin/builder/spi-builder-workspace/.derivedData/Build/Intermediates.noindex/Socket.build/Debug-watchos/Socket-t.build/Objects-normal/arm64_32/Socket_const_extract_protocols.json -Xcc -I/Users/admin/builder/spi-builder-workspace/.derivedData/Build/Products/Debug-watchos/include -Xcc -I/Users/admin/builder/spi-builder-workspace/.derivedData/Build/Intermediates.noindex/Socket.build/Debug-watchos/Socket-t.build/DerivedSources-normal/arm64_32 -Xcc -I/Users/admin/builder/spi-builder-workspace/.derivedData/Build/Intermediates.noindex/Socket.build/Debug-watchos/Socket-t.build/DerivedSources/arm64_32 -Xcc -I/Users/admin/builder/spi-builder-workspace/.derivedData/Build/Intermediates.noindex/Socket.build/Debug-watchos/Socket-t.build/DerivedSources -Xcc -DSWIFT_PACKAGE -Xcc -DDEBUG\=1 -emit-objc-header -emit-objc-header-path /Users/admin/builder/spi-builder-workspace/.derivedData/Build/Intermediates.noindex/Socket.build/Debug-watchos/Socket-t.build/Objects-normal/arm64_32/Socket-Swift.h -working-directory /Users/admin/builder/spi-builder-workspace/.swiftpm/xcode -experimental-emit-module-separately -disable-cmo
PruneExplicitPrecompiledModules /Users/admin/builder/spi-builder-workspace/.derivedData/SDKExplicitPrecompiledModules
PruneExplicitPrecompiledModules /Users/admin/builder/spi-builder-workspace/.derivedData/Build/Intermediates.noindex/ExplicitPrecompiledModules
PruneExplicitPrecompiledModules /Users/admin/builder/spi-builder-workspace/.derivedData/Build/Intermediates.noindex/SwiftExplicitPrecompiledModules
2026-09-17 22:27:29.715 xcodebuild[2262:10625] [MT] IDERunDestination: Supported platforms for the buildables in the current scheme is empty.
** BUILD FAILED **
The following build commands failed:
ScanDependencies /Users/admin/builder/spi-builder-workspace/.derivedData/Build/Intermediates.noindex/swift-nio-ssl.build/Debug-watchos/CNIOOpenSSL-t.build/Objects-normal/arm64_32/shims.o /Users/admin/builder/spi-builder-workspace/.dependencies/checkouts/swift-nio-ssl/Sources/CNIOOpenSSL/shims.c normal arm64_32 c com.apple.compilers.llvm.clang.1_0.compiler (in target 'CNIOOpenSSL' from project 'swift-nio-ssl')
ScanDependencies /Users/admin/builder/spi-builder-workspace/.derivedData/Build/Intermediates.noindex/swift-nio-ssl.build/Debug-watchos/CNIOOpenSSL-t.build/Objects-normal/arm64_32/helpers.o /Users/admin/builder/spi-builder-workspace/.dependencies/checkouts/swift-nio-ssl/Sources/CNIOOpenSSL/helpers.c normal arm64_32 c com.apple.compilers.llvm.clang.1_0.compiler (in target 'CNIOOpenSSL' from project 'swift-nio-ssl')
ScanDependencies /Users/admin/builder/spi-builder-workspace/.derivedData/Build/Intermediates.noindex/swift-nio-ssl.build/Debug-watchos/CNIOOpenSSL-t.build/Objects-normal/arm64/helpers.o /Users/admin/builder/spi-builder-workspace/.dependencies/checkouts/swift-nio-ssl/Sources/CNIOOpenSSL/helpers.c normal arm64 c com.apple.compilers.llvm.clang.1_0.compiler (in target 'CNIOOpenSSL' from project 'swift-nio-ssl')
ScanDependencies /Users/admin/builder/spi-builder-workspace/.derivedData/Build/Intermediates.noindex/swift-nio-ssl.build/Debug-watchos/CNIOOpenSSL-t.build/Objects-normal/arm64/shims.o /Users/admin/builder/spi-builder-workspace/.dependencies/checkouts/swift-nio-ssl/Sources/CNIOOpenSSL/shims.c normal arm64 c com.apple.compilers.llvm.clang.1_0.compiler (in target 'CNIOOpenSSL' from project 'swift-nio-ssl')
Building workspace ApiCore with scheme ApiCore-Package
(5 failures)
Command line invocation:
/Applications/Xcode-27.0.0-Release.Candidate.app/Contents/Developer/usr/bin/xcodebuild -IDEClonedSourcePackagesDirPathOverride=/Users/admin/builder/spi-builder-workspace/.dependencies -resolvePackageDependencies
Resolve Package Graph
ignoring declared target(s) 'swift-nio-zlib-support' in the system packageignoring declared target(s) 'Cgd' in the system packageignoring declared target(s) 'swift-nio-ssl-support' in the system packageConflicting identity for bluesocket: dependency 'github.com/kitura/bluesocket' and dependency 'github.com/ibm-swift/bluesocket' both point to the same package identity 'bluesocket'. The dependencies are introduced through the following chains: (A) /users/admin/builder/spi-builder-workspace->github.com/liveui/mailcore->github.com/ibm-swift/swift-smtp->github.com/ibm-swift/bluesslservice->github.com/kitura/bluesocket (B) /users/admin/builder/spi-builder-workspace->github.com/liveui/mailcore->github.com/ibm-swift/swift-smtp->github.com/ibm-swift/bluesocket. If there are multiple chains that lead to the same dependency, only the first chain is shown here. To see all chains use debug output option. To resolve the conflict, coordinate with the maintainer of the package that introduces the conflicting dependency. This will be escalated to an error in future versions of SwiftPM.couldn't find pc file for zlibcouldn't find pc file for gdlibyou may be able to install openssl using your system-packager:
brew install libressl
Resolved source packages:
ApiCore: /Users/admin/builder/spi-builder-workspace
FluentPostgreSQL: https://github.com/vapor/fluent-postgresql.git @ 1.0.1
PostgreSQL: https://github.com/vapor/postgresql.git @ 1.7.0
Console: https://github.com/vapor/console.git @ 3.1.1
TemplateKit: https://github.com/vapor/template-kit.git @ 1.5.0
Mailgun: https://github.com/twof/VaporMailgunService.git @ 1.8.1
swift-nio-ssl: https://github.com/apple/swift-nio-ssl.git @ 1.4.0
Cryptor: https://github.com/IBM-Swift/BlueCryptor.git @ 1.0.200
SwiftSMTP: https://github.com/IBM-Swift/Swift-SMTP.git @ 5.1.2
Leaf: https://github.com/vapor/leaf.git @ 3.0.2
SwiftGD: https://github.com/twostraws/SwiftGD.git @ 2.3.0
Core: https://github.com/vapor/core.git @ 3.10.1
LoggerAPI: https://github.com/IBM-Swift/LoggerAPI.git @ 1.8.1
SQL: https://github.com/vapor/sql.git @ 2.3.2
Imperial: https://github.com/vapor-community/Imperial.git @ 0.17.0
WebSocket: https://github.com/vapor/websocket.git @ 1.1.2
XMLCoding: https://github.com/LiveUI/XMLCoding.git @ 0.4.1
Routing: https://github.com/vapor/routing.git @ 3.1.0
swift-nio-zlib-support: https://github.com/apple/swift-nio-zlib-support.git @ 1.0.0
Service: https://github.com/vapor/service.git @ 1.0.2
Validation: https://github.com/vapor/validation.git @ 2.1.1
DatabaseKit: https://github.com/vapor/database-kit.git @ 1.3.3
Socket: https://github.com/IBM-Swift/BlueSocket.git @ 1.0.200
Crypto: https://github.com/vapor/crypto.git @ 3.4.1
Fluent: https://github.com/vapor/fluent.git @ 3.2.1
Vapor: https://github.com/vapor/vapor.git @ 3.3.3
Cgd: https://github.com/twostraws/Cgd.git @ 0.2.0
ErrorsCore: https://github.com/LiveUI/ErrorsCore.git @ 0.1.0
URLEncodedForm: https://github.com/vapor/url-encoded-form.git @ 1.1.0
VaporTestTools: https://github.com/LiveUI/VaporTestTools.git @ 0.1.7
swift-nio: https://github.com/apple/swift-nio.git @ 1.14.4
SendGrid: https://github.com/vapor-community/sendgrid-provider.git @ 3.0.6
MailCore: https://github.com/LiveUI/MailCore.git @ 3.1.2
swift-nio-ssl-support: https://github.com/apple/swift-nio-ssl-support.git @ 1.0.0
S3: https://github.com/LiveUI/S3.git @ 3.0.1
Multipart: https://github.com/vapor/multipart.git @ 3.1.3
SSLService: https://github.com/IBM-Swift/BlueSSLService.git @ 1.0.200
HTTP: https://github.com/vapor/http.git @ 3.4.0
JWT: https://github.com/vapor/jwt.git @ 3.1.2
FluentTestTools: https://github.com/LiveUI/FluentTestTools.git @ 0.1.0
resolved source packages: ApiCore, FluentPostgreSQL, PostgreSQL, Console, TemplateKit, Mailgun, swift-nio-ssl, Cryptor, SwiftSMTP, Leaf, SwiftGD, Core, LoggerAPI, SQL, Imperial, WebSocket, XMLCoding, Routing, swift-nio-zlib-support, Service, Validation, DatabaseKit, Socket, Crypto, Fluent, Vapor, Cgd, ErrorsCore, URLEncodedForm, VaporTestTools, swift-nio, SendGrid, MailCore, swift-nio-ssl-support, S3, Multipart, SSLService, HTTP, JWT, FluentTestTools
2026-09-17 22:27:39.823 xcodebuild[2600:12452] [MT] IDERunDestination: Supported platforms for the buildables in the current scheme is empty.
{
"dependencies" : [
{
"identity" : "vapor",
"requirement" : {
"range" : [
{
"lower_bound" : "3.0.0",
"upper_bound" : "4.0.0"
}
]
},
"type" : "sourceControl",
"url" : "https://github.com/vapor/vapor.git"
},
{
"identity" : "core",
"requirement" : {
"range" : [
{
"lower_bound" : "3.4.1",
"upper_bound" : "4.0.0"
}
]
},
"type" : "sourceControl",
"url" : "https://github.com/vapor/core.git"
},
{
"identity" : "crypto",
"requirement" : {
"range" : [
{
"lower_bound" : "3.2.0",
"upper_bound" : "4.0.0"
}
]
},
"type" : "sourceControl",
"url" : "https://github.com/vapor/crypto.git"
},
{
"identity" : "fluent",
"requirement" : {
"range" : [
{
"lower_bound" : "3.0.0",
"upper_bound" : "4.0.0"
}
]
},
"type" : "sourceControl",
"url" : "https://github.com/vapor/fluent.git"
},
{
"identity" : "fluent-postgresql",
"requirement" : {
"range" : [
{
"lower_bound" : "1.0.0",
"upper_bound" : "2.0.0"
}
]
},
"type" : "sourceControl",
"url" : "https://github.com/vapor/fluent-postgresql.git"
},
{
"identity" : "jwt",
"requirement" : {
"range" : [
{
"lower_bound" : "3.0.0",
"upper_bound" : "4.0.0"
}
]
},
"type" : "sourceControl",
"url" : "https://github.com/vapor/jwt.git"
},
{
"identity" : "leaf",
"requirement" : {
"range" : [
{
"lower_bound" : "3.0.0",
"upper_bound" : "4.0.0"
}
]
},
"type" : "sourceControl",
"url" : "https://github.com/vapor/leaf.git"
},
{
"identity" : "swiftgd",
"requirement" : {
"range" : [
{
"lower_bound" : "2.3.0",
"upper_bound" : "2.4.0"
}
]
},
"type" : "sourceControl",
"url" : "https://github.com/twostraws/SwiftGD.git"
},
{
"identity" : "s3",
"requirement" : {
"range" : [
{
"lower_bound" : "3.0.0",
"upper_bound" : "4.0.0"
}
]
},
"type" : "sourceControl",
"url" : "https://github.com/LiveUI/S3.git"
},
{
"identity" : "mailcore",
"requirement" : {
"range" : [
{
"lower_bound" : "3.1.2",
"upper_bound" : "3.2.0"
}
]
},
"type" : "sourceControl",
"url" : "https://github.com/LiveUI/MailCore.git"
},
{
"identity" : "errorscore",
"requirement" : {
"range" : [
{
"lower_bound" : "0.1.0",
"upper_bound" : "1.0.0"
}
]
},
"type" : "sourceControl",
"url" : "https://github.com/LiveUI/ErrorsCore.git"
},
{
"identity" : "vaportesttools",
"requirement" : {
"range" : [
{
"lower_bound" : "0.1.5",
"upper_bound" : "1.0.0"
}
]
},
"type" : "sourceControl",
"url" : "https://github.com/LiveUI/VaporTestTools.git"
},
{
"identity" : "fluenttesttools",
"requirement" : {
"range" : [
{
"lower_bound" : "0.1.0",
"upper_bound" : "1.0.0"
}
]
},
"type" : "sourceControl",
"url" : "https://github.com/LiveUI/FluentTestTools.git"
},
{
"identity" : "imperial",
"requirement" : {
"range" : [
{
"lower_bound" : "0.12.0",
"upper_bound" : "1.0.0"
}
]
},
"type" : "sourceControl",
"url" : "https://github.com/vapor-community/Imperial.git"
}
],
"manifest_display_name" : "ApiCore",
"name" : "ApiCore",
"path" : "/Users/admin/builder/spi-builder-workspace",
"platforms" : [
],
"products" : [
{
"name" : "ApiCore",
"targets" : [
"ApiCore"
],
"type" : {
"library" : [
"automatic"
]
}
},
{
"name" : "FileCore",
"targets" : [
"FileCore"
],
"type" : {
"library" : [
"automatic"
]
}
},
{
"name" : "ImageCore",
"targets" : [
"ImageCore"
],
"type" : {
"library" : [
"automatic"
]
}
},
{
"name" : "ResourceCache",
"targets" : [
"ResourceCache"
],
"type" : {
"library" : [
"automatic"
]
}
},
{
"name" : "ApiCoreTestTools",
"targets" : [
"ApiCoreTestTools"
],
"type" : {
"library" : [
"automatic"
]
}
},
{
"name" : "ApiCoreRun",
"targets" : [
"ApiCoreRun"
],
"type" : {
"executable" : null
}
}
],
"targets" : [
{
"c99name" : "ResourceCache",
"module_type" : "SwiftTarget",
"name" : "ResourceCache",
"path" : "Sources/ResourceCache",
"product_dependencies" : [
"Vapor"
],
"product_memberships" : [
"ApiCore",
"ResourceCache",
"ApiCoreTestTools",
"ApiCoreRun"
],
"sources" : [
"Cache.swift"
],
"type" : "library"
},
{
"c99name" : "ImageCore",
"module_type" : "SwiftTarget",
"name" : "ImageCore",
"path" : "Sources/ImageCore",
"product_dependencies" : [
"Vapor",
"ErrorsCore",
"SwiftGD",
"COperatingSystem"
],
"product_memberships" : [
"ApiCore",
"ImageCore",
"ApiCoreTestTools",
"ApiCoreRun"
],
"sources" : [
"Extensions/Data+MediaType.swift",
"Extensions/MediaType+GD.swift",
"Extensions/RequestResponse+ImageCore.swift",
"Extensions/Size+Tools.swift",
"Libs/Color.swift",
"Libs/ImageError.swift"
],
"type" : "library"
},
{
"c99name" : "FileCore",
"module_type" : "SwiftTarget",
"name" : "FileCore",
"path" : "Sources/FileCore",
"product_dependencies" : [
"Vapor",
"ErrorsCore",
"S3"
],
"product_memberships" : [
"ApiCore",
"FileCore",
"ApiCoreTestTools",
"ApiCoreRun"
],
"sources" : [
"Clients/Local/LocalClient.swift",
"Clients/Local/LocalConfig.swift",
"Clients/S3/S3LibClient.swift",
"Extensions/Request+Service.swift",
"Extensions/Services+Registration.swift",
"FileCoreManager.swift",
"Libs/Async.swift",
"Libs/Configuration/Configuration.swift",
"Protocols/CoreManager.swift",
"Protocols/FileManagement.swift"
],
"type" : "library"
},
{
"c99name" : "ApiCoreTests",
"module_type" : "SwiftTarget",
"name" : "ApiCoreTests",
"path" : "Tests/ApiCoreTests",
"product_dependencies" : [
"Vapor",
"ErrorsCore",
"MailCore",
"VaporTestTools",
"FluentTestTools",
"MailCoreTestTools"
],
"sources" : [
"ApiCoreTests.swift",
"Controllers/AuthControllerTests.swift",
"Controllers/GenericControllerTests.swift",
"Controllers/TeamsControllerTests.swift",
"Controllers/UsersControllerTests.swift",
"Libs/StringCryptoTests.swift",
"XCTestManifests.swift"
],
"target_dependencies" : [
"ApiCore",
"ApiCoreTestTools"
],
"type" : "test"
},
{
"c99name" : "ApiCoreTestTools",
"module_type" : "SwiftTarget",
"name" : "ApiCoreTestTools",
"path" : "Sources/ApiCoreTestTools",
"product_dependencies" : [
"Vapor",
"VaporTestTools",
"FluentTestTools",
"MailCoreTestTools"
],
"product_memberships" : [
"ApiCoreTestTools"
],
"sources" : [
"ApiCoreTestTools.swift",
"Extensions/Application+Testable.swift",
"Extensions/HTTPRequest+Make.swift",
"Extensions/Team+Testable.swift",
"Extensions/User+Testable.swift",
"Helpers/LinuxTests.swift",
"Helpers/TeamsTestCase.swift",
"Helpers/UsersTestCase.swift"
],
"target_dependencies" : [
"ApiCore"
],
"type" : "library"
},
{
"c99name" : "ApiCoreRun",
"module_type" : "SwiftTarget",
"name" : "ApiCoreRun",
"path" : "Sources/ApiCoreRun",
"product_memberships" : [
"ApiCoreRun"
],
"sources" : [
"main.swift"
],
"target_dependencies" : [
"ApiCoreApp"
],
"type" : "executable"
},
{
"c99name" : "ApiCoreApp",
"module_type" : "SwiftTarget",
"name" : "ApiCoreApp",
"path" : "Sources/ApiCoreApp",
"product_dependencies" : [
"Vapor"
],
"product_memberships" : [
"ApiCoreRun"
],
"sources" : [
"configure.swift"
],
"target_dependencies" : [
"ApiCore"
],
"type" : "library"
},
{
"c99name" : "ApiCore",
"module_type" : "SwiftTarget",
"name" : "ApiCore",
"path" : "Sources/ApiCore",
"product_dependencies" : [
"Vapor",
"Fluent",
"Crypto",
"Random",
"FluentPostgreSQL",
"ErrorsCore",
"JWT",
"MailCore",
"Leaf",
"Imperial"
],
"product_memberships" : [
"ApiCore",
"ApiCoreTestTools",
"ApiCoreRun"
],
"sources" : [
"ApiCoreBase.swift",
"Auth/Generic/Auth.swift",
"Auth/Generic/Extensions/URL+Authenticated.swift",
"Auth/Generic/Libs/AuthenticableJWTService.swift",
"Auth/Generic/Model/Authenticated.swift",
"Auth/Generic/Protocols/Authenticable.swift",
"Auth/Github/Configuration/GithubConfig.swift",
"Auth/Github/Controllers/GithubLoginController.swift",
"Auth/Github/Extensions/URL+Parameters.swift",
"Auth/Github/GithubLoginManager.swift",
"Auth/Github/Model/GithubEmail.swift",
"Auth/Github/Model/GithubUser.swift",
"Auth/Github/Model/GithubUserInfo.swift",
"Auth/Gitlab/Configuration/GitlabConfig.swift",
"Auth/Gitlab/Controllers/GitlabLoginController.swift",
"Auth/Gitlab/Extensions/Gitlab+URLParameters.swift",
"Auth/Gitlab/GitlabLoginManager.swift",
"Auth/Gitlab/Model/GitlabUser.swift",
"Auth/Gitlab/Model/GitlabUserInfo.swift",
"Config/Base setup/ApiCoreBase+CORS.swift",
"Config/Base setup/ApiCoreBase+Configuration.swift",
"Config/Base setup/ApiCoreBase+Controllers.swift",
"Config/Base setup/ApiCoreBase+Database.swift",
"Config/Base setup/ApiCoreBase+Email.swift",
"Config/Base setup/ApiCoreBase+Middlewares.swift",
"Config/Base setup/ApiCoreBase+Storage.swift",
"Config/Configurable.swift",
"Config/Configuration.swift",
"Controllers/AuthController.swift",
"Controllers/GenericController.swift",
"Controllers/InstallController.swift",
"Controllers/LogsController.swift",
"Controllers/ServerController.swift",
"Controllers/SettingsController.swift",
"Controllers/TeamsController.swift",
"Controllers/UsersController.swift",
"Database/ApiCoreDb.swift",
"Database/DbCoreModel.swift",
"Database/DbError.swift",
"Extensions/Content+Response.swift",
"Extensions/Data+Response.swift",
"Extensions/Data+Tools.swift",
"Extensions/DatabaseIdentifier+Db.swift",
"Extensions/Date+Tools.swift",
"Extensions/Encodable+Tools.swift",
"Extensions/EventLoop+Future.swift",
"Extensions/FileCore/CoreManager+Location.swift",
"Extensions/Future+Response.swift",
"Extensions/Future+Tools.swift",
"Extensions/HTTPHeaders+Tools.swift",
"Extensions/Model+Helpers.swift",
"Extensions/Request+Auth.swift",
"Extensions/Request+Files.swift",
"Extensions/Request+URL.swift",
"Extensions/Response+Tools.swift",
"Extensions/Router+Extended.swift",
"Extensions/String+Crypto.swift",
"Extensions/String+Manipulation.swift",
"Extensions/String+Security.swift",
"Libs/Audit/Audit.swift",
"Libs/Audit/ConfigurationAudit.swift",
"Libs/Audit/SecurityAudit.swift",
"Libs/AuthError.swift",
"Libs/AuthenticationCache.swift",
"Libs/Coding/Decodable+Helpers.swift",
"Libs/Env.swift",
"Libs/Filesize.swift",
"Libs/Gravatar.swift",
"Libs/Images/Icon.swift",
"Libs/Images/Logo.swift",
"Libs/Me.swift",
"Libs/RequestIdService.swift",
"Libs/Result.swift",
"Libs/ServerIcon.swift",
"Libs/Templates.swift",
"Managers/AuthManager.swift",
"Managers/SystemManager.swift",
"Managers/UsersManager.swift",
"Middleware/ApiAuthMiddleware.swift",
"Middleware/DebugCheckMiddleware.swift",
"Middleware/ErrorLoggingMiddleware.swift",
"Middleware/UrlPrinterMiddleware.swift",
"Migrations/BaseMigration.swift",
"Model/Authenticator.swift",
"Model/ErrorLog.swift",
"Model/FluentDesign.swift",
"Model/FrontendSystemData.swift",
"Model/Info.swift",
"Model/Query/BasicQuery.swift",
"Model/ServerSecurity.swift",
"Model/Setting.swift",
"Model/System.swift",
"Model/Team.swift",
"Model/TeamUser.swift",
"Model/Token.swift",
"Model/User.swift",
"Model/UserSource.swift",
"Protocols/Controller.swift",
"Protocols/EmailTemplateData.swift"
],
"target_dependencies" : [
"FileCore",
"ImageCore",
"ResourceCache"
],
"type" : "library"
}
],
"tools_version" : "4.2"
}
{
"workspace" : {
"name" : "ApiCore",
"schemes" : [
"ApiCore",
"ApiCore-Package",
"ApiCoreRun",
"ApiCoreTestTools",
"FileCore",
"ImageCore",
"ResourceCache"
]
}
}
2026-09-17 22:27:41.842 xcodebuild[2615:12533] [MT] IDERunDestination: Supported platforms for the buildables in the current scheme is empty.
Running build ...
env DEVELOPER_DIR=/Applications/Xcode-27.0.0-Release.Candidate.app xcrun xcodebuild -IDEClonedSourcePackagesDirPathOverride=$PWD/.dependencies -skipMacroValidation -skipPackagePluginValidation -derivedDataPath $PWD/.derivedData build -scheme ApiCore-Package -destination generic/platform=watchOS
Command line invocation:
/Applications/Xcode-27.0.0-Release.Candidate.app/Contents/Developer/usr/bin/xcodebuild -IDEClonedSourcePackagesDirPathOverride=/Users/admin/builder/spi-builder-workspace/.dependencies -skipMacroValidation -skipPackagePluginValidation -derivedDataPath /Users/admin/builder/spi-builder-workspace/.derivedData build -scheme ApiCore-Package -destination generic/platform=watchOS
Resolve Package Graph
ignoring declared target(s) 'swift-nio-zlib-support' in the system packageignoring declared target(s) 'Cgd' in the system packageignoring declared target(s) 'swift-nio-ssl-support' in the system packageConflicting identity for bluesocket: dependency 'github.com/kitura/bluesocket' and dependency 'github.com/ibm-swift/bluesocket' both point to the same package identity 'bluesocket'. The dependencies are introduced through the following chains: (A) /users/admin/builder/spi-builder-workspace->github.com/liveui/mailcore->github.com/ibm-swift/swift-smtp->github.com/ibm-swift/bluesslservice->github.com/kitura/bluesocket (B) /users/admin/builder/spi-builder-workspace->github.com/liveui/mailcore->github.com/ibm-swift/swift-smtp->github.com/ibm-swift/bluesocket. If there are multiple chains that lead to the same dependency, only the first chain is shown here. To see all chains use debug output option. To resolve the conflict, coordinate with the maintainer of the package that introduces the conflicting dependency. This will be escalated to an error in future versions of SwiftPM.you may be able to install openssl using your system-packager:
brew install libressl
couldn't find pc file for zlibcouldn't find pc file for gdlib
Resolved source packages:
SendGrid: https://github.com/vapor-community/sendgrid-provider.git @ 3.0.6
PostgreSQL: https://github.com/vapor/postgresql.git @ 1.7.0
Multipart: https://github.com/vapor/multipart.git @ 3.1.3
swift-nio-ssl-support: https://github.com/apple/swift-nio-ssl-support.git @ 1.0.0
FluentTestTools: https://github.com/LiveUI/FluentTestTools.git @ 0.1.0
Validation: https://github.com/vapor/validation.git @ 2.1.1
Imperial: https://github.com/vapor-community/Imperial.git @ 0.17.0
WebSocket: https://github.com/vapor/websocket.git @ 1.1.2
swift-nio-ssl: https://github.com/apple/swift-nio-ssl.git @ 1.4.0
Socket: https://github.com/IBM-Swift/BlueSocket.git @ 1.0.200
Vapor: https://github.com/vapor/vapor.git @ 3.3.3
Crypto: https://github.com/vapor/crypto.git @ 3.4.1
Mailgun: https://github.com/twof/VaporMailgunService.git @ 1.8.1
SSLService: https://github.com/IBM-Swift/BlueSSLService.git @ 1.0.200
VaporTestTools: https://github.com/LiveUI/VaporTestTools.git @ 0.1.7
XMLCoding: https://github.com/LiveUI/XMLCoding.git @ 0.4.1
TemplateKit: https://github.com/vapor/template-kit.git @ 1.5.0
ApiCore: /Users/admin/builder/spi-builder-workspace
Cryptor: https://github.com/IBM-Swift/BlueCryptor.git @ 1.0.200
LoggerAPI: https://github.com/IBM-Swift/LoggerAPI.git @ 1.8.1
Routing: https://github.com/vapor/routing.git @ 3.1.0
Leaf: https://github.com/vapor/leaf.git @ 3.0.2
HTTP: https://github.com/vapor/http.git @ 3.4.0
Service: https://github.com/vapor/service.git @ 1.0.2
Cgd: https://github.com/twostraws/Cgd.git @ 0.2.0
swift-nio: https://github.com/apple/swift-nio.git @ 1.14.4
SwiftSMTP: https://github.com/IBM-Swift/Swift-SMTP.git @ 5.1.2
SwiftGD: https://github.com/twostraws/SwiftGD.git @ 2.3.0
Core: https://github.com/vapor/core.git @ 3.10.1
DatabaseKit: https://github.com/vapor/database-kit.git @ 1.3.3
swift-nio-zlib-support: https://github.com/apple/swift-nio-zlib-support.git @ 1.0.0
JWT: https://github.com/vapor/jwt.git @ 3.1.2
FluentPostgreSQL: https://github.com/vapor/fluent-postgresql.git @ 1.0.1
S3: https://github.com/LiveUI/S3.git @ 3.0.1
ErrorsCore: https://github.com/LiveUI/ErrorsCore.git @ 0.1.0
URLEncodedForm: https://github.com/vapor/url-encoded-form.git @ 1.1.0
Console: https://github.com/vapor/console.git @ 3.1.1
SQL: https://github.com/vapor/sql.git @ 2.3.2
MailCore: https://github.com/LiveUI/MailCore.git @ 3.1.2
Fluent: https://github.com/vapor/fluent.git @ 3.2.1
ComputePackagePrebuildTargetDependencyGraph
Prepare packages
CreateBuildRequest
SendProjectDescription
CreateBuildOperation
ComputeTargetDependencyGraph
note: Building targets in dependency order
note: Target dependency graph (127 targets)
Target 'ApiCoreRun-product' in project 'ApiCore'
➜ Explicit dependency on target 'FileCore' in project 'ApiCore'
➜ Explicit dependency on target 'ImageCore' in project 'ApiCore'
➜ Explicit dependency on target 'ResourceCache' in project 'ApiCore'
➜ Explicit dependency on target 'ApiCore' in project 'ApiCore'
➜ Explicit dependency on target 'ApiCoreApp' in project 'ApiCore'
➜ Explicit dependency on target 'Vapor-product' in project 'Vapor'
➜ Explicit dependency on target 'ErrorsCore-product' in project 'ErrorsCore'
➜ Explicit dependency on target 'S3-product' in project 'S3'
➜ Explicit dependency on target 'SwiftGD-product' in project 'SwiftGD'
➜ Explicit dependency on target 'COperatingSystem-product' in project 'Core'
➜ Explicit dependency on target 'Fluent-product' in project 'Fluent'
➜ Explicit dependency on target 'Crypto-product' in project 'Crypto'
➜ Explicit dependency on target 'Random-product' in project 'Crypto'
➜ Explicit dependency on target 'FluentPostgreSQL-product' in project 'FluentPostgreSQL'
➜ Explicit dependency on target 'JWT-product' in project 'JWT'
➜ Explicit dependency on target 'MailCore-product' in project 'MailCore'
➜ Explicit dependency on target 'Leaf-product' in project 'Leaf'
➜ Explicit dependency on target 'Imperial-product' in project 'Imperial'
Target 'ApiCoreApp' in project 'ApiCore'
➜ Explicit dependency on target 'FileCore' in project 'ApiCore'
➜ Explicit dependency on target 'ImageCore' in project 'ApiCore'
➜ Explicit dependency on target 'ResourceCache' in project 'ApiCore'
➜ Explicit dependency on target 'ApiCore' in project 'ApiCore'
➜ Explicit dependency on target 'Vapor-product' in project 'Vapor'
➜ Explicit dependency on target 'ErrorsCore-product' in project 'ErrorsCore'
➜ Explicit dependency on target 'S3-product' in project 'S3'
➜ Explicit dependency on target 'SwiftGD-product' in project 'SwiftGD'
➜ Explicit dependency on target 'COperatingSystem-product' in project 'Core'
➜ Explicit dependency on target 'Fluent-product' in project 'Fluent'
➜ Explicit dependency on target 'Crypto-product' in project 'Crypto'
➜ Explicit dependency on target 'Random-product' in project 'Crypto'
➜ Explicit dependency on target 'FluentPostgreSQL-product' in project 'FluentPostgreSQL'
➜ Explicit dependency on target 'JWT-product' in project 'JWT'
➜ Explicit dependency on target 'MailCore-product' in project 'MailCore'
➜ Explicit dependency on target 'Leaf-product' in project 'Leaf'
➜ Explicit dependency on target 'Imperial-product' in project 'Imperial'
Target 'ApiCoreTestTools-product' in project 'ApiCore'
➜ Explicit dependency on target 'ApiCoreTestTools' in project 'ApiCore'
➜ Explicit dependency on target 'FileCore' in project 'ApiCore'
➜ Explicit dependency on target 'ImageCore' in project 'ApiCore'
➜ Explicit dependency on target 'ResourceCache' in project 'ApiCore'
➜ Explicit dependency on target 'ApiCore' in project 'ApiCore'
➜ Explicit dependency on target 'Vapor-product' in project 'Vapor'
➜ Explicit dependency on target 'ErrorsCore-product' in project 'ErrorsCore'
➜ Explicit dependency on target 'S3-product' in project 'S3'
➜ Explicit dependency on target 'SwiftGD-product' in project 'SwiftGD'
➜ Explicit dependency on target 'COperatingSystem-product' in project 'Core'
➜ Explicit dependency on target 'Fluent-product' in project 'Fluent'
➜ Explicit dependency on target 'Crypto-product' in project 'Crypto'
➜ Explicit dependency on target 'Random-product' in project 'Crypto'
➜ Explicit dependency on target 'FluentPostgreSQL-product' in project 'FluentPostgreSQL'
➜ Explicit dependency on target 'JWT-product' in project 'JWT'
➜ Explicit dependency on target 'MailCore-product' in project 'MailCore'
➜ Explicit dependency on target 'Leaf-product' in project 'Leaf'
➜ Explicit dependency on target 'Imperial-product' in project 'Imperial'
➜ Explicit dependency on target 'VaporTestTools-product' in project 'VaporTestTools'
➜ Explicit dependency on target 'FluentTestTools-product' in project 'FluentTestTools'
➜ Explicit dependency on target 'MailCoreTestTools-product' in project 'MailCore'
Target 'ApiCoreTestTools' in project 'ApiCore'
➜ Explicit dependency on target 'FileCore' in project 'ApiCore'
➜ Explicit dependency on target 'ImageCore' in project 'ApiCore'
➜ Explicit dependency on target 'ResourceCache' in project 'ApiCore'
➜ Explicit dependency on target 'ApiCore' in project 'ApiCore'
➜ Explicit dependency on target 'Vapor-product' in project 'Vapor'
➜ Explicit dependency on target 'ErrorsCore-product' in project 'ErrorsCore'
➜ Explicit dependency on target 'S3-product' in project 'S3'
➜ Explicit dependency on target 'SwiftGD-product' in project 'SwiftGD'
➜ Explicit dependency on target 'COperatingSystem-product' in project 'Core'
➜ Explicit dependency on target 'Fluent-product' in project 'Fluent'
➜ Explicit dependency on target 'Crypto-product' in project 'Crypto'
➜ Explicit dependency on target 'Random-product' in project 'Crypto'
➜ Explicit dependency on target 'FluentPostgreSQL-product' in project 'FluentPostgreSQL'
➜ Explicit dependency on target 'JWT-product' in project 'JWT'
➜ Explicit dependency on target 'MailCore-product' in project 'MailCore'
➜ Explicit dependency on target 'Leaf-product' in project 'Leaf'
➜ Explicit dependency on target 'Imperial-product' in project 'Imperial'
➜ Explicit dependency on target 'VaporTestTools-product' in project 'VaporTestTools'
➜ Explicit dependency on target 'FluentTestTools-product' in project 'FluentTestTools'
➜ Explicit dependency on target 'MailCoreTestTools-product' in project 'MailCore'
Target 'MailCoreTestTools-product' in project 'MailCore'
➜ Explicit dependency on target 'MailCoreTestTools' in project 'MailCore'
➜ Explicit dependency on target 'MailCore' in project 'MailCore'
➜ Explicit dependency on target 'Vapor-product' in project 'Vapor'
➜ Explicit dependency on target 'Mailgun-product' in project 'Mailgun'
➜ Explicit dependency on target 'SendGrid-product' in project 'SendGrid'
➜ Explicit dependency on target 'SwiftSMTP-product' in project 'SwiftSMTP'
➜ Explicit dependency on target 'VaporTestTools-product' in project 'VaporTestTools'
Target 'MailCoreTestTools' in project 'MailCore'
➜ Explicit dependency on target 'MailCore' in project 'MailCore'
➜ Explicit dependency on target 'Vapor-product' in project 'Vapor'
➜ Explicit dependency on target 'Mailgun-product' in project 'Mailgun'
➜ Explicit dependency on target 'SendGrid-product' in project 'SendGrid'
➜ Explicit dependency on target 'SwiftSMTP-product' in project 'SwiftSMTP'
➜ Explicit dependency on target 'VaporTestTools-product' in project 'VaporTestTools'
Target 'FluentTestTools-product' in project 'FluentTestTools'
➜ Explicit dependency on target 'FluentTestTools' in project 'FluentTestTools'
➜ Explicit dependency on target 'Vapor-product' in project 'Vapor'
➜ Explicit dependency on target 'Fluent-product' in project 'Fluent'
➜ Explicit dependency on target 'VaporTestTools-product' in project 'VaporTestTools'
Target 'FluentTestTools' in project 'FluentTestTools'
➜ Explicit dependency on target 'Vapor-product' in project 'Vapor'
➜ Explicit dependency on target 'Fluent-product' in project 'Fluent'
➜ Explicit dependency on target 'VaporTestTools-product' in project 'VaporTestTools'
Target 'VaporTestTools-product' in project 'VaporTestTools'
➜ Explicit dependency on target 'VaporTestTools' in project 'VaporTestTools'
➜ Explicit dependency on target 'Vapor-product' in project 'Vapor'
Target 'VaporTestTools' in project 'VaporTestTools'
➜ Explicit dependency on target 'Vapor-product' in project 'Vapor'
Target 'ResourceCache-product' in project 'ApiCore'
➜ Explicit dependency on target 'ResourceCache' in project 'ApiCore'
➜ Explicit dependency on target 'Vapor-product' in project 'Vapor'
Target 'ImageCore-product' in project 'ApiCore'
➜ Explicit dependency on target 'ImageCore' in project 'ApiCore'
➜ Explicit dependency on target 'Vapor-product' in project 'Vapor'
➜ Explicit dependency on target 'ErrorsCore-product' in project 'ErrorsCore'
➜ Explicit dependency on target 'SwiftGD-product' in project 'SwiftGD'
➜ Explicit dependency on target 'COperatingSystem-product' in project 'Core'
Target 'FileCore-product' in project 'ApiCore'
➜ Explicit dependency on target 'FileCore' in project 'ApiCore'
➜ Explicit dependency on target 'Vapor-product' in project 'Vapor'
➜ Explicit dependency on target 'ErrorsCore-product' in project 'ErrorsCore'
➜ Explicit dependency on target 'S3-product' in project 'S3'
Target 'ApiCore-product' in project 'ApiCore'
➜ Explicit dependency on target 'ApiCore' in project 'ApiCore'
➜ Explicit dependency on target 'FileCore' in project 'ApiCore'
➜ Explicit dependency on target 'ImageCore' in project 'ApiCore'
➜ Explicit dependency on target 'ResourceCache' in project 'ApiCore'
➜ Explicit dependency on target 'Vapor-product' in project 'Vapor'
➜ Explicit dependency on target 'ErrorsCore-product' in project 'ErrorsCore'
➜ Explicit dependency on target 'S3-product' in project 'S3'
➜ Explicit dependency on target 'SwiftGD-product' in project 'SwiftGD'
➜ Explicit dependency on target 'COperatingSystem-product' in project 'Core'
➜ Explicit dependency on target 'Fluent-product' in project 'Fluent'
➜ Explicit dependency on target 'Crypto-product' in project 'Crypto'
➜ Explicit dependency on target 'Random-product' in project 'Crypto'
➜ Explicit dependency on target 'FluentPostgreSQL-product' in project 'FluentPostgreSQL'
➜ Explicit dependency on target 'JWT-product' in project 'JWT'
➜ Explicit dependency on target 'MailCore-product' in project 'MailCore'
➜ Explicit dependency on target 'Leaf-product' in project 'Leaf'
➜ Explicit dependency on target 'Imperial-product' in project 'Imperial'
Target 'ApiCore' in project 'ApiCore'
➜ Explicit dependency on target 'FileCore' in project 'ApiCore'
➜ Explicit dependency on target 'ImageCore' in project 'ApiCore'
➜ Explicit dependency on target 'ResourceCache' in project 'ApiCore'
➜ Explicit dependency on target 'Vapor-product' in project 'Vapor'
➜ Explicit dependency on target 'ErrorsCore-product' in project 'ErrorsCore'
➜ Explicit dependency on target 'S3-product' in project 'S3'
➜ Explicit dependency on target 'SwiftGD-product' in project 'SwiftGD'
➜ Explicit dependency on target 'COperatingSystem-product' in project 'Core'
➜ Explicit dependency on target 'Fluent-product' in project 'Fluent'
➜ Explicit dependency on target 'Crypto-product' in project 'Crypto'
➜ Explicit dependency on target 'Random-product' in project 'Crypto'
➜ Explicit dependency on target 'FluentPostgreSQL-product' in project 'FluentPostgreSQL'
➜ Explicit dependency on target 'JWT-product' in project 'JWT'
➜ Explicit dependency on target 'MailCore-product' in project 'MailCore'
➜ Explicit dependency on target 'Leaf-product' in project 'Leaf'
➜ Explicit dependency on target 'Imperial-product' in project 'Imperial'
Target 'Imperial-product' in project 'Imperial'
➜ Explicit dependency on target 'Imperial' in project 'Imperial'
➜ Explicit dependency on target 'Vapor-product' in project 'Vapor'
➜ Explicit dependency on target 'JWT-product' in project 'JWT'
Target 'Imperial' in project 'Imperial'
➜ Explicit dependency on target 'Vapor-product' in project 'Vapor'
➜ Explicit dependency on target 'JWT-product' in project 'JWT'
Target 'Leaf-product' in project 'Leaf'
➜ Explicit dependency on target 'Leaf' in project 'Leaf'
➜ Explicit dependency on target 'Async-product' in project 'Core'
➜ Explicit dependency on target 'Bits-product' in project 'Core'
➜ Explicit dependency on target 'COperatingSystem-product' in project 'Core'
➜ Explicit dependency on target 'Service-product' in project 'Service'
➜ Explicit dependency on target 'TemplateKit-product' in project 'TemplateKit'
Target 'Leaf' in project 'Leaf'
➜ Explicit dependency on target 'Async-product' in project 'Core'
➜ Explicit dependency on target 'Bits-product' in project 'Core'
➜ Explicit dependency on target 'COperatingSystem-product' in project 'Core'
➜ Explicit dependency on target 'Service-product' in project 'Service'
➜ Explicit dependency on target 'TemplateKit-product' in project 'TemplateKit'
Target 'MailCore-product' in project 'MailCore'
➜ Explicit dependency on target 'MailCore' in project 'MailCore'
➜ Explicit dependency on target 'Vapor-product' in project 'Vapor'
➜ Explicit dependency on target 'Mailgun-product' in project 'Mailgun'
➜ Explicit dependency on target 'SendGrid-product' in project 'SendGrid'
➜ Explicit dependency on target 'SwiftSMTP-product' in project 'SwiftSMTP'
Target 'MailCore' in project 'MailCore'
➜ Explicit dependency on target 'Vapor-product' in project 'Vapor'
➜ Explicit dependency on target 'Mailgun-product' in project 'Mailgun'
➜ Explicit dependency on target 'SendGrid-product' in project 'SendGrid'
➜ Explicit dependency on target 'SwiftSMTP-product' in project 'SwiftSMTP'
Target 'SwiftSMTP-product' in project 'SwiftSMTP'
➜ Explicit dependency on target 'SwiftSMTP' in project 'SwiftSMTP'
➜ Explicit dependency on target 'Socket-product' in project 'Socket'
➜ Explicit dependency on target 'SSLService-product' in project 'SSLService'
➜ Explicit dependency on target 'Cryptor-product' in project 'Cryptor'
➜ Explicit dependency on target 'LoggerAPI-product' in project 'LoggerAPI'
Target 'SwiftSMTP' in project 'SwiftSMTP'
➜ Explicit dependency on target 'Socket-product' in project 'Socket'
➜ Explicit dependency on target 'SSLService-product' in project 'SSLService'
➜ Explicit dependency on target 'Cryptor-product' in project 'Cryptor'
➜ Explicit dependency on target 'LoggerAPI-product' in project 'LoggerAPI'
Target 'LoggerAPI-product' in project 'LoggerAPI'
➜ Explicit dependency on target 'LoggerAPI' in project 'LoggerAPI'
Target 'LoggerAPI' in project 'LoggerAPI' (no dependencies)
Target 'Cryptor-product' in project 'Cryptor'
➜ Explicit dependency on target 'Cryptor' in project 'Cryptor'
Target 'Cryptor' in project 'Cryptor' (no dependencies)
Target 'SSLService-product' in project 'SSLService'
➜ Explicit dependency on target 'SSLService' in project 'SSLService'
➜ Explicit dependency on target 'Socket-product' in project 'Socket'
Target 'SSLService' in project 'SSLService'
➜ Explicit dependency on target 'Socket-product' in project 'Socket'
Target 'Socket-product' in project 'Socket'
➜ Explicit dependency on target 'Socket' in project 'Socket'
Target 'Socket' in project 'Socket' (no dependencies)
Target 'SendGrid-product' in project 'SendGrid'
➜ Explicit dependency on target 'SendGrid' in project 'SendGrid'
➜ Explicit dependency on target 'Vapor-product' in project 'Vapor'
Target 'SendGrid' in project 'SendGrid'
➜ Explicit dependency on target 'Vapor-product' in project 'Vapor'
Target 'Mailgun-product' in project 'Mailgun'
➜ Explicit dependency on target 'Mailgun' in project 'Mailgun'
➜ Explicit dependency on target 'Vapor-product' in project 'Vapor'
Target 'Mailgun' in project 'Mailgun'
➜ Explicit dependency on target 'Vapor-product' in project 'Vapor'
Target 'JWT-product' in project 'JWT'
➜ Explicit dependency on target 'JWT' in project 'JWT'
➜ Explicit dependency on target 'Core-product' in project 'Core'
➜ Explicit dependency on target 'Crypto-product' in project 'Crypto'
Target 'JWT' in project 'JWT'
➜ Explicit dependency on target 'Core-product' in project 'Core'
➜ Explicit dependency on target 'Crypto-product' in project 'Crypto'
Target 'FluentPostgreSQL-product' in project 'FluentPostgreSQL'
➜ Explicit dependency on target 'FluentPostgreSQL' in project 'FluentPostgreSQL'
➜ Explicit dependency on target 'Async-product' in project 'Core'
➜ Explicit dependency on target 'FluentSQL-product' in project 'Fluent'
➜ Explicit dependency on target 'PostgreSQL-product' in project 'PostgreSQL'
Target 'FluentPostgreSQL' in project 'FluentPostgreSQL'
➜ Explicit dependency on target 'Async-product' in project 'Core'
➜ Explicit dependency on target 'FluentSQL-product' in project 'Fluent'
➜ Explicit dependency on target 'PostgreSQL-product' in project 'PostgreSQL'
Target 'PostgreSQL-product' in project 'PostgreSQL'
➜ Explicit dependency on target 'PostgreSQL' in project 'PostgreSQL'
➜ Explicit dependency on target 'Async-product' in project 'Core'
➜ Explicit dependency on target 'Bits-product' in project 'Core'
➜ Explicit dependency on target 'Core-product' in project 'Core'
➜ Explicit dependency on target 'Crypto-product' in project 'Crypto'
➜ Explicit dependency on target 'DatabaseKit-product' in project 'DatabaseKit'
➜ Explicit dependency on target 'NIO-product' in project 'swift-nio'
➜ Explicit dependency on target 'NIOOpenSSL-product' in project 'swift-nio-ssl'
➜ Explicit dependency on target 'Service-product' in project 'Service'
➜ Explicit dependency on target 'SQL-product' in project 'SQL'
Target 'PostgreSQL' in project 'PostgreSQL'
➜ Explicit dependency on target 'Async-product' in project 'Core'
➜ Explicit dependency on target 'Bits-product' in project 'Core'
➜ Explicit dependency on target 'Core-product' in project 'Core'
➜ Explicit dependency on target 'Crypto-product' in project 'Crypto'
➜ Explicit dependency on target 'DatabaseKit-product' in project 'DatabaseKit'
➜ Explicit dependency on target 'NIO-product' in project 'swift-nio'
➜ Explicit dependency on target 'NIOOpenSSL-product' in project 'swift-nio-ssl'
➜ Explicit dependency on target 'Service-product' in project 'Service'
➜ Explicit dependency on target 'SQL-product' in project 'SQL'
Target 'FluentSQL-product' in project 'Fluent'
➜ Explicit dependency on target 'FluentSQL' in project 'Fluent'
➜ Explicit dependency on target 'Fluent' in project 'Fluent'
➜ Explicit dependency on target 'Async-product' in project 'Core'
➜ Explicit dependency on target 'Console-product' in project 'Console'
➜ Explicit dependency on target 'Command-product' in project 'Console'
➜ Explicit dependency on target 'Core-product' in project 'Core'
➜ Explicit dependency on target 'DatabaseKit-product' in project 'DatabaseKit'
➜ Explicit dependency on target 'Logging-product' in project 'Console'
➜ Explicit dependency on target 'Service-product' in project 'Service'
➜ Explicit dependency on target 'SQL-product' in project 'SQL'
Target 'FluentSQL' in project 'Fluent'
➜ Explicit dependency on target 'Fluent' in project 'Fluent'
➜ Explicit dependency on target 'Async-product' in project 'Core'
➜ Explicit dependency on target 'Console-product' in project 'Console'
➜ Explicit dependency on target 'Command-product' in project 'Console'
➜ Explicit dependency on target 'Core-product' in project 'Core'
➜ Explicit dependency on target 'DatabaseKit-product' in project 'DatabaseKit'
➜ Explicit dependency on target 'Logging-product' in project 'Console'
➜ Explicit dependency on target 'Service-product' in project 'Service'
➜ Explicit dependency on target 'SQL-product' in project 'SQL'
Target 'SQL-product' in project 'SQL'
➜ Explicit dependency on target 'SQL' in project 'SQL'
➜ Explicit dependency on target 'DatabaseKit-product' in project 'DatabaseKit'
Target 'SQL' in project 'SQL'
➜ Explicit dependency on target 'DatabaseKit-product' in project 'DatabaseKit'
Target 'Random-product' in project 'Crypto'
➜ Explicit dependency on target 'Random' in project 'Crypto'
➜ Explicit dependency on target 'Bits-product' in project 'Core'
Target 'Fluent-product' in project 'Fluent'
➜ Explicit dependency on target 'Fluent' in project 'Fluent'
➜ Explicit dependency on target 'Async-product' in project 'Core'
➜ Explicit dependency on target 'Console-product' in project 'Console'
➜ Explicit dependency on target 'Command-product' in project 'Console'
➜ Explicit dependency on target 'Core-product' in project 'Core'
➜ Explicit dependency on target 'DatabaseKit-product' in project 'DatabaseKit'
➜ Explicit dependency on target 'Logging-product' in project 'Console'
➜ Explicit dependency on target 'Service-product' in project 'Service'
Target 'Fluent' in project 'Fluent'
➜ Explicit dependency on target 'Async-product' in project 'Core'
➜ Explicit dependency on target 'Console-product' in project 'Console'
➜ Explicit dependency on target 'Command-product' in project 'Console'
➜ Explicit dependency on target 'Core-product' in project 'Core'
➜ Explicit dependency on target 'DatabaseKit-product' in project 'DatabaseKit'
➜ Explicit dependency on target 'Logging-product' in project 'Console'
➜ Explicit dependency on target 'Service-product' in project 'Service'
Target 'ResourceCache' in project 'ApiCore'
➜ Explicit dependency on target 'Vapor-product' in project 'Vapor'
Target 'ImageCore' in project 'ApiCore'
➜ Explicit dependency on target 'Vapor-product' in project 'Vapor'
➜ Explicit dependency on target 'ErrorsCore-product' in project 'ErrorsCore'
➜ Explicit dependency on target 'SwiftGD-product' in project 'SwiftGD'
➜ Explicit dependency on target 'COperatingSystem-product' in project 'Core'
Target 'SwiftGD-product' in project 'SwiftGD'
➜ Explicit dependency on target 'SwiftGD' in project 'SwiftGD'
Target 'SwiftGD' in project 'SwiftGD'
➜ Explicit dependency on target 'Cgd' in project 'Cgd'
Target 'Cgd' in project 'Cgd' (no dependencies)
Target 'FileCore' in project 'ApiCore'
➜ Explicit dependency on target 'Vapor-product' in project 'Vapor'
➜ Explicit dependency on target 'ErrorsCore-product' in project 'ErrorsCore'
➜ Explicit dependency on target 'S3-product' in project 'S3'
Target 'S3-product' in project 'S3'
➜ Explicit dependency on target 'S3' in project 'S3'
➜ Explicit dependency on target 'S3Signer' in project 'S3'
➜ Explicit dependency on target 'Vapor-product' in project 'Vapor'
➜ Explicit dependency on target 'XMLCoding-product' in project 'XMLCoding'
Target 'S3' in project 'S3'
➜ Explicit dependency on target 'S3Signer' in project 'S3'
➜ Explicit dependency on target 'Vapor-product' in project 'Vapor'
➜ Explicit dependency on target 'XMLCoding-product' in project 'XMLCoding'
Target 'XMLCoding-product' in project 'XMLCoding'
➜ Explicit dependency on target 'XMLCoding' in project 'XMLCoding'
Target 'XMLCoding' in project 'XMLCoding' (no dependencies)
Target 'S3Signer' in project 'S3'
➜ Explicit dependency on target 'Vapor-product' in project 'Vapor'
Target 'ErrorsCore-product' in project 'ErrorsCore'
➜ Explicit dependency on target 'ErrorsCore' in project 'ErrorsCore'
➜ Explicit dependency on target 'Vapor-product' in project 'Vapor'
Target 'ErrorsCore' in project 'ErrorsCore'
➜ Explicit dependency on target 'Vapor-product' in project 'Vapor'
Target 'Vapor-product' in project 'Vapor'
➜ Explicit dependency on target 'Vapor' in project 'Vapor'
➜ Explicit dependency on target 'Async-product' in project 'Core'
➜ Explicit dependency on target 'Command-product' in project 'Console'
➜ Explicit dependency on target 'Console-product' in project 'Console'
➜ Explicit dependency on target 'COperatingSystem-product' in project 'Core'
➜ Explicit dependency on target 'Crypto-product' in project 'Crypto'
➜ Explicit dependency on target 'DatabaseKit-product' in project 'DatabaseKit'
➜ Explicit dependency on target 'Debugging-product' in project 'Core'
➜ Explicit dependency on target 'HTTP-product' in project 'HTTP'
➜ Explicit dependency on target 'Logging-product' in project 'Console'
➜ Explicit dependency on target 'Multipart-product' in project 'Multipart'
➜ Explicit dependency on target 'Routing-product' in project 'Routing'
➜ Explicit dependency on target 'Service-product' in project 'Service'
➜ Explicit dependency on target 'TemplateKit-product' in project 'TemplateKit'
➜ Explicit dependency on target 'URLEncodedForm-product' in project 'URLEncodedForm'
➜ Explicit dependency on target 'Validation-product' in project 'Validation'
➜ Explicit dependency on target 'WebSocket-product' in project 'WebSocket'
Target 'Vapor' in project 'Vapor'
➜ Explicit dependency on target 'Async-product' in project 'Core'
➜ Explicit dependency on target 'Command-product' in project 'Console'
➜ Explicit dependency on target 'Console-product' in project 'Console'
➜ Explicit dependency on target 'COperatingSystem-product' in project 'Core'
➜ Explicit dependency on target 'Crypto-product' in project 'Crypto'
➜ Explicit dependency on target 'DatabaseKit-product' in project 'DatabaseKit'
➜ Explicit dependency on target 'Debugging-product' in project 'Core'
➜ Explicit dependency on target 'HTTP-product' in project 'HTTP'
➜ Explicit dependency on target 'Logging-product' in project 'Console'
➜ Explicit dependency on target 'Multipart-product' in project 'Multipart'
➜ Explicit dependency on target 'Routing-product' in project 'Routing'
➜ Explicit dependency on target 'Service-product' in project 'Service'
➜ Explicit dependency on target 'TemplateKit-product' in project 'TemplateKit'
➜ Explicit dependency on target 'URLEncodedForm-product' in project 'URLEncodedForm'
➜ Explicit dependency on target 'Validation-product' in project 'Validation'
➜ Explicit dependency on target 'WebSocket-product' in project 'WebSocket'
Target 'WebSocket-product' in project 'WebSocket'
➜ Explicit dependency on target 'WebSocket' in project 'WebSocket'
➜ Explicit dependency on target 'Core-product' in project 'Core'
➜ Explicit dependency on target 'Crypto-product' in project 'Crypto'
➜ Explicit dependency on target 'HTTP-product' in project 'HTTP'
➜ Explicit dependency on target 'NIO-product' in project 'swift-nio'
➜ Explicit dependency on target 'NIOWebSocket-product' in project 'swift-nio'
Target 'WebSocket' in project 'WebSocket'
➜ Explicit dependency on target 'Core-product' in project 'Core'
➜ Explicit dependency on target 'Crypto-product' in project 'Crypto'
➜ Explicit dependency on target 'HTTP-product' in project 'HTTP'
➜ Explicit dependency on target 'NIO-product' in project 'swift-nio'
➜ Explicit dependency on target 'NIOWebSocket-product' in project 'swift-nio'
Target 'NIOWebSocket-product' in project 'swift-nio'
➜ Explicit dependency on target 'NIOWebSocket' in project 'swift-nio'
➜ Explicit dependency on target 'CNIOLinux' in project 'swift-nio'
➜ Explicit dependency on target 'CNIODarwin' in project 'swift-nio'
➜ Explicit dependency on target 'CNIOAtomics' in project 'swift-nio'
➜ Explicit dependency on target 'NIOConcurrencyHelpers' in project 'swift-nio'
➜ Explicit dependency on target 'NIOPriorityQueue' in project 'swift-nio'
➜ Explicit dependency on target 'CNIOSHA1' in project 'swift-nio'
➜ Explicit dependency on target 'NIO' in project 'swift-nio'
➜ Explicit dependency on target 'CNIOHTTPParser' in project 'swift-nio'
➜ Explicit dependency on target 'CNIOZlib' in project 'swift-nio'
➜ Explicit dependency on target 'NIOHTTP1' in project 'swift-nio'
Target 'NIOWebSocket' in project 'swift-nio'
➜ Explicit dependency on target 'swift-nio-zlib-support' in project 'swift-nio-zlib-support'
➜ Explicit dependency on target 'CNIOLinux' in project 'swift-nio'
➜ Explicit dependency on target 'CNIODarwin' in project 'swift-nio'
➜ Explicit dependency on target 'CNIOAtomics' in project 'swift-nio'
➜ Explicit dependency on target 'NIOConcurrencyHelpers' in project 'swift-nio'
➜ Explicit dependency on target 'NIOPriorityQueue' in project 'swift-nio'
➜ Explicit dependency on target 'CNIOSHA1' in project 'swift-nio'
➜ Explicit dependency on target 'NIO' in project 'swift-nio'
➜ Explicit dependency on target 'CNIOHTTPParser' in project 'swift-nio'
➜ Explicit dependency on target 'CNIOZlib' in project 'swift-nio'
➜ Explicit dependency on target 'NIOHTTP1' in project 'swift-nio'
Target 'Validation-product' in project 'Validation'
➜ Explicit dependency on target 'Validation' in project 'Validation'
➜ Explicit dependency on target 'Core-product' in project 'Core'
Target 'Validation' in project 'Validation'
➜ Explicit dependency on target 'Core-product' in project 'Core'
Target 'URLEncodedForm-product' in project 'URLEncodedForm'
➜ Explicit dependency on target 'URLEncodedForm' in project 'URLEncodedForm'
➜ Explicit dependency on target 'Core-product' in project 'Core'
Target 'URLEncodedForm' in project 'URLEncodedForm'
➜ Explicit dependency on target 'Core-product' in project 'Core'
Target 'TemplateKit-product' in project 'TemplateKit'
➜ Explicit dependency on target 'TemplateKit' in project 'TemplateKit'
➜ Explicit dependency on target 'Async-product' in project 'Core'
➜ Explicit dependency on target 'Bits-product' in project 'Core'
➜ Explicit dependency on target 'Core-product' in project 'Core'
➜ Explicit dependency on target 'Service-product' in project 'Service'
Target 'TemplateKit' in project 'TemplateKit'
➜ Explicit dependency on target 'Async-product' in project 'Core'
➜ Explicit dependency on target 'Bits-product' in project 'Core'
➜ Explicit dependency on target 'Core-product' in project 'Core'
➜ Explicit dependency on target 'Service-product' in project 'Service'
Target 'Routing-product' in project 'Routing'
➜ Explicit dependency on target 'Routing' in project 'Routing'
➜ Explicit dependency on target 'Bits-product' in project 'Core'
➜ Explicit dependency on target 'Debugging-product' in project 'Core'
➜ Explicit dependency on target 'Service-product' in project 'Service'
Target 'Routing' in project 'Routing'
➜ Explicit dependency on target 'Bits-product' in project 'Core'
➜ Explicit dependency on target 'Debugging-product' in project 'Core'
➜ Explicit dependency on target 'Service-product' in project 'Service'
Target 'Multipart-product' in project 'Multipart'
➜ Explicit dependency on target 'Multipart' in project 'Multipart'
➜ Explicit dependency on target 'Bits-product' in project 'Core'
➜ Explicit dependency on target 'Core-product' in project 'Core'
➜ Explicit dependency on target 'Debugging-product' in project 'Core'
Target 'Multipart' in project 'Multipart'
➜ Explicit dependency on target 'Bits-product' in project 'Core'
➜ Explicit dependency on target 'Core-product' in project 'Core'
➜ Explicit dependency on target 'Debugging-product' in project 'Core'
Target 'Logging-product' in project 'Console'
➜ Explicit dependency on target 'Logging' in project 'Console'
➜ Explicit dependency on target 'Core-product' in project 'Core'
Target 'HTTP-product' in project 'HTTP'
➜ Explicit dependency on target 'HTTP' in project 'HTTP'
➜ Explicit dependency on target 'Async-product' in project 'Core'
➜ Explicit dependency on target 'Bits-product' in project 'Core'
➜ Explicit dependency on target 'Core-product' in project 'Core'
➜ Explicit dependency on target 'Debugging-product' in project 'Core'
➜ Explicit dependency on target 'NIO-product' in project 'swift-nio'
➜ Explicit dependency on target 'NIOOpenSSL-product' in project 'swift-nio-ssl'
➜ Explicit dependency on target 'NIOHTTP1-product' in project 'swift-nio'
Target 'HTTP' in project 'HTTP'
➜ Explicit dependency on target 'Async-product' in project 'Core'
➜ Explicit dependency on target 'Bits-product' in project 'Core'
➜ Explicit dependency on target 'Core-product' in project 'Core'
➜ Explicit dependency on target 'Debugging-product' in project 'Core'
➜ Explicit dependency on target 'NIO-product' in project 'swift-nio'
➜ Explicit dependency on target 'NIOOpenSSL-product' in project 'swift-nio-ssl'
➜ Explicit dependency on target 'NIOHTTP1-product' in project 'swift-nio'
Target 'NIOHTTP1-product' in project 'swift-nio'
➜ Explicit dependency on target 'NIOHTTP1' in project 'swift-nio'
➜ Explicit dependency on target 'CNIOLinux' in project 'swift-nio'
➜ Explicit dependency on target 'CNIODarwin' in project 'swift-nio'
➜ Explicit dependency on target 'CNIOAtomics' in project 'swift-nio'
➜ Explicit dependency on target 'NIOConcurrencyHelpers' in project 'swift-nio'
➜ Explicit dependency on target 'NIOPriorityQueue' in project 'swift-nio'
➜ Explicit dependency on target 'CNIOSHA1' in project 'swift-nio'
➜ Explicit dependency on target 'NIO' in project 'swift-nio'
➜ Explicit dependency on target 'CNIOHTTPParser' in project 'swift-nio'
➜ Explicit dependency on target 'CNIOZlib' in project 'swift-nio'
Target 'NIOHTTP1' in project 'swift-nio'
➜ Explicit dependency on target 'swift-nio-zlib-support' in project 'swift-nio-zlib-support'
➜ Explicit dependency on target 'CNIOLinux' in project 'swift-nio'
➜ Explicit dependency on target 'CNIODarwin' in project 'swift-nio'
➜ Explicit dependency on target 'CNIOAtomics' in project 'swift-nio'
➜ Explicit dependency on target 'NIOConcurrencyHelpers' in project 'swift-nio'
➜ Explicit dependency on target 'NIOPriorityQueue' in project 'swift-nio'
➜ Explicit dependency on target 'CNIOSHA1' in project 'swift-nio'
➜ Explicit dependency on target 'NIO' in project 'swift-nio'
➜ Explicit dependency on target 'CNIOHTTPParser' in project 'swift-nio'
➜ Explicit dependency on target 'CNIOZlib' in project 'swift-nio'
Target 'CNIOZlib' in project 'swift-nio'
➜ Explicit dependency on target 'swift-nio-zlib-support' in project 'swift-nio-zlib-support'
Target 'CNIOHTTPParser' in project 'swift-nio'
➜ Explicit dependency on target 'swift-nio-zlib-support' in project 'swift-nio-zlib-support'
Target 'NIOOpenSSL-product' in project 'swift-nio-ssl'
➜ Explicit dependency on target 'NIOOpenSSL' in project 'swift-nio-ssl'
➜ Explicit dependency on target 'CNIOOpenSSL' in project 'swift-nio-ssl'
➜ Explicit dependency on target 'NIO-product' in project 'swift-nio'
➜ Explicit dependency on target 'NIOConcurrencyHelpers-product' in project 'swift-nio'
➜ Explicit dependency on target 'NIOTLS-product' in project 'swift-nio'
Target 'NIOOpenSSL' in project 'swift-nio-ssl'
➜ Explicit dependency on target 'swift-nio-ssl-support' in project 'swift-nio-ssl-support'
➜ Explicit dependency on target 'CNIOOpenSSL' in project 'swift-nio-ssl'
➜ Explicit dependency on target 'NIO-product' in project 'swift-nio'
➜ Explicit dependency on target 'NIOConcurrencyHelpers-product' in project 'swift-nio'
➜ Explicit dependency on target 'NIOTLS-product' in project 'swift-nio'
Target 'NIOTLS-product' in project 'swift-nio'
➜ Explicit dependency on target 'NIOTLS' in project 'swift-nio'
➜ Explicit dependency on target 'CNIOLinux' in project 'swift-nio'
➜ Explicit dependency on target 'CNIODarwin' in project 'swift-nio'
➜ Explicit dependency on target 'CNIOAtomics' in project 'swift-nio'
➜ Explicit dependency on target 'NIOConcurrencyHelpers' in project 'swift-nio'
➜ Explicit dependency on target 'NIOPriorityQueue' in project 'swift-nio'
➜ Explicit dependency on target 'CNIOSHA1' in project 'swift-nio'
➜ Explicit dependency on target 'NIO' in project 'swift-nio'
Target 'NIOTLS' in project 'swift-nio'
➜ Explicit dependency on target 'swift-nio-zlib-support' in project 'swift-nio-zlib-support'
➜ Explicit dependency on target 'CNIOLinux' in project 'swift-nio'
➜ Explicit dependency on target 'CNIODarwin' in project 'swift-nio'
➜ Explicit dependency on target 'CNIOAtomics' in project 'swift-nio'
➜ Explicit dependency on target 'NIOConcurrencyHelpers' in project 'swift-nio'
➜ Explicit dependency on target 'NIOPriorityQueue' in project 'swift-nio'
➜ Explicit dependency on target 'CNIOSHA1' in project 'swift-nio'
➜ Explicit dependency on target 'NIO' in project 'swift-nio'
Target 'NIOConcurrencyHelpers-product' in project 'swift-nio'
➜ Explicit dependency on target 'NIOConcurrencyHelpers' in project 'swift-nio'
➜ Explicit dependency on target 'CNIOAtomics' in project 'swift-nio'
Target 'CNIOOpenSSL' in project 'swift-nio-ssl'
➜ Explicit dependency on target 'swift-nio-ssl-support' in project 'swift-nio-ssl-support'
Target 'DatabaseKit-product' in project 'DatabaseKit'
➜ Explicit dependency on target 'DatabaseKit' in project 'DatabaseKit'
➜ Explicit dependency on target 'Async-product' in project 'Core'
➜ Explicit dependency on target 'Service-product' in project 'Service'
Target 'DatabaseKit' in project 'DatabaseKit'
➜ Explicit dependency on target 'Async-product' in project 'Core'
➜ Explicit dependency on target 'Service-product' in project 'Service'
Target 'Crypto-product' in project 'Crypto'
➜ Explicit dependency on target 'Crypto' in project 'Crypto'
➜ Explicit dependency on target 'CBase32' in project 'Crypto'
➜ Explicit dependency on target 'CBcrypt' in project 'Crypto'
➜ Explicit dependency on target 'CCryptoOpenSSL' in project 'Crypto'
➜ Explicit dependency on target 'Random' in project 'Crypto'
➜ Explicit dependency on target 'Bits-product' in project 'Core'
➜ Explicit dependency on target 'Async-product' in project 'Core'
➜ Explicit dependency on target 'Core-product' in project 'Core'
➜ Explicit dependency on target 'COperatingSystem-product' in project 'Core'
➜ Explicit dependency on target 'Debugging-product' in project 'Core'
Target 'Crypto' in project 'Crypto'
➜ Explicit dependency on target 'swift-nio-ssl-support' in project 'swift-nio-ssl-support'
➜ Explicit dependency on target 'CBase32' in project 'Crypto'
➜ Explicit dependency on target 'CBcrypt' in project 'Crypto'
➜ Explicit dependency on target 'CCryptoOpenSSL' in project 'Crypto'
➜ Explicit dependency on target 'Random' in project 'Crypto'
➜ Explicit dependency on target 'Bits-product' in project 'Core'
➜ Explicit dependency on target 'Async-product' in project 'Core'
➜ Explicit dependency on target 'Core-product' in project 'Core'
➜ Explicit dependency on target 'COperatingSystem-product' in project 'Core'
➜ Explicit dependency on target 'Debugging-product' in project 'Core'
Target 'Random' in project 'Crypto'
➜ Explicit dependency on target 'swift-nio-ssl-support' in project 'swift-nio-ssl-support'
➜ Explicit dependency on target 'Bits-product' in project 'Core'
Target 'Bits-product' in project 'Core'
➜ Explicit dependency on target 'Bits' in project 'Core'
➜ Explicit dependency on target 'Debugging' in project 'Core'
➜ Explicit dependency on target 'NIO-product' in project 'swift-nio'
Target 'CCryptoOpenSSL' in project 'Crypto'
➜ Explicit dependency on target 'swift-nio-ssl-support' in project 'swift-nio-ssl-support'
Target 'CBcrypt' in project 'Crypto'
➜ Explicit dependency on target 'swift-nio-ssl-support' in project 'swift-nio-ssl-support'
Target 'CBase32' in project 'Crypto'
➜ Explicit dependency on target 'swift-nio-ssl-support' in project 'swift-nio-ssl-support'
Target 'swift-nio-ssl-support' in project 'swift-nio-ssl-support' (no dependencies)
Target 'Console-product' in project 'Console'
➜ Explicit dependency on target 'Console' in project 'Console'
➜ Explicit dependency on target 'Logging' in project 'Console'
➜ Explicit dependency on target 'Core-product' in project 'Core'
➜ Explicit dependency on target 'COperatingSystem-product' in project 'Core'
➜ Explicit dependency on target 'Service-product' in project 'Service'
Target 'Command-product' in project 'Console'
➜ Explicit dependency on target 'Command' in project 'Console'
➜ Explicit dependency on target 'Logging' in project 'Console'
➜ Explicit dependency on target 'Console' in project 'Console'
➜ Explicit dependency on target 'Core-product' in project 'Core'
➜ Explicit dependency on target 'COperatingSystem-product' in project 'Core'
➜ Explicit dependency on target 'Service-product' in project 'Service'
Target 'Command' in project 'Console'
➜ Explicit dependency on target 'Logging' in project 'Console'
➜ Explicit dependency on target 'Console' in project 'Console'
➜ Explicit dependency on target 'Core-product' in project 'Core'
➜ Explicit dependency on target 'COperatingSystem-product' in project 'Core'
➜ Explicit dependency on target 'Service-product' in project 'Service'
Target 'Console' in project 'Console'
➜ Explicit dependency on target 'Logging' in project 'Console'
➜ Explicit dependency on target 'Core-product' in project 'Core'
➜ Explicit dependency on target 'COperatingSystem-product' in project 'Core'
➜ Explicit dependency on target 'Service-product' in project 'Service'
Target 'Service-product' in project 'Service'
➜ Explicit dependency on target 'Service' in project 'Service'
➜ Explicit dependency on target 'Async-product' in project 'Core'
➜ Explicit dependency on target 'Core-product' in project 'Core'
➜ Explicit dependency on target 'Debugging-product' in project 'Core'
Target 'Service' in project 'Service'
➜ Explicit dependency on target 'Async-product' in project 'Core'
➜ Explicit dependency on target 'Core-product' in project 'Core'
➜ Explicit dependency on target 'Debugging-product' in project 'Core'
Target 'Debugging-product' in project 'Core'
➜ Explicit dependency on target 'Debugging' in project 'Core'
Target 'COperatingSystem-product' in project 'Core'
➜ Explicit dependency on target 'COperatingSystem' in project 'Core'
Target 'Logging' in project 'Console'
➜ Explicit dependency on target 'Core-product' in project 'Core'
Target 'Core-product' in project 'Core'
➜ Explicit dependency on target 'Core' in project 'Core'
➜ Explicit dependency on target 'Async' in project 'Core'
➜ Explicit dependency on target 'Debugging' in project 'Core'
➜ Explicit dependency on target 'Bits' in project 'Core'
➜ Explicit dependency on target 'COperatingSystem' in project 'Core'
➜ Explicit dependency on target 'NIO-product' in project 'swift-nio'
➜ Explicit dependency on target 'NIOFoundationCompat-product' in project 'swift-nio'
Target 'Core' in project 'Core'
➜ Explicit dependency on target 'Async' in project 'Core'
➜ Explicit dependency on target 'Debugging' in project 'Core'
➜ Explicit dependency on target 'Bits' in project 'Core'
➜ Explicit dependency on target 'COperatingSystem' in project 'Core'
➜ Explicit dependency on target 'NIO-product' in project 'swift-nio'
➜ Explicit dependency on target 'NIOFoundationCompat-product' in project 'swift-nio'
Target 'NIOFoundationCompat-product' in project 'swift-nio'
➜ Explicit dependency on target 'NIOFoundationCompat' in project 'swift-nio'
➜ Explicit dependency on target 'CNIOLinux' in project 'swift-nio'
➜ Explicit dependency on target 'CNIODarwin' in project 'swift-nio'
➜ Explicit dependency on target 'CNIOAtomics' in project 'swift-nio'
➜ Explicit dependency on target 'NIOConcurrencyHelpers' in project 'swift-nio'
➜ Explicit dependency on target 'NIOPriorityQueue' in project 'swift-nio'
➜ Explicit dependency on target 'CNIOSHA1' in project 'swift-nio'
➜ Explicit dependency on target 'NIO' in project 'swift-nio'
Target 'NIOFoundationCompat' in project 'swift-nio'
➜ Explicit dependency on target 'swift-nio-zlib-support' in project 'swift-nio-zlib-support'
➜ Explicit dependency on target 'CNIOLinux' in project 'swift-nio'
➜ Explicit dependency on target 'CNIODarwin' in project 'swift-nio'
➜ Explicit dependency on target 'CNIOAtomics' in project 'swift-nio'
➜ Explicit dependency on target 'NIOConcurrencyHelpers' in project 'swift-nio'
➜ Explicit dependency on target 'NIOPriorityQueue' in project 'swift-nio'
➜ Explicit dependency on target 'CNIOSHA1' in project 'swift-nio'
➜ Explicit dependency on target 'NIO' in project 'swift-nio'
Target 'COperatingSystem' in project 'Core' (no dependencies)
Target 'Bits' in project 'Core'
➜ Explicit dependency on target 'Debugging' in project 'Core'
➜ Explicit dependency on target 'NIO-product' in project 'swift-nio'
Target 'Debugging' in project 'Core' (no dependencies)
Target 'Async-product' in project 'Core'
➜ Explicit dependency on target 'Async' in project 'Core'
➜ Explicit dependency on target 'NIO-product' in project 'swift-nio'
Target 'Async' in project 'Core'
➜ Explicit dependency on target 'NIO-product' in project 'swift-nio'
Target 'NIO-product' in project 'swift-nio'
➜ Explicit dependency on target 'NIO' in project 'swift-nio'
➜ Explicit dependency on target 'CNIOLinux' in project 'swift-nio'
➜ Explicit dependency on target 'CNIODarwin' in project 'swift-nio'
➜ Explicit dependency on target 'CNIOAtomics' in project 'swift-nio'
➜ Explicit dependency on target 'NIOConcurrencyHelpers' in project 'swift-nio'
➜ Explicit dependency on target 'NIOPriorityQueue' in project 'swift-nio'
➜ Explicit dependency on target 'CNIOSHA1' in project 'swift-nio'
Target 'NIO' in project 'swift-nio'
➜ Explicit dependency on target 'swift-nio-zlib-support' in project 'swift-nio-zlib-support'
➜ Explicit dependency on target 'CNIOLinux' in project 'swift-nio'
➜ Explicit dependency on target 'CNIODarwin' in project 'swift-nio'
➜ Explicit dependency on target 'CNIOAtomics' in project 'swift-nio'
➜ Explicit dependency on target 'NIOConcurrencyHelpers' in project 'swift-nio'
➜ Explicit dependency on target 'NIOPriorityQueue' in project 'swift-nio'
➜ Explicit dependency on target 'CNIOSHA1' in project 'swift-nio'
Target 'CNIOSHA1' in project 'swift-nio'
➜ Explicit dependency on target 'swift-nio-zlib-support' in project 'swift-nio-zlib-support'
Target 'NIOPriorityQueue' in project 'swift-nio'
➜ Explicit dependency on target 'swift-nio-zlib-support' in project 'swift-nio-zlib-support'
Target 'NIOConcurrencyHelpers' in project 'swift-nio'
➜ Explicit dependency on target 'swift-nio-zlib-support' in project 'swift-nio-zlib-support'
➜ Explicit dependency on target 'CNIOAtomics' in project 'swift-nio'
Target 'CNIOAtomics' in project 'swift-nio'
➜ Explicit dependency on target 'swift-nio-zlib-support' in project 'swift-nio-zlib-support'
Target 'CNIODarwin' in project 'swift-nio'
➜ Explicit dependency on target 'swift-nio-zlib-support' in project 'swift-nio-zlib-support'
Target 'CNIOLinux' in project 'swift-nio'
➜ Explicit dependency on target 'swift-nio-zlib-support' in project 'swift-nio-zlib-support'
Target 'swift-nio-zlib-support' in project 'swift-nio-zlib-support' (no dependencies)
GatherProvisioningInputs
CreateBuildDescription
ClangStatCache /Applications/Xcode-27.0.0-Release.Candidate.app/Contents/Developer/Toolchains/XcodeDefault.xctoolchain/usr/bin/clang-stat-cache /Applications/Xcode-27.0.0-Release.Candidate.app/Contents/Developer/Platforms/WatchOS.platform/Developer/SDKs/WatchOS27.0.sdk /Users/admin/builder/spi-builder-workspace/.derivedData/SDKStatCaches.noindex/watchos27.0-24R360-e829b21a6f8c9b70876ba0858053c04477534ef55a1706bf4c1112bbb242f0a2.sdkstatcache
cd /Users/admin/builder/spi-builder-workspace/.swiftpm/xcode
/Applications/Xcode-27.0.0-Release.Candidate.app/Contents/Developer/Toolchains/XcodeDefault.xctoolchain/usr/bin/clang-stat-cache /Applications/Xcode-27.0.0-Release.Candidate.app/Contents/Developer/Platforms/WatchOS.platform/Developer/SDKs/WatchOS27.0.sdk -o /Users/admin/builder/spi-builder-workspace/.derivedData/SDKStatCaches.noindex/watchos27.0-24R360-e829b21a6f8c9b70876ba0858053c04477534ef55a1706bf4c1112bbb242f0a2.sdkstatcache
ScanDependencies /Users/admin/builder/spi-builder-workspace/.derivedData/Build/Intermediates.noindex/swift-nio-ssl.build/Debug-watchos/CNIOOpenSSL-t.build/Objects-normal/arm64_32/helpers.o /Users/admin/builder/spi-builder-workspace/.dependencies/checkouts/swift-nio-ssl/Sources/CNIOOpenSSL/helpers.c normal arm64_32 c com.apple.compilers.llvm.clang.1_0.compiler (in target 'CNIOOpenSSL' from project 'swift-nio-ssl')
cd /Users/admin/builder/spi-builder-workspace/.swiftpm/xcode
Using response file: /Users/admin/builder/spi-builder-workspace/.derivedData/Build/Intermediates.noindex/swift-nio-ssl.build/Debug-watchos/CNIOOpenSSL-t.build/Objects-normal/arm64_32/7187679823f38a2a940e0043cdf9d637-common-args.resp
builtin-ScanDependencies -o /Users/admin/builder/spi-builder-workspace/.derivedData/Build/Intermediates.noindex/swift-nio-ssl.build/Debug-watchos/CNIOOpenSSL-t.build/Objects-normal/arm64_32/helpers.o.scan -- /Applications/Xcode-27.0.0-Release.Candidate.app/Contents/Developer/Toolchains/XcodeDefault.xctoolchain/usr/bin/clang -x c -ivfsstatcache /Users/admin/builder/spi-builder-workspace/.derivedData/SDKStatCaches.noindex/watchos27.0-24R360-e829b21a6f8c9b70876ba0858053c04477534ef55a1706bf4c1112bbb242f0a2.sdkstatcache -target arm64_32-apple-watchos9.0 -fmessage-length\=0 -fdiagnostics-show-note-include-stack -fmacro-backtrace-limit\=0 -fno-color-diagnostics -fmodules-prune-interval\=86400 -fmodules-prune-after\=345600 -fbuild-session-file\=/Users/admin/builder/spi-builder-workspace/.derivedData/ModuleCache.noindex/Session.modulevalidation -fmodules-validate-once-per-build-session -Wnon-modular-include-in-framework-module -Werror\=non-modular-include-in-framework-module -Wno-trigraphs -Wno-missing-field-initializers -Wno-missing-prototypes -Wno-return-type -Wno-missing-braces -Wparentheses -Wswitch -Wno-unused-function -Wno-unused-label -Wno-unused-parameter -Wno-unused-variable -Wunused-value -Wno-empty-body -Wno-uninitialized -Wno-unknown-pragmas -w -Wno-shadow -Wno-four-char-constants -Wno-conversion -Wno-constant-conversion -Wno-int-conversion -Wno-bool-conversion -Wno-enum-conversion -Wno-float-conversion -Wno-non-literal-null-conversion -Wno-objc-literal-conversion -Wno-shorten-64-to-32 -Wpointer-sign -Wno-newline-eof -Wno-implicit-fallthrough -isysroot /Applications/Xcode-27.0.0-Release.Candidate.app/Contents/Developer/Platforms/WatchOS.platform/Developer/SDKs/WatchOS27.0.sdk -fstrict-aliasing -Wdeprecated-declarations -Wno-sign-conversion -Wno-infinite-recursion -Wno-comma -Wno-block-capture-autoreleasing -Wno-strict-prototypes -Wno-semicolon-before-method-body -index-store-path /Users/admin/builder/spi-builder-workspace/.derivedData/Index.noindex/DataStore @/Users/admin/builder/spi-builder-workspace/.derivedData/Build/Intermediates.noindex/swift-nio-ssl.build/Debug-watchos/CNIOOpenSSL-t.build/Objects-normal/arm64_32/7187679823f38a2a940e0043cdf9d637-common-args.resp -MMD -MT dependencies -MF /Users/admin/builder/spi-builder-workspace/.derivedData/Build/Intermediates.noindex/swift-nio-ssl.build/Debug-watchos/CNIOOpenSSL-t.build/Objects-normal/arm64_32/helpers.d --serialize-diagnostics /Users/admin/builder/spi-builder-workspace/.derivedData/Build/Intermediates.noindex/swift-nio-ssl.build/Debug-watchos/CNIOOpenSSL-t.build/Objects-normal/arm64_32/helpers.dia -c /Users/admin/builder/spi-builder-workspace/.dependencies/checkouts/swift-nio-ssl/Sources/CNIOOpenSSL/helpers.c -o /Users/admin/builder/spi-builder-workspace/.derivedData/Build/Intermediates.noindex/swift-nio-ssl.build/Debug-watchos/CNIOOpenSSL-t.build/Objects-normal/arm64_32/helpers.o -index-unit-output-path /swift-nio-ssl.build/Debug-watchos/CNIOOpenSSL-t.build/Objects-normal/arm64_32/helpers.o
/Users/admin/builder/spi-builder-workspace/.dependencies/checkouts/swift-nio-ssl/Sources/CNIOOpenSSL/include/c_nio_openssl.h:17:10: error: 'openssl/conf.h' file not found (in target 'CNIOOpenSSL' from project 'swift-nio-ssl')
/Users/admin/builder/spi-builder-workspace/.dependencies/checkouts/swift-nio-ssl/Sources/CNIOOpenSSL/helpers.c:14:10: note: in file included from /Users/admin/builder/spi-builder-workspace/.dependencies/checkouts/swift-nio-ssl/Sources/CNIOOpenSSL/helpers.c:14:
ScanDependencies /Users/admin/builder/spi-builder-workspace/.derivedData/Build/Intermediates.noindex/swift-nio-ssl.build/Debug-watchos/CNIOOpenSSL-t.build/Objects-normal/arm64_32/shims.o /Users/admin/builder/spi-builder-workspace/.dependencies/checkouts/swift-nio-ssl/Sources/CNIOOpenSSL/shims.c normal arm64_32 c com.apple.compilers.llvm.clang.1_0.compiler (in target 'CNIOOpenSSL' from project 'swift-nio-ssl')
cd /Users/admin/builder/spi-builder-workspace/.swiftpm/xcode
Using response file: /Users/admin/builder/spi-builder-workspace/.derivedData/Build/Intermediates.noindex/swift-nio-ssl.build/Debug-watchos/CNIOOpenSSL-t.build/Objects-normal/arm64_32/7187679823f38a2a940e0043cdf9d637-common-args.resp
builtin-ScanDependencies -o /Users/admin/builder/spi-builder-workspace/.derivedData/Build/Intermediates.noindex/swift-nio-ssl.build/Debug-watchos/CNIOOpenSSL-t.build/Objects-normal/arm64_32/shims.o.scan -- /Applications/Xcode-27.0.0-Release.Candidate.app/Contents/Developer/Toolchains/XcodeDefault.xctoolchain/usr/bin/clang -x c -ivfsstatcache /Users/admin/builder/spi-builder-workspace/.derivedData/SDKStatCaches.noindex/watchos27.0-24R360-e829b21a6f8c9b70876ba0858053c04477534ef55a1706bf4c1112bbb242f0a2.sdkstatcache -target arm64_32-apple-watchos9.0 -fmessage-length\=0 -fdiagnostics-show-note-include-stack -fmacro-backtrace-limit\=0 -fno-color-diagnostics -fmodules-prune-interval\=86400 -fmodules-prune-after\=345600 -fbuild-session-file\=/Users/admin/builder/spi-builder-workspace/.derivedData/ModuleCache.noindex/Session.modulevalidation -fmodules-validate-once-per-build-session -Wnon-modular-include-in-framework-module -Werror\=non-modular-include-in-framework-module -Wno-trigraphs -Wno-missing-field-initializers -Wno-missing-prototypes -Wno-return-type -Wno-missing-braces -Wparentheses -Wswitch -Wno-unused-function -Wno-unused-label -Wno-unused-parameter -Wno-unused-variable -Wunused-value -Wno-empty-body -Wno-uninitialized -Wno-unknown-pragmas -w -Wno-shadow -Wno-four-char-constants -Wno-conversion -Wno-constant-conversion -Wno-int-conversion -Wno-bool-conversion -Wno-enum-conversion -Wno-float-conversion -Wno-non-literal-null-conversion -Wno-objc-literal-conversion -Wno-shorten-64-to-32 -Wpointer-sign -Wno-newline-eof -Wno-implicit-fallthrough -isysroot /Applications/Xcode-27.0.0-Release.Candidate.app/Contents/Developer/Platforms/WatchOS.platform/Developer/SDKs/WatchOS27.0.sdk -fstrict-aliasing -Wdeprecated-declarations -Wno-sign-conversion -Wno-infinite-recursion -Wno-comma -Wno-block-capture-autoreleasing -Wno-strict-prototypes -Wno-semicolon-before-method-body -index-store-path /Users/admin/builder/spi-builder-workspace/.derivedData/Index.noindex/DataStore @/Users/admin/builder/spi-builder-workspace/.derivedData/Build/Intermediates.noindex/swift-nio-ssl.build/Debug-watchos/CNIOOpenSSL-t.build/Objects-normal/arm64_32/7187679823f38a2a940e0043cdf9d637-common-args.resp -MMD -MT dependencies -MF /Users/admin/builder/spi-builder-workspace/.derivedData/Build/Intermediates.noindex/swift-nio-ssl.build/Debug-watchos/CNIOOpenSSL-t.build/Objects-normal/arm64_32/shims.d --serialize-diagnostics /Users/admin/builder/spi-builder-workspace/.derivedData/Build/Intermediates.noindex/swift-nio-ssl.build/Debug-watchos/CNIOOpenSSL-t.build/Objects-normal/arm64_32/shims.dia -c /Users/admin/builder/spi-builder-workspace/.dependencies/checkouts/swift-nio-ssl/Sources/CNIOOpenSSL/shims.c -o /Users/admin/builder/spi-builder-workspace/.derivedData/Build/Intermediates.noindex/swift-nio-ssl.build/Debug-watchos/CNIOOpenSSL-t.build/Objects-normal/arm64_32/shims.o -index-unit-output-path /swift-nio-ssl.build/Debug-watchos/CNIOOpenSSL-t.build/Objects-normal/arm64_32/shims.o
/Users/admin/builder/spi-builder-workspace/.dependencies/checkouts/swift-nio-ssl/Sources/CNIOOpenSSL/include/c_nio_openssl.h:17:10: error: 'openssl/conf.h' file not found (in target 'CNIOOpenSSL' from project 'swift-nio-ssl')
/Users/admin/builder/spi-builder-workspace/.dependencies/checkouts/swift-nio-ssl/Sources/CNIOOpenSSL/shims.c:16:10: note: in file included from /Users/admin/builder/spi-builder-workspace/.dependencies/checkouts/swift-nio-ssl/Sources/CNIOOpenSSL/shims.c:16:
ScanDependencies /Users/admin/builder/spi-builder-workspace/.derivedData/Build/Intermediates.noindex/swift-nio.build/Debug-watchos/CNIOHTTPParser-t.build/Objects-normal/arm64_32/c_nio_http_parser.o /Users/admin/builder/spi-builder-workspace/.dependencies/checkouts/swift-nio/Sources/CNIOHTTPParser/c_nio_http_parser.c normal arm64_32 c com.apple.compilers.llvm.clang.1_0.compiler (in target 'CNIOHTTPParser' from project 'swift-nio')
cd /Users/admin/builder/spi-builder-workspace/.swiftpm/xcode
Using response file: /Users/admin/builder/spi-builder-workspace/.derivedData/Build/Intermediates.noindex/swift-nio.build/Debug-watchos/CNIOHTTPParser-t.build/Objects-normal/arm64_32/7187679823f38a2a940e0043cdf9d637-common-args.resp
builtin-ScanDependencies -o /Users/admin/builder/spi-builder-workspace/.derivedData/Build/Intermediates.noindex/swift-nio.build/Debug-watchos/CNIOHTTPParser-t.build/Objects-normal/arm64_32/c_nio_http_parser.o.scan -- /Applications/Xcode-27.0.0-Release.Candidate.app/Contents/Developer/Toolchains/XcodeDefault.xctoolchain/usr/bin/clang -x c -ivfsstatcache /Users/admin/builder/spi-builder-workspace/.derivedData/SDKStatCaches.noindex/watchos27.0-24R360-e829b21a6f8c9b70876ba0858053c04477534ef55a1706bf4c1112bbb242f0a2.sdkstatcache -target arm64_32-apple-watchos9.0 -fmessage-length\=0 -fdiagnostics-show-note-include-stack -fmacro-backtrace-limit\=0 -fno-color-diagnostics -fmodules-prune-interval\=86400 -fmodules-prune-after\=345600 -fbuild-session-file\=/Users/admin/builder/spi-builder-workspace/.derivedData/ModuleCache.noindex/Session.modulevalidation -fmodules-validate-once-per-build-session -Wnon-modular-include-in-framework-module -Werror\=non-modular-include-in-framework-module -Wno-trigraphs -Wno-missing-field-initializers -Wno-missing-prototypes -Wno-return-type -Wno-missing-braces -Wparentheses -Wswitch -Wno-unused-function -Wno-unused-label -Wno-unused-parameter -Wno-unused-variable -Wunused-value -Wno-empty-body -Wno-uninitialized -Wno-unknown-pragmas -w -Wno-shadow -Wno-four-char-constants -Wno-conversion -Wno-constant-conversion -Wno-int-conversion -Wno-bool-conversion -Wno-enum-conversion -Wno-float-conversion -Wno-non-literal-null-conversion -Wno-objc-literal-conversion -Wno-shorten-64-to-32 -Wpointer-sign -Wno-newline-eof -Wno-implicit-fallthrough -isysroot /Applications/Xcode-27.0.0-Release.Candidate.app/Contents/Developer/Platforms/WatchOS.platform/Developer/SDKs/WatchOS27.0.sdk -fstrict-aliasing -Wdeprecated-declarations -Wno-sign-conversion -Wno-infinite-recursion -Wno-comma -Wno-block-capture-autoreleasing -Wno-strict-prototypes -Wno-semicolon-before-method-body -index-store-path /Users/admin/builder/spi-builder-workspace/.derivedData/Index.noindex/DataStore @/Users/admin/builder/spi-builder-workspace/.derivedData/Build/Intermediates.noindex/swift-nio.build/Debug-watchos/CNIOHTTPParser-t.build/Objects-normal/arm64_32/7187679823f38a2a940e0043cdf9d637-common-args.resp -MMD -MT dependencies -MF /Users/admin/builder/spi-builder-workspace/.derivedData/Build/Intermediates.noindex/swift-nio.build/Debug-watchos/CNIOHTTPParser-t.build/Objects-normal/arm64_32/c_nio_http_parser.d --serialize-diagnostics /Users/admin/builder/spi-builder-workspace/.derivedData/Build/Intermediates.noindex/swift-nio.build/Debug-watchos/CNIOHTTPParser-t.build/Objects-normal/arm64_32/c_nio_http_parser.dia -c /Users/admin/builder/spi-builder-workspace/.dependencies/checkouts/swift-nio/Sources/CNIOHTTPParser/c_nio_http_parser.c -o /Users/admin/builder/spi-builder-workspace/.derivedData/Build/Intermediates.noindex/swift-nio.build/Debug-watchos/CNIOHTTPParser-t.build/Objects-normal/arm64_32/c_nio_http_parser.o -index-unit-output-path /swift-nio.build/Debug-watchos/CNIOHTTPParser-t.build/Objects-normal/arm64_32/c_nio_http_parser.o
ScanDependencies /Users/admin/builder/spi-builder-workspace/.derivedData/Build/Intermediates.noindex/swift-nio-ssl.build/Debug-watchos/CNIOOpenSSL-t.build/Objects-normal/arm64/helpers.o /Users/admin/builder/spi-builder-workspace/.dependencies/checkouts/swift-nio-ssl/Sources/CNIOOpenSSL/helpers.c normal arm64 c com.apple.compilers.llvm.clang.1_0.compiler (in target 'CNIOOpenSSL' from project 'swift-nio-ssl')
cd /Users/admin/builder/spi-builder-workspace/.swiftpm/xcode
Using response file: /Users/admin/builder/spi-builder-workspace/.derivedData/Build/Intermediates.noindex/swift-nio-ssl.build/Debug-watchos/CNIOOpenSSL-t.build/Objects-normal/arm64/7187679823f38a2a940e0043cdf9d637-common-args.resp
builtin-ScanDependencies -o /Users/admin/builder/spi-builder-workspace/.derivedData/Build/Intermediates.noindex/swift-nio-ssl.build/Debug-watchos/CNIOOpenSSL-t.build/Objects-normal/arm64/helpers.o.scan -- /Applications/Xcode-27.0.0-Release.Candidate.app/Contents/Developer/Toolchains/XcodeDefault.xctoolchain/usr/bin/clang -x c -ivfsstatcache /Users/admin/builder/spi-builder-workspace/.derivedData/SDKStatCaches.noindex/watchos27.0-24R360-e829b21a6f8c9b70876ba0858053c04477534ef55a1706bf4c1112bbb242f0a2.sdkstatcache -target arm64-apple-watchos9.0 -fmessage-length\=0 -fdiagnostics-show-note-include-stack -fmacro-backtrace-limit\=0 -fno-color-diagnostics -fmodules-prune-interval\=86400 -fmodules-prune-after\=345600 -fbuild-session-file\=/Users/admin/builder/spi-builder-workspace/.derivedData/ModuleCache.noindex/Session.modulevalidation -fmodules-validate-once-per-build-session -Wnon-modular-include-in-framework-module -Werror\=non-modular-include-in-framework-module -Wno-trigraphs -Wno-missing-field-initializers -Wno-missing-prototypes -Wno-return-type -Wno-missing-braces -Wparentheses -Wswitch -Wno-unused-function -Wno-unused-label -Wno-unused-parameter -Wno-unused-variable -Wunused-value -Wno-empty-body -Wno-uninitialized -Wno-unknown-pragmas -w -Wno-shadow -Wno-four-char-constants -Wno-conversion -Wno-constant-conversion -Wno-int-conversion -Wno-bool-conversion -Wno-enum-conversion -Wno-float-conversion -Wno-non-literal-null-conversion -Wno-objc-literal-conversion -Wshorten-64-to-32 -Wpointer-sign -Wno-newline-eof -Wno-implicit-fallthrough -isysroot /Applications/Xcode-27.0.0-Release.Candidate.app/Contents/Developer/Platforms/WatchOS.platform/Developer/SDKs/WatchOS27.0.sdk -fstrict-aliasing -Wdeprecated-declarations -Wno-sign-conversion -Wno-infinite-recursion -Wno-comma -Wno-block-capture-autoreleasing -Wno-strict-prototypes -Wno-semicolon-before-method-body -index-store-path /Users/admin/builder/spi-builder-workspace/.derivedData/Index.noindex/DataStore @/Users/admin/builder/spi-builder-workspace/.derivedData/Build/Intermediates.noindex/swift-nio-ssl.build/Debug-watchos/CNIOOpenSSL-t.build/Objects-normal/arm64/7187679823f38a2a940e0043cdf9d637-common-args.resp -MMD -MT dependencies -MF /Users/admin/builder/spi-builder-workspace/.derivedData/Build/Intermediates.noindex/swift-nio-ssl.build/Debug-watchos/CNIOOpenSSL-t.build/Objects-normal/arm64/helpers.d --serialize-diagnostics /Users/admin/builder/spi-builder-workspace/.derivedData/Build/Intermediates.noindex/swift-nio-ssl.build/Debug-watchos/CNIOOpenSSL-t.build/Objects-normal/arm64/helpers.dia -c /Users/admin/builder/spi-builder-workspace/.dependencies/checkouts/swift-nio-ssl/Sources/CNIOOpenSSL/helpers.c -o /Users/admin/builder/spi-builder-workspace/.derivedData/Build/Intermediates.noindex/swift-nio-ssl.build/Debug-watchos/CNIOOpenSSL-t.build/Objects-normal/arm64/helpers.o -index-unit-output-path /swift-nio-ssl.build/Debug-watchos/CNIOOpenSSL-t.build/Objects-normal/arm64/helpers.o
/Users/admin/builder/spi-builder-workspace/.dependencies/checkouts/swift-nio-ssl/Sources/CNIOOpenSSL/include/c_nio_openssl.h:17:10: error: 'openssl/conf.h' file not found (in target 'CNIOOpenSSL' from project 'swift-nio-ssl')
/Users/admin/builder/spi-builder-workspace/.dependencies/checkouts/swift-nio-ssl/Sources/CNIOOpenSSL/helpers.c:14:10: note: in file included from /Users/admin/builder/spi-builder-workspace/.dependencies/checkouts/swift-nio-ssl/Sources/CNIOOpenSSL/helpers.c:14:
ScanDependencies /Users/admin/builder/spi-builder-workspace/.derivedData/Build/Intermediates.noindex/swift-nio.build/Debug-watchos/CNIOHTTPParser-t.build/Objects-normal/arm64/c_nio_http_parser.o /Users/admin/builder/spi-builder-workspace/.dependencies/checkouts/swift-nio/Sources/CNIOHTTPParser/c_nio_http_parser.c normal arm64 c com.apple.compilers.llvm.clang.1_0.compiler (in target 'CNIOHTTPParser' from project 'swift-nio')
cd /Users/admin/builder/spi-builder-workspace/.swiftpm/xcode
Using response file: /Users/admin/builder/spi-builder-workspace/.derivedData/Build/Intermediates.noindex/swift-nio.build/Debug-watchos/CNIOHTTPParser-t.build/Objects-normal/arm64/7187679823f38a2a940e0043cdf9d637-common-args.resp
builtin-ScanDependencies -o /Users/admin/builder/spi-builder-workspace/.derivedData/Build/Intermediates.noindex/swift-nio.build/Debug-watchos/CNIOHTTPParser-t.build/Objects-normal/arm64/c_nio_http_parser.o.scan -- /Applications/Xcode-27.0.0-Release.Candidate.app/Contents/Developer/Toolchains/XcodeDefault.xctoolchain/usr/bin/clang -x c -ivfsstatcache /Users/admin/builder/spi-builder-workspace/.derivedData/SDKStatCaches.noindex/watchos27.0-24R360-e829b21a6f8c9b70876ba0858053c04477534ef55a1706bf4c1112bbb242f0a2.sdkstatcache -target arm64-apple-watchos9.0 -fmessage-length\=0 -fdiagnostics-show-note-include-stack -fmacro-backtrace-limit\=0 -fno-color-diagnostics -fmodules-prune-interval\=86400 -fmodules-prune-after\=345600 -fbuild-session-file\=/Users/admin/builder/spi-builder-workspace/.derivedData/ModuleCache.noindex/Session.modulevalidation -fmodules-validate-once-per-build-session -Wnon-modular-include-in-framework-module -Werror\=non-modular-include-in-framework-module -Wno-trigraphs -Wno-missing-field-initializers -Wno-missing-prototypes -Wno-return-type -Wno-missing-braces -Wparentheses -Wswitch -Wno-unused-function -Wno-unused-label -Wno-unused-parameter -Wno-unused-variable -Wunused-value -Wno-empty-body -Wno-uninitialized -Wno-unknown-pragmas -w -Wno-shadow -Wno-four-char-constants -Wno-conversion -Wno-constant-conversion -Wno-int-conversion -Wno-bool-conversion -Wno-enum-conversion -Wno-float-conversion -Wno-non-literal-null-conversion -Wno-objc-literal-conversion -Wshorten-64-to-32 -Wpointer-sign -Wno-newline-eof -Wno-implicit-fallthrough -isysroot /Applications/Xcode-27.0.0-Release.Candidate.app/Contents/Developer/Platforms/WatchOS.platform/Developer/SDKs/WatchOS27.0.sdk -fstrict-aliasing -Wdeprecated-declarations -Wno-sign-conversion -Wno-infinite-recursion -Wno-comma -Wno-block-capture-autoreleasing -Wno-strict-prototypes -Wno-semicolon-before-method-body -index-store-path /Users/admin/builder/spi-builder-workspace/.derivedData/Index.noindex/DataStore @/Users/admin/builder/spi-builder-workspace/.derivedData/Build/Intermediates.noindex/swift-nio.build/Debug-watchos/CNIOHTTPParser-t.build/Objects-normal/arm64/7187679823f38a2a940e0043cdf9d637-common-args.resp -MMD -MT dependencies -MF /Users/admin/builder/spi-builder-workspace/.derivedData/Build/Intermediates.noindex/swift-nio.build/Debug-watchos/CNIOHTTPParser-t.build/Objects-normal/arm64/c_nio_http_parser.d --serialize-diagnostics /Users/admin/builder/spi-builder-workspace/.derivedData/Build/Intermediates.noindex/swift-nio.build/Debug-watchos/CNIOHTTPParser-t.build/Objects-normal/arm64/c_nio_http_parser.dia -c /Users/admin/builder/spi-builder-workspace/.dependencies/checkouts/swift-nio/Sources/CNIOHTTPParser/c_nio_http_parser.c -o /Users/admin/builder/spi-builder-workspace/.derivedData/Build/Intermediates.noindex/swift-nio.build/Debug-watchos/CNIOHTTPParser-t.build/Objects-normal/arm64/c_nio_http_parser.o -index-unit-output-path /swift-nio.build/Debug-watchos/CNIOHTTPParser-t.build/Objects-normal/arm64/c_nio_http_parser.o
ScanDependencies /Users/admin/builder/spi-builder-workspace/.derivedData/Build/Intermediates.noindex/swift-nio-ssl.build/Debug-watchos/CNIOOpenSSL-t.build/Objects-normal/arm64/shims.o /Users/admin/builder/spi-builder-workspace/.dependencies/checkouts/swift-nio-ssl/Sources/CNIOOpenSSL/shims.c normal arm64 c com.apple.compilers.llvm.clang.1_0.compiler (in target 'CNIOOpenSSL' from project 'swift-nio-ssl')
cd /Users/admin/builder/spi-builder-workspace/.swiftpm/xcode
Using response file: /Users/admin/builder/spi-builder-workspace/.derivedData/Build/Intermediates.noindex/swift-nio-ssl.build/Debug-watchos/CNIOOpenSSL-t.build/Objects-normal/arm64/7187679823f38a2a940e0043cdf9d637-common-args.resp
builtin-ScanDependencies -o /Users/admin/builder/spi-builder-workspace/.derivedData/Build/Intermediates.noindex/swift-nio-ssl.build/Debug-watchos/CNIOOpenSSL-t.build/Objects-normal/arm64/shims.o.scan -- /Applications/Xcode-27.0.0-Release.Candidate.app/Contents/Developer/Toolchains/XcodeDefault.xctoolchain/usr/bin/clang -x c -ivfsstatcache /Users/admin/builder/spi-builder-workspace/.derivedData/SDKStatCaches.noindex/watchos27.0-24R360-e829b21a6f8c9b70876ba0858053c04477534ef55a1706bf4c1112bbb242f0a2.sdkstatcache -target arm64-apple-watchos9.0 -fmessage-length\=0 -fdiagnostics-show-note-include-stack -fmacro-backtrace-limit\=0 -fno-color-diagnostics -fmodules-prune-interval\=86400 -fmodules-prune-after\=345600 -fbuild-session-file\=/Users/admin/builder/spi-builder-workspace/.derivedData/ModuleCache.noindex/Session.modulevalidation -fmodules-validate-once-per-build-session -Wnon-modular-include-in-framework-module -Werror\=non-modular-include-in-framework-module -Wno-trigraphs -Wno-missing-field-initializers -Wno-missing-prototypes -Wno-return-type -Wno-missing-braces -Wparentheses -Wswitch -Wno-unused-function -Wno-unused-label -Wno-unused-parameter -Wno-unused-variable -Wunused-value -Wno-empty-body -Wno-uninitialized -Wno-unknown-pragmas -w -Wno-shadow -Wno-four-char-constants -Wno-conversion -Wno-constant-conversion -Wno-int-conversion -Wno-bool-conversion -Wno-enum-conversion -Wno-float-conversion -Wno-non-literal-null-conversion -Wno-objc-literal-conversion -Wshorten-64-to-32 -Wpointer-sign -Wno-newline-eof -Wno-implicit-fallthrough -isysroot /Applications/Xcode-27.0.0-Release.Candidate.app/Contents/Developer/Platforms/WatchOS.platform/Developer/SDKs/WatchOS27.0.sdk -fstrict-aliasing -Wdeprecated-declarations -Wno-sign-conversion -Wno-infinite-recursion -Wno-comma -Wno-block-capture-autoreleasing -Wno-strict-prototypes -Wno-semicolon-before-method-body -index-store-path /Users/admin/builder/spi-builder-workspace/.derivedData/Index.noindex/DataStore @/Users/admin/builder/spi-builder-workspace/.derivedData/Build/Intermediates.noindex/swift-nio-ssl.build/Debug-watchos/CNIOOpenSSL-t.build/Objects-normal/arm64/7187679823f38a2a940e0043cdf9d637-common-args.resp -MMD -MT dependencies -MF /Users/admin/builder/spi-builder-workspace/.derivedData/Build/Intermediates.noindex/swift-nio-ssl.build/Debug-watchos/CNIOOpenSSL-t.build/Objects-normal/arm64/shims.d --serialize-diagnostics /Users/admin/builder/spi-builder-workspace/.derivedData/Build/Intermediates.noindex/swift-nio-ssl.build/Debug-watchos/CNIOOpenSSL-t.build/Objects-normal/arm64/shims.dia -c /Users/admin/builder/spi-builder-workspace/.dependencies/checkouts/swift-nio-ssl/Sources/CNIOOpenSSL/shims.c -o /Users/admin/builder/spi-builder-workspace/.derivedData/Build/Intermediates.noindex/swift-nio-ssl.build/Debug-watchos/CNIOOpenSSL-t.build/Objects-normal/arm64/shims.o -index-unit-output-path /swift-nio-ssl.build/Debug-watchos/CNIOOpenSSL-t.build/Objects-normal/arm64/shims.o
/Users/admin/builder/spi-builder-workspace/.dependencies/checkouts/swift-nio-ssl/Sources/CNIOOpenSSL/include/c_nio_openssl.h:17:10: error: 'openssl/conf.h' file not found (in target 'CNIOOpenSSL' from project 'swift-nio-ssl')
/Users/admin/builder/spi-builder-workspace/.dependencies/checkouts/swift-nio-ssl/Sources/CNIOOpenSSL/shims.c:16:10: note: in file included from /Users/admin/builder/spi-builder-workspace/.dependencies/checkouts/swift-nio-ssl/Sources/CNIOOpenSSL/shims.c:16:
ScanDependencies /Users/admin/builder/spi-builder-workspace/.derivedData/Build/Intermediates.noindex/swift-nio.build/Debug-watchos/CNIOSHA1-t.build/Objects-normal/arm64_32/c_nio_sha1.o /Users/admin/builder/spi-builder-workspace/.dependencies/checkouts/swift-nio/Sources/CNIOSHA1/c_nio_sha1.c normal arm64_32 c com.apple.compilers.llvm.clang.1_0.compiler (in target 'CNIOSHA1' from project 'swift-nio')
cd /Users/admin/builder/spi-builder-workspace/.swiftpm/xcode
Using response file: /Users/admin/builder/spi-builder-workspace/.derivedData/Build/Intermediates.noindex/swift-nio.build/Debug-watchos/CNIOSHA1-t.build/Objects-normal/arm64_32/7187679823f38a2a940e0043cdf9d637-common-args.resp
builtin-ScanDependencies -o /Users/admin/builder/spi-builder-workspace/.derivedData/Build/Intermediates.noindex/swift-nio.build/Debug-watchos/CNIOSHA1-t.build/Objects-normal/arm64_32/c_nio_sha1.o.scan -- /Applications/Xcode-27.0.0-Release.Candidate.app/Contents/Developer/Toolchains/XcodeDefault.xctoolchain/usr/bin/clang -x c -ivfsstatcache /Users/admin/builder/spi-builder-workspace/.derivedData/SDKStatCaches.noindex/watchos27.0-24R360-e829b21a6f8c9b70876ba0858053c04477534ef55a1706bf4c1112bbb242f0a2.sdkstatcache -target arm64_32-apple-watchos9.0 -fmessage-length\=0 -fdiagnostics-show-note-include-stack -fmacro-backtrace-limit\=0 -fno-color-diagnostics -fmodules-prune-interval\=86400 -fmodules-prune-after\=345600 -fbuild-session-file\=/Users/admin/builder/spi-builder-workspace/.derivedData/ModuleCache.noindex/Session.modulevalidation -fmodules-validate-once-per-build-session -Wnon-modular-include-in-framework-module -Werror\=non-modular-include-in-framework-module -Wno-trigraphs -Wno-missing-field-initializers -Wno-missing-prototypes -Wno-return-type -Wno-missing-braces -Wparentheses -Wswitch -Wno-unused-function -Wno-unused-label -Wno-unused-parameter -Wno-unused-variable -Wunused-value -Wno-empty-body -Wno-uninitialized -Wno-unknown-pragmas -w -Wno-shadow -Wno-four-char-constants -Wno-conversion -Wno-constant-conversion -Wno-int-conversion -Wno-bool-conversion -Wno-enum-conversion -Wno-float-conversion -Wno-non-literal-null-conversion -Wno-objc-literal-conversion -Wno-shorten-64-to-32 -Wpointer-sign -Wno-newline-eof -Wno-implicit-fallthrough -isysroot /Applications/Xcode-27.0.0-Release.Candidate.app/Contents/Developer/Platforms/WatchOS.platform/Developer/SDKs/WatchOS27.0.sdk -fstrict-aliasing -Wdeprecated-declarations -Wno-sign-conversion -Wno-infinite-recursion -Wno-comma -Wno-block-capture-autoreleasing -Wno-strict-prototypes -Wno-semicolon-before-method-body -index-store-path /Users/admin/builder/spi-builder-workspace/.derivedData/Index.noindex/DataStore @/Users/admin/builder/spi-builder-workspace/.derivedData/Build/Intermediates.noindex/swift-nio.build/Debug-watchos/CNIOSHA1-t.build/Objects-normal/arm64_32/7187679823f38a2a940e0043cdf9d637-common-args.resp -MMD -MT dependencies -MF /Users/admin/builder/spi-builder-workspace/.derivedData/Build/Intermediates.noindex/swift-nio.build/Debug-watchos/CNIOSHA1-t.build/Objects-normal/arm64_32/c_nio_sha1.d --serialize-diagnostics /Users/admin/builder/spi-builder-workspace/.derivedData/Build/Intermediates.noindex/swift-nio.build/Debug-watchos/CNIOSHA1-t.build/Objects-normal/arm64_32/c_nio_sha1.dia -c /Users/admin/builder/spi-builder-workspace/.dependencies/checkouts/swift-nio/Sources/CNIOSHA1/c_nio_sha1.c -o /Users/admin/builder/spi-builder-workspace/.derivedData/Build/Intermediates.noindex/swift-nio.build/Debug-watchos/CNIOSHA1-t.build/Objects-normal/arm64_32/c_nio_sha1.o -index-unit-output-path /swift-nio.build/Debug-watchos/CNIOSHA1-t.build/Objects-normal/arm64_32/c_nio_sha1.o
CompileC /Users/admin/builder/spi-builder-workspace/.derivedData/Build/Intermediates.noindex/swift-nio.build/Debug-watchos/CNIOZlib-t.build/Objects-normal/arm64/empty.o /Users/admin/builder/spi-builder-workspace/.dependencies/checkouts/swift-nio/Sources/CNIOZlib/empty.c normal arm64 c com.apple.compilers.llvm.clang.1_0.compiler (in target 'CNIOZlib' from project 'swift-nio')
cd /Users/admin/builder/spi-builder-workspace/.swiftpm/xcode
Using response file: /Users/admin/builder/spi-builder-workspace/.derivedData/Build/Intermediates.noindex/swift-nio.build/Debug-watchos/CNIOZlib-t.build/Objects-normal/arm64/7187679823f38a2a940e0043cdf9d637-common-args.resp
/Applications/Xcode-27.0.0-Release.Candidate.app/Contents/Developer/Toolchains/XcodeDefault.xctoolchain/usr/bin/clang -x c -ivfsstatcache /Users/admin/builder/spi-builder-workspace/.derivedData/SDKStatCaches.noindex/watchos27.0-24R360-e829b21a6f8c9b70876ba0858053c04477534ef55a1706bf4c1112bbb242f0a2.sdkstatcache -target arm64-apple-watchos9.0 -fmessage-length\=0 -fdiagnostics-show-note-include-stack -fmacro-backtrace-limit\=0 -fno-color-diagnostics -fmodules-prune-interval\=86400 -fmodules-prune-after\=345600 -fbuild-session-file\=/Users/admin/builder/spi-builder-workspace/.derivedData/ModuleCache.noindex/Session.modulevalidation -fmodules-validate-once-per-build-session -Wnon-modular-include-in-framework-module -Werror\=non-modular-include-in-framework-module -Wno-trigraphs -Wno-missing-field-initializers -Wno-missing-prototypes -Wno-return-type -Wno-missing-braces -Wparentheses -Wswitch -Wno-unused-function -Wno-unused-label -Wno-unused-parameter -Wno-unused-variable -Wunused-value -Wno-empty-body -Wno-uninitialized -Wno-unknown-pragmas -w -Wno-shadow -Wno-four-char-constants -Wno-conversion -Wno-constant-conversion -Wno-int-conversion -Wno-bool-conversion -Wno-enum-conversion -Wno-float-conversion -Wno-non-literal-null-conversion -Wno-objc-literal-conversion -Wshorten-64-to-32 -Wpointer-sign -Wno-newline-eof -Wno-implicit-fallthrough -isysroot /Applications/Xcode-27.0.0-Release.Candidate.app/Contents/Developer/Platforms/WatchOS.platform/Developer/SDKs/WatchOS27.0.sdk -fstrict-aliasing -Wdeprecated-declarations -Wno-sign-conversion -Wno-infinite-recursion -Wno-comma -Wno-block-capture-autoreleasing -Wno-strict-prototypes -Wno-semicolon-before-method-body -index-store-path /Users/admin/builder/spi-builder-workspace/.derivedData/Index.noindex/DataStore @/Users/admin/builder/spi-builder-workspace/.derivedData/Build/Intermediates.noindex/swift-nio.build/Debug-watchos/CNIOZlib-t.build/Objects-normal/arm64/7187679823f38a2a940e0043cdf9d637-common-args.resp -MMD -MT dependencies -MF /Users/admin/builder/spi-builder-workspace/.derivedData/Build/Intermediates.noindex/swift-nio.build/Debug-watchos/CNIOZlib-t.build/Objects-normal/arm64/empty.d --serialize-diagnostics /Users/admin/builder/spi-builder-workspace/.derivedData/Build/Intermediates.noindex/swift-nio.build/Debug-watchos/CNIOZlib-t.build/Objects-normal/arm64/empty.dia -c /Users/admin/builder/spi-builder-workspace/.dependencies/checkouts/swift-nio/Sources/CNIOZlib/empty.c -o /Users/admin/builder/spi-builder-workspace/.derivedData/Build/Intermediates.noindex/swift-nio.build/Debug-watchos/CNIOZlib-t.build/Objects-normal/arm64/empty.o -index-unit-output-path /swift-nio.build/Debug-watchos/CNIOZlib-t.build/Objects-normal/arm64/empty.o
Failed frontend command:
/Applications/Xcode-27.0.0-Release.Candidate.app/Contents/Developer/Toolchains/XcodeDefault.xctoolchain/usr/bin/clang -cc1 -Wundef-prefix\=TARGET_OS_ -fdiagnostics-show-note-include-stack -fmacro-backtrace-limit\=0 -w -ferror-limit 19 -serialize-diagnostic-file /Users/admin/builder/spi-builder-workspace/.derivedData/Build/Intermediates.noindex/swift-nio.build/Debug-watchos/CNIOZlib-t.build/Objects-normal/arm64/empty.dia -Wdeprecated-objc-isa-usage -Werror\=deprecated-objc-isa-usage -Werror\=implicit-function-declaration -Wnon-modular-include-in-framework-module -Werror\=non-modular-include-in-framework-module -Wno-trigraphs -Wno-missing-field-initializers -Wno-missing-prototypes -Wno-return-type -Wno-missing-braces -Wparentheses -Wswitch -Wno-unused-function -Wno-unused-label -Wno-unused-parameter -Wno-unused-variable -Wunused-value -Wno-empty-body -Wno-uninitialized -Wno-unknown-pragmas -Wno-shadow -Wno-four-char-constants -Wno-conversion -Wno-constant-conversion -Wno-int-conversion -Wno-bool-conversion -Wno-enum-conversion -Wno-float-conversion -Wno-non-literal-null-conversion -Wno-objc-literal-conversion -Wshorten-64-to-32 -Wpointer-sign -Wno-newline-eof -Wno-implicit-fallthrough -Wdeprecated-declarations -Wno-sign-conversion -Wno-infinite-recursion -Wno-comma -Wno-block-capture-autoreleasing -Wno-strict-prototypes -Wno-semicolon-before-method-body -Wno-elaborated-enum-base -Wno-error\=allocator-wrappers -index-store-path /Users/admin/builder/spi-builder-workspace/.derivedData/Index.noindex/DataStore -index-unit-output-path /swift-nio.build/Debug-watchos/CNIOZlib-t.build/Objects-normal/arm64/empty.o -fmodule-map-file\=/Users/admin/builder/spi-builder-workspace/.dependencies/checkouts/swift-nio-zlib-support/module.modulemap -o /Users/admin/builder/spi-builder-workspace/.derivedData/Build/Intermediates.noindex/swift-nio.build/Debug-watchos/CNIOZlib-t.build/Objects-normal/arm64/empty.o -disable-free -emit-obj -x c /Users/admin/builder/spi-builder-workspace/.dependencies/checkouts/swift-nio/Sources/CNIOZlib/empty.c -target-abi darwinpcs -target-cpu apple-s9 -target-feature +v8.6a -target-feature +aes -target-feature +bf16 -target-feature +complxnum -target-feature +crc -target-feature +dotprod -target-feature +fp-armv8 -target-feature +fp16fml -target-feature +fpac -target-feature +fullfp16 -target-feature +hcx -target-feature +i8mm -target-feature +jsconv -target-feature +lse -target-feature +neon -target-feature +pauth -target-feature +perfmon -target-feature +ras -target-feature +rcpc -target-feature +rdm -target-feature +sha2 -target-feature +sha3 -target-feature +ssbs -triple arm64-apple-watchos9.0.0 -target-linker-version 1166.2 -target-sdk-version\=27.0 -fmodules-validate-system-headers -fno-modulemap-allow-subdirectory-search -isysroot /Applications/Xcode-27.0.0-Release.Candidate.app/Contents/Developer/Platforms/WatchOS.platform/Developer/SDKs/WatchOS27.0.sdk -resource-dir /Applications/Xcode-27.0.0-Release.Candidate.app/Contents/Developer/Toolchains/XcodeDefault.xctoolchain/usr/lib/clang/21 -fmodule-format\=obj -I /Users/admin/builder/spi-builder-workspace/.derivedData/Build/Products/Debug-watchos/include -I /Users/admin/builder/spi-builder-workspace/.dependencies/checkouts/swift-nio/Sources/CNIOZlib/include -I /Users/admin/builder/spi-builder-workspace/.derivedData/Build/Intermediates.noindex/swift-nio.build/Debug-watchos/CNIOZlib-t.build/DerivedSources-normal/arm64 -I /Users/admin/builder/spi-builder-workspace/.derivedData/Build/Intermediates.noindex/swift-nio.build/Debug-watchos/CNIOZlib-t.build/DerivedSources/arm64 -I /Users/admin/builder/spi-builder-workspace/.derivedData/Build/Intermediates.noindex/swift-nio.build/Debug-watchos/CNIOZlib-t.build/DerivedSources -F /Users/admin/builder/spi-builder-workspace/.derivedData/Build/Products/Debug-watchos -iframework /Applications/Xcode-27.0.0-Release.Candidate.app/Contents/Developer/Platforms/WatchOS.platform/Developer/Library/Frameworks -iframework /Applications/Xcode-27.0.0-Release.Candidate.app/Contents/Developer/Platforms/WatchOS.platform/Developer/SDKs/WatchOS27.0.sdk/Developer/Library/Frameworks -internal-isystem /Applications/Xcode-27.0.0-Release.Candidate.app/Contents/Developer/Platforms/WatchOS.platform/Developer/SDKs/WatchOS27.0.sdk/usr/local/include -internal-isystem /Applications/Xcode-27.0.0-Release.Candidate.app/Contents/Developer/Toolchains/XcodeDefault.xctoolchain/usr/lib/clang/21/include -internal-externc-isystem /Applications/Xcode-27.0.0-Release.Candidate.app/Contents/Developer/Platforms/WatchOS.platform/Developer/SDKs/WatchOS27.0.sdk/usr/include -internal-externc-isystem /Applications/Xcode-27.0.0-Release.Candidate.app/Contents/Developer/Toolchains/XcodeDefault.xctoolchain/usr/include -internal-iframework /Applications/Xcode-27.0.0-Release.Candidate.app/Contents/Developer/Platforms/WatchOS.platform/Developer/SDKs/WatchOS27.0.sdk/System/Library/Frameworks -internal-iframework /Applications/Xcode-27.0.0-Release.Candidate.app/Contents/Developer/Platforms/WatchOS.platform/Developer/SDKs/WatchOS27.0.sdk/System/Library/SubFrameworks -internal-iframework /Applications/Xcode-27.0.0-Release.Candidate.app/Contents/Developer/Platforms/WatchOS.platform/Developer/SDKs/WatchOS27.0.sdk/Library/Frameworks -ivfsstatcache /Users/admin/builder/spi-builder-workspace/.derivedData/SDKStatCaches.noindex/watchos27.0-24R360-e829b21a6f8c9b70876ba0858053c04477534ef55a1706bf4c1112bbb242f0a2.sdkstatcache -std\=gnu17 -fskip-odr-check-in-gmf -fmodules -fmodule-name\=CNIOZlib -fno-implicit-modules -fmax-type-align\=16 -fpascal-strings -fstack-check -fvisibility-inlines-hidden-static-local-var -mdarwin-stkchk-strong-link -fno-odr-hash-protocols -pic-level 2 -fencode-extended-block-signature -stack-protector 1 -fgnuc-version\=4.2.1 -fblocks -fno-convergent-functions -ffp-contract\=on -fclang-abi-compat\=4.0 -fno-experimental-relative-c++-abi-vtables -fno-file-reproducible -clang-vendor-feature\=+disableNonDependentMemberExprInCurrentInstantiation -clang-vendor-feature\=+enableAggressiveVLAFolding -clang-vendor-feature\=+revert09abecef7bbf -clang-vendor-feature\=+thisNoAlignAttr -clang-vendor-feature\=+thisNoNullAttr -clang-vendor-feature\=+disableAtImportPrivateFrameworkInImplementationError -O0 -fno-assume-unique-vtables -fdebug-compilation-dir\=/Users/admin/builder/spi-builder-workspace/.swiftpm/xcode -fcoverage-compilation-dir\=/Users/admin/builder/spi-builder-workspace/.swiftpm/xcode -fcoverage-mapping -fcommon -fdwarf2-cfi-asm -fobjc-msgsend-selector-stubs -fregister-global-dtors-with-atexit -fno-strict-return -dwarf-version\=4 -debugger-tuning\=lldb -disable-llvm-verifier -dwarf-ext-refs -funwind-tables\=1 -fprofile-instrument\=clang -enable-tlsdesc -clear-ast-before-backend -discard-value-names -main-file-name empty.c -mframe-pointer\=non-leaf -debug-info-kind\=standalone -fno-loop-interchange -fdiagnostics-hotness-threshold\=0 -fdiagnostics-misexpect-tolerance\=0 -D DEBUG\=1 -D SWIFT_PACKAGE -D Xcode -fdefine-target-os-macros -MT dependencies -dependency-file /Users/admin/builder/spi-builder-workspace/.derivedData/Build/Intermediates.noindex/swift-nio.build/Debug-watchos/CNIOZlib-t.build/Objects-normal/arm64/empty.d -skip-unused-modulemap-deps -module-file-deps\=direct -fdepfile-entry\=/Applications/Xcode-27.0.0-Release.Candidate.app/Contents/Developer/Platforms/WatchOS.platform/Developer/SDKs/WatchOS27.0.sdk/SDKSettings.json
CompileC /Users/admin/builder/spi-builder-workspace/.derivedData/Build/Intermediates.noindex/swift-nio.build/Debug-watchos/CNIOLinux-t.build/Objects-normal/arm64_32/shim.o /Users/admin/builder/spi-builder-workspace/.dependencies/checkouts/swift-nio/Sources/CNIOLinux/shim.c normal arm64_32 c com.apple.compilers.llvm.clang.1_0.compiler (in target 'CNIOLinux' from project 'swift-nio')
cd /Users/admin/builder/spi-builder-workspace/.swiftpm/xcode
Using response file: /Users/admin/builder/spi-builder-workspace/.derivedData/Build/Intermediates.noindex/swift-nio.build/Debug-watchos/CNIOLinux-t.build/Objects-normal/arm64_32/7187679823f38a2a940e0043cdf9d637-common-args.resp
/Applications/Xcode-27.0.0-Release.Candidate.app/Contents/Developer/Toolchains/XcodeDefault.xctoolchain/usr/bin/clang -x c -ivfsstatcache /Users/admin/builder/spi-builder-workspace/.derivedData/SDKStatCaches.noindex/watchos27.0-24R360-e829b21a6f8c9b70876ba0858053c04477534ef55a1706bf4c1112bbb242f0a2.sdkstatcache -target arm64_32-apple-watchos9.0 -fmessage-length\=0 -fdiagnostics-show-note-include-stack -fmacro-backtrace-limit\=0 -fno-color-diagnostics -fmodules-prune-interval\=86400 -fmodules-prune-after\=345600 -fbuild-session-file\=/Users/admin/builder/spi-builder-workspace/.derivedData/ModuleCache.noindex/Session.modulevalidation -fmodules-validate-once-per-build-session -Wnon-modular-include-in-framework-module -Werror\=non-modular-include-in-framework-module -Wno-trigraphs -Wno-missing-field-initializers -Wno-missing-prototypes -Wno-return-type -Wno-missing-braces -Wparentheses -Wswitch -Wno-unused-function -Wno-unused-label -Wno-unused-parameter -Wno-unused-variable -Wunused-value -Wno-empty-body -Wno-uninitialized -Wno-unknown-pragmas -w -Wno-shadow -Wno-four-char-constants -Wno-conversion -Wno-constant-conversion -Wno-int-conversion -Wno-bool-conversion -Wno-enum-conversion -Wno-float-conversion -Wno-non-literal-null-conversion -Wno-objc-literal-conversion -Wno-shorten-64-to-32 -Wpointer-sign -Wno-newline-eof -Wno-implicit-fallthrough -isysroot /Applications/Xcode-27.0.0-Release.Candidate.app/Contents/Developer/Platforms/WatchOS.platform/Developer/SDKs/WatchOS27.0.sdk -fstrict-aliasing -Wdeprecated-declarations -Wno-sign-conversion -Wno-infinite-recursion -Wno-comma -Wno-block-capture-autoreleasing -Wno-strict-prototypes -Wno-semicolon-before-method-body -index-store-path /Users/admin/builder/spi-builder-workspace/.derivedData/Index.noindex/DataStore @/Users/admin/builder/spi-builder-workspace/.derivedData/Build/Intermediates.noindex/swift-nio.build/Debug-watchos/CNIOLinux-t.build/Objects-normal/arm64_32/7187679823f38a2a940e0043cdf9d637-common-args.resp -MMD -MT dependencies -MF /Users/admin/builder/spi-builder-workspace/.derivedData/Build/Intermediates.noindex/swift-nio.build/Debug-watchos/CNIOLinux-t.build/Objects-normal/arm64_32/shim.d --serialize-diagnostics /Users/admin/builder/spi-builder-workspace/.derivedData/Build/Intermediates.noindex/swift-nio.build/Debug-watchos/CNIOLinux-t.build/Objects-normal/arm64_32/shim.dia -c /Users/admin/builder/spi-builder-workspace/.dependencies/checkouts/swift-nio/Sources/CNIOLinux/shim.c -o /Users/admin/builder/spi-builder-workspace/.derivedData/Build/Intermediates.noindex/swift-nio.build/Debug-watchos/CNIOLinux-t.build/Objects-normal/arm64_32/shim.o -index-unit-output-path /swift-nio.build/Debug-watchos/CNIOLinux-t.build/Objects-normal/arm64_32/shim.o
Failed frontend command:
/Applications/Xcode-27.0.0-Release.Candidate.app/Contents/Developer/Toolchains/XcodeDefault.xctoolchain/usr/bin/clang -cc1 -Wundef-prefix\=TARGET_OS_ -fdiagnostics-show-note-include-stack -fmacro-backtrace-limit\=0 -w -ferror-limit 19 -serialize-diagnostic-file /Users/admin/builder/spi-builder-workspace/.derivedData/Build/Intermediates.noindex/swift-nio.build/Debug-watchos/CNIOLinux-t.build/Objects-normal/arm64_32/shim.dia -Wdeprecated-objc-isa-usage -Werror\=deprecated-objc-isa-usage -Werror\=implicit-function-declaration -Wnon-modular-include-in-framework-module -Werror\=non-modular-include-in-framework-module -Wno-trigraphs -Wno-missing-field-initializers -Wno-missing-prototypes -Wno-return-type -Wno-missing-braces -Wparentheses -Wswitch -Wno-unused-function -Wno-unused-label -Wno-unused-parameter -Wno-unused-variable -Wunused-value -Wno-empty-body -Wno-uninitialized -Wno-unknown-pragmas -Wno-shadow -Wno-four-char-constants -Wno-conversion -Wno-constant-conversion -Wno-int-conversion -Wno-bool-conversion -Wno-enum-conversion -Wno-float-conversion -Wno-non-literal-null-conversion -Wno-objc-literal-conversion -Wno-shorten-64-to-32 -Wpointer-sign -Wno-newline-eof -Wno-implicit-fallthrough -Wdeprecated-declarations -Wno-sign-conversion -Wno-infinite-recursion -Wno-comma -Wno-block-capture-autoreleasing -Wno-strict-prototypes -Wno-semicolon-before-method-body -Wno-elaborated-enum-base -Wno-error\=allocator-wrappers -index-store-path /Users/admin/builder/spi-builder-workspace/.derivedData/Index.noindex/DataStore -index-unit-output-path /swift-nio.build/Debug-watchos/CNIOLinux-t.build/Objects-normal/arm64_32/shim.o -fmodule-map-file\=/Users/admin/builder/spi-builder-workspace/.dependencies/checkouts/swift-nio-zlib-support/module.modulemap -o /Users/admin/builder/spi-builder-workspace/.derivedData/Build/Intermediates.noindex/swift-nio.build/Debug-watchos/CNIOLinux-t.build/Objects-normal/arm64_32/shim.o -disable-free -emit-obj -x c /Users/admin/builder/spi-builder-workspace/.dependencies/checkouts/swift-nio/Sources/CNIOLinux/shim.c -target-abi darwinpcs -target-cpu apple-s4 -target-feature +v8.3a -target-feature +aes -target-feature +complxnum -target-feature +crc -target-feature +fp-armv8 -target-feature +fullfp16 -target-feature +jsconv -target-feature +lse -target-feature +neon -target-feature +pauth -target-feature +perfmon -target-feature +ras -target-feature +rcpc -target-feature +rdm -target-feature +sha2 -triple arm64_32-apple-watchos9.0.0 -target-linker-version 1166.2 -target-sdk-version\=27.0 -fmodules-validate-system-headers -fno-modulemap-allow-subdirectory-search -isysroot /Applications/Xcode-27.0.0-Release.Candidate.app/Contents/Developer/Platforms/WatchOS.platform/Developer/SDKs/WatchOS27.0.sdk -resource-dir /Applications/Xcode-27.0.0-Release.Candidate.app/Contents/Developer/Toolchains/XcodeDefault.xctoolchain/usr/lib/clang/21 -fmodule-format\=obj -I /Users/admin/builder/spi-builder-workspace/.derivedData/Build/Products/Debug-watchos/include -I /Users/admin/builder/spi-builder-workspace/.dependencies/checkouts/swift-nio/Sources/CNIOLinux/include -I /Users/admin/builder/spi-builder-workspace/.derivedData/Build/Intermediates.noindex/swift-nio.build/Debug-watchos/CNIOLinux-t.build/DerivedSources-normal/arm64_32 -I /Users/admin/builder/spi-builder-workspace/.derivedData/Build/Intermediates.noindex/swift-nio.build/Debug-watchos/CNIOLinux-t.build/DerivedSources/arm64_32 -I /Users/admin/builder/spi-builder-workspace/.derivedData/Build/Intermediates.noindex/swift-nio.build/Debug-watchos/CNIOLinux-t.build/DerivedSources -F /Users/admin/builder/spi-builder-workspace/.derivedData/Build/Products/Debug-watchos -iframework /Applications/Xcode-27.0.0-Release.Candidate.app/Contents/Developer/Platforms/WatchOS.platform/Developer/Library/Frameworks -iframework /Applications/Xcode-27.0.0-Release.Candidate.app/Contents/Developer/Platforms/WatchOS.platform/Developer/SDKs/WatchOS27.0.sdk/Developer/Library/Frameworks -internal-isystem /Applications/Xcode-27.0.0-Release.Candidate.app/Contents/Developer/Platforms/WatchOS.platform/Developer/SDKs/WatchOS27.0.sdk/usr/local/include -internal-isystem /Applications/Xcode-27.0.0-Release.Candidate.app/Contents/Developer/Toolchains/XcodeDefault.xctoolchain/usr/lib/clang/21/include -internal-externc-isystem /Applications/Xcode-27.0.0-Release.Candidate.app/Contents/Developer/Platforms/WatchOS.platform/Developer/SDKs/WatchOS27.0.sdk/usr/include -internal-externc-isystem /Applications/Xcode-27.0.0-Release.Candidate.app/Contents/Developer/Toolchains/XcodeDefault.xctoolchain/usr/include -internal-iframework /Applications/Xcode-27.0.0-Release.Candidate.app/Contents/Developer/Platforms/WatchOS.platform/Developer/SDKs/WatchOS27.0.sdk/System/Library/Frameworks -internal-iframework /Applications/Xcode-27.0.0-Release.Candidate.app/Contents/Developer/Platforms/WatchOS.platform/Developer/SDKs/WatchOS27.0.sdk/System/Library/SubFrameworks -internal-iframework /Applications/Xcode-27.0.0-Release.Candidate.app/Contents/Developer/Platforms/WatchOS.platform/Developer/SDKs/WatchOS27.0.sdk/Library/Frameworks -ivfsstatcache /Users/admin/builder/spi-builder-workspace/.derivedData/SDKStatCaches.noindex/watchos27.0-24R360-e829b21a6f8c9b70876ba0858053c04477534ef55a1706bf4c1112bbb242f0a2.sdkstatcache -std\=gnu17 -fskip-odr-check-in-gmf -fmodules -fmodule-name\=CNIOLinux -fno-implicit-modules -fmax-type-align\=16 -fpascal-strings -fvisibility-inlines-hidden-static-local-var -mdarwin-stkchk-strong-link -fno-odr-hash-protocols -pic-level 2 -fencode-extended-block-signature -stack-protector 1 -fgnuc-version\=4.2.1 -fblocks -fno-convergent-functions -ffp-contract\=on -fclang-abi-compat\=4.0 -fno-experimental-relative-c++-abi-vtables -fno-file-reproducible -clang-vendor-feature\=+disableNonDependentMemberExprInCurrentInstantiation -clang-vendor-feature\=+enableAggressiveVLAFolding -clang-vendor-feature\=+revert09abecef7bbf -clang-vendor-feature\=+thisNoAlignAttr -clang-vendor-feature\=+thisNoNullAttr -clang-vendor-feature\=+disableAtImportPrivateFrameworkInImplementationError -O0 -fno-assume-unique-vtables -fdebug-compilation-dir\=/Users/admin/builder/spi-builder-workspace/.swiftpm/xcode -fcoverage-compilation-dir\=/Users/admin/builder/spi-builder-workspace/.swiftpm/xcode -fcoverage-mapping -fcommon -fdwarf2-cfi-asm -fobjc-msgsend-selector-stubs -fregister-global-dtors-with-atexit -fno-strict-return -dwarf-version\=4 -debugger-tuning\=lldb -disable-llvm-verifier -dwarf-ext-refs -funwind-tables\=1 -fprofile-instrument\=clang -enable-tlsdesc -clear-ast-before-backend -discard-value-names -main-file-name shim.c -mframe-pointer\=non-leaf -debug-info-kind\=standalone -fno-loop-interchange -fdiagnostics-hotness-threshold\=0 -fdiagnostics-misexpect-tolerance\=0 -D DEBUG\=1 -D SWIFT_PACKAGE -D Xcode -fdefine-target-os-macros -MT dependencies -dependency-file /Users/admin/builder/spi-builder-workspace/.derivedData/Build/Intermediates.noindex/swift-nio.build/Debug-watchos/CNIOLinux-t.build/Objects-normal/arm64_32/shim.d -skip-unused-modulemap-deps -module-file-deps\=direct -fdepfile-entry\=/Applications/Xcode-27.0.0-Release.Candidate.app/Contents/Developer/Platforms/WatchOS.platform/Developer/SDKs/WatchOS27.0.sdk/SDKSettings.json
CompileC /Users/admin/builder/spi-builder-workspace/.derivedData/Build/Intermediates.noindex/swift-nio.build/Debug-watchos/CNIOZlib-t.build/Objects-normal/arm64_32/empty.o /Users/admin/builder/spi-builder-workspace/.dependencies/checkouts/swift-nio/Sources/CNIOZlib/empty.c normal arm64_32 c com.apple.compilers.llvm.clang.1_0.compiler (in target 'CNIOZlib' from project 'swift-nio')
cd /Users/admin/builder/spi-builder-workspace/.swiftpm/xcode
Using response file: /Users/admin/builder/spi-builder-workspace/.derivedData/Build/Intermediates.noindex/swift-nio.build/Debug-watchos/CNIOZlib-t.build/Objects-normal/arm64_32/7187679823f38a2a940e0043cdf9d637-common-args.resp
/Applications/Xcode-27.0.0-Release.Candidate.app/Contents/Developer/Toolchains/XcodeDefault.xctoolchain/usr/bin/clang -x c -ivfsstatcache /Users/admin/builder/spi-builder-workspace/.derivedData/SDKStatCaches.noindex/watchos27.0-24R360-e829b21a6f8c9b70876ba0858053c04477534ef55a1706bf4c1112bbb242f0a2.sdkstatcache -target arm64_32-apple-watchos9.0 -fmessage-length\=0 -fdiagnostics-show-note-include-stack -fmacro-backtrace-limit\=0 -fno-color-diagnostics -fmodules-prune-interval\=86400 -fmodules-prune-after\=345600 -fbuild-session-file\=/Users/admin/builder/spi-builder-workspace/.derivedData/ModuleCache.noindex/Session.modulevalidation -fmodules-validate-once-per-build-session -Wnon-modular-include-in-framework-module -Werror\=non-modular-include-in-framework-module -Wno-trigraphs -Wno-missing-field-initializers -Wno-missing-prototypes -Wno-return-type -Wno-missing-braces -Wparentheses -Wswitch -Wno-unused-function -Wno-unused-label -Wno-unused-parameter -Wno-unused-variable -Wunused-value -Wno-empty-body -Wno-uninitialized -Wno-unknown-pragmas -w -Wno-shadow -Wno-four-char-constants -Wno-conversion -Wno-constant-conversion -Wno-int-conversion -Wno-bool-conversion -Wno-enum-conversion -Wno-float-conversion -Wno-non-literal-null-conversion -Wno-objc-literal-conversion -Wno-shorten-64-to-32 -Wpointer-sign -Wno-newline-eof -Wno-implicit-fallthrough -isysroot /Applications/Xcode-27.0.0-Release.Candidate.app/Contents/Developer/Platforms/WatchOS.platform/Developer/SDKs/WatchOS27.0.sdk -fstrict-aliasing -Wdeprecated-declarations -Wno-sign-conversion -Wno-infinite-recursion -Wno-comma -Wno-block-capture-autoreleasing -Wno-strict-prototypes -Wno-semicolon-before-method-body -index-store-path /Users/admin/builder/spi-builder-workspace/.derivedData/Index.noindex/DataStore @/Users/admin/builder/spi-builder-workspace/.derivedData/Build/Intermediates.noindex/swift-nio.build/Debug-watchos/CNIOZlib-t.build/Objects-normal/arm64_32/7187679823f38a2a940e0043cdf9d637-common-args.resp -MMD -MT dependencies -MF /Users/admin/builder/spi-builder-workspace/.derivedData/Build/Intermediates.noindex/swift-nio.build/Debug-watchos/CNIOZlib-t.build/Objects-normal/arm64_32/empty.d --serialize-diagnostics /Users/admin/builder/spi-builder-workspace/.derivedData/Build/Intermediates.noindex/swift-nio.build/Debug-watchos/CNIOZlib-t.build/Objects-normal/arm64_32/empty.dia -c /Users/admin/builder/spi-builder-workspace/.dependencies/checkouts/swift-nio/Sources/CNIOZlib/empty.c -o /Users/admin/builder/spi-builder-workspace/.derivedData/Build/Intermediates.noindex/swift-nio.build/Debug-watchos/CNIOZlib-t.build/Objects-normal/arm64_32/empty.o -index-unit-output-path /swift-nio.build/Debug-watchos/CNIOZlib-t.build/Objects-normal/arm64_32/empty.o
Failed frontend command:
/Applications/Xcode-27.0.0-Release.Candidate.app/Contents/Developer/Toolchains/XcodeDefault.xctoolchain/usr/bin/clang -cc1 -Wundef-prefix\=TARGET_OS_ -fdiagnostics-show-note-include-stack -fmacro-backtrace-limit\=0 -w -ferror-limit 19 -serialize-diagnostic-file /Users/admin/builder/spi-builder-workspace/.derivedData/Build/Intermediates.noindex/swift-nio.build/Debug-watchos/CNIOZlib-t.build/Objects-normal/arm64_32/empty.dia -Wdeprecated-objc-isa-usage -Werror\=deprecated-objc-isa-usage -Werror\=implicit-function-declaration -Wnon-modular-include-in-framework-module -Werror\=non-modular-include-in-framework-module -Wno-trigraphs -Wno-missing-field-initializers -Wno-missing-prototypes -Wno-return-type -Wno-missing-braces -Wparentheses -Wswitch -Wno-unused-function -Wno-unused-label -Wno-unused-parameter -Wno-unused-variable -Wunused-value -Wno-empty-body -Wno-uninitialized -Wno-unknown-pragmas -Wno-shadow -Wno-four-char-constants -Wno-conversion -Wno-constant-conversion -Wno-int-conversion -Wno-bool-conversion -Wno-enum-conversion -Wno-float-conversion -Wno-non-literal-null-conversion -Wno-objc-literal-conversion -Wno-shorten-64-to-32 -Wpointer-sign -Wno-newline-eof -Wno-implicit-fallthrough -Wdeprecated-declarations -Wno-sign-conversion -Wno-infinite-recursion -Wno-comma -Wno-block-capture-autoreleasing -Wno-strict-prototypes -Wno-semicolon-before-method-body -Wno-elaborated-enum-base -Wno-error\=allocator-wrappers -index-store-path /Users/admin/builder/spi-builder-workspace/.derivedData/Index.noindex/DataStore -index-unit-output-path /swift-nio.build/Debug-watchos/CNIOZlib-t.build/Objects-normal/arm64_32/empty.o -fmodule-map-file\=/Users/admin/builder/spi-builder-workspace/.dependencies/checkouts/swift-nio-zlib-support/module.modulemap -o /Users/admin/builder/spi-builder-workspace/.derivedData/Build/Intermediates.noindex/swift-nio.build/Debug-watchos/CNIOZlib-t.build/Objects-normal/arm64_32/empty.o -disable-free -emit-obj -x c /Users/admin/builder/spi-builder-workspace/.dependencies/checkouts/swift-nio/Sources/CNIOZlib/empty.c -target-abi darwinpcs -target-cpu apple-s4 -target-feature +v8.3a -target-feature +aes -target-feature +complxnum -target-feature +crc -target-feature +fp-armv8 -target-feature +fullfp16 -target-feature +jsconv -target-feature +lse -target-feature +neon -target-feature +pauth -target-feature +perfmon -target-feature +ras -target-feature +rcpc -target-feature +rdm -target-feature +sha2 -triple arm64_32-apple-watchos9.0.0 -target-linker-version 1166.2 -target-sdk-version\=27.0 -fmodules-validate-system-headers -fno-modulemap-allow-subdirectory-search -isysroot /Applications/Xcode-27.0.0-Release.Candidate.app/Contents/Developer/Platforms/WatchOS.platform/Developer/SDKs/WatchOS27.0.sdk -resource-dir /Applications/Xcode-27.0.0-Release.Candidate.app/Contents/Developer/Toolchains/XcodeDefault.xctoolchain/usr/lib/clang/21 -fmodule-format\=obj -I /Users/admin/builder/spi-builder-workspace/.derivedData/Build/Products/Debug-watchos/include -I /Users/admin/builder/spi-builder-workspace/.dependencies/checkouts/swift-nio/Sources/CNIOZlib/include -I /Users/admin/builder/spi-builder-workspace/.derivedData/Build/Intermediates.noindex/swift-nio.build/Debug-watchos/CNIOZlib-t.build/DerivedSources-normal/arm64_32 -I /Users/admin/builder/spi-builder-workspace/.derivedData/Build/Intermediates.noindex/swift-nio.build/Debug-watchos/CNIOZlib-t.build/DerivedSources/arm64_32 -I /Users/admin/builder/spi-builder-workspace/.derivedData/Build/Intermediates.noindex/swift-nio.build/Debug-watchos/CNIOZlib-t.build/DerivedSources -F /Users/admin/builder/spi-builder-workspace/.derivedData/Build/Products/Debug-watchos -iframework /Applications/Xcode-27.0.0-Release.Candidate.app/Contents/Developer/Platforms/WatchOS.platform/Developer/Library/Frameworks -iframework /Applications/Xcode-27.0.0-Release.Candidate.app/Contents/Developer/Platforms/WatchOS.platform/Developer/SDKs/WatchOS27.0.sdk/Developer/Library/Frameworks -internal-isystem /Applications/Xcode-27.0.0-Release.Candidate.app/Contents/Developer/Platforms/WatchOS.platform/Developer/SDKs/WatchOS27.0.sdk/usr/local/include -internal-isystem /Applications/Xcode-27.0.0-Release.Candidate.app/Contents/Developer/Toolchains/XcodeDefault.xctoolchain/usr/lib/clang/21/include -internal-externc-isystem /Applications/Xcode-27.0.0-Release.Candidate.app/Contents/Developer/Platforms/WatchOS.platform/Developer/SDKs/WatchOS27.0.sdk/usr/include -internal-externc-isystem /Applications/Xcode-27.0.0-Release.Candidate.app/Contents/Developer/Toolchains/XcodeDefault.xctoolchain/usr/include -internal-iframework /Applications/Xcode-27.0.0-Release.Candidate.app/Contents/Developer/Platforms/WatchOS.platform/Developer/SDKs/WatchOS27.0.sdk/System/Library/Frameworks -internal-iframework /Applications/Xcode-27.0.0-Release.Candidate.app/Contents/Developer/Platforms/WatchOS.platform/Developer/SDKs/WatchOS27.0.sdk/System/Library/SubFrameworks -internal-iframework /Applications/Xcode-27.0.0-Release.Candidate.app/Contents/Developer/Platforms/WatchOS.platform/Developer/SDKs/WatchOS27.0.sdk/Library/Frameworks -ivfsstatcache /Users/admin/builder/spi-builder-workspace/.derivedData/SDKStatCaches.noindex/watchos27.0-24R360-e829b21a6f8c9b70876ba0858053c04477534ef55a1706bf4c1112bbb242f0a2.sdkstatcache -std\=gnu17 -fskip-odr-check-in-gmf -fmodules -fmodule-name\=CNIOZlib -fno-implicit-modules -fmax-type-align\=16 -fpascal-strings -fvisibility-inlines-hidden-static-local-var -mdarwin-stkchk-strong-link -fno-odr-hash-protocols -pic-level 2 -fencode-extended-block-signature -stack-protector 1 -fgnuc-version\=4.2.1 -fblocks -fno-convergent-functions -ffp-contract\=on -fclang-abi-compat\=4.0 -fno-experimental-relative-c++-abi-vtables -fno-file-reproducible -clang-vendor-feature\=+disableNonDependentMemberExprInCurrentInstantiation -clang-vendor-feature\=+enableAggressiveVLAFolding -clang-vendor-feature\=+revert09abecef7bbf -clang-vendor-feature\=+thisNoAlignAttr -clang-vendor-feature\=+thisNoNullAttr -clang-vendor-feature\=+disableAtImportPrivateFrameworkInImplementationError -O0 -fno-assume-unique-vtables -fdebug-compilation-dir\=/Users/admin/builder/spi-builder-workspace/.swiftpm/xcode -fcoverage-compilation-dir\=/Users/admin/builder/spi-builder-workspace/.swiftpm/xcode -fcoverage-mapping -fcommon -fdwarf2-cfi-asm -fobjc-msgsend-selector-stubs -fregister-global-dtors-with-atexit -fno-strict-return -dwarf-version\=4 -debugger-tuning\=lldb -disable-llvm-verifier -dwarf-ext-refs -funwind-tables\=1 -fprofile-instrument\=clang -enable-tlsdesc -clear-ast-before-backend -discard-value-names -main-file-name empty.c -mframe-pointer\=non-leaf -debug-info-kind\=standalone -fno-loop-interchange -fdiagnostics-hotness-threshold\=0 -fdiagnostics-misexpect-tolerance\=0 -D DEBUG\=1 -D SWIFT_PACKAGE -D Xcode -fdefine-target-os-macros -MT dependencies -dependency-file /Users/admin/builder/spi-builder-workspace/.derivedData/Build/Intermediates.noindex/swift-nio.build/Debug-watchos/CNIOZlib-t.build/Objects-normal/arm64_32/empty.d -skip-unused-modulemap-deps -module-file-deps\=direct -fdepfile-entry\=/Applications/Xcode-27.0.0-Release.Candidate.app/Contents/Developer/Platforms/WatchOS.platform/Developer/SDKs/WatchOS27.0.sdk/SDKSettings.json
PruneExplicitPrecompiledModules /Users/admin/builder/spi-builder-workspace/.derivedData/SDKExplicitPrecompiledModules
PruneExplicitPrecompiledModules /Users/admin/builder/spi-builder-workspace/.derivedData/Build/Intermediates.noindex/ExplicitPrecompiledModules
PruneExplicitPrecompiledModules /Users/admin/builder/spi-builder-workspace/.derivedData/Build/Intermediates.noindex/SwiftExplicitPrecompiledModules
2026-09-17 22:27:43.575 xcodebuild[2623:12571] [MT] IDERunDestination: Supported platforms for the buildables in the current scheme is empty.
** BUILD FAILED **
The following build commands failed:
ScanDependencies /Users/admin/builder/spi-builder-workspace/.derivedData/Build/Intermediates.noindex/swift-nio-ssl.build/Debug-watchos/CNIOOpenSSL-t.build/Objects-normal/arm64_32/helpers.o /Users/admin/builder/spi-builder-workspace/.dependencies/checkouts/swift-nio-ssl/Sources/CNIOOpenSSL/helpers.c normal arm64_32 c com.apple.compilers.llvm.clang.1_0.compiler (in target 'CNIOOpenSSL' from project 'swift-nio-ssl')
ScanDependencies /Users/admin/builder/spi-builder-workspace/.derivedData/Build/Intermediates.noindex/swift-nio-ssl.build/Debug-watchos/CNIOOpenSSL-t.build/Objects-normal/arm64_32/shims.o /Users/admin/builder/spi-builder-workspace/.dependencies/checkouts/swift-nio-ssl/Sources/CNIOOpenSSL/shims.c normal arm64_32 c com.apple.compilers.llvm.clang.1_0.compiler (in target 'CNIOOpenSSL' from project 'swift-nio-ssl')
ScanDependencies /Users/admin/builder/spi-builder-workspace/.derivedData/Build/Intermediates.noindex/swift-nio-ssl.build/Debug-watchos/CNIOOpenSSL-t.build/Objects-normal/arm64/helpers.o /Users/admin/builder/spi-builder-workspace/.dependencies/checkouts/swift-nio-ssl/Sources/CNIOOpenSSL/helpers.c normal arm64 c com.apple.compilers.llvm.clang.1_0.compiler (in target 'CNIOOpenSSL' from project 'swift-nio-ssl')
ScanDependencies /Users/admin/builder/spi-builder-workspace/.derivedData/Build/Intermediates.noindex/swift-nio-ssl.build/Debug-watchos/CNIOOpenSSL-t.build/Objects-normal/arm64/shims.o /Users/admin/builder/spi-builder-workspace/.dependencies/checkouts/swift-nio-ssl/Sources/CNIOOpenSSL/shims.c normal arm64 c com.apple.compilers.llvm.clang.1_0.compiler (in target 'CNIOOpenSSL' from project 'swift-nio-ssl')
Building workspace ApiCore with scheme ApiCore-Package
(5 failures)
BUILD FAILURE 6.4 watchOS