The Swift Package Index logo.Swift Package Index

Build Information

Failed to build GaussKrueger, reference 0.4.0 (f92095), with Swift 6.4 for macOS (Xcode) using Xcode 27.0 on 16 Sep 2026 09:31:03 UTC.

Build Command

env DEVELOPER_DIR=/Applications/Xcode-27.0.0-Release.Candidate.app xcrun xcodebuild -IDEClonedSourcePackagesDirPathOverride=$PWD/.dependencies -skipMacroValidation -skipPackagePluginValidation -derivedDataPath $PWD/.derivedData build -scheme GaussKrueger-Package -destination platform=macOS,arch=arm64

Build Log

========================================
RunAll
========================================
Builder version: 5.1.0
Interrupt handler set up.
========================================
Checkout
========================================
Clone URL: https://github.com/kiliankoe/gausskrueger.git
Reference: 0.4.0
Initialized empty Git repository in /Users/admin/builder/spi-builder-workspace/.git/
From https://github.com/kiliankoe/gausskrueger
 * tag               0.4.0      -> FETCH_HEAD
HEAD is now at f920959 regenerate xcodeproj
Cloned https://github.com/kiliankoe/gausskrueger.git
Revision (git rev-parse @):
f92095913134aea712c3f86633c3e51448a5ef96
SUCCESS checkout https://github.com/kiliankoe/gausskrueger.git at 0.4.0
========================================
Build
========================================
Selected platform:         macosXcodebuild
Swift version:             6.4
Building package at path:  $PWD
https://github.com/kiliankoe/gausskrueger.git
Command line invocation:
    /Applications/Xcode-27.0.0-Release.Candidate.app/Contents/Developer/usr/bin/xcodebuild -IDEClonedSourcePackagesDirPathOverride=/Users/admin/builder/spi-builder-workspace/.dependencies -resolvePackageDependencies
resolved source packages:
2026-09-16 05:30:15.519 xcodebuild[530:3047] [MT] IDERunDestination: Supported platforms for the buildables in the current scheme is empty.
{
  "dependencies" : [
  ],
  "manifest_display_name" : "GaussKrueger",
  "name" : "GaussKrueger",
  "path" : "/Users/admin/builder/spi-builder-workspace",
  "platforms" : [
  ],
  "products" : [
    {
      "name" : "GaussKrueger",
      "targets" : [
        "GaussKrueger"
      ],
      "type" : {
        "library" : [
          "automatic"
        ]
      }
    }
  ],
  "targets" : [
    {
      "c99name" : "GaussKruegerTests",
      "module_type" : "SwiftTarget",
      "name" : "GaussKruegerTests",
      "path" : "Tests/GaussKruegerTests",
      "sources" : [
        "gausskruegerTests.swift"
      ],
      "target_dependencies" : [
        "GaussKrueger"
      ],
      "type" : "test"
    },
    {
      "c99name" : "GaussKrueger",
      "module_type" : "SwiftTarget",
      "name" : "GaussKrueger",
      "path" : "Sources",
      "product_memberships" : [
        "GaussKrueger"
      ],
      "sources" : [
        "gausskrueger.swift"
      ],
      "type" : "library"
    }
  ],
  "tools_version" : "4.0"
}
warning: 'spi-builder-workspace': the target name GaussKruegerTests has different case on the filesystem and the Package.swift manifest file
{
  "project" : {
    "configurations" : [
      "Debug",
      "Release"
    ],
    "name" : "gausskrueger",
    "schemes" : [
      "gausskrueger-iOS",
      "gausskrueger-macOS",
      "GaussKrueger-Package",
      "gausskrueger-tvOS",
      "gausskrueger-watchOS",
      "GaussKruegerPackageDescription",
      "GaussKruegerPackageTests"
    ],
    "targets" : [
      "GaussKruegerPackageDescription",
      "GaussKruegerTests",
      "GaussKrueger",
      "GaussKruegerPackageTests"
    ]
  }
}
2026-09-16 05:30:57.473 xcodebuild[620:3867] [MT] IDERunDestination: Supported platforms for the buildables in the current scheme is empty.
Running build ...
env DEVELOPER_DIR=/Applications/Xcode-27.0.0-Release.Candidate.app xcrun xcodebuild -IDEClonedSourcePackagesDirPathOverride=$PWD/.dependencies -skipMacroValidation -skipPackagePluginValidation -derivedDataPath $PWD/.derivedData build -scheme GaussKrueger-Package -destination platform=macOS,arch=arm64
Command line invocation:
    /Applications/Xcode-27.0.0-Release.Candidate.app/Contents/Developer/usr/bin/xcodebuild -IDEClonedSourcePackagesDirPathOverride=/Users/admin/builder/spi-builder-workspace/.dependencies -skipMacroValidation -skipPackagePluginValidation -derivedDataPath /Users/admin/builder/spi-builder-workspace/.derivedData build -scheme GaussKrueger-Package -destination platform=macOS,arch=arm64
ComputePackagePrebuildTargetDependencyGraph
Prepare packages
CreateBuildRequest
SendProjectDescription
CreateBuildOperation
ComputeTargetDependencyGraph
note: Building targets in dependency order
note: Target dependency graph (1 target)
    Target 'GaussKrueger' in project 'gausskrueger' (no dependencies)
GatherProvisioningInputs
CreateBuildDescription
ExecuteExternalTool /Applications/Xcode-27.0.0-Release.Candidate.app/Contents/Developer/Toolchains/XcodeDefault.xctoolchain/usr/bin/clang -v -E -dM -isysroot /Applications/Xcode-27.0.0-Release.Candidate.app/Contents/Developer/Platforms/MacOSX.platform/Developer/SDKs/MacOSX27.0.sdk -x c -c /dev/null
ExecuteExternalTool /Applications/Xcode-27.0.0-Release.Candidate.app/Contents/Developer/Toolchains/XcodeDefault.xctoolchain/usr/bin/swiftc --version
ExecuteExternalTool /Applications/Xcode-27.0.0-Release.Candidate.app/Contents/Developer/Toolchains/XcodeDefault.xctoolchain/usr/bin/ld -version_details
Build description signature: 59f3847af4f13bb437f46115144cab4a
Build description path: /Users/admin/builder/spi-builder-workspace/.derivedData/Build/Intermediates.noindex/XCBuildData/59f3847af4f13bb437f46115144cab4a.xcbuilddata
/Users/admin/builder/spi-builder-workspace/gausskrueger.xcodeproj: error: The macOS deployment target 'MACOSX_DEPLOYMENT_TARGET' is set to 10.10, but the range of supported deployment target versions is 12.0 to 27.0.x. (in target 'GaussKrueger' from project 'gausskrueger')
2026-09-16 05:30:58.468 xcodebuild[621:3919] [MT] IDERunDestination: Supported platforms for the buildables in the current scheme is empty.
2026-09-16 05:30:58.596 xcodebuild[621:3919] [MT] IDERunDestination: Supported platforms for the buildables in the current scheme is empty.
** BUILD FAILED **
The following build commands failed:
	Building project gausskrueger with scheme GaussKrueger-Package
(1 failure)
Command line invocation:
    /Applications/Xcode-27.0.0-Release.Candidate.app/Contents/Developer/usr/bin/xcodebuild -IDEClonedSourcePackagesDirPathOverride=/Users/admin/builder/spi-builder-workspace/.dependencies -resolvePackageDependencies
resolved source packages:
2026-09-16 05:31:00.700 xcodebuild[648:4132] [MT] IDERunDestination: Supported platforms for the buildables in the current scheme is empty.
{
  "dependencies" : [
  ],
  "manifest_display_name" : "GaussKrueger",
  "name" : "GaussKrueger",
  "path" : "/Users/admin/builder/spi-builder-workspace",
  "platforms" : [
  ],
  "products" : [
    {
      "name" : "GaussKrueger",
      "targets" : [
        "GaussKrueger"
      ],
      "type" : {
        "library" : [
          "automatic"
        ]
      }
    }
  ],
  "targets" : [
    {
      "c99name" : "GaussKruegerTests",
      "module_type" : "SwiftTarget",
      "name" : "GaussKruegerTests",
      "path" : "Tests/GaussKruegerTests",
      "sources" : [
        "gausskruegerTests.swift"
      ],
      "target_dependencies" : [
        "GaussKrueger"
      ],
      "type" : "test"
    },
    {
      "c99name" : "GaussKrueger",
      "module_type" : "SwiftTarget",
      "name" : "GaussKrueger",
      "path" : "Sources",
      "product_memberships" : [
        "GaussKrueger"
      ],
      "sources" : [
        "gausskrueger.swift"
      ],
      "type" : "library"
    }
  ],
  "tools_version" : "4.0"
}
warning: 'spi-builder-workspace': the target name GaussKruegerTests has different case on the filesystem and the Package.swift manifest file
{
  "project" : {
    "configurations" : [
      "Debug",
      "Release"
    ],
    "name" : "gausskrueger",
    "schemes" : [
      "gausskrueger-iOS",
      "gausskrueger-macOS",
      "GaussKrueger-Package",
      "gausskrueger-tvOS",
      "gausskrueger-watchOS",
      "GaussKruegerPackageDescription",
      "GaussKruegerPackageTests"
    ],
    "targets" : [
      "GaussKruegerPackageDescription",
      "GaussKruegerTests",
      "GaussKrueger",
      "GaussKruegerPackageTests"
    ]
  }
}
2026-09-16 05:31:01.861 xcodebuild[656:4189] [MT] IDERunDestination: Supported platforms for the buildables in the current scheme is empty.
Running build ...
env DEVELOPER_DIR=/Applications/Xcode-27.0.0-Release.Candidate.app xcrun xcodebuild -IDEClonedSourcePackagesDirPathOverride=$PWD/.dependencies -skipMacroValidation -skipPackagePluginValidation -derivedDataPath $PWD/.derivedData build -scheme GaussKrueger-Package -destination platform=macOS,arch=arm64
Command line invocation:
    /Applications/Xcode-27.0.0-Release.Candidate.app/Contents/Developer/usr/bin/xcodebuild -IDEClonedSourcePackagesDirPathOverride=/Users/admin/builder/spi-builder-workspace/.dependencies -skipMacroValidation -skipPackagePluginValidation -derivedDataPath /Users/admin/builder/spi-builder-workspace/.derivedData build -scheme GaussKrueger-Package -destination platform=macOS,arch=arm64
ComputePackagePrebuildTargetDependencyGraph
Prepare packages
CreateBuildRequest
SendProjectDescription
CreateBuildOperation
ComputeTargetDependencyGraph
note: Building targets in dependency order
note: Target dependency graph (1 target)
    Target 'GaussKrueger' in project 'gausskrueger' (no dependencies)
GatherProvisioningInputs
CreateBuildDescription
/Users/admin/builder/spi-builder-workspace/gausskrueger.xcodeproj: error: The macOS deployment target 'MACOSX_DEPLOYMENT_TARGET' is set to 10.10, but the range of supported deployment target versions is 12.0 to 27.0.x. (in target 'GaussKrueger' from project 'gausskrueger')
2026-09-16 05:31:02.706 xcodebuild[657:4213] [MT] IDERunDestination: Supported platforms for the buildables in the current scheme is empty.
2026-09-16 05:31:02.823 xcodebuild[657:4213] [MT] IDERunDestination: Supported platforms for the buildables in the current scheme is empty.
** BUILD FAILED **
The following build commands failed:
	Building project gausskrueger with scheme GaussKrueger-Package
(1 failure)
BUILD FAILURE 6.4 macosXcodebuild