Build Information
Failed to build KeychainKit, reference 26.5.26 (21c2f0), with Swift 6.3 for Linux on 24 Jun 2026 22:08:06 UTC.
Build Command
bash -c docker run --pull=always --rm -v "checkouts-53886768-0":/host -w "$PWD" -e JAVA_HOME="/root/.sdkman/candidates/java/current" -e SPI_BUILD="1" -e SPI_PROCESSING="1" registry.gitlab.com/swiftpackageindex/spi-images:basic-6.3-latest swift build --triple x86_64-unknown-linux-gnu 2>&1Build Log
========================================
RunAll
========================================
Builder version: 4071e0796c748d991a0123890d2f0ecadc8fcc8c
Interrupt handler set up.
========================================
Checkout
========================================
Clone URL: https://github.com/markbattistella/KeychainKit.git
Reference: 26.5.26
Initialized empty Git repository in /host/spi-builder-workspace/.git/
hint: Using 'master' as the name for the initial branch. This default branch name
hint: is subject to change. To configure the initial branch name to use in all
hint: of your new repositories, which will suppress this warning, call:
hint:
hint: git config --global init.defaultBranch <name>
hint:
hint: Names commonly chosen instead of 'master' are 'main', 'trunk' and
hint: 'development'. The just-created branch can be renamed via this command:
hint:
hint: git branch -m <name>
From https://github.com/markbattistella/KeychainKit
* tag 26.5.26 -> FETCH_HEAD
HEAD is now at 21c2f0a 2026-05-26
Cloned https://github.com/markbattistella/KeychainKit.git
Revision (git rev-parse @):
21c2f0a82df236156ee4cb85cc763378491b37e6
SPI manifest file found: $PWD/.spi.yml
SUCCESS checkout https://github.com/markbattistella/KeychainKit.git at 26.5.26
========================================
Build
========================================
Selected platform: linux
Swift version: 6.3
Building package at path: $PWD
https://github.com/markbattistella/KeychainKit.git
Running build ...
bash -c docker run --pull=always --rm -v "checkouts-53886768-0":/host -w "$PWD" -e JAVA_HOME="/root/.sdkman/candidates/java/current" -e SPI_BUILD="1" -e SPI_PROCESSING="1" registry.gitlab.com/swiftpackageindex/spi-images:basic-6.3-latest swift build --triple x86_64-unknown-linux-gnu 2>&1
basic-6.3-latest: Pulling from swiftpackageindex/spi-images
Digest: sha256:b51ca78cca69bdb7bac6de0087100152780ea26ceb84ad1b05e1a88cce39888e
Status: Image is up to date for registry.gitlab.com/swiftpackageindex/spi-images:basic-6.3-latest
Building for debugging...
[0/2] Write sources
[1/2] Write swift-version-24593BA9C3E375BF.txt
[3/9] Compiling KeychainKit KeychainKeyRepresentable.swift
/host/spi-builder-workspace/Sources/KeychainKit/Keychain.swift:8:8: error: no such module 'Security'
6 |
7 | import Foundation
8 | import Security
| `- error: no such module 'Security'
9 |
10 | /// A utility class for interacting with the system Keychain.
[4/9] Compiling KeychainKit KeychainError.swift
/host/spi-builder-workspace/Sources/KeychainKit/Keychain.swift:8:8: error: no such module 'Security'
6 |
7 | import Foundation
8 | import Security
| `- error: no such module 'Security'
9 |
10 | /// A utility class for interacting with the system Keychain.
[5/9] Compiling KeychainKit KeychainSync.swift
/host/spi-builder-workspace/Sources/KeychainKit/Keychain.swift:8:8: error: no such module 'Security'
6 |
7 | import Foundation
8 | import Security
| `- error: no such module 'Security'
9 |
10 | /// A utility class for interacting with the system Keychain.
error: emit-module command failed with exit code 1 (use -v to see invocation)
[6/9] Emitting module KeychainKit
/host/spi-builder-workspace/Sources/KeychainKit/Keychain.swift:8:8: error: no such module 'Security'
6 |
7 | import Foundation
8 | import Security
| `- error: no such module 'Security'
9 |
10 | /// A utility class for interacting with the system Keychain.
[7/9] Compiling KeychainKit Keychain.swift
/host/spi-builder-workspace/Sources/KeychainKit/Keychain.swift:8:8: error: no such module 'Security'
6 |
7 | import Foundation
8 | import Security
| `- error: no such module 'Security'
9 |
10 | /// A utility class for interacting with the system Keychain.
[8/9] Compiling KeychainKit KeychainAccessible.swift
/host/spi-builder-workspace/Sources/KeychainKit/Keychain.swift:8:8: error: no such module 'Security'
6 |
7 | import Foundation
8 | import Security
| `- error: no such module 'Security'
9 |
10 | /// A utility class for interacting with the system Keychain.
[9/9] Compiling KeychainKit KeychainDefaults.swift
/host/spi-builder-workspace/Sources/KeychainKit/Keychain.swift:8:8: error: no such module 'Security'
6 |
7 | import Foundation
8 | import Security
| `- error: no such module 'Security'
9 |
10 | /// A utility class for interacting with the system Keychain.
BUILD FAILURE 6.3 linux