Build Information
Failed to build AtProtocol, reference main (ec224f), with Swift 6.4 for watchOS using Xcode 27.0 on 19 Sep 2026 20:39:28 UTC.
Build Command
env DEVELOPER_DIR=/Applications/Xcode-27.0.0-Release.Candidate.app xcrun xcodebuild -IDEClonedSourcePackagesDirPathOverride=$PWD/.dependencies -skipMacroValidation -skipPackagePluginValidation -derivedDataPath $PWD/.derivedData build -scheme AtProtocol -destination generic/platform=watchOSBuild Log
========================================
RunAll
========================================
Builder version: 5.1.0
Interrupt handler set up.
========================================
Checkout
========================================
Clone URL: https://github.com/SparrowTek/AtProtocol.git
Reference: main
Initialized empty Git repository in /Users/admin/builder/spi-builder-workspace/.git/
From https://github.com/SparrowTek/AtProtocol
* branch main -> FETCH_HEAD
* [new branch] main -> origin/main
HEAD is now at ec224fa make index property string
Cloned https://github.com/SparrowTek/AtProtocol.git
Revision (git rev-parse @):
ec224fa336ad5e24221338a521d119c2ed07fc5d
SPI manifest file found: $PWD/.spi.yml
SUCCESS checkout https://github.com/SparrowTek/AtProtocol.git at main
========================================
Build
========================================
Selected platform: watchOS
Swift version: 6.4
Building package at path: $PWD
https://github.com/SparrowTek/AtProtocol.git
Command line invocation:
/Applications/Xcode-27.0.0-Release.Candidate.app/Contents/Developer/usr/bin/xcodebuild -IDEClonedSourcePackagesDirPathOverride=/Users/admin/builder/spi-builder-workspace/.dependencies -resolvePackageDependencies
Resolve Package Graph
Resolve Package Graph
Resolved source packages:
AtProtocol: /Users/admin/builder/spi-builder-workspace
resolved source packages: AtProtocol
2026-09-19 16:38:44.960 xcodebuild[529:3012] [MT] IDERunDestination: Supported platforms for the buildables in the current scheme is empty.
{
"dependencies" : [
],
"manifest_display_name" : "AtProtocol",
"name" : "AtProtocol",
"path" : "/Users/admin/builder/spi-builder-workspace",
"platforms" : [
{
"name" : "ios",
"version" : "17.0"
},
{
"name" : "macos",
"version" : "14.0"
},
{
"name" : "maccatalyst",
"version" : "17.0"
}
],
"products" : [
{
"name" : "AtProtocol",
"targets" : [
"AtProtocol"
],
"type" : {
"library" : [
"automatic"
]
}
}
],
"targets" : [
{
"c99name" : "AtProtocolTests",
"module_type" : "SwiftTarget",
"name" : "AtProtocolTests",
"path" : "Tests/AtProtocolTests",
"sources" : [
"AtProtocolTests.swift"
],
"target_dependencies" : [
"AtProtocol"
],
"type" : "test"
},
{
"c99name" : "AtProtocol",
"module_type" : "SwiftTarget",
"name" : "AtProtocol",
"path" : "Sources/AtProtocol",
"product_memberships" : [
"AtProtocol"
],
"sources" : [
"APActor.swift",
"APCodable.swift",
"APEnvironment.swift",
"AtProtocol.swift",
"Models/AtError.swift",
"Models/Creator.swift",
"Models/Feed.swift",
"Models/LoginObject.swift",
"Models/Preferences.swift",
"Models/Profile.swift",
"Models/Session.swift",
"Models/Timeline.swift",
"Models/Viewer.swift",
"Networking.swift",
"Networking/Encoding/JSONParameterEncoder.swift",
"Networking/Encoding/ParameterEncoding.swift",
"Networking/Encoding/URLParameterEncoder.swift",
"Networking/Extensions/CharacterSet.swift",
"Networking/Extensions/Encodable.swift",
"Networking/Service/EndpointType.swift",
"Networking/Service/HTTPMethod.swift",
"Networking/Service/HTTPTask.swift",
"Networking/Service/NetworkRouter.swift",
"Networking/Service/NetworkingProtocol.swift",
"Networking/Service/StatusCode.swift",
"Services/AtProto.swift",
"Services/AtProtoAPI.swift",
"Services/Bsky.swift",
"Services/BskyAPI.swift"
],
"type" : "library"
}
],
"tools_version" : "6.0"
}
{
"workspace" : {
"name" : "AtProtocol",
"schemes" : [
"AtProtocol"
]
}
}
2026-09-19 16:39:17.085 xcodebuild[626:3836] [MT] IDERunDestination: Supported platforms for the buildables in the current scheme is empty.
Running build ...
env DEVELOPER_DIR=/Applications/Xcode-27.0.0-Release.Candidate.app xcrun xcodebuild -IDEClonedSourcePackagesDirPathOverride=$PWD/.dependencies -skipMacroValidation -skipPackagePluginValidation -derivedDataPath $PWD/.derivedData build -scheme AtProtocol -destination generic/platform=watchOS
Command line invocation:
/Applications/Xcode-27.0.0-Release.Candidate.app/Contents/Developer/usr/bin/xcodebuild -IDEClonedSourcePackagesDirPathOverride=/Users/admin/builder/spi-builder-workspace/.dependencies -skipMacroValidation -skipPackagePluginValidation -derivedDataPath /Users/admin/builder/spi-builder-workspace/.derivedData build -scheme AtProtocol -destination generic/platform=watchOS
Resolve Package Graph
Resolved source packages:
AtProtocol: /Users/admin/builder/spi-builder-workspace
ComputePackagePrebuildTargetDependencyGraph
Prepare packages
CreateBuildRequest
SendProjectDescription
CreateBuildOperation
ComputeTargetDependencyGraph
note: Building targets in dependency order
note: Target dependency graph (2 targets)
Target 'AtProtocol-product' in project 'AtProtocol'
➜ Explicit dependency on target 'AtProtocol' in project 'AtProtocol'
Target 'AtProtocol' in project 'AtProtocol' (no dependencies)
GatherProvisioningInputs
CreateBuildDescription
ExecuteExternalTool /Applications/Xcode-27.0.0-Release.Candidate.app/Contents/Developer/Toolchains/XcodeDefault.xctoolchain/usr/bin/clang -v -E -dM -isysroot /Applications/Xcode-27.0.0-Release.Candidate.app/Contents/Developer/Platforms/WatchOS.platform/Developer/SDKs/WatchOS27.0.sdk -x c -c /dev/null
ExecuteExternalTool /Applications/Xcode-27.0.0-Release.Candidate.app/Contents/Developer/Toolchains/XcodeDefault.xctoolchain/usr/bin/swiftc --version
ExecuteExternalTool /Applications/Xcode-27.0.0-Release.Candidate.app/Contents/Developer/Toolchains/XcodeDefault.xctoolchain/usr/bin/ld -version_details
Build description signature: d63ae92dff195b4de5afc5e024b33d42
Build description path: /Users/admin/builder/spi-builder-workspace/.derivedData/Build/Intermediates.noindex/XCBuildData/d63ae92dff195b4de5afc5e024b33d42.xcbuilddata
CreateBuildDirectory /Users/admin/builder/spi-builder-workspace/.derivedData/SDKExplicitPrecompiledModules
cd /Users/admin/builder/spi-builder-workspace/.swiftpm/xcode
builtin-create-build-directory /Users/admin/builder/spi-builder-workspace/.derivedData/SDKExplicitPrecompiledModules
CreateBuildDirectory /Users/admin/builder/spi-builder-workspace/.derivedData/CompilationCache.noindex
cd /Users/admin/builder/spi-builder-workspace/.swiftpm/xcode
builtin-create-build-directory /Users/admin/builder/spi-builder-workspace/.derivedData/CompilationCache.noindex
CreateBuildDirectory /Users/admin/builder/spi-builder-workspace/.derivedData/ModuleCache.noindex
cd /Users/admin/builder/spi-builder-workspace/.swiftpm/xcode
builtin-create-build-directory /Users/admin/builder/spi-builder-workspace/.derivedData/ModuleCache.noindex
CreateBuildDirectory /Users/admin/builder/spi-builder-workspace/.derivedData/Build/Intermediates.noindex
cd /Users/admin/builder/spi-builder-workspace/.swiftpm/xcode
builtin-create-build-directory /Users/admin/builder/spi-builder-workspace/.derivedData/Build/Intermediates.noindex
CreateBuildDirectory /Users/admin/builder/spi-builder-workspace/.derivedData/Build/Products
cd /Users/admin/builder/spi-builder-workspace/.swiftpm/xcode
builtin-create-build-directory /Users/admin/builder/spi-builder-workspace/.derivedData/Build/Products
ClangStatCache /Applications/Xcode-27.0.0-Release.Candidate.app/Contents/Developer/Toolchains/XcodeDefault.xctoolchain/usr/bin/clang-stat-cache /Applications/Xcode-27.0.0-Release.Candidate.app/Contents/Developer/Platforms/WatchOS.platform/Developer/SDKs/WatchOS27.0.sdk /Users/admin/builder/spi-builder-workspace/.derivedData/SDKStatCaches.noindex/watchos27.0-24R360-e829b21a6f8c9b70876ba0858053c04477534ef55a1706bf4c1112bbb242f0a2.sdkstatcache
cd /Users/admin/builder/spi-builder-workspace/.swiftpm/xcode
/Applications/Xcode-27.0.0-Release.Candidate.app/Contents/Developer/Toolchains/XcodeDefault.xctoolchain/usr/bin/clang-stat-cache /Applications/Xcode-27.0.0-Release.Candidate.app/Contents/Developer/Platforms/WatchOS.platform/Developer/SDKs/WatchOS27.0.sdk -o /Users/admin/builder/spi-builder-workspace/.derivedData/SDKStatCaches.noindex/watchos27.0-24R360-e829b21a6f8c9b70876ba0858053c04477534ef55a1706bf4c1112bbb242f0a2.sdkstatcache
CreateBuildDirectory /Users/admin/builder/spi-builder-workspace/.derivedData/Build/Intermediates.noindex/SwiftExplicitPrecompiledModules
cd /Users/admin/builder/spi-builder-workspace/.swiftpm/xcode
builtin-create-build-directory /Users/admin/builder/spi-builder-workspace/.derivedData/Build/Intermediates.noindex/SwiftExplicitPrecompiledModules
CreateBuildDirectory /Users/admin/builder/spi-builder-workspace/.derivedData/Build/Products/Debug-watchos
cd /Users/admin/builder/spi-builder-workspace/.swiftpm/xcode
builtin-create-build-directory /Users/admin/builder/spi-builder-workspace/.derivedData/Build/Products/Debug-watchos
CreateBuildDirectory /Users/admin/builder/spi-builder-workspace/.derivedData/Build/Intermediates.noindex/ExplicitPrecompiledModules
cd /Users/admin/builder/spi-builder-workspace/.swiftpm/xcode
builtin-create-build-directory /Users/admin/builder/spi-builder-workspace/.derivedData/Build/Intermediates.noindex/ExplicitPrecompiledModules
CreateBuildDirectory /Users/admin/builder/spi-builder-workspace/.derivedData/Build/Intermediates.noindex/PrecompiledHeaders
cd /Users/admin/builder/spi-builder-workspace/.swiftpm/xcode
builtin-create-build-directory /Users/admin/builder/spi-builder-workspace/.derivedData/Build/Intermediates.noindex/PrecompiledHeaders
CreateBuildDirectory /Users/admin/builder/spi-builder-workspace/.derivedData/Build/Intermediates.noindex/EagerLinkingTBDs/Debug-watchos
cd /Users/admin/builder/spi-builder-workspace/.swiftpm/xcode
builtin-create-build-directory /Users/admin/builder/spi-builder-workspace/.derivedData/Build/Intermediates.noindex/EagerLinkingTBDs/Debug-watchos
CreateBuildDirectory /Users/admin/builder/spi-builder-workspace/.derivedData/Build/Products/Debug-watchos/PackageFrameworks
cd /Users/admin/builder/spi-builder-workspace/.swiftpm/xcode
builtin-create-build-directory /Users/admin/builder/spi-builder-workspace/.derivedData/Build/Products/Debug-watchos/PackageFrameworks
WriteAuxiliaryFile /Users/admin/builder/spi-builder-workspace/.derivedData/Build/Intermediates.noindex/AtProtocol.build/Debug-watchos/AtProtocol-t.build/Objects-normal/arm64_32/AtProtocol.SwiftFileList (in target 'AtProtocol' from project 'AtProtocol')
cd /Users/admin/builder/spi-builder-workspace
write-file /Users/admin/builder/spi-builder-workspace/.derivedData/Build/Intermediates.noindex/AtProtocol.build/Debug-watchos/AtProtocol-t.build/Objects-normal/arm64_32/AtProtocol.SwiftFileList
WriteAuxiliaryFile /Users/admin/builder/spi-builder-workspace/.derivedData/Build/Intermediates.noindex/AtProtocol.build/Debug-watchos/AtProtocol-t.build/Objects-normal/arm64/AtProtocol.LinkFileList (in target 'AtProtocol' from project 'AtProtocol')
cd /Users/admin/builder/spi-builder-workspace
write-file /Users/admin/builder/spi-builder-workspace/.derivedData/Build/Intermediates.noindex/AtProtocol.build/Debug-watchos/AtProtocol-t.build/Objects-normal/arm64/AtProtocol.LinkFileList
WriteAuxiliaryFile /Users/admin/builder/spi-builder-workspace/.derivedData/Build/Intermediates.noindex/AtProtocol.build/Debug-watchos/AtProtocol-t.build/Objects-normal/arm64/AtProtocol.SwiftFileList (in target 'AtProtocol' from project 'AtProtocol')
cd /Users/admin/builder/spi-builder-workspace
write-file /Users/admin/builder/spi-builder-workspace/.derivedData/Build/Intermediates.noindex/AtProtocol.build/Debug-watchos/AtProtocol-t.build/Objects-normal/arm64/AtProtocol.SwiftFileList
WriteAuxiliaryFile /Users/admin/builder/spi-builder-workspace/.derivedData/Build/Intermediates.noindex/AtProtocol.build/Debug-watchos/AtProtocol-t.build/Objects-normal/arm64_32/AtProtocol-OutputFileMap.json (in target 'AtProtocol' from project 'AtProtocol')
cd /Users/admin/builder/spi-builder-workspace
write-file /Users/admin/builder/spi-builder-workspace/.derivedData/Build/Intermediates.noindex/AtProtocol.build/Debug-watchos/AtProtocol-t.build/Objects-normal/arm64_32/AtProtocol-OutputFileMap.json
WriteAuxiliaryFile /Users/admin/builder/spi-builder-workspace/.derivedData/Build/Intermediates.noindex/AtProtocol.build/Debug-watchos/AtProtocol-t.build/Objects-normal/arm64_32/AtProtocol.LinkFileList (in target 'AtProtocol' from project 'AtProtocol')
cd /Users/admin/builder/spi-builder-workspace
write-file /Users/admin/builder/spi-builder-workspace/.derivedData/Build/Intermediates.noindex/AtProtocol.build/Debug-watchos/AtProtocol-t.build/Objects-normal/arm64_32/AtProtocol.LinkFileList
WriteAuxiliaryFile /Users/admin/builder/spi-builder-workspace/.derivedData/Build/Intermediates.noindex/AtProtocol.build/Debug-watchos/AtProtocol-t.build/Objects-normal/arm64/AtProtocol_const_extract_protocols.json (in target 'AtProtocol' from project 'AtProtocol')
cd /Users/admin/builder/spi-builder-workspace
write-file /Users/admin/builder/spi-builder-workspace/.derivedData/Build/Intermediates.noindex/AtProtocol.build/Debug-watchos/AtProtocol-t.build/Objects-normal/arm64/AtProtocol_const_extract_protocols.json
WriteAuxiliaryFile /Users/admin/builder/spi-builder-workspace/.derivedData/Build/Intermediates.noindex/AtProtocol.build/Debug-watchos/AtProtocol-t.build/Objects-normal/arm64_32/AtProtocol.SwiftConstValuesFileList (in target 'AtProtocol' from project 'AtProtocol')
cd /Users/admin/builder/spi-builder-workspace
write-file /Users/admin/builder/spi-builder-workspace/.derivedData/Build/Intermediates.noindex/AtProtocol.build/Debug-watchos/AtProtocol-t.build/Objects-normal/arm64_32/AtProtocol.SwiftConstValuesFileList
WriteAuxiliaryFile /Users/admin/builder/spi-builder-workspace/.derivedData/Build/Intermediates.noindex/AtProtocol.build/Debug-watchos/AtProtocol-t.build/Objects-normal/arm64_32/AtProtocol_const_extract_protocols.json (in target 'AtProtocol' from project 'AtProtocol')
cd /Users/admin/builder/spi-builder-workspace
write-file /Users/admin/builder/spi-builder-workspace/.derivedData/Build/Intermediates.noindex/AtProtocol.build/Debug-watchos/AtProtocol-t.build/Objects-normal/arm64_32/AtProtocol_const_extract_protocols.json
WriteAuxiliaryFile /Users/admin/builder/spi-builder-workspace/.derivedData/Build/Intermediates.noindex/AtProtocol.build/Debug-watchos/AtProtocol-t.build/Objects-normal/arm64/AtProtocol.SwiftConstValuesFileList (in target 'AtProtocol' from project 'AtProtocol')
cd /Users/admin/builder/spi-builder-workspace
write-file /Users/admin/builder/spi-builder-workspace/.derivedData/Build/Intermediates.noindex/AtProtocol.build/Debug-watchos/AtProtocol-t.build/Objects-normal/arm64/AtProtocol.SwiftConstValuesFileList
WriteAuxiliaryFile /Users/admin/builder/spi-builder-workspace/.derivedData/Build/Intermediates.noindex/AtProtocol.build/Debug-watchos/AtProtocol-t.build/AtProtocol.modulemap (in target 'AtProtocol' from project 'AtProtocol')
cd /Users/admin/builder/spi-builder-workspace
write-file /Users/admin/builder/spi-builder-workspace/.derivedData/Build/Intermediates.noindex/AtProtocol.build/Debug-watchos/AtProtocol-t.build/AtProtocol.modulemap
WriteAuxiliaryFile /Users/admin/builder/spi-builder-workspace/.derivedData/Build/Intermediates.noindex/AtProtocol.build/Debug-watchos/AtProtocol-t.build/Objects-normal/arm64/AtProtocol-OutputFileMap.json (in target 'AtProtocol' from project 'AtProtocol')
cd /Users/admin/builder/spi-builder-workspace
write-file /Users/admin/builder/spi-builder-workspace/.derivedData/Build/Intermediates.noindex/AtProtocol.build/Debug-watchos/AtProtocol-t.build/Objects-normal/arm64/AtProtocol-OutputFileMap.json
WriteAuxiliaryFile /Users/admin/builder/spi-builder-workspace/.derivedData/Build/Intermediates.noindex/AtProtocol.build/Debug-watchos/AtProtocol-t.build/AtProtocol.DependencyStaticMetadataFileList (in target 'AtProtocol' from project 'AtProtocol')
cd /Users/admin/builder/spi-builder-workspace
write-file /Users/admin/builder/spi-builder-workspace/.derivedData/Build/Intermediates.noindex/AtProtocol.build/Debug-watchos/AtProtocol-t.build/AtProtocol.DependencyStaticMetadataFileList
WriteAuxiliaryFile /Users/admin/builder/spi-builder-workspace/.derivedData/Build/Intermediates.noindex/AtProtocol.build/Debug-watchos/AtProtocol-t.build/AtProtocol.DependencyMetadataFileList (in target 'AtProtocol' from project 'AtProtocol')
cd /Users/admin/builder/spi-builder-workspace
write-file /Users/admin/builder/spi-builder-workspace/.derivedData/Build/Intermediates.noindex/AtProtocol.build/Debug-watchos/AtProtocol-t.build/AtProtocol.DependencyMetadataFileList
Copy /Users/admin/builder/spi-builder-workspace/.derivedData/Build/Intermediates.noindex/GeneratedModuleMaps-watchos/AtProtocol.modulemap /Users/admin/builder/spi-builder-workspace/.derivedData/Build/Intermediates.noindex/AtProtocol.build/Debug-watchos/AtProtocol-t.build/AtProtocol.modulemap (in target 'AtProtocol' from project 'AtProtocol')
cd /Users/admin/builder/spi-builder-workspace
builtin-copy -exclude .DS_Store -exclude CVS -exclude .svn -exclude .git -exclude .hg -resolve-src-symlinks /Users/admin/builder/spi-builder-workspace/.derivedData/Build/Intermediates.noindex/AtProtocol.build/Debug-watchos/AtProtocol-t.build/AtProtocol.modulemap /Users/admin/builder/spi-builder-workspace/.derivedData/Build/Intermediates.noindex/GeneratedModuleMaps-watchos
SwiftDriver AtProtocol normal arm64 com.apple.xcode.tools.swift.compiler (in target 'AtProtocol' from project 'AtProtocol')
cd /Users/admin/builder/spi-builder-workspace/.swiftpm/xcode
builtin-SwiftDriver -- /Applications/Xcode-27.0.0-Release.Candidate.app/Contents/Developer/Toolchains/XcodeDefault.xctoolchain/usr/bin/swiftc -parse-as-library -module-name AtProtocol -Onone @/Users/admin/builder/spi-builder-workspace/.derivedData/Build/Intermediates.noindex/AtProtocol.build/Debug-watchos/AtProtocol-t.build/Objects-normal/arm64/AtProtocol.SwiftFileList -DSWIFT_PACKAGE -DDEBUG -DSWIFT_MODULE_RESOURCE_BUNDLE_UNAVAILABLE -DXcode -enable-experimental-feature StrictConcurrency -plugin-path /Applications/Xcode-27.0.0-Release.Candidate.app/Contents/Developer/Toolchains/XcodeDefault.xctoolchain/usr/lib/swift/host/plugins/testing -enable-experimental-feature DebugDescriptionMacro -sdk /Applications/Xcode-27.0.0-Release.Candidate.app/Contents/Developer/Platforms/WatchOS.platform/Developer/SDKs/WatchOS27.0.sdk -target arm64-apple-watchos10.0 -g -module-cache-path /Users/admin/builder/spi-builder-workspace/.derivedData/ModuleCache.noindex -Xfrontend -serialize-debugging-options -profile-coverage-mapping -profile-generate -enable-testing -index-store-path /Users/admin/builder/spi-builder-workspace/.derivedData/Index.noindex/DataStore -Xcc -D_LIBCPP_HARDENING_MODE\=_LIBCPP_HARDENING_MODE_DEBUG -swift-version 6 -I /Users/admin/builder/spi-builder-workspace/.derivedData/Build/Products/Debug-watchos -Isystem /Applications/Xcode-27.0.0-Release.Candidate.app/Contents/Developer/Platforms/WatchOS.platform/Developer/usr/lib -F /Users/admin/builder/spi-builder-workspace/.derivedData/Build/Products/Debug-watchos -F /Applications/Xcode-27.0.0-Release.Candidate.app/Contents/Developer/Platforms/WatchOS.platform/Developer/Library/Frameworks -F /Applications/Xcode-27.0.0-Release.Candidate.app/Contents/Developer/Platforms/WatchOS.platform/Developer/SDKs/WatchOS27.0.sdk/Developer/Library/Frameworks -c -j10 -enable-batch-mode -incremental -Xcc -ivfsstatcache -Xcc /Users/admin/builder/spi-builder-workspace/.derivedData/SDKStatCaches.noindex/watchos27.0-24R360-e829b21a6f8c9b70876ba0858053c04477534ef55a1706bf4c1112bbb242f0a2.sdkstatcache -output-file-map /Users/admin/builder/spi-builder-workspace/.derivedData/Build/Intermediates.noindex/AtProtocol.build/Debug-watchos/AtProtocol-t.build/Objects-normal/arm64/AtProtocol-OutputFileMap.json -save-temps -no-color-diagnostics -explicit-module-build -module-cache-path /Users/admin/builder/spi-builder-workspace/.derivedData/Build/Intermediates.noindex/SwiftExplicitPrecompiledModules -clang-scanner-module-cache-path /Users/admin/builder/spi-builder-workspace/.derivedData/ModuleCache.noindex -sdk-module-cache-path /Users/admin/builder/spi-builder-workspace/.derivedData/SDKExplicitPrecompiledModules -emit-dependencies -emit-module -emit-module-path /Users/admin/builder/spi-builder-workspace/.derivedData/Build/Intermediates.noindex/AtProtocol.build/Debug-watchos/AtProtocol-t.build/Objects-normal/arm64/AtProtocol.swiftmodule -serialize-diagnostics -dependency-scan-serialize-diagnostics-path /Users/admin/builder/spi-builder-workspace/.derivedData/Build/Intermediates.noindex/AtProtocol.build/Debug-watchos/AtProtocol-t.build/Objects-normal/arm64/AtProtocol-dependency-scan.dia -validate-clang-modules-once -clang-build-session-file /Users/admin/builder/spi-builder-workspace/.derivedData/ModuleCache.noindex/Session.modulevalidation -Xcc -fmodules-prune-interval\=86400 -Xcc -fmodules-prune-after\=345600 -package-name spi_builder_workspace -emit-const-values -const-gather-protocols-list /Users/admin/builder/spi-builder-workspace/.derivedData/Build/Intermediates.noindex/AtProtocol.build/Debug-watchos/AtProtocol-t.build/Objects-normal/arm64/AtProtocol_const_extract_protocols.json -Xcc -I/Users/admin/builder/spi-builder-workspace/.derivedData/Build/Products/Debug-watchos/include -Xcc -I/Users/admin/builder/spi-builder-workspace/.derivedData/Build/Intermediates.noindex/AtProtocol.build/Debug-watchos/AtProtocol-t.build/DerivedSources-normal/arm64 -Xcc -I/Users/admin/builder/spi-builder-workspace/.derivedData/Build/Intermediates.noindex/AtProtocol.build/Debug-watchos/AtProtocol-t.build/DerivedSources/arm64 -Xcc -I/Users/admin/builder/spi-builder-workspace/.derivedData/Build/Intermediates.noindex/AtProtocol.build/Debug-watchos/AtProtocol-t.build/DerivedSources -Xcc -DSWIFT_PACKAGE -Xcc -DDEBUG\=1 -emit-objc-header -emit-objc-header-path /Users/admin/builder/spi-builder-workspace/.derivedData/Build/Intermediates.noindex/AtProtocol.build/Debug-watchos/AtProtocol-t.build/Objects-normal/arm64/AtProtocol-Swift.h -working-directory /Users/admin/builder/spi-builder-workspace/.swiftpm/xcode -experimental-emit-module-separately -disable-cmo
/Users/admin/builder/spi-builder-workspace/Sources/AtProtocol/Models/AtError.swift:7:14: warning: Should error be type string or AtErrorType? (in target 'AtProtocol' from project 'AtProtocol')
SwiftDriver AtProtocol normal arm64_32 com.apple.xcode.tools.swift.compiler (in target 'AtProtocol' from project 'AtProtocol')
cd /Users/admin/builder/spi-builder-workspace/.swiftpm/xcode
builtin-SwiftDriver -- /Applications/Xcode-27.0.0-Release.Candidate.app/Contents/Developer/Toolchains/XcodeDefault.xctoolchain/usr/bin/swiftc -parse-as-library -module-name AtProtocol -Onone @/Users/admin/builder/spi-builder-workspace/.derivedData/Build/Intermediates.noindex/AtProtocol.build/Debug-watchos/AtProtocol-t.build/Objects-normal/arm64_32/AtProtocol.SwiftFileList -DSWIFT_PACKAGE -DDEBUG -DSWIFT_MODULE_RESOURCE_BUNDLE_UNAVAILABLE -DXcode -enable-experimental-feature StrictConcurrency -plugin-path /Applications/Xcode-27.0.0-Release.Candidate.app/Contents/Developer/Toolchains/XcodeDefault.xctoolchain/usr/lib/swift/host/plugins/testing -enable-experimental-feature DebugDescriptionMacro -sdk /Applications/Xcode-27.0.0-Release.Candidate.app/Contents/Developer/Platforms/WatchOS.platform/Developer/SDKs/WatchOS27.0.sdk -target arm64_32-apple-watchos10.0 -g -module-cache-path /Users/admin/builder/spi-builder-workspace/.derivedData/ModuleCache.noindex -Xfrontend -serialize-debugging-options -profile-coverage-mapping -profile-generate -enable-testing -index-store-path /Users/admin/builder/spi-builder-workspace/.derivedData/Index.noindex/DataStore -Xcc -D_LIBCPP_HARDENING_MODE\=_LIBCPP_HARDENING_MODE_DEBUG -swift-version 6 -I /Users/admin/builder/spi-builder-workspace/.derivedData/Build/Products/Debug-watchos -Isystem /Applications/Xcode-27.0.0-Release.Candidate.app/Contents/Developer/Platforms/WatchOS.platform/Developer/usr/lib -F /Users/admin/builder/spi-builder-workspace/.derivedData/Build/Products/Debug-watchos -F /Applications/Xcode-27.0.0-Release.Candidate.app/Contents/Developer/Platforms/WatchOS.platform/Developer/Library/Frameworks -F /Applications/Xcode-27.0.0-Release.Candidate.app/Contents/Developer/Platforms/WatchOS.platform/Developer/SDKs/WatchOS27.0.sdk/Developer/Library/Frameworks -c -j10 -enable-batch-mode -incremental -Xcc -ivfsstatcache -Xcc /Users/admin/builder/spi-builder-workspace/.derivedData/SDKStatCaches.noindex/watchos27.0-24R360-e829b21a6f8c9b70876ba0858053c04477534ef55a1706bf4c1112bbb242f0a2.sdkstatcache -output-file-map /Users/admin/builder/spi-builder-workspace/.derivedData/Build/Intermediates.noindex/AtProtocol.build/Debug-watchos/AtProtocol-t.build/Objects-normal/arm64_32/AtProtocol-OutputFileMap.json -save-temps -no-color-diagnostics -explicit-module-build -module-cache-path /Users/admin/builder/spi-builder-workspace/.derivedData/Build/Intermediates.noindex/SwiftExplicitPrecompiledModules -clang-scanner-module-cache-path /Users/admin/builder/spi-builder-workspace/.derivedData/ModuleCache.noindex -sdk-module-cache-path /Users/admin/builder/spi-builder-workspace/.derivedData/SDKExplicitPrecompiledModules -emit-dependencies -emit-module -emit-module-path /Users/admin/builder/spi-builder-workspace/.derivedData/Build/Intermediates.noindex/AtProtocol.build/Debug-watchos/AtProtocol-t.build/Objects-normal/arm64_32/AtProtocol.swiftmodule -serialize-diagnostics -dependency-scan-serialize-diagnostics-path /Users/admin/builder/spi-builder-workspace/.derivedData/Build/Intermediates.noindex/AtProtocol.build/Debug-watchos/AtProtocol-t.build/Objects-normal/arm64_32/AtProtocol-dependency-scan.dia -validate-clang-modules-once -clang-build-session-file /Users/admin/builder/spi-builder-workspace/.derivedData/ModuleCache.noindex/Session.modulevalidation -Xcc -fmodules-prune-interval\=86400 -Xcc -fmodules-prune-after\=345600 -package-name spi_builder_workspace -emit-const-values -const-gather-protocols-list /Users/admin/builder/spi-builder-workspace/.derivedData/Build/Intermediates.noindex/AtProtocol.build/Debug-watchos/AtProtocol-t.build/Objects-normal/arm64_32/AtProtocol_const_extract_protocols.json -Xcc -I/Users/admin/builder/spi-builder-workspace/.derivedData/Build/Products/Debug-watchos/include -Xcc -I/Users/admin/builder/spi-builder-workspace/.derivedData/Build/Intermediates.noindex/AtProtocol.build/Debug-watchos/AtProtocol-t.build/DerivedSources-normal/arm64_32 -Xcc -I/Users/admin/builder/spi-builder-workspace/.derivedData/Build/Intermediates.noindex/AtProtocol.build/Debug-watchos/AtProtocol-t.build/DerivedSources/arm64_32 -Xcc -I/Users/admin/builder/spi-builder-workspace/.derivedData/Build/Intermediates.noindex/AtProtocol.build/Debug-watchos/AtProtocol-t.build/DerivedSources -Xcc -DSWIFT_PACKAGE -Xcc -DDEBUG\=1 -emit-objc-header -emit-objc-header-path /Users/admin/builder/spi-builder-workspace/.derivedData/Build/Intermediates.noindex/AtProtocol.build/Debug-watchos/AtProtocol-t.build/Objects-normal/arm64_32/AtProtocol-Swift.h -working-directory /Users/admin/builder/spi-builder-workspace/.swiftpm/xcode -experimental-emit-module-separately -disable-cmo
/Users/admin/builder/spi-builder-workspace/Sources/AtProtocol/Models/AtError.swift:7:14: warning: Should error be type string or AtErrorType? (in target 'AtProtocol' from project 'AtProtocol')
SwiftExplicitDependencyGeneratePcm arm64 /Users/admin/builder/spi-builder-workspace/.derivedData/SDKExplicitPrecompiledModules/_AvailabilityInternal-42EVAC8Q6P1ZT6G3A168N97G4.pcm
SwiftExplicitDependencyGeneratePcm arm64 /Users/admin/builder/spi-builder-workspace/.derivedData/SDKExplicitPrecompiledModules/_Builtin_stdbool-B692L2PMR118794VVYBG37897.pcm
SwiftExplicitDependencyGeneratePcm arm64 /Users/admin/builder/spi-builder-workspace/.derivedData/SDKExplicitPrecompiledModules/_SwiftConcurrencyShims-CTPSFSTDCBVSSQFHL6I305U72.pcm
SwiftExplicitDependencyGeneratePcm arm64 /Users/admin/builder/spi-builder-workspace/.derivedData/SDKExplicitPrecompiledModules/_Builtin_stdarg-3X4KLXUYEI0UGBILP4X7D0CYW.pcm
SwiftExplicitDependencyGeneratePcm arm64 /Users/admin/builder/spi-builder-workspace/.derivedData/SDKExplicitPrecompiledModules/_Builtin_stddef-5OH846KKUPSJJT7GCX9XU1TKG.pcm
SwiftExplicitDependencyGeneratePcm arm64 /Users/admin/builder/spi-builder-workspace/.derivedData/SDKExplicitPrecompiledModules/ptrcheck-8K07997SIHO7YGY7UQ3LOQ3TJ.pcm
SwiftExplicitDependencyGeneratePcm arm64 /Users/admin/builder/spi-builder-workspace/.derivedData/SDKExplicitPrecompiledModules/_Builtin_float-E4M4A8689VXF1T7P7BV56IKBT.pcm
SwiftExplicitDependencyGeneratePcm arm64 /Users/admin/builder/spi-builder-workspace/.derivedData/SDKExplicitPrecompiledModules/ptrauth-C7VQASAJ967Q4Q6SRD4I3CFWZ.pcm
SwiftExplicitDependencyGeneratePcm arm64 /Users/admin/builder/spi-builder-workspace/.derivedData/SDKExplicitPrecompiledModules/SwiftShims-AJ4AZYHQNC33R5RLN7AGEIOMP.pcm
SwiftExplicitDependencyGeneratePcm arm64_32 /Users/admin/builder/spi-builder-workspace/.derivedData/SDKExplicitPrecompiledModules/ptrauth-EW7YZZ7LEZE1QZF2T8148IPSA.pcm
SwiftExplicitDependencyGeneratePcm arm64_32 /Users/admin/builder/spi-builder-workspace/.derivedData/SDKExplicitPrecompiledModules/_SwiftConcurrencyShims-58G4ISYSYDV3AT1DDGEE0QCUF.pcm
SwiftExplicitDependencyGeneratePcm arm64_32 /Users/admin/builder/spi-builder-workspace/.derivedData/SDKExplicitPrecompiledModules/ptrcheck-EAZ3I917ZFA9H6ZCL6PGLG4TR.pcm
SwiftExplicitDependencyGeneratePcm arm64_32 /Users/admin/builder/spi-builder-workspace/.derivedData/SDKExplicitPrecompiledModules/_Builtin_stdarg-EYJP6DFYQL9GJLH1TJ84A8MHV.pcm
SwiftExplicitDependencyGeneratePcm arm64_32 /Users/admin/builder/spi-builder-workspace/.derivedData/SDKExplicitPrecompiledModules/_Builtin_stdbool-84ZA1VDW90AGWZ2LF5KOCM8DZ.pcm
SwiftExplicitDependencyGeneratePcm arm64_32 /Users/admin/builder/spi-builder-workspace/.derivedData/SDKExplicitPrecompiledModules/_Builtin_stddef-2F9BFIPBQ5EWNSK5G7G7V4EKL.pcm
SwiftExplicitDependencyGeneratePcm arm64_32 /Users/admin/builder/spi-builder-workspace/.derivedData/SDKExplicitPrecompiledModules/SwiftShims-D9VBB138U50XYYGW2C2V21N3L.pcm
SwiftExplicitDependencyGeneratePcm arm64_32 /Users/admin/builder/spi-builder-workspace/.derivedData/SDKExplicitPrecompiledModules/_AvailabilityInternal-22ZP1ILSQW16KHXZS5GBZHOCS.pcm
SwiftExplicitDependencyGeneratePcm arm64_32 /Users/admin/builder/spi-builder-workspace/.derivedData/SDKExplicitPrecompiledModules/_Builtin_float-372PLGDQ1U3B6Z5EA5DJMDORJ.pcm
SwiftExplicitDependencyGeneratePcm arm64 /Users/admin/builder/spi-builder-workspace/.derivedData/SDKExplicitPrecompiledModules/_DarwinFoundation1-7YQ9TVI7XTOGQU9OADRXP33D1.pcm
SwiftExplicitDependencyGeneratePcm arm64_32 /Users/admin/builder/spi-builder-workspace/.derivedData/SDKExplicitPrecompiledModules/_DarwinFoundation1-5SNIO0SFHX9KJZTLQGIPAPXUZ.pcm
SwiftExplicitDependencyGeneratePcm arm64 /Users/admin/builder/spi-builder-workspace/.derivedData/SDKExplicitPrecompiledModules/_DarwinFoundation2-CUPL4FH2SA95GMALQP4M6O8UA.pcm
SwiftExplicitDependencyGeneratePcm arm64 /Users/admin/builder/spi-builder-workspace/.derivedData/SDKExplicitPrecompiledModules/_Builtin_limits-75TRA1C7IHYOFCG3KJXQVTHJ4.pcm
SwiftExplicitDependencyGeneratePcm arm64_32 /Users/admin/builder/spi-builder-workspace/.derivedData/SDKExplicitPrecompiledModules/_DarwinFoundation2-FP2Q8F1Q2HR151SBYKTU6Q8B.pcm
SwiftExplicitDependencyGeneratePcm arm64_32 /Users/admin/builder/spi-builder-workspace/.derivedData/SDKExplicitPrecompiledModules/_Builtin_limits-AQMEC9CLG0FZQN6TLGDQ6WF78.pcm
SwiftExplicitDependencyGeneratePcm arm64 /Users/admin/builder/spi-builder-workspace/.derivedData/SDKExplicitPrecompiledModules/string_h-4N9Z22C0HUO8GV7GFPCLZRZA2.pcm
SwiftExplicitDependencyGeneratePcm arm64 /Users/admin/builder/spi-builder-workspace/.derivedData/SDKExplicitPrecompiledModules/_Builtin_stdint-6TUACK4YPMARFT56PLIO388SJ.pcm
SwiftExplicitDependencyGeneratePcm arm64 /Users/admin/builder/spi-builder-workspace/.derivedData/SDKExplicitPrecompiledModules/sys_types-9KPVYINL86WUSHF45TU8PWZZ1.pcm
SwiftExplicitDependencyGeneratePcm arm64 /Users/admin/builder/spi-builder-workspace/.derivedData/SDKExplicitPrecompiledModules/_DarwinFoundation3-EJXZKD8LN9EYM9OWP9VLJ49PK.pcm
SwiftExplicitDependencyGeneratePcm arm64_32 /Users/admin/builder/spi-builder-workspace/.derivedData/SDKExplicitPrecompiledModules/_Builtin_stdint-6IWJLTRH2WB6RCG4THPA65RDS.pcm
SwiftExplicitDependencyGeneratePcm arm64_32 /Users/admin/builder/spi-builder-workspace/.derivedData/SDKExplicitPrecompiledModules/sys_types-65NN51P1G7GN2GUAUPC53JJ7N.pcm
SwiftExplicitDependencyGeneratePcm arm64_32 /Users/admin/builder/spi-builder-workspace/.derivedData/SDKExplicitPrecompiledModules/string_h-8QY7P4ZQXQAF14WVDITTM4R70.pcm
SwiftExplicitDependencyGeneratePcm arm64_32 /Users/admin/builder/spi-builder-workspace/.derivedData/SDKExplicitPrecompiledModules/_DarwinFoundation3-3YOBOPIW2MF1LRNQH7JBUBY4G.pcm
SwiftExplicitDependencyGeneratePcm arm64 /Users/admin/builder/spi-builder-workspace/.derivedData/SDKExplicitPrecompiledModules/_Builtin_inttypes-86YTNV5YADPJXFMJ82N3R4GWQ.pcm
SwiftExplicitDependencyGeneratePcm arm64 /Users/admin/builder/spi-builder-workspace/.derivedData/SDKExplicitPrecompiledModules/Darwin-CSB8C43KELVSFIQVR0803IZPN.pcm
SwiftExplicitDependencyGeneratePcm arm64_32 /Users/admin/builder/spi-builder-workspace/.derivedData/SDKExplicitPrecompiledModules/_Builtin_inttypes-BPZJ68HW1IMYWSHROAZ0IMUJP.pcm
SwiftExplicitDependencyGeneratePcm arm64_32 /Users/admin/builder/spi-builder-workspace/.derivedData/SDKExplicitPrecompiledModules/Darwin-10D35ZJWCWG7LJAF579U7I5V7.pcm
SwiftExplicitDependencyGeneratePcm arm64 /Users/admin/builder/spi-builder-workspace/.derivedData/SDKExplicitPrecompiledModules/ObjectiveC-22CZPC4WYQC9G8T393WT2KKLW.pcm
SwiftExplicitDependencyGeneratePcm arm64_32 /Users/admin/builder/spi-builder-workspace/.derivedData/SDKExplicitPrecompiledModules/ObjectiveC-71AGZNHLBMR2QK817EJNUN54E.pcm
SwiftExplicitDependencyGeneratePcm arm64 /Users/admin/builder/spi-builder-workspace/.derivedData/SDKExplicitPrecompiledModules/os_object-6KYGGZ4DPVZ3BBAZ6QICZN8LI.pcm
SwiftExplicitDependencyGeneratePcm arm64 /Users/admin/builder/spi-builder-workspace/.derivedData/SDKExplicitPrecompiledModules/os_workgroup-AHE7ULDQBKER38CYPIKDTZF4M.pcm
SwiftExplicitDependencyGeneratePcm arm64_32 /Users/admin/builder/spi-builder-workspace/.derivedData/SDKExplicitPrecompiledModules/os_object-CTXVQBCWDOH6JHUXIFDUOWFRL.pcm
SwiftExplicitDependencyGeneratePcm arm64 /Users/admin/builder/spi-builder-workspace/.derivedData/SDKExplicitPrecompiledModules/Dispatch-39VR0G01IUJ09PQKMFGOHXZ4L.pcm
SwiftExplicitDependencyGeneratePcm arm64_32 /Users/admin/builder/spi-builder-workspace/.derivedData/SDKExplicitPrecompiledModules/os_workgroup-9L9R05BT5LTFRZ2NM68BZTVV2.pcm
SwiftExplicitDependencyGeneratePcm arm64_32 /Users/admin/builder/spi-builder-workspace/.derivedData/SDKExplicitPrecompiledModules/Dispatch-CGIMI9KQKHNRQHR2IECIPRG14.pcm
SwiftExplicitDependencyGeneratePcm arm64 /Users/admin/builder/spi-builder-workspace/.derivedData/SDKExplicitPrecompiledModules/XPC-650JAZBTM6I0OMHYO6CKM0CWJ.pcm
SwiftExplicitDependencyGeneratePcm arm64 /Users/admin/builder/spi-builder-workspace/.derivedData/SDKExplicitPrecompiledModules/CoreFoundation-59XKO8YNRGGYNC5U5LK8B4EM.pcm
SwiftExplicitDependencyGeneratePcm arm64_32 /Users/admin/builder/spi-builder-workspace/.derivedData/SDKExplicitPrecompiledModules/XPC-7SLKI45KYLKXH9QET2WYS3UZ4.pcm
SwiftExplicitDependencyGeneratePcm arm64_32 /Users/admin/builder/spi-builder-workspace/.derivedData/SDKExplicitPrecompiledModules/CoreFoundation-76B9WJP9MDYT33HZQVSNNZQZD.pcm
SwiftExplicitDependencyGeneratePcm arm64 /Users/admin/builder/spi-builder-workspace/.derivedData/SDKExplicitPrecompiledModules/Security-69WNGEAVQP55EDBQHP3BLE8QU.pcm
SwiftExplicitDependencyGeneratePcm arm64_32 /Users/admin/builder/spi-builder-workspace/.derivedData/SDKExplicitPrecompiledModules/Security-1W411BS4UH2UNMNII2341429S.pcm
SwiftExplicitDependencyGeneratePcm arm64 /Users/admin/builder/spi-builder-workspace/.derivedData/SDKExplicitPrecompiledModules/Foundation-B3IXODHI7VO4VRX2RWRXLVJZT.pcm
SwiftExplicitDependencyGeneratePcm arm64_32 /Users/admin/builder/spi-builder-workspace/.derivedData/SDKExplicitPrecompiledModules/Foundation-AIQ30TCDC2B0LBUU6FPQZ0HWI.pcm
SwiftCompile normal arm64 Compiling\ Encodable.swift,\ EndpointType.swift,\ HTTPMethod.swift /Users/admin/builder/spi-builder-workspace/Sources/AtProtocol/Networking/Extensions/Encodable.swift /Users/admin/builder/spi-builder-workspace/Sources/AtProtocol/Networking/Service/EndpointType.swift /Users/admin/builder/spi-builder-workspace/Sources/AtProtocol/Networking/Service/HTTPMethod.swift (in target 'AtProtocol' from project 'AtProtocol')
SwiftCompile normal arm64 /Users/admin/builder/spi-builder-workspace/Sources/AtProtocol/Networking/Extensions/Encodable.swift (in target 'AtProtocol' from project 'AtProtocol')
cd /Users/admin/builder/spi-builder-workspace/.swiftpm/xcode
builtin-SwiftPerFileCompile Encodable.swift
SwiftCompile normal arm64 /Users/admin/builder/spi-builder-workspace/Sources/AtProtocol/Networking/Service/EndpointType.swift (in target 'AtProtocol' from project 'AtProtocol')
cd /Users/admin/builder/spi-builder-workspace/.swiftpm/xcode
builtin-SwiftPerFileCompile EndpointType.swift
SwiftCompile normal arm64 /Users/admin/builder/spi-builder-workspace/Sources/AtProtocol/Networking/Service/HTTPMethod.swift (in target 'AtProtocol' from project 'AtProtocol')
cd /Users/admin/builder/spi-builder-workspace/.swiftpm/xcode
builtin-SwiftPerFileCompile HTTPMethod.swift
SwiftCompile normal arm64 Compiling\ HTTPTask.swift,\ NetworkRouter.swift,\ NetworkingProtocol.swift /Users/admin/builder/spi-builder-workspace/Sources/AtProtocol/Networking/Service/HTTPTask.swift /Users/admin/builder/spi-builder-workspace/Sources/AtProtocol/Networking/Service/NetworkRouter.swift /Users/admin/builder/spi-builder-workspace/Sources/AtProtocol/Networking/Service/NetworkingProtocol.swift (in target 'AtProtocol' from project 'AtProtocol')
SwiftCompile normal arm64 /Users/admin/builder/spi-builder-workspace/Sources/AtProtocol/Networking/Service/HTTPTask.swift (in target 'AtProtocol' from project 'AtProtocol')
cd /Users/admin/builder/spi-builder-workspace/.swiftpm/xcode
builtin-SwiftPerFileCompile HTTPTask.swift
SwiftCompile normal arm64 /Users/admin/builder/spi-builder-workspace/Sources/AtProtocol/Networking/Service/NetworkRouter.swift (in target 'AtProtocol' from project 'AtProtocol')
cd /Users/admin/builder/spi-builder-workspace/.swiftpm/xcode
builtin-SwiftPerFileCompile NetworkRouter.swift
SwiftCompile normal arm64 /Users/admin/builder/spi-builder-workspace/Sources/AtProtocol/Networking/Service/NetworkingProtocol.swift (in target 'AtProtocol' from project 'AtProtocol')
cd /Users/admin/builder/spi-builder-workspace/.swiftpm/xcode
builtin-SwiftPerFileCompile NetworkingProtocol.swift
/Users/admin/builder/spi-builder-workspace/Sources/AtProtocol/Models/AtError.swift:7:14: warning: Should error be type string or AtErrorType?
5 |
6 | public struct ErrorMessage: APCodable {
7 | #warning("Should error be type string or AtErrorType?")
| `- warning: Should error be type string or AtErrorType?
8 | public let error: String
9 | public let message: String?
SwiftCompile normal arm64 Compiling\ StatusCode.swift,\ AtProto.swift,\ AtProtoAPI.swift /Users/admin/builder/spi-builder-workspace/Sources/AtProtocol/Networking/Service/StatusCode.swift /Users/admin/builder/spi-builder-workspace/Sources/AtProtocol/Services/AtProto.swift /Users/admin/builder/spi-builder-workspace/Sources/AtProtocol/Services/AtProtoAPI.swift (in target 'AtProtocol' from project 'AtProtocol')
SwiftCompile normal arm64 /Users/admin/builder/spi-builder-workspace/Sources/AtProtocol/Networking/Service/StatusCode.swift (in target 'AtProtocol' from project 'AtProtocol')
cd /Users/admin/builder/spi-builder-workspace/.swiftpm/xcode
builtin-SwiftPerFileCompile StatusCode.swift
SwiftCompile normal arm64 /Users/admin/builder/spi-builder-workspace/Sources/AtProtocol/Services/AtProto.swift (in target 'AtProtocol' from project 'AtProtocol')
cd /Users/admin/builder/spi-builder-workspace/.swiftpm/xcode
builtin-SwiftPerFileCompile AtProto.swift
SwiftCompile normal arm64 /Users/admin/builder/spi-builder-workspace/Sources/AtProtocol/Services/AtProtoAPI.swift (in target 'AtProtocol' from project 'AtProtocol')
cd /Users/admin/builder/spi-builder-workspace/.swiftpm/xcode
builtin-SwiftPerFileCompile AtProtoAPI.swift
SwiftCompile normal arm64 Compiling\ Profile.swift,\ Session.swift,\ Timeline.swift /Users/admin/builder/spi-builder-workspace/Sources/AtProtocol/Models/Profile.swift /Users/admin/builder/spi-builder-workspace/Sources/AtProtocol/Models/Session.swift /Users/admin/builder/spi-builder-workspace/Sources/AtProtocol/Models/Timeline.swift (in target 'AtProtocol' from project 'AtProtocol')
SwiftCompile normal arm64 /Users/admin/builder/spi-builder-workspace/Sources/AtProtocol/Models/Profile.swift (in target 'AtProtocol' from project 'AtProtocol')
cd /Users/admin/builder/spi-builder-workspace/.swiftpm/xcode
builtin-SwiftPerFileCompile Profile.swift
SwiftCompile normal arm64 /Users/admin/builder/spi-builder-workspace/Sources/AtProtocol/Models/Session.swift (in target 'AtProtocol' from project 'AtProtocol')
cd /Users/admin/builder/spi-builder-workspace/.swiftpm/xcode
builtin-SwiftPerFileCompile Session.swift
SwiftCompile normal arm64 /Users/admin/builder/spi-builder-workspace/Sources/AtProtocol/Models/Timeline.swift (in target 'AtProtocol' from project 'AtProtocol')
cd /Users/admin/builder/spi-builder-workspace/.swiftpm/xcode
builtin-SwiftPerFileCompile Timeline.swift
SwiftCompile normal arm64 Compiling\ Viewer.swift,\ Networking.swift,\ JSONParameterEncoder.swift /Users/admin/builder/spi-builder-workspace/Sources/AtProtocol/Models/Viewer.swift /Users/admin/builder/spi-builder-workspace/Sources/AtProtocol/Networking.swift /Users/admin/builder/spi-builder-workspace/Sources/AtProtocol/Networking/Encoding/JSONParameterEncoder.swift (in target 'AtProtocol' from project 'AtProtocol')
/Users/admin/builder/spi-builder-workspace/Sources/AtProtocol/Models/AtError.swift:7:14: warning: Should error be type string or AtErrorType?
5 |
6 | public struct ErrorMessage: APCodable {
7 | #warning("Should error be type string or AtErrorType?")
| `- warning: Should error be type string or AtErrorType?
8 | public let error: String
9 | public let message: String?
/Users/admin/builder/spi-builder-workspace/Sources/AtProtocol/Networking.swift:53:29: error: sending value of non-Sendable type 'any ATProtocolDelegate' risks causing data races [#RegionIsolation::SendingRisksDataRace]
51 | APEnvironment.current.accessToken = newSession.accessJwt
52 | APEnvironment.current.refreshToken = newSession.refreshJwt
53 | await delegate?.sessionUpdated(newSession)
| |- error: sending value of non-Sendable type 'any ATProtocolDelegate' risks causing data races [#RegionIsolation::SendingRisksDataRace]
| `- note: sending global actor 'APActor'-isolated value of non-Sendable type 'any ATProtocolDelegate' to @concurrent instance method 'sessionUpdated' risks causing races in between global actor 'APActor'-isolated and @concurrent uses
54 |
55 | return true
[#RegionIsolation]: <https://docs.swift.org/compiler/documentation/diagnostics/region-isolation>
[#SendingRisksDataRace]: <https://docs.swift.org/compiler/documentation/diagnostics/sending-risks-data-race>
Failed frontend command:
/Applications/Xcode-27.0.0-Release.Candidate.app/Contents/Developer/Toolchains/XcodeDefault.xctoolchain/usr/bin/swift-frontend -frontend -c /Users/admin/builder/spi-builder-workspace/Sources/AtProtocol/APActor.swift /Users/admin/builder/spi-builder-workspace/Sources/AtProtocol/APCodable.swift /Users/admin/builder/spi-builder-workspace/Sources/AtProtocol/APEnvironment.swift /Users/admin/builder/spi-builder-workspace/Sources/AtProtocol/AtProtocol.swift /Users/admin/builder/spi-builder-workspace/Sources/AtProtocol/Models/AtError.swift /Users/admin/builder/spi-builder-workspace/Sources/AtProtocol/Models/Creator.swift /Users/admin/builder/spi-builder-workspace/Sources/AtProtocol/Models/Feed.swift /Users/admin/builder/spi-builder-workspace/Sources/AtProtocol/Models/LoginObject.swift /Users/admin/builder/spi-builder-workspace/Sources/AtProtocol/Models/Preferences.swift /Users/admin/builder/spi-builder-workspace/Sources/AtProtocol/Models/Profile.swift /Users/admin/builder/spi-builder-workspace/Sources/AtProtocol/Models/Session.swift /Users/admin/builder/spi-builder-workspace/Sources/AtProtocol/Models/Timeline.swift -primary-file /Users/admin/builder/spi-builder-workspace/Sources/AtProtocol/Models/Viewer.swift -primary-file /Users/admin/builder/spi-builder-workspace/Sources/AtProtocol/Networking.swift -primary-file /Users/admin/builder/spi-builder-workspace/Sources/AtProtocol/Networking/Encoding/JSONParameterEncoder.swift /Users/admin/builder/spi-builder-workspace/Sources/AtProtocol/Networking/Encoding/ParameterEncoding.swift /Users/admin/builder/spi-builder-workspace/Sources/AtProtocol/Networking/Encoding/URLParameterEncoder.swift /Users/admin/builder/spi-builder-workspace/Sources/AtProtocol/Networking/Extensions/CharacterSet.swift /Users/admin/builder/spi-builder-workspace/Sources/AtProtocol/Networking/Extensions/Encodable.swift /Users/admin/builder/spi-builder-workspace/Sources/AtProtocol/Networking/Service/EndpointType.swift /Users/admin/builder/spi-builder-workspace/Sources/AtProtocol/Networking/Service/HTTPMethod.swift /Users/admin/builder/spi-builder-workspace/Sources/AtProtocol/Networking/Service/HTTPTask.swift /Users/admin/builder/spi-builder-workspace/Sources/AtProtocol/Networking/Service/NetworkRouter.swift /Users/admin/builder/spi-builder-workspace/Sources/AtProtocol/Networking/Service/NetworkingProtocol.swift /Users/admin/builder/spi-builder-workspace/Sources/AtProtocol/Networking/Service/StatusCode.swift /Users/admin/builder/spi-builder-workspace/Sources/AtProtocol/Services/AtProto.swift /Users/admin/builder/spi-builder-workspace/Sources/AtProtocol/Services/AtProtoAPI.swift /Users/admin/builder/spi-builder-workspace/Sources/AtProtocol/Services/Bsky.swift /Users/admin/builder/spi-builder-workspace/Sources/AtProtocol/Services/BskyAPI.swift -supplementary-output-file-map /Users/admin/builder/spi-builder-workspace/.derivedData/Build/Intermediates.noindex/AtProtocol.build/Debug-watchos/AtProtocol-t.build/Objects-normal/arm64/supplementaryOutputs-10 -target arm64-apple-watchos10.0 -disable-cross-import-overlay-search -swift-module-cross-import SwiftData /Applications/Xcode-27.0.0-Release.Candidate.app/Contents/Developer/Platforms/WatchOS.platform/Developer/SDKs/WatchOS27.0.sdk/System/Library/Frameworks/SwiftData.framework/Modules/SwiftData.swiftcrossimport/CoreData.swiftoverlay -swift-module-cross-import SwiftData /Applications/Xcode-27.0.0-Release.Candidate.app/Contents/Developer/Platforms/WatchOS.platform/Developer/SDKs/WatchOS27.0.sdk/System/Library/Frameworks/SwiftData.framework/Modules/SwiftData.swiftcrossimport/SwiftUI.swiftoverlay -load-resolved-plugin /Applications/Xcode-27.0.0-Release.Candidate.app/Contents/Developer/Platforms/WatchOS.platform/Developer/usr/lib/swift/host/plugins/libFoundationMacros.dylib\#/Applications/Xcode-27.0.0-Release.Candidate.app/Contents/Developer/Platforms/WatchOS.platform/Developer/usr/bin/swift-plugin-server\#FoundationMacros -load-resolved-plugin /Applications/Xcode-27.0.0-Release.Candidate.app/Contents/Developer/Platforms/WatchOS.platform/Developer/usr/lib/swift/host/plugins/libObservationMacros.dylib\#/Applications/Xcode-27.0.0-Release.Candidate.app/Contents/Developer/Platforms/WatchOS.platform/Developer/usr/bin/swift-plugin-server\#ObservationMacros -load-resolved-plugin /Applications/Xcode-27.0.0-Release.Candidate.app/Contents/Developer/Platforms/WatchOS.platform/Developer/usr/lib/swift/host/plugins/libSwiftDataMacros.dylib\#/Applications/Xcode-27.0.0-Release.Candidate.app/Contents/Developer/Platforms/WatchOS.platform/Developer/usr/bin/swift-plugin-server\#SwiftDataMacros -load-resolved-plugin /Applications/Xcode-27.0.0-Release.Candidate.app/Contents/Developer/Platforms/WatchOS.platform/Developer/usr/lib/swift/host/plugins/libSwiftMacros.dylib\#/Applications/Xcode-27.0.0-Release.Candidate.app/Contents/Developer/Platforms/WatchOS.platform/Developer/usr/bin/swift-plugin-server\#SwiftMacros -disable-implicit-swift-modules -Xcc -fno-implicit-modules -Xcc -fno-implicit-module-maps -explicit-swift-module-map-file /Users/admin/builder/spi-builder-workspace/.derivedData/Build/Intermediates.noindex/AtProtocol.build/Debug-watchos/AtProtocol-t.build/Objects-normal/arm64/AtProtocol-dependencies-1.json -Xllvm -aarch64-use-tbi -enable-objc-interop -stack-check -sdk /Applications/Xcode-27.0.0-Release.Candidate.app/Contents/Developer/Platforms/WatchOS.platform/Developer/SDKs/WatchOS27.0.sdk -I /Users/admin/builder/spi-builder-workspace/.derivedData/Build/Products/Debug-watchos -Isystem /Applications/Xcode-27.0.0-Release.Candidate.app/Contents/Developer/Platforms/WatchOS.platform/Developer/usr/lib -F /Users/admin/builder/spi-builder-workspace/.derivedData/Build/Products/Debug-watchos -F /Applications/Xcode-27.0.0-Release.Candidate.app/Contents/Developer/Platforms/WatchOS.platform/Developer/Library/Frameworks -F /Applications/Xcode-27.0.0-Release.Candidate.app/Contents/Developer/Platforms/WatchOS.platform/Developer/SDKs/WatchOS27.0.sdk/Developer/Library/Frameworks -module-cache-path /Users/admin/builder/spi-builder-workspace/.derivedData/Build/Intermediates.noindex/SwiftExplicitPrecompiledModules -no-color-diagnostics -Xcc -fno-color-diagnostics -enable-testing -g -debug-info-format\=dwarf -dwarf-version\=4 -profile-generate -profile-coverage-mapping -swift-version 6 -Onone -D SWIFT_PACKAGE -D DEBUG -D SWIFT_MODULE_RESOURCE_BUNDLE_UNAVAILABLE -D Xcode -serialize-debugging-options -enable-experimental-feature StrictConcurrency -enable-experimental-feature DebugDescriptionMacro -empty-abi-descriptor -validate-clang-modules-once -clang-build-session-file /Users/admin/builder/spi-builder-workspace/.derivedData/ModuleCache.noindex/Session.modulevalidation -Xcc -working-directory -Xcc /Users/admin/builder/spi-builder-workspace/.swiftpm/xcode -enable-anonymous-context-mangled-names -file-compilation-dir /Users/admin/builder/spi-builder-workspace/.swiftpm/xcode -Xcc -D_LIBCPP_HARDENING_MODE\=_LIBCPP_HARDENING_MODE_DEBUG -Xcc -ivfsstatcache -Xcc /Users/admin/builder/spi-builder-workspace/.derivedData/SDKStatCaches.noindex/watchos27.0-24R360-e829b21a6f8c9b70876ba0858053c04477534ef55a1706bf4c1112bbb242f0a2.sdkstatcache -Xcc -fmodules-prune-interval\=86400 -Xcc -fmodules-prune-after\=345600 -Xcc -I/Users/admin/builder/spi-builder-workspace/.derivedData/Build/Products/Debug-watchos/include -Xcc -I/Users/admin/builder/spi-builder-workspace/.derivedData/Build/Intermediates.noindex/AtProtocol.build/Debug-watchos/AtProtocol-t.build/DerivedSources-normal/arm64 -Xcc -I/Users/admin/builder/spi-builder-workspace/.derivedData/Build/Intermediates.noindex/AtProtocol.build/Debug-watchos/AtProtocol-t.build/DerivedSources/arm64 -Xcc -I/Users/admin/builder/spi-builder-workspace/.derivedData/Build/Intermediates.noindex/AtProtocol.build/Debug-watchos/AtProtocol-t.build/DerivedSources -Xcc -DSWIFT_PACKAGE -Xcc -DDEBUG\=1 -no-auto-bridging-header-chaining -module-name AtProtocol -package-name spi_builder_workspace -const-gather-protocols-file /Users/admin/builder/spi-builder-workspace/.derivedData/Build/Intermediates.noindex/AtProtocol.build/Debug-watchos/AtProtocol-t.build/Objects-normal/arm64/AtProtocol_const_extract_protocols.json -disable-clang-spi -clang-target arm64-apple-watchos27.0 -target-sdk-version 27.0 -target-sdk-name watchos27.0 -in-process-plugin-server-path /Applications/Xcode-27.0.0-Release.Candidate.app/Contents/Developer/Toolchains/XcodeDefault.xctoolchain/usr/lib/swift/host/libSwiftInProcPluginServer.dylib -parse-as-library -o /Users/admin/builder/spi-builder-workspace/.derivedData/Build/Intermediates.noindex/AtProtocol.build/Debug-watchos/AtProtocol-t.build/Objects-normal/arm64/Viewer.o -o /Users/admin/builder/spi-builder-workspace/.derivedData/Build/Intermediates.noindex/AtProtocol.build/Debug-watchos/AtProtocol-t.build/Objects-normal/arm64/Networking.o -o /Users/admin/builder/spi-builder-workspace/.derivedData/Build/Intermediates.noindex/AtProtocol.build/Debug-watchos/AtProtocol-t.build/Objects-normal/arm64/JSONParameterEncoder.o -debug-module-path /Users/admin/builder/spi-builder-workspace/.derivedData/Build/Intermediates.noindex/AtProtocol.build/Debug-watchos/AtProtocol-t.build/Objects-normal/arm64/AtProtocol.swiftmodule -index-unit-output-path /AtProtocol.build/Debug-watchos/AtProtocol-t.build/Objects-normal/arm64/Viewer.o -index-unit-output-path /AtProtocol.build/Debug-watchos/AtProtocol-t.build/Objects-normal/arm64/Networking.o -index-unit-output-path /AtProtocol.build/Debug-watchos/AtProtocol-t.build/Objects-normal/arm64/JSONParameterEncoder.o -index-store-path /Users/admin/builder/spi-builder-workspace/.derivedData/Index.noindex/DataStore -index-system-modules
SwiftCompile normal arm64 /Users/admin/builder/spi-builder-workspace/Sources/AtProtocol/Models/Viewer.swift (in target 'AtProtocol' from project 'AtProtocol')
cd /Users/admin/builder/spi-builder-workspace/.swiftpm/xcode
builtin-SwiftPerFileCompile Viewer.swift
SwiftCompile normal arm64 /Users/admin/builder/spi-builder-workspace/Sources/AtProtocol/Networking.swift (in target 'AtProtocol' from project 'AtProtocol')
cd /Users/admin/builder/spi-builder-workspace/.swiftpm/xcode
builtin-SwiftPerFileCompile Networking.swift
SwiftCompile normal arm64 /Users/admin/builder/spi-builder-workspace/Sources/AtProtocol/Networking/Encoding/JSONParameterEncoder.swift (in target 'AtProtocol' from project 'AtProtocol')
cd /Users/admin/builder/spi-builder-workspace/.swiftpm/xcode
builtin-SwiftPerFileCompile JSONParameterEncoder.swift
SwiftEmitModule normal arm64 Emitting\ module\ for\ AtProtocol (in target 'AtProtocol' from project 'AtProtocol')
/Users/admin/builder/spi-builder-workspace/Sources/AtProtocol/Models/AtError.swift:7:14: warning: Should error be type string or AtErrorType?
5 |
6 | public struct ErrorMessage: APCodable {
7 | #warning("Should error be type string or AtErrorType?")
| `- warning: Should error be type string or AtErrorType?
8 | public let error: String
9 | public let message: String?
SwiftCompile normal arm64 (in target 'AtProtocol' from project 'AtProtocol')
cd /Users/admin/builder/spi-builder-workspace/.swiftpm/xcode
SwiftCompile normal arm64 Compiling\ APActor.swift,\ APCodable.swift,\ APEnvironment.swift /Users/admin/builder/spi-builder-workspace/Sources/AtProtocol/APActor.swift /Users/admin/builder/spi-builder-workspace/Sources/AtProtocol/APCodable.swift /Users/admin/builder/spi-builder-workspace/Sources/AtProtocol/APEnvironment.swift (in target 'AtProtocol' from project 'AtProtocol')
SwiftCompile normal arm64 /Users/admin/builder/spi-builder-workspace/Sources/AtProtocol/APActor.swift (in target 'AtProtocol' from project 'AtProtocol')
cd /Users/admin/builder/spi-builder-workspace/.swiftpm/xcode
builtin-SwiftPerFileCompile APActor.swift
SwiftCompile normal arm64 /Users/admin/builder/spi-builder-workspace/Sources/AtProtocol/APCodable.swift (in target 'AtProtocol' from project 'AtProtocol')
cd /Users/admin/builder/spi-builder-workspace/.swiftpm/xcode
builtin-SwiftPerFileCompile APCodable.swift
SwiftCompile normal arm64 /Users/admin/builder/spi-builder-workspace/Sources/AtProtocol/APEnvironment.swift (in target 'AtProtocol' from project 'AtProtocol')
cd /Users/admin/builder/spi-builder-workspace/.swiftpm/xcode
builtin-SwiftPerFileCompile APEnvironment.swift
SwiftCompile normal arm64 Compiling\ Feed.swift,\ LoginObject.swift,\ Preferences.swift /Users/admin/builder/spi-builder-workspace/Sources/AtProtocol/Models/Feed.swift /Users/admin/builder/spi-builder-workspace/Sources/AtProtocol/Models/LoginObject.swift /Users/admin/builder/spi-builder-workspace/Sources/AtProtocol/Models/Preferences.swift (in target 'AtProtocol' from project 'AtProtocol')
SwiftCompile normal arm64 /Users/admin/builder/spi-builder-workspace/Sources/AtProtocol/Models/Feed.swift (in target 'AtProtocol' from project 'AtProtocol')
cd /Users/admin/builder/spi-builder-workspace/.swiftpm/xcode
builtin-SwiftPerFileCompile Feed.swift
SwiftCompile normal arm64 /Users/admin/builder/spi-builder-workspace/Sources/AtProtocol/Models/LoginObject.swift (in target 'AtProtocol' from project 'AtProtocol')
cd /Users/admin/builder/spi-builder-workspace/.swiftpm/xcode
builtin-SwiftPerFileCompile LoginObject.swift
SwiftCompile normal arm64 /Users/admin/builder/spi-builder-workspace/Sources/AtProtocol/Models/Preferences.swift (in target 'AtProtocol' from project 'AtProtocol')
cd /Users/admin/builder/spi-builder-workspace/.swiftpm/xcode
builtin-SwiftPerFileCompile Preferences.swift
SwiftCompile normal arm64 Compiling\ ParameterEncoding.swift,\ URLParameterEncoder.swift,\ CharacterSet.swift /Users/admin/builder/spi-builder-workspace/Sources/AtProtocol/Networking/Encoding/ParameterEncoding.swift /Users/admin/builder/spi-builder-workspace/Sources/AtProtocol/Networking/Encoding/URLParameterEncoder.swift /Users/admin/builder/spi-builder-workspace/Sources/AtProtocol/Networking/Extensions/CharacterSet.swift (in target 'AtProtocol' from project 'AtProtocol')
SwiftCompile normal arm64 /Users/admin/builder/spi-builder-workspace/Sources/AtProtocol/Networking/Encoding/ParameterEncoding.swift (in target 'AtProtocol' from project 'AtProtocol')
cd /Users/admin/builder/spi-builder-workspace/.swiftpm/xcode
builtin-SwiftPerFileCompile ParameterEncoding.swift
SwiftCompile normal arm64 /Users/admin/builder/spi-builder-workspace/Sources/AtProtocol/Networking/Encoding/URLParameterEncoder.swift (in target 'AtProtocol' from project 'AtProtocol')
cd /Users/admin/builder/spi-builder-workspace/.swiftpm/xcode
builtin-SwiftPerFileCompile URLParameterEncoder.swift
SwiftCompile normal arm64 /Users/admin/builder/spi-builder-workspace/Sources/AtProtocol/Networking/Extensions/CharacterSet.swift (in target 'AtProtocol' from project 'AtProtocol')
cd /Users/admin/builder/spi-builder-workspace/.swiftpm/xcode
builtin-SwiftPerFileCompile CharacterSet.swift
SwiftCompile normal arm64 Compiling\ Bsky.swift,\ BskyAPI.swift /Users/admin/builder/spi-builder-workspace/Sources/AtProtocol/Services/Bsky.swift /Users/admin/builder/spi-builder-workspace/Sources/AtProtocol/Services/BskyAPI.swift (in target 'AtProtocol' from project 'AtProtocol')
/Users/admin/builder/spi-builder-workspace/Sources/AtProtocol/Services/BskyAPI.swift:40:17: warning: variable 'parameters' was never mutated; consider changing to 'let' constant [#VariableNeverMutated]
38 | switch self {
39 | case .getFeedGenerators(let feeds):
40 | var parameters: Parameters = [:]
| `- warning: variable 'parameters' was never mutated; consider changing to 'let' constant [#VariableNeverMutated]
41 | for feed in feeds {
42 |
/Users/admin/builder/spi-builder-workspace/Sources/AtProtocol/Services/BskyAPI.swift:41:17: warning: immutable value 'feed' was never used; consider replacing with '_' or removing it [#NoUsage]
39 | case .getFeedGenerators(let feeds):
40 | var parameters: Parameters = [:]
41 | for feed in feeds {
| `- warning: immutable value 'feed' was never used; consider replacing with '_' or removing it [#NoUsage]
42 |
43 | }
[#NoUsage]: <https://docs.swift.org/compiler/documentation/diagnostics/no-usage>
[#VariableNeverMutated]: <https://docs.swift.org/compiler/documentation/diagnostics/variable-never-mutated>
SwiftCompile normal arm64 /Users/admin/builder/spi-builder-workspace/Sources/AtProtocol/Services/Bsky.swift (in target 'AtProtocol' from project 'AtProtocol')
cd /Users/admin/builder/spi-builder-workspace/.swiftpm/xcode
builtin-SwiftPerFileCompile Bsky.swift
SwiftCompile normal arm64 /Users/admin/builder/spi-builder-workspace/Sources/AtProtocol/Services/BskyAPI.swift (in target 'AtProtocol' from project 'AtProtocol')
cd /Users/admin/builder/spi-builder-workspace/.swiftpm/xcode
builtin-SwiftPerFileCompile BskyAPI.swift
SwiftEmitModule normal arm64_32 Emitting\ module\ for\ AtProtocol (in target 'AtProtocol' from project 'AtProtocol')
/Users/admin/builder/spi-builder-workspace/Sources/AtProtocol/Models/AtError.swift:7:14: warning: Should error be type string or AtErrorType?
5 |
6 | public struct ErrorMessage: APCodable {
7 | #warning("Should error be type string or AtErrorType?")
| `- warning: Should error be type string or AtErrorType?
8 | public let error: String
9 | public let message: String?
SwiftCompile normal arm64_32 (in target 'AtProtocol' from project 'AtProtocol')
cd /Users/admin/builder/spi-builder-workspace/.swiftpm/xcode
SwiftDriverJobDiscovery normal arm64 Emitting module for AtProtocol (in target 'AtProtocol' from project 'AtProtocol')
SwiftDriver\ Compilation\ Requirements AtProtocol normal arm64 com.apple.xcode.tools.swift.compiler (in target 'AtProtocol' from project 'AtProtocol')
cd /Users/admin/builder/spi-builder-workspace/.swiftpm/xcode
builtin-Swift-Compilation-Requirements -- /Applications/Xcode-27.0.0-Release.Candidate.app/Contents/Developer/Toolchains/XcodeDefault.xctoolchain/usr/bin/swiftc -parse-as-library -module-name AtProtocol -Onone @/Users/admin/builder/spi-builder-workspace/.derivedData/Build/Intermediates.noindex/AtProtocol.build/Debug-watchos/AtProtocol-t.build/Objects-normal/arm64/AtProtocol.SwiftFileList -DSWIFT_PACKAGE -DDEBUG -DSWIFT_MODULE_RESOURCE_BUNDLE_UNAVAILABLE -DXcode -enable-experimental-feature StrictConcurrency -plugin-path /Applications/Xcode-27.0.0-Release.Candidate.app/Contents/Developer/Toolchains/XcodeDefault.xctoolchain/usr/lib/swift/host/plugins/testing -enable-experimental-feature DebugDescriptionMacro -sdk /Applications/Xcode-27.0.0-Release.Candidate.app/Contents/Developer/Platforms/WatchOS.platform/Developer/SDKs/WatchOS27.0.sdk -target arm64-apple-watchos10.0 -g -module-cache-path /Users/admin/builder/spi-builder-workspace/.derivedData/ModuleCache.noindex -Xfrontend -serialize-debugging-options -profile-coverage-mapping -profile-generate -enable-testing -index-store-path /Users/admin/builder/spi-builder-workspace/.derivedData/Index.noindex/DataStore -Xcc -D_LIBCPP_HARDENING_MODE\=_LIBCPP_HARDENING_MODE_DEBUG -swift-version 6 -I /Users/admin/builder/spi-builder-workspace/.derivedData/Build/Products/Debug-watchos -Isystem /Applications/Xcode-27.0.0-Release.Candidate.app/Contents/Developer/Platforms/WatchOS.platform/Developer/usr/lib -F /Users/admin/builder/spi-builder-workspace/.derivedData/Build/Products/Debug-watchos -F /Applications/Xcode-27.0.0-Release.Candidate.app/Contents/Developer/Platforms/WatchOS.platform/Developer/Library/Frameworks -F /Applications/Xcode-27.0.0-Release.Candidate.app/Contents/Developer/Platforms/WatchOS.platform/Developer/SDKs/WatchOS27.0.sdk/Developer/Library/Frameworks -c -j10 -enable-batch-mode -incremental -Xcc -ivfsstatcache -Xcc /Users/admin/builder/spi-builder-workspace/.derivedData/SDKStatCaches.noindex/watchos27.0-24R360-e829b21a6f8c9b70876ba0858053c04477534ef55a1706bf4c1112bbb242f0a2.sdkstatcache -output-file-map /Users/admin/builder/spi-builder-workspace/.derivedData/Build/Intermediates.noindex/AtProtocol.build/Debug-watchos/AtProtocol-t.build/Objects-normal/arm64/AtProtocol-OutputFileMap.json -save-temps -no-color-diagnostics -explicit-module-build -module-cache-path /Users/admin/builder/spi-builder-workspace/.derivedData/Build/Intermediates.noindex/SwiftExplicitPrecompiledModules -clang-scanner-module-cache-path /Users/admin/builder/spi-builder-workspace/.derivedData/ModuleCache.noindex -sdk-module-cache-path /Users/admin/builder/spi-builder-workspace/.derivedData/SDKExplicitPrecompiledModules -emit-dependencies -emit-module -emit-module-path /Users/admin/builder/spi-builder-workspace/.derivedData/Build/Intermediates.noindex/AtProtocol.build/Debug-watchos/AtProtocol-t.build/Objects-normal/arm64/AtProtocol.swiftmodule -serialize-diagnostics -dependency-scan-serialize-diagnostics-path /Users/admin/builder/spi-builder-workspace/.derivedData/Build/Intermediates.noindex/AtProtocol.build/Debug-watchos/AtProtocol-t.build/Objects-normal/arm64/AtProtocol-dependency-scan.dia -validate-clang-modules-once -clang-build-session-file /Users/admin/builder/spi-builder-workspace/.derivedData/ModuleCache.noindex/Session.modulevalidation -Xcc -fmodules-prune-interval\=86400 -Xcc -fmodules-prune-after\=345600 -package-name spi_builder_workspace -emit-const-values -const-gather-protocols-list /Users/admin/builder/spi-builder-workspace/.derivedData/Build/Intermediates.noindex/AtProtocol.build/Debug-watchos/AtProtocol-t.build/Objects-normal/arm64/AtProtocol_const_extract_protocols.json -Xcc -I/Users/admin/builder/spi-builder-workspace/.derivedData/Build/Products/Debug-watchos/include -Xcc -I/Users/admin/builder/spi-builder-workspace/.derivedData/Build/Intermediates.noindex/AtProtocol.build/Debug-watchos/AtProtocol-t.build/DerivedSources-normal/arm64 -Xcc -I/Users/admin/builder/spi-builder-workspace/.derivedData/Build/Intermediates.noindex/AtProtocol.build/Debug-watchos/AtProtocol-t.build/DerivedSources/arm64 -Xcc -I/Users/admin/builder/spi-builder-workspace/.derivedData/Build/Intermediates.noindex/AtProtocol.build/Debug-watchos/AtProtocol-t.build/DerivedSources -Xcc -DSWIFT_PACKAGE -Xcc -DDEBUG\=1 -emit-objc-header -emit-objc-header-path /Users/admin/builder/spi-builder-workspace/.derivedData/Build/Intermediates.noindex/AtProtocol.build/Debug-watchos/AtProtocol-t.build/Objects-normal/arm64/AtProtocol-Swift.h -working-directory /Users/admin/builder/spi-builder-workspace/.swiftpm/xcode -experimental-emit-module-separately -disable-cmo
SwiftDriverJobDiscovery normal arm64 Compiling APActor.swift, APCodable.swift, APEnvironment.swift (in target 'AtProtocol' from project 'AtProtocol')
SwiftCompile normal arm64_32 Compiling\ Feed.swift,\ LoginObject.swift,\ Preferences.swift /Users/admin/builder/spi-builder-workspace/Sources/AtProtocol/Models/Feed.swift /Users/admin/builder/spi-builder-workspace/Sources/AtProtocol/Models/LoginObject.swift /Users/admin/builder/spi-builder-workspace/Sources/AtProtocol/Models/Preferences.swift (in target 'AtProtocol' from project 'AtProtocol')
SwiftCompile normal arm64_32 /Users/admin/builder/spi-builder-workspace/Sources/AtProtocol/Models/Feed.swift (in target 'AtProtocol' from project 'AtProtocol')
cd /Users/admin/builder/spi-builder-workspace/.swiftpm/xcode
builtin-SwiftPerFileCompile Feed.swift
SwiftCompile normal arm64_32 /Users/admin/builder/spi-builder-workspace/Sources/AtProtocol/Models/LoginObject.swift (in target 'AtProtocol' from project 'AtProtocol')
cd /Users/admin/builder/spi-builder-workspace/.swiftpm/xcode
builtin-SwiftPerFileCompile LoginObject.swift
SwiftCompile normal arm64_32 /Users/admin/builder/spi-builder-workspace/Sources/AtProtocol/Models/Preferences.swift (in target 'AtProtocol' from project 'AtProtocol')
cd /Users/admin/builder/spi-builder-workspace/.swiftpm/xcode
builtin-SwiftPerFileCompile Preferences.swift
SwiftDriverJobDiscovery normal arm64_32 Emitting module for AtProtocol (in target 'AtProtocol' from project 'AtProtocol')
Copy /Users/admin/builder/spi-builder-workspace/.derivedData/Build/Products/Debug-watchos/AtProtocol.swiftmodule/arm64-apple-watchos.swiftmodule /Users/admin/builder/spi-builder-workspace/.derivedData/Build/Intermediates.noindex/AtProtocol.build/Debug-watchos/AtProtocol-t.build/Objects-normal/arm64/AtProtocol.swiftmodule (in target 'AtProtocol' from project 'AtProtocol')
cd /Users/admin/builder/spi-builder-workspace
builtin-copy -exclude .DS_Store -exclude CVS -exclude .svn -exclude .git -exclude .hg -resolve-src-symlinks -rename /Users/admin/builder/spi-builder-workspace/.derivedData/Build/Intermediates.noindex/AtProtocol.build/Debug-watchos/AtProtocol-t.build/Objects-normal/arm64/AtProtocol.swiftmodule /Users/admin/builder/spi-builder-workspace/.derivedData/Build/Products/Debug-watchos/AtProtocol.swiftmodule/arm64-apple-watchos.swiftmodule
SwiftDriver\ Compilation\ Requirements AtProtocol normal arm64_32 com.apple.xcode.tools.swift.compiler (in target 'AtProtocol' from project 'AtProtocol')
cd /Users/admin/builder/spi-builder-workspace/.swiftpm/xcode
builtin-Swift-Compilation-Requirements -- /Applications/Xcode-27.0.0-Release.Candidate.app/Contents/Developer/Toolchains/XcodeDefault.xctoolchain/usr/bin/swiftc -parse-as-library -module-name AtProtocol -Onone @/Users/admin/builder/spi-builder-workspace/.derivedData/Build/Intermediates.noindex/AtProtocol.build/Debug-watchos/AtProtocol-t.build/Objects-normal/arm64_32/AtProtocol.SwiftFileList -DSWIFT_PACKAGE -DDEBUG -DSWIFT_MODULE_RESOURCE_BUNDLE_UNAVAILABLE -DXcode -enable-experimental-feature StrictConcurrency -plugin-path /Applications/Xcode-27.0.0-Release.Candidate.app/Contents/Developer/Toolchains/XcodeDefault.xctoolchain/usr/lib/swift/host/plugins/testing -enable-experimental-feature DebugDescriptionMacro -sdk /Applications/Xcode-27.0.0-Release.Candidate.app/Contents/Developer/Platforms/WatchOS.platform/Developer/SDKs/WatchOS27.0.sdk -target arm64_32-apple-watchos10.0 -g -module-cache-path /Users/admin/builder/spi-builder-workspace/.derivedData/ModuleCache.noindex -Xfrontend -serialize-debugging-options -profile-coverage-mapping -profile-generate -enable-testing -index-store-path /Users/admin/builder/spi-builder-workspace/.derivedData/Index.noindex/DataStore -Xcc -D_LIBCPP_HARDENING_MODE\=_LIBCPP_HARDENING_MODE_DEBUG -swift-version 6 -I /Users/admin/builder/spi-builder-workspace/.derivedData/Build/Products/Debug-watchos -Isystem /Applications/Xcode-27.0.0-Release.Candidate.app/Contents/Developer/Platforms/WatchOS.platform/Developer/usr/lib -F /Users/admin/builder/spi-builder-workspace/.derivedData/Build/Products/Debug-watchos -F /Applications/Xcode-27.0.0-Release.Candidate.app/Contents/Developer/Platforms/WatchOS.platform/Developer/Library/Frameworks -F /Applications/Xcode-27.0.0-Release.Candidate.app/Contents/Developer/Platforms/WatchOS.platform/Developer/SDKs/WatchOS27.0.sdk/Developer/Library/Frameworks -c -j10 -enable-batch-mode -incremental -Xcc -ivfsstatcache -Xcc /Users/admin/builder/spi-builder-workspace/.derivedData/SDKStatCaches.noindex/watchos27.0-24R360-e829b21a6f8c9b70876ba0858053c04477534ef55a1706bf4c1112bbb242f0a2.sdkstatcache -output-file-map /Users/admin/builder/spi-builder-workspace/.derivedData/Build/Intermediates.noindex/AtProtocol.build/Debug-watchos/AtProtocol-t.build/Objects-normal/arm64_32/AtProtocol-OutputFileMap.json -save-temps -no-color-diagnostics -explicit-module-build -module-cache-path /Users/admin/builder/spi-builder-workspace/.derivedData/Build/Intermediates.noindex/SwiftExplicitPrecompiledModules -clang-scanner-module-cache-path /Users/admin/builder/spi-builder-workspace/.derivedData/ModuleCache.noindex -sdk-module-cache-path /Users/admin/builder/spi-builder-workspace/.derivedData/SDKExplicitPrecompiledModules -emit-dependencies -emit-module -emit-module-path /Users/admin/builder/spi-builder-workspace/.derivedData/Build/Intermediates.noindex/AtProtocol.build/Debug-watchos/AtProtocol-t.build/Objects-normal/arm64_32/AtProtocol.swiftmodule -serialize-diagnostics -dependency-scan-serialize-diagnostics-path /Users/admin/builder/spi-builder-workspace/.derivedData/Build/Intermediates.noindex/AtProtocol.build/Debug-watchos/AtProtocol-t.build/Objects-normal/arm64_32/AtProtocol-dependency-scan.dia -validate-clang-modules-once -clang-build-session-file /Users/admin/builder/spi-builder-workspace/.derivedData/ModuleCache.noindex/Session.modulevalidation -Xcc -fmodules-prune-interval\=86400 -Xcc -fmodules-prune-after\=345600 -package-name spi_builder_workspace -emit-const-values -const-gather-protocols-list /Users/admin/builder/spi-builder-workspace/.derivedData/Build/Intermediates.noindex/AtProtocol.build/Debug-watchos/AtProtocol-t.build/Objects-normal/arm64_32/AtProtocol_const_extract_protocols.json -Xcc -I/Users/admin/builder/spi-builder-workspace/.derivedData/Build/Products/Debug-watchos/include -Xcc -I/Users/admin/builder/spi-builder-workspace/.derivedData/Build/Intermediates.noindex/AtProtocol.build/Debug-watchos/AtProtocol-t.build/DerivedSources-normal/arm64_32 -Xcc -I/Users/admin/builder/spi-builder-workspace/.derivedData/Build/Intermediates.noindex/AtProtocol.build/Debug-watchos/AtProtocol-t.build/DerivedSources/arm64_32 -Xcc -I/Users/admin/builder/spi-builder-workspace/.derivedData/Build/Intermediates.noindex/AtProtocol.build/Debug-watchos/AtProtocol-t.build/DerivedSources -Xcc -DSWIFT_PACKAGE -Xcc -DDEBUG\=1 -emit-objc-header -emit-objc-header-path /Users/admin/builder/spi-builder-workspace/.derivedData/Build/Intermediates.noindex/AtProtocol.build/Debug-watchos/AtProtocol-t.build/Objects-normal/arm64_32/AtProtocol-Swift.h -working-directory /Users/admin/builder/spi-builder-workspace/.swiftpm/xcode -experimental-emit-module-separately -disable-cmo
Copy /Users/admin/builder/spi-builder-workspace/.derivedData/Build/Products/Debug-watchos/AtProtocol.swiftmodule/arm64-apple-watchos.swiftdoc /Users/admin/builder/spi-builder-workspace/.derivedData/Build/Intermediates.noindex/AtProtocol.build/Debug-watchos/AtProtocol-t.build/Objects-normal/arm64/AtProtocol.swiftdoc (in target 'AtProtocol' from project 'AtProtocol')
cd /Users/admin/builder/spi-builder-workspace
builtin-copy -exclude .DS_Store -exclude CVS -exclude .svn -exclude .git -exclude .hg -resolve-src-symlinks -rename /Users/admin/builder/spi-builder-workspace/.derivedData/Build/Intermediates.noindex/AtProtocol.build/Debug-watchos/AtProtocol-t.build/Objects-normal/arm64/AtProtocol.swiftdoc /Users/admin/builder/spi-builder-workspace/.derivedData/Build/Products/Debug-watchos/AtProtocol.swiftmodule/arm64-apple-watchos.swiftdoc
SwiftMergeGeneratedHeaders /Users/admin/builder/spi-builder-workspace/.derivedData/Build/Intermediates.noindex/GeneratedModuleMaps-watchos/AtProtocol-Swift.h /Users/admin/builder/spi-builder-workspace/.derivedData/Build/Intermediates.noindex/AtProtocol.build/Debug-watchos/AtProtocol-t.build/Objects-normal/arm64/AtProtocol-Swift.h /Users/admin/builder/spi-builder-workspace/.derivedData/Build/Intermediates.noindex/AtProtocol.build/Debug-watchos/AtProtocol-t.build/Objects-normal/arm64_32/AtProtocol-Swift.h (in target 'AtProtocol' from project 'AtProtocol')
cd /Users/admin/builder/spi-builder-workspace
builtin-swiftHeaderTool -arch arm64 /Users/admin/builder/spi-builder-workspace/.derivedData/Build/Intermediates.noindex/AtProtocol.build/Debug-watchos/AtProtocol-t.build/Objects-normal/arm64/AtProtocol-Swift.h -arch arm64_32 /Users/admin/builder/spi-builder-workspace/.derivedData/Build/Intermediates.noindex/AtProtocol.build/Debug-watchos/AtProtocol-t.build/Objects-normal/arm64_32/AtProtocol-Swift.h -o /Users/admin/builder/spi-builder-workspace/.derivedData/Build/Intermediates.noindex/GeneratedModuleMaps-watchos/AtProtocol-Swift.h
Copy /Users/admin/builder/spi-builder-workspace/.derivedData/Build/Products/Debug-watchos/AtProtocol.swiftmodule/arm64_32-apple-watchos.swiftmodule /Users/admin/builder/spi-builder-workspace/.derivedData/Build/Intermediates.noindex/AtProtocol.build/Debug-watchos/AtProtocol-t.build/Objects-normal/arm64_32/AtProtocol.swiftmodule (in target 'AtProtocol' from project 'AtProtocol')
cd /Users/admin/builder/spi-builder-workspace
builtin-copy -exclude .DS_Store -exclude CVS -exclude .svn -exclude .git -exclude .hg -resolve-src-symlinks -rename /Users/admin/builder/spi-builder-workspace/.derivedData/Build/Intermediates.noindex/AtProtocol.build/Debug-watchos/AtProtocol-t.build/Objects-normal/arm64_32/AtProtocol.swiftmodule /Users/admin/builder/spi-builder-workspace/.derivedData/Build/Products/Debug-watchos/AtProtocol.swiftmodule/arm64_32-apple-watchos.swiftmodule
Copy /Users/admin/builder/spi-builder-workspace/.derivedData/Build/Products/Debug-watchos/AtProtocol.swiftmodule/arm64_32-apple-watchos.swiftdoc /Users/admin/builder/spi-builder-workspace/.derivedData/Build/Intermediates.noindex/AtProtocol.build/Debug-watchos/AtProtocol-t.build/Objects-normal/arm64_32/AtProtocol.swiftdoc (in target 'AtProtocol' from project 'AtProtocol')
cd /Users/admin/builder/spi-builder-workspace
builtin-copy -exclude .DS_Store -exclude CVS -exclude .svn -exclude .git -exclude .hg -resolve-src-symlinks -rename /Users/admin/builder/spi-builder-workspace/.derivedData/Build/Intermediates.noindex/AtProtocol.build/Debug-watchos/AtProtocol-t.build/Objects-normal/arm64_32/AtProtocol.swiftdoc /Users/admin/builder/spi-builder-workspace/.derivedData/Build/Products/Debug-watchos/AtProtocol.swiftmodule/arm64_32-apple-watchos.swiftdoc
Copy /Users/admin/builder/spi-builder-workspace/.derivedData/Build/Products/Debug-watchos/AtProtocol.swiftmodule/arm64_32-apple-watchos.abi.json /Users/admin/builder/spi-builder-workspace/.derivedData/Build/Intermediates.noindex/AtProtocol.build/Debug-watchos/AtProtocol-t.build/Objects-normal/arm64_32/AtProtocol.abi.json (in target 'AtProtocol' from project 'AtProtocol')
cd /Users/admin/builder/spi-builder-workspace
builtin-copy -exclude .DS_Store -exclude CVS -exclude .svn -exclude .git -exclude .hg -resolve-src-symlinks -rename /Users/admin/builder/spi-builder-workspace/.derivedData/Build/Intermediates.noindex/AtProtocol.build/Debug-watchos/AtProtocol-t.build/Objects-normal/arm64_32/AtProtocol.abi.json /Users/admin/builder/spi-builder-workspace/.derivedData/Build/Products/Debug-watchos/AtProtocol.swiftmodule/arm64_32-apple-watchos.abi.json
Copy /Users/admin/builder/spi-builder-workspace/.derivedData/Build/Products/Debug-watchos/AtProtocol.swiftmodule/arm64-apple-watchos.abi.json /Users/admin/builder/spi-builder-workspace/.derivedData/Build/Intermediates.noindex/AtProtocol.build/Debug-watchos/AtProtocol-t.build/Objects-normal/arm64/AtProtocol.abi.json (in target 'AtProtocol' from project 'AtProtocol')
cd /Users/admin/builder/spi-builder-workspace
builtin-copy -exclude .DS_Store -exclude CVS -exclude .svn -exclude .git -exclude .hg -resolve-src-symlinks -rename /Users/admin/builder/spi-builder-workspace/.derivedData/Build/Intermediates.noindex/AtProtocol.build/Debug-watchos/AtProtocol-t.build/Objects-normal/arm64/AtProtocol.abi.json /Users/admin/builder/spi-builder-workspace/.derivedData/Build/Products/Debug-watchos/AtProtocol.swiftmodule/arm64-apple-watchos.abi.json
Copy /Users/admin/builder/spi-builder-workspace/.derivedData/Build/Products/Debug-watchos/AtProtocol.swiftmodule/Project/arm64_32-apple-watchos.swiftsourceinfo /Users/admin/builder/spi-builder-workspace/.derivedData/Build/Intermediates.noindex/AtProtocol.build/Debug-watchos/AtProtocol-t.build/Objects-normal/arm64_32/AtProtocol.swiftsourceinfo (in target 'AtProtocol' from project 'AtProtocol')
cd /Users/admin/builder/spi-builder-workspace
builtin-copy -exclude .DS_Store -exclude CVS -exclude .svn -exclude .git -exclude .hg -resolve-src-symlinks -rename /Users/admin/builder/spi-builder-workspace/.derivedData/Build/Intermediates.noindex/AtProtocol.build/Debug-watchos/AtProtocol-t.build/Objects-normal/arm64_32/AtProtocol.swiftsourceinfo /Users/admin/builder/spi-builder-workspace/.derivedData/Build/Products/Debug-watchos/AtProtocol.swiftmodule/Project/arm64_32-apple-watchos.swiftsourceinfo
Copy /Users/admin/builder/spi-builder-workspace/.derivedData/Build/Products/Debug-watchos/AtProtocol.swiftmodule/Project/arm64-apple-watchos.swiftsourceinfo /Users/admin/builder/spi-builder-workspace/.derivedData/Build/Intermediates.noindex/AtProtocol.build/Debug-watchos/AtProtocol-t.build/Objects-normal/arm64/AtProtocol.swiftsourceinfo (in target 'AtProtocol' from project 'AtProtocol')
cd /Users/admin/builder/spi-builder-workspace
builtin-copy -exclude .DS_Store -exclude CVS -exclude .svn -exclude .git -exclude .hg -resolve-src-symlinks -rename /Users/admin/builder/spi-builder-workspace/.derivedData/Build/Intermediates.noindex/AtProtocol.build/Debug-watchos/AtProtocol-t.build/Objects-normal/arm64/AtProtocol.swiftsourceinfo /Users/admin/builder/spi-builder-workspace/.derivedData/Build/Products/Debug-watchos/AtProtocol.swiftmodule/Project/arm64-apple-watchos.swiftsourceinfo
SwiftCompile normal arm64_32 Compiling\ APActor.swift,\ APCodable.swift,\ APEnvironment.swift /Users/admin/builder/spi-builder-workspace/Sources/AtProtocol/APActor.swift /Users/admin/builder/spi-builder-workspace/Sources/AtProtocol/APCodable.swift /Users/admin/builder/spi-builder-workspace/Sources/AtProtocol/APEnvironment.swift (in target 'AtProtocol' from project 'AtProtocol')
SwiftCompile normal arm64_32 /Users/admin/builder/spi-builder-workspace/Sources/AtProtocol/APActor.swift (in target 'AtProtocol' from project 'AtProtocol')
cd /Users/admin/builder/spi-builder-workspace/.swiftpm/xcode
builtin-SwiftPerFileCompile APActor.swift
SwiftCompile normal arm64_32 /Users/admin/builder/spi-builder-workspace/Sources/AtProtocol/APCodable.swift (in target 'AtProtocol' from project 'AtProtocol')
cd /Users/admin/builder/spi-builder-workspace/.swiftpm/xcode
builtin-SwiftPerFileCompile APCodable.swift
SwiftCompile normal arm64_32 /Users/admin/builder/spi-builder-workspace/Sources/AtProtocol/APEnvironment.swift (in target 'AtProtocol' from project 'AtProtocol')
cd /Users/admin/builder/spi-builder-workspace/.swiftpm/xcode
builtin-SwiftPerFileCompile APEnvironment.swift
SwiftDriverJobDiscovery normal arm64_32 Compiling APActor.swift, APCodable.swift, APEnvironment.swift (in target 'AtProtocol' from project 'AtProtocol')
SwiftCompile normal arm64_32 Compiling\ HTTPTask.swift,\ NetworkRouter.swift,\ NetworkingProtocol.swift /Users/admin/builder/spi-builder-workspace/Sources/AtProtocol/Networking/Service/HTTPTask.swift /Users/admin/builder/spi-builder-workspace/Sources/AtProtocol/Networking/Service/NetworkRouter.swift /Users/admin/builder/spi-builder-workspace/Sources/AtProtocol/Networking/Service/NetworkingProtocol.swift (in target 'AtProtocol' from project 'AtProtocol')
/Users/admin/builder/spi-builder-workspace/Sources/AtProtocol/Models/AtError.swift:7:14: warning: Should error be type string or AtErrorType?
5 |
6 | public struct ErrorMessage: APCodable {
7 | #warning("Should error be type string or AtErrorType?")
| `- warning: Should error be type string or AtErrorType?
8 | public let error: String
9 | public let message: String?
SwiftCompile normal arm64_32 /Users/admin/builder/spi-builder-workspace/Sources/AtProtocol/Networking/Service/HTTPTask.swift (in target 'AtProtocol' from project 'AtProtocol')
cd /Users/admin/builder/spi-builder-workspace/.swiftpm/xcode
builtin-SwiftPerFileCompile HTTPTask.swift
SwiftCompile normal arm64_32 /Users/admin/builder/spi-builder-workspace/Sources/AtProtocol/Networking/Service/NetworkRouter.swift (in target 'AtProtocol' from project 'AtProtocol')
cd /Users/admin/builder/spi-builder-workspace/.swiftpm/xcode
builtin-SwiftPerFileCompile NetworkRouter.swift
SwiftCompile normal arm64_32 /Users/admin/builder/spi-builder-workspace/Sources/AtProtocol/Networking/Service/NetworkingProtocol.swift (in target 'AtProtocol' from project 'AtProtocol')
cd /Users/admin/builder/spi-builder-workspace/.swiftpm/xcode
builtin-SwiftPerFileCompile NetworkingProtocol.swift
PruneExplicitPrecompiledModules /Users/admin/builder/spi-builder-workspace/.derivedData/Build/Intermediates.noindex/ExplicitPrecompiledModules
PruneExplicitPrecompiledModules /Users/admin/builder/spi-builder-workspace/.derivedData/Build/Intermediates.noindex/SwiftExplicitPrecompiledModules
PruneExplicitPrecompiledModules /Users/admin/builder/spi-builder-workspace/.derivedData/SDKExplicitPrecompiledModules
2026-09-19 16:39:18.598 xcodebuild[627:3880] [MT] IDERunDestination: Supported platforms for the buildables in the current scheme is empty.
** BUILD FAILED **
The following build commands failed:
SwiftCompile normal arm64 Compiling\ Viewer.swift,\ Networking.swift,\ JSONParameterEncoder.swift /Users/admin/builder/spi-builder-workspace/Sources/AtProtocol/Models/Viewer.swift /Users/admin/builder/spi-builder-workspace/Sources/AtProtocol/Networking.swift /Users/admin/builder/spi-builder-workspace/Sources/AtProtocol/Networking/Encoding/JSONParameterEncoder.swift (in target 'AtProtocol' from project 'AtProtocol')
SwiftCompile normal arm64 /Users/admin/builder/spi-builder-workspace/Sources/AtProtocol/Networking.swift (in target 'AtProtocol' from project 'AtProtocol')
Building workspace AtProtocol with scheme AtProtocol
(3 failures)
Command line invocation:
/Applications/Xcode-27.0.0-Release.Candidate.app/Contents/Developer/usr/bin/xcodebuild -IDEClonedSourcePackagesDirPathOverride=/Users/admin/builder/spi-builder-workspace/.dependencies -resolvePackageDependencies
Resolve Package Graph
Resolved source packages:
AtProtocol: /Users/admin/builder/spi-builder-workspace
resolved source packages: AtProtocol
2026-09-19 16:39:25.131 xcodebuild[729:4439] [MT] IDERunDestination: Supported platforms for the buildables in the current scheme is empty.
{
"dependencies" : [
],
"manifest_display_name" : "AtProtocol",
"name" : "AtProtocol",
"path" : "/Users/admin/builder/spi-builder-workspace",
"platforms" : [
{
"name" : "ios",
"version" : "17.0"
},
{
"name" : "macos",
"version" : "14.0"
},
{
"name" : "maccatalyst",
"version" : "17.0"
}
],
"products" : [
{
"name" : "AtProtocol",
"targets" : [
"AtProtocol"
],
"type" : {
"library" : [
"automatic"
]
}
}
],
"targets" : [
{
"c99name" : "AtProtocolTests",
"module_type" : "SwiftTarget",
"name" : "AtProtocolTests",
"path" : "Tests/AtProtocolTests",
"sources" : [
"AtProtocolTests.swift"
],
"target_dependencies" : [
"AtProtocol"
],
"type" : "test"
},
{
"c99name" : "AtProtocol",
"module_type" : "SwiftTarget",
"name" : "AtProtocol",
"path" : "Sources/AtProtocol",
"product_memberships" : [
"AtProtocol"
],
"sources" : [
"APActor.swift",
"APCodable.swift",
"APEnvironment.swift",
"AtProtocol.swift",
"Models/AtError.swift",
"Models/Creator.swift",
"Models/Feed.swift",
"Models/LoginObject.swift",
"Models/Preferences.swift",
"Models/Profile.swift",
"Models/Session.swift",
"Models/Timeline.swift",
"Models/Viewer.swift",
"Networking.swift",
"Networking/Encoding/JSONParameterEncoder.swift",
"Networking/Encoding/ParameterEncoding.swift",
"Networking/Encoding/URLParameterEncoder.swift",
"Networking/Extensions/CharacterSet.swift",
"Networking/Extensions/Encodable.swift",
"Networking/Service/EndpointType.swift",
"Networking/Service/HTTPMethod.swift",
"Networking/Service/HTTPTask.swift",
"Networking/Service/NetworkRouter.swift",
"Networking/Service/NetworkingProtocol.swift",
"Networking/Service/StatusCode.swift",
"Services/AtProto.swift",
"Services/AtProtoAPI.swift",
"Services/Bsky.swift",
"Services/BskyAPI.swift"
],
"type" : "library"
}
],
"tools_version" : "6.0"
}
{
"workspace" : {
"name" : "AtProtocol",
"schemes" : [
"AtProtocol"
]
}
}
2026-09-19 16:39:26.347 xcodebuild[737:4504] [MT] IDERunDestination: Supported platforms for the buildables in the current scheme is empty.
Running build ...
env DEVELOPER_DIR=/Applications/Xcode-27.0.0-Release.Candidate.app xcrun xcodebuild -IDEClonedSourcePackagesDirPathOverride=$PWD/.dependencies -skipMacroValidation -skipPackagePluginValidation -derivedDataPath $PWD/.derivedData build -scheme AtProtocol -destination generic/platform=watchOS
Command line invocation:
/Applications/Xcode-27.0.0-Release.Candidate.app/Contents/Developer/usr/bin/xcodebuild -IDEClonedSourcePackagesDirPathOverride=/Users/admin/builder/spi-builder-workspace/.dependencies -skipMacroValidation -skipPackagePluginValidation -derivedDataPath /Users/admin/builder/spi-builder-workspace/.derivedData build -scheme AtProtocol -destination generic/platform=watchOS
Resolve Package Graph
Resolved source packages:
AtProtocol: /Users/admin/builder/spi-builder-workspace
ComputePackagePrebuildTargetDependencyGraph
Prepare packages
CreateBuildRequest
SendProjectDescription
CreateBuildOperation
ComputeTargetDependencyGraph
note: Building targets in dependency order
note: Target dependency graph (2 targets)
Target 'AtProtocol-product' in project 'AtProtocol'
➜ Explicit dependency on target 'AtProtocol' in project 'AtProtocol'
Target 'AtProtocol' in project 'AtProtocol' (no dependencies)
GatherProvisioningInputs
CreateBuildDescription
ClangStatCache /Applications/Xcode-27.0.0-Release.Candidate.app/Contents/Developer/Toolchains/XcodeDefault.xctoolchain/usr/bin/clang-stat-cache /Applications/Xcode-27.0.0-Release.Candidate.app/Contents/Developer/Platforms/WatchOS.platform/Developer/SDKs/WatchOS27.0.sdk /Users/admin/builder/spi-builder-workspace/.derivedData/SDKStatCaches.noindex/watchos27.0-24R360-e829b21a6f8c9b70876ba0858053c04477534ef55a1706bf4c1112bbb242f0a2.sdkstatcache
cd /Users/admin/builder/spi-builder-workspace/.swiftpm/xcode
/Applications/Xcode-27.0.0-Release.Candidate.app/Contents/Developer/Toolchains/XcodeDefault.xctoolchain/usr/bin/clang-stat-cache /Applications/Xcode-27.0.0-Release.Candidate.app/Contents/Developer/Platforms/WatchOS.platform/Developer/SDKs/WatchOS27.0.sdk -o /Users/admin/builder/spi-builder-workspace/.derivedData/SDKStatCaches.noindex/watchos27.0-24R360-e829b21a6f8c9b70876ba0858053c04477534ef55a1706bf4c1112bbb242f0a2.sdkstatcache
SwiftDriver AtProtocol normal arm64_32 com.apple.xcode.tools.swift.compiler (in target 'AtProtocol' from project 'AtProtocol')
cd /Users/admin/builder/spi-builder-workspace/.swiftpm/xcode
builtin-SwiftDriver -- /Applications/Xcode-27.0.0-Release.Candidate.app/Contents/Developer/Toolchains/XcodeDefault.xctoolchain/usr/bin/swiftc -parse-as-library -module-name AtProtocol -Onone @/Users/admin/builder/spi-builder-workspace/.derivedData/Build/Intermediates.noindex/AtProtocol.build/Debug-watchos/AtProtocol-t.build/Objects-normal/arm64_32/AtProtocol.SwiftFileList -DSWIFT_PACKAGE -DDEBUG -DSWIFT_MODULE_RESOURCE_BUNDLE_UNAVAILABLE -DXcode -enable-experimental-feature StrictConcurrency -plugin-path /Applications/Xcode-27.0.0-Release.Candidate.app/Contents/Developer/Toolchains/XcodeDefault.xctoolchain/usr/lib/swift/host/plugins/testing -enable-experimental-feature DebugDescriptionMacro -sdk /Applications/Xcode-27.0.0-Release.Candidate.app/Contents/Developer/Platforms/WatchOS.platform/Developer/SDKs/WatchOS27.0.sdk -target arm64_32-apple-watchos10.0 -g -module-cache-path /Users/admin/builder/spi-builder-workspace/.derivedData/ModuleCache.noindex -Xfrontend -serialize-debugging-options -profile-coverage-mapping -profile-generate -enable-testing -index-store-path /Users/admin/builder/spi-builder-workspace/.derivedData/Index.noindex/DataStore -Xcc -D_LIBCPP_HARDENING_MODE\=_LIBCPP_HARDENING_MODE_DEBUG -swift-version 6 -I /Users/admin/builder/spi-builder-workspace/.derivedData/Build/Products/Debug-watchos -Isystem /Applications/Xcode-27.0.0-Release.Candidate.app/Contents/Developer/Platforms/WatchOS.platform/Developer/usr/lib -F /Users/admin/builder/spi-builder-workspace/.derivedData/Build/Products/Debug-watchos -F /Applications/Xcode-27.0.0-Release.Candidate.app/Contents/Developer/Platforms/WatchOS.platform/Developer/Library/Frameworks -F /Applications/Xcode-27.0.0-Release.Candidate.app/Contents/Developer/Platforms/WatchOS.platform/Developer/SDKs/WatchOS27.0.sdk/Developer/Library/Frameworks -c -j10 -enable-batch-mode -incremental -Xcc -ivfsstatcache -Xcc /Users/admin/builder/spi-builder-workspace/.derivedData/SDKStatCaches.noindex/watchos27.0-24R360-e829b21a6f8c9b70876ba0858053c04477534ef55a1706bf4c1112bbb242f0a2.sdkstatcache -output-file-map /Users/admin/builder/spi-builder-workspace/.derivedData/Build/Intermediates.noindex/AtProtocol.build/Debug-watchos/AtProtocol-t.build/Objects-normal/arm64_32/AtProtocol-OutputFileMap.json -save-temps -no-color-diagnostics -explicit-module-build -module-cache-path /Users/admin/builder/spi-builder-workspace/.derivedData/Build/Intermediates.noindex/SwiftExplicitPrecompiledModules -clang-scanner-module-cache-path /Users/admin/builder/spi-builder-workspace/.derivedData/ModuleCache.noindex -sdk-module-cache-path /Users/admin/builder/spi-builder-workspace/.derivedData/SDKExplicitPrecompiledModules -emit-dependencies -emit-module -emit-module-path /Users/admin/builder/spi-builder-workspace/.derivedData/Build/Intermediates.noindex/AtProtocol.build/Debug-watchos/AtProtocol-t.build/Objects-normal/arm64_32/AtProtocol.swiftmodule -serialize-diagnostics -dependency-scan-serialize-diagnostics-path /Users/admin/builder/spi-builder-workspace/.derivedData/Build/Intermediates.noindex/AtProtocol.build/Debug-watchos/AtProtocol-t.build/Objects-normal/arm64_32/AtProtocol-dependency-scan.dia -validate-clang-modules-once -clang-build-session-file /Users/admin/builder/spi-builder-workspace/.derivedData/ModuleCache.noindex/Session.modulevalidation -Xcc -fmodules-prune-interval\=86400 -Xcc -fmodules-prune-after\=345600 -package-name spi_builder_workspace -emit-const-values -const-gather-protocols-list /Users/admin/builder/spi-builder-workspace/.derivedData/Build/Intermediates.noindex/AtProtocol.build/Debug-watchos/AtProtocol-t.build/Objects-normal/arm64_32/AtProtocol_const_extract_protocols.json -Xcc -I/Users/admin/builder/spi-builder-workspace/.derivedData/Build/Products/Debug-watchos/include -Xcc -I/Users/admin/builder/spi-builder-workspace/.derivedData/Build/Intermediates.noindex/AtProtocol.build/Debug-watchos/AtProtocol-t.build/DerivedSources-normal/arm64_32 -Xcc -I/Users/admin/builder/spi-builder-workspace/.derivedData/Build/Intermediates.noindex/AtProtocol.build/Debug-watchos/AtProtocol-t.build/DerivedSources/arm64_32 -Xcc -I/Users/admin/builder/spi-builder-workspace/.derivedData/Build/Intermediates.noindex/AtProtocol.build/Debug-watchos/AtProtocol-t.build/DerivedSources -Xcc -DSWIFT_PACKAGE -Xcc -DDEBUG\=1 -emit-objc-header -emit-objc-header-path /Users/admin/builder/spi-builder-workspace/.derivedData/Build/Intermediates.noindex/AtProtocol.build/Debug-watchos/AtProtocol-t.build/Objects-normal/arm64_32/AtProtocol-Swift.h -working-directory /Users/admin/builder/spi-builder-workspace/.swiftpm/xcode -experimental-emit-module-separately -disable-cmo
/Users/admin/builder/spi-builder-workspace/Sources/AtProtocol/Models/AtError.swift:7:14: warning: Should error be type string or AtErrorType? (in target 'AtProtocol' from project 'AtProtocol')
SwiftDriver AtProtocol normal arm64 com.apple.xcode.tools.swift.compiler (in target 'AtProtocol' from project 'AtProtocol')
cd /Users/admin/builder/spi-builder-workspace/.swiftpm/xcode
builtin-SwiftDriver -- /Applications/Xcode-27.0.0-Release.Candidate.app/Contents/Developer/Toolchains/XcodeDefault.xctoolchain/usr/bin/swiftc -parse-as-library -module-name AtProtocol -Onone @/Users/admin/builder/spi-builder-workspace/.derivedData/Build/Intermediates.noindex/AtProtocol.build/Debug-watchos/AtProtocol-t.build/Objects-normal/arm64/AtProtocol.SwiftFileList -DSWIFT_PACKAGE -DDEBUG -DSWIFT_MODULE_RESOURCE_BUNDLE_UNAVAILABLE -DXcode -enable-experimental-feature StrictConcurrency -plugin-path /Applications/Xcode-27.0.0-Release.Candidate.app/Contents/Developer/Toolchains/XcodeDefault.xctoolchain/usr/lib/swift/host/plugins/testing -enable-experimental-feature DebugDescriptionMacro -sdk /Applications/Xcode-27.0.0-Release.Candidate.app/Contents/Developer/Platforms/WatchOS.platform/Developer/SDKs/WatchOS27.0.sdk -target arm64-apple-watchos10.0 -g -module-cache-path /Users/admin/builder/spi-builder-workspace/.derivedData/ModuleCache.noindex -Xfrontend -serialize-debugging-options -profile-coverage-mapping -profile-generate -enable-testing -index-store-path /Users/admin/builder/spi-builder-workspace/.derivedData/Index.noindex/DataStore -Xcc -D_LIBCPP_HARDENING_MODE\=_LIBCPP_HARDENING_MODE_DEBUG -swift-version 6 -I /Users/admin/builder/spi-builder-workspace/.derivedData/Build/Products/Debug-watchos -Isystem /Applications/Xcode-27.0.0-Release.Candidate.app/Contents/Developer/Platforms/WatchOS.platform/Developer/usr/lib -F /Users/admin/builder/spi-builder-workspace/.derivedData/Build/Products/Debug-watchos -F /Applications/Xcode-27.0.0-Release.Candidate.app/Contents/Developer/Platforms/WatchOS.platform/Developer/Library/Frameworks -F /Applications/Xcode-27.0.0-Release.Candidate.app/Contents/Developer/Platforms/WatchOS.platform/Developer/SDKs/WatchOS27.0.sdk/Developer/Library/Frameworks -c -j10 -enable-batch-mode -incremental -Xcc -ivfsstatcache -Xcc /Users/admin/builder/spi-builder-workspace/.derivedData/SDKStatCaches.noindex/watchos27.0-24R360-e829b21a6f8c9b70876ba0858053c04477534ef55a1706bf4c1112bbb242f0a2.sdkstatcache -output-file-map /Users/admin/builder/spi-builder-workspace/.derivedData/Build/Intermediates.noindex/AtProtocol.build/Debug-watchos/AtProtocol-t.build/Objects-normal/arm64/AtProtocol-OutputFileMap.json -save-temps -no-color-diagnostics -explicit-module-build -module-cache-path /Users/admin/builder/spi-builder-workspace/.derivedData/Build/Intermediates.noindex/SwiftExplicitPrecompiledModules -clang-scanner-module-cache-path /Users/admin/builder/spi-builder-workspace/.derivedData/ModuleCache.noindex -sdk-module-cache-path /Users/admin/builder/spi-builder-workspace/.derivedData/SDKExplicitPrecompiledModules -emit-dependencies -emit-module -emit-module-path /Users/admin/builder/spi-builder-workspace/.derivedData/Build/Intermediates.noindex/AtProtocol.build/Debug-watchos/AtProtocol-t.build/Objects-normal/arm64/AtProtocol.swiftmodule -serialize-diagnostics -dependency-scan-serialize-diagnostics-path /Users/admin/builder/spi-builder-workspace/.derivedData/Build/Intermediates.noindex/AtProtocol.build/Debug-watchos/AtProtocol-t.build/Objects-normal/arm64/AtProtocol-dependency-scan.dia -validate-clang-modules-once -clang-build-session-file /Users/admin/builder/spi-builder-workspace/.derivedData/ModuleCache.noindex/Session.modulevalidation -Xcc -fmodules-prune-interval\=86400 -Xcc -fmodules-prune-after\=345600 -package-name spi_builder_workspace -emit-const-values -const-gather-protocols-list /Users/admin/builder/spi-builder-workspace/.derivedData/Build/Intermediates.noindex/AtProtocol.build/Debug-watchos/AtProtocol-t.build/Objects-normal/arm64/AtProtocol_const_extract_protocols.json -Xcc -I/Users/admin/builder/spi-builder-workspace/.derivedData/Build/Products/Debug-watchos/include -Xcc -I/Users/admin/builder/spi-builder-workspace/.derivedData/Build/Intermediates.noindex/AtProtocol.build/Debug-watchos/AtProtocol-t.build/DerivedSources-normal/arm64 -Xcc -I/Users/admin/builder/spi-builder-workspace/.derivedData/Build/Intermediates.noindex/AtProtocol.build/Debug-watchos/AtProtocol-t.build/DerivedSources/arm64 -Xcc -I/Users/admin/builder/spi-builder-workspace/.derivedData/Build/Intermediates.noindex/AtProtocol.build/Debug-watchos/AtProtocol-t.build/DerivedSources -Xcc -DSWIFT_PACKAGE -Xcc -DDEBUG\=1 -emit-objc-header -emit-objc-header-path /Users/admin/builder/spi-builder-workspace/.derivedData/Build/Intermediates.noindex/AtProtocol.build/Debug-watchos/AtProtocol-t.build/Objects-normal/arm64/AtProtocol-Swift.h -working-directory /Users/admin/builder/spi-builder-workspace/.swiftpm/xcode -experimental-emit-module-separately -disable-cmo
/Users/admin/builder/spi-builder-workspace/Sources/AtProtocol/Models/AtError.swift:7:14: warning: Should error be type string or AtErrorType? (in target 'AtProtocol' from project 'AtProtocol')
SwiftCompile normal arm64_32 Compiling\ Feed.swift,\ LoginObject.swift,\ Preferences.swift /Users/admin/builder/spi-builder-workspace/Sources/AtProtocol/Models/Feed.swift /Users/admin/builder/spi-builder-workspace/Sources/AtProtocol/Models/LoginObject.swift /Users/admin/builder/spi-builder-workspace/Sources/AtProtocol/Models/Preferences.swift (in target 'AtProtocol' from project 'AtProtocol')
SwiftCompile normal arm64_32 /Users/admin/builder/spi-builder-workspace/Sources/AtProtocol/Models/Feed.swift (in target 'AtProtocol' from project 'AtProtocol')
cd /Users/admin/builder/spi-builder-workspace/.swiftpm/xcode
builtin-SwiftPerFileCompile Feed.swift
SwiftCompile normal arm64_32 /Users/admin/builder/spi-builder-workspace/Sources/AtProtocol/Models/LoginObject.swift (in target 'AtProtocol' from project 'AtProtocol')
cd /Users/admin/builder/spi-builder-workspace/.swiftpm/xcode
builtin-SwiftPerFileCompile LoginObject.swift
SwiftCompile normal arm64_32 /Users/admin/builder/spi-builder-workspace/Sources/AtProtocol/Models/Preferences.swift (in target 'AtProtocol' from project 'AtProtocol')
cd /Users/admin/builder/spi-builder-workspace/.swiftpm/xcode
builtin-SwiftPerFileCompile Preferences.swift
SwiftCompile normal arm64_32 Compiling\ Encodable.swift,\ EndpointType.swift,\ HTTPMethod.swift /Users/admin/builder/spi-builder-workspace/Sources/AtProtocol/Networking/Extensions/Encodable.swift /Users/admin/builder/spi-builder-workspace/Sources/AtProtocol/Networking/Service/EndpointType.swift /Users/admin/builder/spi-builder-workspace/Sources/AtProtocol/Networking/Service/HTTPMethod.swift (in target 'AtProtocol' from project 'AtProtocol')
SwiftCompile normal arm64_32 /Users/admin/builder/spi-builder-workspace/Sources/AtProtocol/Networking/Extensions/Encodable.swift (in target 'AtProtocol' from project 'AtProtocol')
cd /Users/admin/builder/spi-builder-workspace/.swiftpm/xcode
builtin-SwiftPerFileCompile Encodable.swift
SwiftCompile normal arm64_32 /Users/admin/builder/spi-builder-workspace/Sources/AtProtocol/Networking/Service/EndpointType.swift (in target 'AtProtocol' from project 'AtProtocol')
cd /Users/admin/builder/spi-builder-workspace/.swiftpm/xcode
builtin-SwiftPerFileCompile EndpointType.swift
SwiftCompile normal arm64_32 /Users/admin/builder/spi-builder-workspace/Sources/AtProtocol/Networking/Service/HTTPMethod.swift (in target 'AtProtocol' from project 'AtProtocol')
cd /Users/admin/builder/spi-builder-workspace/.swiftpm/xcode
builtin-SwiftPerFileCompile HTTPMethod.swift
SwiftCompile normal arm64_32 Compiling\ ParameterEncoding.swift,\ URLParameterEncoder.swift,\ CharacterSet.swift /Users/admin/builder/spi-builder-workspace/Sources/AtProtocol/Networking/Encoding/ParameterEncoding.swift /Users/admin/builder/spi-builder-workspace/Sources/AtProtocol/Networking/Encoding/URLParameterEncoder.swift /Users/admin/builder/spi-builder-workspace/Sources/AtProtocol/Networking/Extensions/CharacterSet.swift (in target 'AtProtocol' from project 'AtProtocol')
SwiftCompile normal arm64_32 /Users/admin/builder/spi-builder-workspace/Sources/AtProtocol/Networking/Encoding/ParameterEncoding.swift (in target 'AtProtocol' from project 'AtProtocol')
cd /Users/admin/builder/spi-builder-workspace/.swiftpm/xcode
builtin-SwiftPerFileCompile ParameterEncoding.swift
SwiftCompile normal arm64_32 /Users/admin/builder/spi-builder-workspace/Sources/AtProtocol/Networking/Encoding/URLParameterEncoder.swift (in target 'AtProtocol' from project 'AtProtocol')
cd /Users/admin/builder/spi-builder-workspace/.swiftpm/xcode
builtin-SwiftPerFileCompile URLParameterEncoder.swift
SwiftCompile normal arm64_32 /Users/admin/builder/spi-builder-workspace/Sources/AtProtocol/Networking/Extensions/CharacterSet.swift (in target 'AtProtocol' from project 'AtProtocol')
cd /Users/admin/builder/spi-builder-workspace/.swiftpm/xcode
builtin-SwiftPerFileCompile CharacterSet.swift
SwiftCompile normal arm64_32 Compiling\ AtProtocol.swift,\ AtError.swift,\ Creator.swift /Users/admin/builder/spi-builder-workspace/Sources/AtProtocol/AtProtocol.swift /Users/admin/builder/spi-builder-workspace/Sources/AtProtocol/Models/AtError.swift /Users/admin/builder/spi-builder-workspace/Sources/AtProtocol/Models/Creator.swift (in target 'AtProtocol' from project 'AtProtocol')
SwiftCompile normal arm64_32 /Users/admin/builder/spi-builder-workspace/Sources/AtProtocol/AtProtocol.swift (in target 'AtProtocol' from project 'AtProtocol')
cd /Users/admin/builder/spi-builder-workspace/.swiftpm/xcode
builtin-SwiftPerFileCompile AtProtocol.swift
SwiftCompile normal arm64_32 /Users/admin/builder/spi-builder-workspace/Sources/AtProtocol/Models/AtError.swift (in target 'AtProtocol' from project 'AtProtocol')
cd /Users/admin/builder/spi-builder-workspace/.swiftpm/xcode
builtin-SwiftPerFileCompile AtError.swift
SwiftCompile normal arm64_32 /Users/admin/builder/spi-builder-workspace/Sources/AtProtocol/Models/Creator.swift (in target 'AtProtocol' from project 'AtProtocol')
cd /Users/admin/builder/spi-builder-workspace/.swiftpm/xcode
builtin-SwiftPerFileCompile Creator.swift
SwiftCompile normal arm64_32 Compiling\ Profile.swift,\ Session.swift,\ Timeline.swift /Users/admin/builder/spi-builder-workspace/Sources/AtProtocol/Models/Profile.swift /Users/admin/builder/spi-builder-workspace/Sources/AtProtocol/Models/Session.swift /Users/admin/builder/spi-builder-workspace/Sources/AtProtocol/Models/Timeline.swift (in target 'AtProtocol' from project 'AtProtocol')
SwiftCompile normal arm64_32 /Users/admin/builder/spi-builder-workspace/Sources/AtProtocol/Models/Profile.swift (in target 'AtProtocol' from project 'AtProtocol')
cd /Users/admin/builder/spi-builder-workspace/.swiftpm/xcode
builtin-SwiftPerFileCompile Profile.swift
SwiftCompile normal arm64_32 /Users/admin/builder/spi-builder-workspace/Sources/AtProtocol/Models/Session.swift (in target 'AtProtocol' from project 'AtProtocol')
cd /Users/admin/builder/spi-builder-workspace/.swiftpm/xcode
builtin-SwiftPerFileCompile Session.swift
SwiftCompile normal arm64_32 /Users/admin/builder/spi-builder-workspace/Sources/AtProtocol/Models/Timeline.swift (in target 'AtProtocol' from project 'AtProtocol')
cd /Users/admin/builder/spi-builder-workspace/.swiftpm/xcode
builtin-SwiftPerFileCompile Timeline.swift
SwiftCompile normal arm64_32 Compiling\ Viewer.swift,\ Networking.swift,\ JSONParameterEncoder.swift /Users/admin/builder/spi-builder-workspace/Sources/AtProtocol/Models/Viewer.swift /Users/admin/builder/spi-builder-workspace/Sources/AtProtocol/Networking.swift /Users/admin/builder/spi-builder-workspace/Sources/AtProtocol/Networking/Encoding/JSONParameterEncoder.swift (in target 'AtProtocol' from project 'AtProtocol')
/Users/admin/builder/spi-builder-workspace/Sources/AtProtocol/Models/AtError.swift:7:14: warning: Should error be type string or AtErrorType?
5 |
6 | public struct ErrorMessage: APCodable {
7 | #warning("Should error be type string or AtErrorType?")
| `- warning: Should error be type string or AtErrorType?
8 | public let error: String
9 | public let message: String?
/Users/admin/builder/spi-builder-workspace/Sources/AtProtocol/Networking.swift:53:29: error: sending value of non-Sendable type 'any ATProtocolDelegate' risks causing data races [#RegionIsolation::SendingRisksDataRace]
51 | APEnvironment.current.accessToken = newSession.accessJwt
52 | APEnvironment.current.refreshToken = newSession.refreshJwt
53 | await delegate?.sessionUpdated(newSession)
| |- error: sending value of non-Sendable type 'any ATProtocolDelegate' risks causing data races [#RegionIsolation::SendingRisksDataRace]
| `- note: sending global actor 'APActor'-isolated value of non-Sendable type 'any ATProtocolDelegate' to @concurrent instance method 'sessionUpdated' risks causing races in between global actor 'APActor'-isolated and @concurrent uses
54 |
55 | return true
[#RegionIsolation]: <https://docs.swift.org/compiler/documentation/diagnostics/region-isolation>
[#SendingRisksDataRace]: <https://docs.swift.org/compiler/documentation/diagnostics/sending-risks-data-race>
Failed frontend command:
/Applications/Xcode-27.0.0-Release.Candidate.app/Contents/Developer/Toolchains/XcodeDefault.xctoolchain/usr/bin/swift-frontend -frontend -c /Users/admin/builder/spi-builder-workspace/Sources/AtProtocol/APActor.swift /Users/admin/builder/spi-builder-workspace/Sources/AtProtocol/APCodable.swift /Users/admin/builder/spi-builder-workspace/Sources/AtProtocol/APEnvironment.swift /Users/admin/builder/spi-builder-workspace/Sources/AtProtocol/AtProtocol.swift /Users/admin/builder/spi-builder-workspace/Sources/AtProtocol/Models/AtError.swift /Users/admin/builder/spi-builder-workspace/Sources/AtProtocol/Models/Creator.swift /Users/admin/builder/spi-builder-workspace/Sources/AtProtocol/Models/Feed.swift /Users/admin/builder/spi-builder-workspace/Sources/AtProtocol/Models/LoginObject.swift /Users/admin/builder/spi-builder-workspace/Sources/AtProtocol/Models/Preferences.swift /Users/admin/builder/spi-builder-workspace/Sources/AtProtocol/Models/Profile.swift /Users/admin/builder/spi-builder-workspace/Sources/AtProtocol/Models/Session.swift /Users/admin/builder/spi-builder-workspace/Sources/AtProtocol/Models/Timeline.swift -primary-file /Users/admin/builder/spi-builder-workspace/Sources/AtProtocol/Models/Viewer.swift -primary-file /Users/admin/builder/spi-builder-workspace/Sources/AtProtocol/Networking.swift -primary-file /Users/admin/builder/spi-builder-workspace/Sources/AtProtocol/Networking/Encoding/JSONParameterEncoder.swift /Users/admin/builder/spi-builder-workspace/Sources/AtProtocol/Networking/Encoding/ParameterEncoding.swift /Users/admin/builder/spi-builder-workspace/Sources/AtProtocol/Networking/Encoding/URLParameterEncoder.swift /Users/admin/builder/spi-builder-workspace/Sources/AtProtocol/Networking/Extensions/CharacterSet.swift /Users/admin/builder/spi-builder-workspace/Sources/AtProtocol/Networking/Extensions/Encodable.swift /Users/admin/builder/spi-builder-workspace/Sources/AtProtocol/Networking/Service/EndpointType.swift /Users/admin/builder/spi-builder-workspace/Sources/AtProtocol/Networking/Service/HTTPMethod.swift /Users/admin/builder/spi-builder-workspace/Sources/AtProtocol/Networking/Service/HTTPTask.swift /Users/admin/builder/spi-builder-workspace/Sources/AtProtocol/Networking/Service/NetworkRouter.swift /Users/admin/builder/spi-builder-workspace/Sources/AtProtocol/Networking/Service/NetworkingProtocol.swift /Users/admin/builder/spi-builder-workspace/Sources/AtProtocol/Networking/Service/StatusCode.swift /Users/admin/builder/spi-builder-workspace/Sources/AtProtocol/Services/AtProto.swift /Users/admin/builder/spi-builder-workspace/Sources/AtProtocol/Services/AtProtoAPI.swift /Users/admin/builder/spi-builder-workspace/Sources/AtProtocol/Services/Bsky.swift /Users/admin/builder/spi-builder-workspace/Sources/AtProtocol/Services/BskyAPI.swift -supplementary-output-file-map /Users/admin/builder/spi-builder-workspace/.derivedData/Build/Intermediates.noindex/AtProtocol.build/Debug-watchos/AtProtocol-t.build/Objects-normal/arm64_32/supplementaryOutputs-7 -target arm64_32-apple-watchos10.0 -disable-cross-import-overlay-search -swift-module-cross-import SwiftData /Applications/Xcode-27.0.0-Release.Candidate.app/Contents/Developer/Platforms/WatchOS.platform/Developer/SDKs/WatchOS27.0.sdk/System/Library/Frameworks/SwiftData.framework/Modules/SwiftData.swiftcrossimport/CoreData.swiftoverlay -swift-module-cross-import SwiftData /Applications/Xcode-27.0.0-Release.Candidate.app/Contents/Developer/Platforms/WatchOS.platform/Developer/SDKs/WatchOS27.0.sdk/System/Library/Frameworks/SwiftData.framework/Modules/SwiftData.swiftcrossimport/SwiftUI.swiftoverlay -load-resolved-plugin /Applications/Xcode-27.0.0-Release.Candidate.app/Contents/Developer/Platforms/WatchOS.platform/Developer/usr/lib/swift/host/plugins/libFoundationMacros.dylib\#/Applications/Xcode-27.0.0-Release.Candidate.app/Contents/Developer/Platforms/WatchOS.platform/Developer/usr/bin/swift-plugin-server\#FoundationMacros -load-resolved-plugin /Applications/Xcode-27.0.0-Release.Candidate.app/Contents/Developer/Platforms/WatchOS.platform/Developer/usr/lib/swift/host/plugins/libObservationMacros.dylib\#/Applications/Xcode-27.0.0-Release.Candidate.app/Contents/Developer/Platforms/WatchOS.platform/Developer/usr/bin/swift-plugin-server\#ObservationMacros -load-resolved-plugin /Applications/Xcode-27.0.0-Release.Candidate.app/Contents/Developer/Platforms/WatchOS.platform/Developer/usr/lib/swift/host/plugins/libSwiftDataMacros.dylib\#/Applications/Xcode-27.0.0-Release.Candidate.app/Contents/Developer/Platforms/WatchOS.platform/Developer/usr/bin/swift-plugin-server\#SwiftDataMacros -load-resolved-plugin /Applications/Xcode-27.0.0-Release.Candidate.app/Contents/Developer/Platforms/WatchOS.platform/Developer/usr/lib/swift/host/plugins/libSwiftMacros.dylib\#/Applications/Xcode-27.0.0-Release.Candidate.app/Contents/Developer/Platforms/WatchOS.platform/Developer/usr/bin/swift-plugin-server\#SwiftMacros -disable-implicit-swift-modules -Xcc -fno-implicit-modules -Xcc -fno-implicit-module-maps -explicit-swift-module-map-file /Users/admin/builder/spi-builder-workspace/.derivedData/Build/Intermediates.noindex/AtProtocol.build/Debug-watchos/AtProtocol-t.build/Objects-normal/arm64_32/AtProtocol-dependencies-2.json -enable-objc-interop -sdk /Applications/Xcode-27.0.0-Release.Candidate.app/Contents/Developer/Platforms/WatchOS.platform/Developer/SDKs/WatchOS27.0.sdk -I /Users/admin/builder/spi-builder-workspace/.derivedData/Build/Products/Debug-watchos -Isystem /Applications/Xcode-27.0.0-Release.Candidate.app/Contents/Developer/Platforms/WatchOS.platform/Developer/usr/lib -F /Users/admin/builder/spi-builder-workspace/.derivedData/Build/Products/Debug-watchos -F /Applications/Xcode-27.0.0-Release.Candidate.app/Contents/Developer/Platforms/WatchOS.platform/Developer/Library/Frameworks -F /Applications/Xcode-27.0.0-Release.Candidate.app/Contents/Developer/Platforms/WatchOS.platform/Developer/SDKs/WatchOS27.0.sdk/Developer/Library/Frameworks -module-cache-path /Users/admin/builder/spi-builder-workspace/.derivedData/Build/Intermediates.noindex/SwiftExplicitPrecompiledModules -no-color-diagnostics -Xcc -fno-color-diagnostics -enable-testing -g -debug-info-format\=dwarf -dwarf-version\=4 -profile-generate -profile-coverage-mapping -swift-version 6 -Onone -D SWIFT_PACKAGE -D DEBUG -D SWIFT_MODULE_RESOURCE_BUNDLE_UNAVAILABLE -D Xcode -serialize-debugging-options -enable-experimental-feature StrictConcurrency -enable-experimental-feature DebugDescriptionMacro -empty-abi-descriptor -validate-clang-modules-once -clang-build-session-file /Users/admin/builder/spi-builder-workspace/.derivedData/ModuleCache.noindex/Session.modulevalidation -Xcc -working-directory -Xcc /Users/admin/builder/spi-builder-workspace/.swiftpm/xcode -enable-anonymous-context-mangled-names -file-compilation-dir /Users/admin/builder/spi-builder-workspace/.swiftpm/xcode -Xcc -D_LIBCPP_HARDENING_MODE\=_LIBCPP_HARDENING_MODE_DEBUG -Xcc -ivfsstatcache -Xcc /Users/admin/builder/spi-builder-workspace/.derivedData/SDKStatCaches.noindex/watchos27.0-24R360-e829b21a6f8c9b70876ba0858053c04477534ef55a1706bf4c1112bbb242f0a2.sdkstatcache -Xcc -fmodules-prune-interval\=86400 -Xcc -fmodules-prune-after\=345600 -Xcc -I/Users/admin/builder/spi-builder-workspace/.derivedData/Build/Products/Debug-watchos/include -Xcc -I/Users/admin/builder/spi-builder-workspace/.derivedData/Build/Intermediates.noindex/AtProtocol.build/Debug-watchos/AtProtocol-t.build/DerivedSources-normal/arm64_32 -Xcc -I/Users/admin/builder/spi-builder-workspace/.derivedData/Build/Intermediates.noindex/AtProtocol.build/Debug-watchos/AtProtocol-t.build/DerivedSources/arm64_32 -Xcc -I/Users/admin/builder/spi-builder-workspace/.derivedData/Build/Intermediates.noindex/AtProtocol.build/Debug-watchos/AtProtocol-t.build/DerivedSources -Xcc -DSWIFT_PACKAGE -Xcc -DDEBUG\=1 -no-auto-bridging-header-chaining -module-name AtProtocol -package-name spi_builder_workspace -const-gather-protocols-file /Users/admin/builder/spi-builder-workspace/.derivedData/Build/Intermediates.noindex/AtProtocol.build/Debug-watchos/AtProtocol-t.build/Objects-normal/arm64_32/AtProtocol_const_extract_protocols.json -disable-clang-spi -clang-target arm64_32-apple-watchos27.0 -target-sdk-version 27.0 -target-sdk-name watchos27.0 -in-process-plugin-server-path /Applications/Xcode-27.0.0-Release.Candidate.app/Contents/Developer/Toolchains/XcodeDefault.xctoolchain/usr/lib/swift/host/libSwiftInProcPluginServer.dylib -parse-as-library -o /Users/admin/builder/spi-builder-workspace/.derivedData/Build/Intermediates.noindex/AtProtocol.build/Debug-watchos/AtProtocol-t.build/Objects-normal/arm64_32/Viewer.o -o /Users/admin/builder/spi-builder-workspace/.derivedData/Build/Intermediates.noindex/AtProtocol.build/Debug-watchos/AtProtocol-t.build/Objects-normal/arm64_32/Networking.o -o /Users/admin/builder/spi-builder-workspace/.derivedData/Build/Intermediates.noindex/AtProtocol.build/Debug-watchos/AtProtocol-t.build/Objects-normal/arm64_32/JSONParameterEncoder.o -debug-module-path /Users/admin/builder/spi-builder-workspace/.derivedData/Build/Intermediates.noindex/AtProtocol.build/Debug-watchos/AtProtocol-t.build/Objects-normal/arm64_32/AtProtocol.swiftmodule -index-unit-output-path /AtProtocol.build/Debug-watchos/AtProtocol-t.build/Objects-normal/arm64_32/Viewer.o -index-unit-output-path /AtProtocol.build/Debug-watchos/AtProtocol-t.build/Objects-normal/arm64_32/Networking.o -index-unit-output-path /AtProtocol.build/Debug-watchos/AtProtocol-t.build/Objects-normal/arm64_32/JSONParameterEncoder.o -index-store-path /Users/admin/builder/spi-builder-workspace/.derivedData/Index.noindex/DataStore -index-system-modules
SwiftCompile normal arm64_32 /Users/admin/builder/spi-builder-workspace/Sources/AtProtocol/Models/Viewer.swift (in target 'AtProtocol' from project 'AtProtocol')
cd /Users/admin/builder/spi-builder-workspace/.swiftpm/xcode
builtin-SwiftPerFileCompile Viewer.swift
SwiftCompile normal arm64_32 /Users/admin/builder/spi-builder-workspace/Sources/AtProtocol/Networking.swift (in target 'AtProtocol' from project 'AtProtocol')
cd /Users/admin/builder/spi-builder-workspace/.swiftpm/xcode
builtin-SwiftPerFileCompile Networking.swift
SwiftCompile normal arm64_32 /Users/admin/builder/spi-builder-workspace/Sources/AtProtocol/Networking/Encoding/JSONParameterEncoder.swift (in target 'AtProtocol' from project 'AtProtocol')
cd /Users/admin/builder/spi-builder-workspace/.swiftpm/xcode
builtin-SwiftPerFileCompile JSONParameterEncoder.swift
SwiftCompile normal arm64_32 Compiling\ HTTPTask.swift,\ NetworkRouter.swift /Users/admin/builder/spi-builder-workspace/Sources/AtProtocol/Networking/Service/HTTPTask.swift /Users/admin/builder/spi-builder-workspace/Sources/AtProtocol/Networking/Service/NetworkRouter.swift (in target 'AtProtocol' from project 'AtProtocol')
/Users/admin/builder/spi-builder-workspace/Sources/AtProtocol/Models/AtError.swift:7:14: warning: Should error be type string or AtErrorType?
5 |
6 | public struct ErrorMessage: APCodable {
7 | #warning("Should error be type string or AtErrorType?")
| `- warning: Should error be type string or AtErrorType?
8 | public let error: String
9 | public let message: String?
SwiftCompile normal arm64_32 /Users/admin/builder/spi-builder-workspace/Sources/AtProtocol/Networking/Service/HTTPTask.swift (in target 'AtProtocol' from project 'AtProtocol')
cd /Users/admin/builder/spi-builder-workspace/.swiftpm/xcode
builtin-SwiftPerFileCompile HTTPTask.swift
SwiftCompile normal arm64_32 /Users/admin/builder/spi-builder-workspace/Sources/AtProtocol/Networking/Service/NetworkRouter.swift (in target 'AtProtocol' from project 'AtProtocol')
cd /Users/admin/builder/spi-builder-workspace/.swiftpm/xcode
builtin-SwiftPerFileCompile NetworkRouter.swift
SwiftCompile normal arm64_32 Compiling\ Bsky.swift,\ BskyAPI.swift /Users/admin/builder/spi-builder-workspace/Sources/AtProtocol/Services/Bsky.swift /Users/admin/builder/spi-builder-workspace/Sources/AtProtocol/Services/BskyAPI.swift (in target 'AtProtocol' from project 'AtProtocol')
/Users/admin/builder/spi-builder-workspace/Sources/AtProtocol/Services/BskyAPI.swift:40:17: warning: variable 'parameters' was never mutated; consider changing to 'let' constant [#VariableNeverMutated]
38 | switch self {
39 | case .getFeedGenerators(let feeds):
40 | var parameters: Parameters = [:]
| `- warning: variable 'parameters' was never mutated; consider changing to 'let' constant [#VariableNeverMutated]
41 | for feed in feeds {
42 |
SwiftCompile normal arm64_32 /Users/admin/builder/spi-builder-workspace/Sources/AtProtocol/Services/Bsky.swift (in target 'AtProtocol' from project 'AtProtocol')
cd /Users/admin/builder/spi-builder-workspace/.swiftpm/xcode
builtin-SwiftPerFileCompile Bsky.swift
SwiftCompile normal arm64_32 /Users/admin/builder/spi-builder-workspace/Sources/AtProtocol/Services/BskyAPI.swift (in target 'AtProtocol' from project 'AtProtocol')
cd /Users/admin/builder/spi-builder-workspace/.swiftpm/xcode
builtin-SwiftPerFileCompile BskyAPI.swift
SwiftEmitModule normal arm64_32 Emitting\ module\ for\ AtProtocol (in target 'AtProtocol' from project 'AtProtocol')
SwiftCompile normal arm64_32 (in target 'AtProtocol' from project 'AtProtocol')
cd /Users/admin/builder/spi-builder-workspace/.swiftpm/xcode
SwiftCompile normal arm64_32 Compiling\ NetworkingProtocol.swift,\ StatusCode.swift /Users/admin/builder/spi-builder-workspace/Sources/AtProtocol/Networking/Service/NetworkingProtocol.swift /Users/admin/builder/spi-builder-workspace/Sources/AtProtocol/Networking/Service/StatusCode.swift (in target 'AtProtocol' from project 'AtProtocol')
SwiftCompile normal arm64_32 /Users/admin/builder/spi-builder-workspace/Sources/AtProtocol/Networking/Service/NetworkingProtocol.swift (in target 'AtProtocol' from project 'AtProtocol')
cd /Users/admin/builder/spi-builder-workspace/.swiftpm/xcode
builtin-SwiftPerFileCompile NetworkingProtocol.swift
SwiftCompile normal arm64_32 /Users/admin/builder/spi-builder-workspace/Sources/AtProtocol/Networking/Service/StatusCode.swift (in target 'AtProtocol' from project 'AtProtocol')
cd /Users/admin/builder/spi-builder-workspace/.swiftpm/xcode
builtin-SwiftPerFileCompile StatusCode.swift
SwiftEmitModule normal arm64 Emitting\ module\ for\ AtProtocol (in target 'AtProtocol' from project 'AtProtocol')
SwiftCompile normal arm64 (in target 'AtProtocol' from project 'AtProtocol')
cd /Users/admin/builder/spi-builder-workspace/.swiftpm/xcode
SwiftDriverJobDiscovery normal arm64_32 Compiling Encodable.swift, EndpointType.swift, HTTPMethod.swift (in target 'AtProtocol' from project 'AtProtocol')
SwiftCompile normal arm64 Compiling\ ParameterEncoding.swift,\ URLParameterEncoder.swift,\ CharacterSet.swift /Users/admin/builder/spi-builder-workspace/Sources/AtProtocol/Networking/Encoding/ParameterEncoding.swift /Users/admin/builder/spi-builder-workspace/Sources/AtProtocol/Networking/Encoding/URLParameterEncoder.swift /Users/admin/builder/spi-builder-workspace/Sources/AtProtocol/Networking/Extensions/CharacterSet.swift (in target 'AtProtocol' from project 'AtProtocol')
SwiftCompile normal arm64 /Users/admin/builder/spi-builder-workspace/Sources/AtProtocol/Networking/Encoding/ParameterEncoding.swift (in target 'AtProtocol' from project 'AtProtocol')
cd /Users/admin/builder/spi-builder-workspace/.swiftpm/xcode
builtin-SwiftPerFileCompile ParameterEncoding.swift
SwiftCompile normal arm64 /Users/admin/builder/spi-builder-workspace/Sources/AtProtocol/Networking/Encoding/URLParameterEncoder.swift (in target 'AtProtocol' from project 'AtProtocol')
cd /Users/admin/builder/spi-builder-workspace/.swiftpm/xcode
builtin-SwiftPerFileCompile URLParameterEncoder.swift
SwiftCompile normal arm64 /Users/admin/builder/spi-builder-workspace/Sources/AtProtocol/Networking/Extensions/CharacterSet.swift (in target 'AtProtocol' from project 'AtProtocol')
cd /Users/admin/builder/spi-builder-workspace/.swiftpm/xcode
builtin-SwiftPerFileCompile CharacterSet.swift
SwiftDriverJobDiscovery normal arm64_32 Compiling NetworkingProtocol.swift, StatusCode.swift (in target 'AtProtocol' from project 'AtProtocol')
SwiftCompile normal arm64 Compiling\ Encodable.swift,\ EndpointType.swift,\ HTTPMethod.swift /Users/admin/builder/spi-builder-workspace/Sources/AtProtocol/Networking/Extensions/Encodable.swift /Users/admin/builder/spi-builder-workspace/Sources/AtProtocol/Networking/Service/EndpointType.swift /Users/admin/builder/spi-builder-workspace/Sources/AtProtocol/Networking/Service/HTTPMethod.swift (in target 'AtProtocol' from project 'AtProtocol')
SwiftCompile normal arm64 /Users/admin/builder/spi-builder-workspace/Sources/AtProtocol/Networking/Extensions/Encodable.swift (in target 'AtProtocol' from project 'AtProtocol')
cd /Users/admin/builder/spi-builder-workspace/.swiftpm/xcode
builtin-SwiftPerFileCompile Encodable.swift
SwiftCompile normal arm64 /Users/admin/builder/spi-builder-workspace/Sources/AtProtocol/Networking/Service/EndpointType.swift (in target 'AtProtocol' from project 'AtProtocol')
cd /Users/admin/builder/spi-builder-workspace/.swiftpm/xcode
builtin-SwiftPerFileCompile EndpointType.swift
SwiftCompile normal arm64 /Users/admin/builder/spi-builder-workspace/Sources/AtProtocol/Networking/Service/HTTPMethod.swift (in target 'AtProtocol' from project 'AtProtocol')
cd /Users/admin/builder/spi-builder-workspace/.swiftpm/xcode
builtin-SwiftPerFileCompile HTTPMethod.swift
SwiftDriverJobDiscovery normal arm64_32 Compiling HTTPTask.swift, NetworkRouter.swift (in target 'AtProtocol' from project 'AtProtocol')
SwiftCompile normal arm64 Compiling\ Viewer.swift,\ Networking.swift,\ JSONParameterEncoder.swift /Users/admin/builder/spi-builder-workspace/Sources/AtProtocol/Models/Viewer.swift /Users/admin/builder/spi-builder-workspace/Sources/AtProtocol/Networking.swift /Users/admin/builder/spi-builder-workspace/Sources/AtProtocol/Networking/Encoding/JSONParameterEncoder.swift (in target 'AtProtocol' from project 'AtProtocol')
SwiftCompile normal arm64 /Users/admin/builder/spi-builder-workspace/Sources/AtProtocol/Models/Viewer.swift (in target 'AtProtocol' from project 'AtProtocol')
cd /Users/admin/builder/spi-builder-workspace/.swiftpm/xcode
builtin-SwiftPerFileCompile Viewer.swift
SwiftCompile normal arm64 /Users/admin/builder/spi-builder-workspace/Sources/AtProtocol/Networking.swift (in target 'AtProtocol' from project 'AtProtocol')
cd /Users/admin/builder/spi-builder-workspace/.swiftpm/xcode
builtin-SwiftPerFileCompile Networking.swift
SwiftCompile normal arm64 /Users/admin/builder/spi-builder-workspace/Sources/AtProtocol/Networking/Encoding/JSONParameterEncoder.swift (in target 'AtProtocol' from project 'AtProtocol')
cd /Users/admin/builder/spi-builder-workspace/.swiftpm/xcode
builtin-SwiftPerFileCompile JSONParameterEncoder.swift
SwiftDriverJobDiscovery normal arm64_32 Compiling Feed.swift, LoginObject.swift, Preferences.swift (in target 'AtProtocol' from project 'AtProtocol')
SwiftCompile normal arm64 Compiling\ Bsky.swift,\ BskyAPI.swift /Users/admin/builder/spi-builder-workspace/Sources/AtProtocol/Services/Bsky.swift /Users/admin/builder/spi-builder-workspace/Sources/AtProtocol/Services/BskyAPI.swift (in target 'AtProtocol' from project 'AtProtocol')
SwiftCompile normal arm64 /Users/admin/builder/spi-builder-workspace/Sources/AtProtocol/Services/Bsky.swift (in target 'AtProtocol' from project 'AtProtocol')
cd /Users/admin/builder/spi-builder-workspace/.swiftpm/xcode
builtin-SwiftPerFileCompile Bsky.swift
SwiftCompile normal arm64 /Users/admin/builder/spi-builder-workspace/Sources/AtProtocol/Services/BskyAPI.swift (in target 'AtProtocol' from project 'AtProtocol')
cd /Users/admin/builder/spi-builder-workspace/.swiftpm/xcode
builtin-SwiftPerFileCompile BskyAPI.swift
PruneExplicitPrecompiledModules /Users/admin/builder/spi-builder-workspace/.derivedData/SDKExplicitPrecompiledModules
PruneExplicitPrecompiledModules /Users/admin/builder/spi-builder-workspace/.derivedData/Build/Intermediates.noindex/ExplicitPrecompiledModules
PruneExplicitPrecompiledModules /Users/admin/builder/spi-builder-workspace/.derivedData/Build/Intermediates.noindex/SwiftExplicitPrecompiledModules
2026-09-19 16:39:27.280 xcodebuild[738:4527] [MT] IDERunDestination: Supported platforms for the buildables in the current scheme is empty.
** BUILD FAILED **
The following build commands failed:
SwiftCompile normal arm64_32 Compiling\ Viewer.swift,\ Networking.swift,\ JSONParameterEncoder.swift /Users/admin/builder/spi-builder-workspace/Sources/AtProtocol/Models/Viewer.swift /Users/admin/builder/spi-builder-workspace/Sources/AtProtocol/Networking.swift /Users/admin/builder/spi-builder-workspace/Sources/AtProtocol/Networking/Encoding/JSONParameterEncoder.swift (in target 'AtProtocol' from project 'AtProtocol')
SwiftCompile normal arm64_32 /Users/admin/builder/spi-builder-workspace/Sources/AtProtocol/Networking.swift (in target 'AtProtocol' from project 'AtProtocol')
Building workspace AtProtocol with scheme AtProtocol
(3 failures)
BUILD FAILURE 6.4 watchOS