The Swift Package Index logo.Swift Package Index

Build Information

Failed to build TextClippingKit, reference main (4b6f26), with Swift 6.4 for Linux on 22 Sep 2026 03:34:04 UTC.

Build Command

bash -c docker run --pull=always --rm -v "checkouts-54344843-1":/host -w "$PWD" -e JAVA_HOME="/root/.sdkman/candidates/java/current" -e SPI_BUILD="1" -e SPI_PROCESSING="1" registry.gitlab.com/saguaro1/spi-images:basic-6.4-latest swift build --triple x86_64-unknown-linux-gnu 2>&1

Build Log

========================================
RunAll
========================================
Builder version: 5.1.0
Interrupt handler set up.
========================================
Checkout
========================================
Clone URL: https://github.com/dagronf/TextClippingKit.git
Reference: main
Initialized empty Git repository in /host/spi-builder-workspace/.git/
hint: Using 'master' as the name for the initial branch. This default branch name
hint: is subject to change. To configure the initial branch name to use in all
hint: of your new repositories, which will suppress this warning, call:
hint:
hint: 	git config --global init.defaultBranch <name>
hint:
hint: Names commonly chosen instead of 'master' are 'main', 'trunk' and
hint: 'development'. The just-created branch can be renamed via this command:
hint:
hint: 	git branch -m <name>
From https://github.com/dagronf/TextClippingKit
 * branch            main       -> FETCH_HEAD
 * [new branch]      main       -> origin/main
HEAD is now at 4b6f266 First release
Cloned https://github.com/dagronf/TextClippingKit.git
Revision (git rev-parse @):
4b6f266fd8032354f0d3a05d35472af0a2652671
SUCCESS checkout https://github.com/dagronf/TextClippingKit.git at main
========================================
Build
========================================
Selected platform:         linux
Swift version:             6.4
Building package at path:  $PWD
https://github.com/dagronf/TextClippingKit.git
Running build ...
bash -c docker run --pull=always --rm -v "checkouts-54344843-1":/host -w "$PWD" -e JAVA_HOME="/root/.sdkman/candidates/java/current" -e SPI_BUILD="1" -e SPI_PROCESSING="1" registry.gitlab.com/saguaro1/spi-images:basic-6.4-latest swift build --triple x86_64-unknown-linux-gnu 2>&1
basic-6.4-latest: Pulling from saguaro1/spi-images
Digest: sha256:c77fcce225e223ac0fafed844619173fc6de8d62dd560eeb28db3182af6a282b
Status: Image is up to date for registry.gitlab.com/saguaro1/spi-images:basic-6.4-latest
Building for debugging...
[Planning deferred tasks]
[29 / 37] TextClippingKit
error: SwiftCompile normal x86_64 /host/spi-builder-workspace/Sources/TextClippingKit/TextClipping.swift failed with a nonzero exit code. Command line:     cd /host
    builtin-SwiftPerFileCompile TextClipping.swift
/host/spi-builder-workspace/Sources/TextClippingKit/TextClipping.swift:106:51: error: cannot convert value of type 'String.Encoding' to expected argument type 'UInt'
104 | 		// utf16
105 | 		if let data = self.utiData["public.utf16-plain-text"] as? Data,
106 | 			let rawString = NSString(data: data, encoding: NSUTF16LittleEndianStringEncoding)
    |                                                   `- error: cannot convert value of type 'String.Encoding' to expected argument type 'UInt'
107 | 		{
108 | 			self.utf16 = rawString as String
/host/spi-builder-workspace/Sources/TextClippingKit/TextClipping.swift:115:71: error: extra argument 'documentAttributes' in call
113 | 			let data = str.data(using: .utf8)
114 | 		{
115 | 			self.rtf = try? NSAttributedString(data: data, documentAttributes: nil)
    |                                                                       `- error: extra argument 'documentAttributes' in call
116 | 		}
117 |
/host/spi-builder-workspace/Sources/TextClippingKit/TextClipping.swift:115:71: error: 'nil' requires a contextual type
113 | 			let data = str.data(using: .utf8)
114 | 		{
115 | 			self.rtf = try? NSAttributedString(data: data, documentAttributes: nil)
    |                                                                       `- error: 'nil' requires a contextual type
116 | 		}
117 |
/host/spi-builder-workspace/Sources/TextClippingKit/TextClipping.swift:120:72: error: extra argument 'documentAttributes' in call
118 | 		// rtfd
119 | 		if let data = self.utiData["com.apple.flat-rtfd"] as? Data {
120 | 			self.rtfd = try? NSAttributedString(data: data, documentAttributes: nil)
    |                                                                        `- error: extra argument 'documentAttributes' in call
121 | 		}
122 |
/host/spi-builder-workspace/Sources/TextClippingKit/TextClipping.swift:120:72: error: 'nil' requires a contextual type
118 | 		// rtfd
119 | 		if let data = self.utiData["com.apple.flat-rtfd"] as? Data {
120 | 			self.rtfd = try? NSAttributedString(data: data, documentAttributes: nil)
    |                                                                        `- error: 'nil' requires a contextual type
121 | 		}
122 |
/host/spi-builder-workspace/Sources/TextClippingKit/TextClipping.swift:208:75: error: cannot convert value of type 'String.Encoding' to expected argument type 'UInt'
206 | 	private static func insertUtf8Encoded(_ utiData: NSMutableDictionary, string: String) {
207 | 		if let utf8Data = string.data(using: .utf8) {
208 | 			utiData["public.utf8-plain-text"] = NSString(data: utf8Data, encoding: NSUTF8StringEncoding)
    |                                                                           `- error: cannot convert value of type 'String.Encoding' to expected argument type 'UInt'
209 | 		}
210 | 	}
/host/spi-builder-workspace/Sources/TextClippingKit/TextClipping.swift:221:26: error: value of type 'NSAttributedString' has no member 'data'
219 | 		do {
220 | 			let rtf = NSAttributedString(string: string)
221 | 			let rtfData = try rtf.data(
    |                          `- error: value of type 'NSAttributedString' has no member 'data'
222 | 				from: NSRange(location: 0, length: rtf.length),
223 | 				documentAttributes: [
/host/spi-builder-workspace/Sources/TextClippingKit/TextClipping.swift:224:40: error: type 'NSAttributedString' has no member 'DocumentType'
222 | 				from: NSRange(location: 0, length: rtf.length),
223 | 				documentAttributes: [
224 | 					.documentType: NSAttributedString.DocumentType.rtf,
    |                                        `- error: type 'NSAttributedString' has no member 'DocumentType'
225 | 				]
226 | 			)
/host/spi-builder-workspace/Sources/TextClippingKit/TextClipping.swift:227:49: error: cannot convert value of type 'String.Encoding' to expected argument type 'UInt'
225 | 				]
226 | 			)
227 | 			let rtfs = NSString(data: rtfData, encoding: NSUTF8StringEncoding)
    |                                                 `- error: cannot convert value of type 'String.Encoding' to expected argument type 'UInt'
228 | 			utiData["public.rtf"] = rtfs
229 | 		}
/host/spi-builder-workspace/Sources/TextClippingKit/TextClipping.swift:237:39: error: value of type 'NSAttributedString' has no member 'data'
235 | 	private static func insertRtfEncoded(_ utiData: NSMutableDictionary, attributedString: NSAttributedString) {
236 | 		do {
237 | 			let rtfData = try attributedString.data(
    |                                       `- error: value of type 'NSAttributedString' has no member 'data'
238 | 				from: NSRange(location: 0, length: attributedString.length),
239 | 				documentAttributes: [
/host/spi-builder-workspace/Sources/TextClippingKit/TextClipping.swift:240:40: error: type 'NSAttributedString' has no member 'DocumentType'
238 | 				from: NSRange(location: 0, length: attributedString.length),
239 | 				documentAttributes: [
240 | 					.documentType: NSAttributedString.DocumentType.rtf,
    |                                        `- error: type 'NSAttributedString' has no member 'DocumentType'
241 | 				]
242 | 			)
/host/spi-builder-workspace/Sources/TextClippingKit/TextClipping.swift:243:49: error: cannot convert value of type 'String.Encoding' to expected argument type 'UInt'
241 | 				]
242 | 			)
243 | 			let rtfs = NSString(data: rtfData, encoding: NSUTF8StringEncoding)
    |                                                 `- error: cannot convert value of type 'String.Encoding' to expected argument type 'UInt'
244 | 			utiData["public.rtf"] = rtfs
245 | 		}
/host/spi-builder-workspace/Sources/TextClippingKit/TextClipping.swift:255:26: error: value of type 'NSAttributedString' has no member 'data'
253 | 		do {
254 | 			let rtf = NSAttributedString(string: string)
255 | 			let rtfData = try rtf.data(
    |                          `- error: value of type 'NSAttributedString' has no member 'data'
256 | 				from: NSRange(location: 0, length: rtf.length),
257 | 				documentAttributes: [
/host/spi-builder-workspace/Sources/TextClippingKit/TextClipping.swift:258:40: error: type 'NSAttributedString' has no member 'DocumentType'
256 | 				from: NSRange(location: 0, length: rtf.length),
257 | 				documentAttributes: [
258 | 					.documentType: NSAttributedString.DocumentType.html,
    |                                        `- error: type 'NSAttributedString' has no member 'DocumentType'
259 | 				]
260 | 			)
/host/spi-builder-workspace/Sources/TextClippingKit/TextClipping.swift:271:39: error: value of type 'NSAttributedString' has no member 'data'
269 | 		// HTML
270 | 		do {
271 | 			let rtfData = try attributedString.data(
    |                                       `- error: value of type 'NSAttributedString' has no member 'data'
272 | 				from: NSRange(location: 0, length: attributedString.length),
273 | 				documentAttributes: [
/host/spi-builder-workspace/Sources/TextClippingKit/TextClipping.swift:274:40: error: type 'NSAttributedString' has no member 'DocumentType'
272 | 				from: NSRange(location: 0, length: attributedString.length),
273 | 				documentAttributes: [
274 | 					.documentType: NSAttributedString.DocumentType.html,
    |                                        `- error: type 'NSAttributedString' has no member 'DocumentType'
275 | 				]
276 | 			)
Failed frontend command:
/usr/bin/swift-frontend -frontend -c -primary-file /host/spi-builder-workspace/Sources/TextClippingKit/TextClipping.swift /host/spi-builder-workspace/Sources/TextClippingKit/private/Extras.swift -emit-dependencies-path /host/spi-builder-workspace/.build/out/Intermediates.noindex/TextClippingKit.build/Debug-linux-x86_64/TextClippingKit-t.build/Objects-normal/x86_64/TextClipping.d -emit-const-values-path /host/spi-builder-workspace/.build/out/Intermediates.noindex/TextClippingKit.build/Debug-linux-x86_64/TextClippingKit-t.build/Objects-normal/x86_64/TextClipping.swiftconstvalues -emit-reference-dependencies-path /host/spi-builder-workspace/.build/out/Intermediates.noindex/TextClippingKit.build/Debug-linux-x86_64/TextClippingKit-t.build/Objects-normal/x86_64/TextClipping.swiftdeps -serialize-diagnostics-path /host/spi-builder-workspace/.build/out/Intermediates.noindex/TextClippingKit.build/Debug-linux-x86_64/TextClippingKit-t.build/Objects-normal/x86_64/TextClipping.dia -target x86_64-unknown-linux-gnu -disable-objc-interop -I /host/spi-builder-workspace/.build/out/Products/Debug-linux-x86_64 -module-cache-path /host/spi-builder-workspace/.build/out/ModuleCache.noindex -color-diagnostics -Xcc -fcolor-diagnostics -enable-testing -g -debug-info-format\=dwarf -dwarf-version\=4 -swift-version 5 -Onone -D SWIFT_PACKAGE -D DEBUG -D SWIFT_MODULE_RESOURCE_BUNDLE_UNAVAILABLE -D Xcode -serialize-debugging-options -enable-experimental-feature DebugDescriptionMacro -empty-abi-descriptor -external-plugin-path /usr/lib/swift/host/plugins/testing\#/usr/bin/swift-plugin-server -validate-clang-modules-once -clang-build-session-file /host/spi-builder-workspace/.build/out/ModuleCache.noindex/Session.modulevalidation -Xcc -working-directory -Xcc /host -enable-anonymous-context-mangled-names -file-compilation-dir /host -Xcc -fno-omit-frame-pointer -Xcc -D_LIBCPP_HARDENING_MODE\=_LIBCPP_HARDENING_MODE_DEBUG -Xcc -fmodules-prune-interval\=86400 -Xcc -fmodules-prune-after\=345600 -Xcc -I/host/spi-builder-workspace/.build/out/Products/Debug-linux-x86_64/include -Xcc -I/host/spi-builder-workspace/.build/out/Intermediates.noindex/TextClippingKit.build/Debug-linux-x86_64/TextClippingKit-t.build/DerivedSources-normal/x86_64 -Xcc -I/host/spi-builder-workspace/.build/out/Intermediates.noindex/TextClippingKit.build/Debug-linux-x86_64/TextClippingKit-t.build/DerivedSources/x86_64 -Xcc -I/host/spi-builder-workspace/.build/out/Intermediates.noindex/TextClippingKit.build/Debug-linux-x86_64/TextClippingKit-t.build/DerivedSources -Xcc -DSWIFT_PACKAGE -Xcc -DDEBUG\=1 -no-auto-bridging-header-chaining -module-name TextClippingKit -const-gather-protocols-file /host/spi-builder-workspace/.build/out/Intermediates.noindex/TextClippingKit.build/Debug-linux-x86_64/TextClippingKit-t.build/Objects-normal/x86_64/TextClippingKit_const_extract_protocols.json -in-process-plugin-server-path /usr/lib/swift/host/libSwiftInProcPluginServer.so -plugin-path /usr/lib/swift/host/plugins -plugin-path /usr/local/lib/swift/host/plugins -parse-as-library -o /host/spi-builder-workspace/.build/out/Intermediates.noindex/TextClippingKit.build/Debug-linux-x86_64/TextClippingKit-t.build/Objects-normal/x86_64/TextClipping.o -index-unit-output-path /TextClippingKit.build/Debug-linux-x86_64/TextClippingKit-t.build/Objects-normal/x86_64/TextClipping.o -index-store-path /host/spi-builder-workspace/.build/out -index-system-modules
error: Build failed
BUILD FAILURE 6.4 linux