The Swift Package Index logo.Swift Package Index

Build Information

Failed to build TagListView, reference master (78e7ce), with Swift 6.4 for watchOS using Xcode 27.0 on 21 Sep 2026 21:31:04 UTC.

Build Command

env DEVELOPER_DIR=/Applications/Xcode-27.0.0-Release.Candidate.app xcrun xcodebuild -IDEClonedSourcePackagesDirPathOverride=$PWD/.dependencies -skipMacroValidation -skipPackagePluginValidation -derivedDataPath $PWD/.derivedData build -scheme TagListView -destination generic/platform=watchOS

Build Log

========================================
RunAll
========================================
Builder version: 5.1.0
Interrupt handler set up.
========================================
Checkout
========================================
Clone URL: https://github.com/ElaWorkshop/TagListView.git
Reference: master
Initialized empty Git repository in /Users/admin/builder/spi-builder-workspace/.git/
From https://github.com/ElaWorkshop/TagListView
 * branch            master     -> FETCH_HEAD
 * [new branch]      master     -> origin/master
HEAD is now at 78e7cec Bump deployment targets
Cloned https://github.com/ElaWorkshop/TagListView.git
Revision (git rev-parse @):
78e7cec8488c9d0808898203312a7dfdb2a3777a
SUCCESS checkout https://github.com/ElaWorkshop/TagListView.git at master
========================================
Build
========================================
Selected platform:         watchOS
Swift version:             6.4
Building package at path:  $PWD
https://github.com/ElaWorkshop/TagListView.git
Command line invocation:
    /Applications/Xcode-27.0.0-Release.Candidate.app/Contents/Developer/usr/bin/xcodebuild -IDEClonedSourcePackagesDirPathOverride=/Users/admin/builder/spi-builder-workspace/.dependencies -resolvePackageDependencies
resolved source packages:
{
  "dependencies" : [
  ],
  "manifest_display_name" : "TagListView",
  "name" : "TagListView",
  "path" : "/Users/admin/builder/spi-builder-workspace",
  "platforms" : [
    {
      "name" : "ios",
      "version" : "9.0"
    }
  ],
  "products" : [
    {
      "name" : "TagListView",
      "targets" : [
        "TagListView"
      ],
      "type" : {
        "library" : [
          "automatic"
        ]
      }
    }
  ],
  "swift_languages_versions" : [
    "5"
  ],
  "targets" : [
    {
      "c99name" : "TagListView",
      "module_type" : "SwiftTarget",
      "name" : "TagListView",
      "path" : "TagListView",
      "product_memberships" : [
        "TagListView"
      ],
      "sources" : [
        "CloseButton.swift",
        "TagListView.swift",
        "TagView.swift"
      ],
      "type" : "library"
    }
  ],
  "tools_version" : "5.1"
}
{
  "project" : {
    "configurations" : [
      "Debug",
      "Release"
    ],
    "name" : "TagListViewDemo",
    "schemes" : [
      "TagListView",
      "TagListViewDemo"
    ],
    "targets" : [
      "TagListViewDemo",
      "TagListView"
    ]
  }
}
{
  "workspace" : {
    "name" : "TagListView",
    "schemes" : [
      "TagListView"
    ]
  }
}
2026-09-21 17:30:53.556 xcodebuild[622:3900] [MT] IDERunDestination: Supported platforms for the buildables in the current scheme is empty.
Running build ...
env DEVELOPER_DIR=/Applications/Xcode-27.0.0-Release.Candidate.app xcrun xcodebuild -IDEClonedSourcePackagesDirPathOverride=$PWD/.dependencies -skipMacroValidation -skipPackagePluginValidation -derivedDataPath $PWD/.derivedData build -scheme TagListView -destination generic/platform=watchOS
Command line invocation:
    /Applications/Xcode-27.0.0-Release.Candidate.app/Contents/Developer/usr/bin/xcodebuild -IDEClonedSourcePackagesDirPathOverride=/Users/admin/builder/spi-builder-workspace/.dependencies -skipMacroValidation -skipPackagePluginValidation -derivedDataPath /Users/admin/builder/spi-builder-workspace/.derivedData build -scheme TagListView -destination generic/platform=watchOS
Resolve Package Graph
Resolved source packages:
  TagListView: /Users/admin/builder/spi-builder-workspace
ComputePackagePrebuildTargetDependencyGraph
Prepare packages
CreateBuildRequest
SendProjectDescription
CreateBuildOperation
ComputeTargetDependencyGraph
note: Building targets in dependency order
note: Target dependency graph (2 targets)
    Target 'TagListView-product' in project 'TagListView'
        ➜ Explicit dependency on target 'TagListView' in project 'TagListView'
    Target 'TagListView' in project 'TagListView' (no dependencies)
GatherProvisioningInputs
CreateBuildDescription
ExecuteExternalTool /Applications/Xcode-27.0.0-Release.Candidate.app/Contents/Developer/Toolchains/XcodeDefault.xctoolchain/usr/bin/clang -v -E -dM -isysroot /Applications/Xcode-27.0.0-Release.Candidate.app/Contents/Developer/Platforms/WatchOS.platform/Developer/SDKs/WatchOS27.0.sdk -x c -c /dev/null
ExecuteExternalTool /Applications/Xcode-27.0.0-Release.Candidate.app/Contents/Developer/Toolchains/XcodeDefault.xctoolchain/usr/bin/swiftc --version
ExecuteExternalTool /Applications/Xcode-27.0.0-Release.Candidate.app/Contents/Developer/Toolchains/XcodeDefault.xctoolchain/usr/bin/ld -version_details
Build description signature: 17ced7be58dd95631350e82b92fe3160
Build description path: /Users/admin/builder/spi-builder-workspace/.derivedData/Build/Intermediates.noindex/XCBuildData/17ced7be58dd95631350e82b92fe3160.xcbuilddata
CreateBuildDirectory /Users/admin/builder/spi-builder-workspace/.derivedData/SDKExplicitPrecompiledModules
    cd /Users/admin/builder/spi-builder-workspace/.swiftpm/xcode
    builtin-create-build-directory /Users/admin/builder/spi-builder-workspace/.derivedData/SDKExplicitPrecompiledModules
CreateBuildDirectory /Users/admin/builder/spi-builder-workspace/.derivedData/CompilationCache.noindex
    cd /Users/admin/builder/spi-builder-workspace/.swiftpm/xcode
    builtin-create-build-directory /Users/admin/builder/spi-builder-workspace/.derivedData/CompilationCache.noindex
CreateBuildDirectory /Users/admin/builder/spi-builder-workspace/.derivedData/ModuleCache.noindex
    cd /Users/admin/builder/spi-builder-workspace/.swiftpm/xcode
    builtin-create-build-directory /Users/admin/builder/spi-builder-workspace/.derivedData/ModuleCache.noindex
CreateBuildDirectory /Users/admin/builder/spi-builder-workspace/.derivedData/Build/Products
    cd /Users/admin/builder/spi-builder-workspace/.swiftpm/xcode
    builtin-create-build-directory /Users/admin/builder/spi-builder-workspace/.derivedData/Build/Products
CreateBuildDirectory /Users/admin/builder/spi-builder-workspace/.derivedData/Build/Intermediates.noindex
    cd /Users/admin/builder/spi-builder-workspace/.swiftpm/xcode
    builtin-create-build-directory /Users/admin/builder/spi-builder-workspace/.derivedData/Build/Intermediates.noindex
ClangStatCache /Applications/Xcode-27.0.0-Release.Candidate.app/Contents/Developer/Toolchains/XcodeDefault.xctoolchain/usr/bin/clang-stat-cache /Applications/Xcode-27.0.0-Release.Candidate.app/Contents/Developer/Platforms/WatchOS.platform/Developer/SDKs/WatchOS27.0.sdk /Users/admin/builder/spi-builder-workspace/.derivedData/SDKStatCaches.noindex/watchos27.0-24R360-e829b21a6f8c9b70876ba0858053c04477534ef55a1706bf4c1112bbb242f0a2.sdkstatcache
    cd /Users/admin/builder/spi-builder-workspace/.swiftpm/xcode
    /Applications/Xcode-27.0.0-Release.Candidate.app/Contents/Developer/Toolchains/XcodeDefault.xctoolchain/usr/bin/clang-stat-cache /Applications/Xcode-27.0.0-Release.Candidate.app/Contents/Developer/Platforms/WatchOS.platform/Developer/SDKs/WatchOS27.0.sdk -o /Users/admin/builder/spi-builder-workspace/.derivedData/SDKStatCaches.noindex/watchos27.0-24R360-e829b21a6f8c9b70876ba0858053c04477534ef55a1706bf4c1112bbb242f0a2.sdkstatcache
CreateBuildDirectory /Users/admin/builder/spi-builder-workspace/.derivedData/Build/Intermediates.noindex/SwiftExplicitPrecompiledModules
    cd /Users/admin/builder/spi-builder-workspace/.swiftpm/xcode
    builtin-create-build-directory /Users/admin/builder/spi-builder-workspace/.derivedData/Build/Intermediates.noindex/SwiftExplicitPrecompiledModules
CreateBuildDirectory /Users/admin/builder/spi-builder-workspace/.derivedData/Build/Intermediates.noindex/PrecompiledHeaders
    cd /Users/admin/builder/spi-builder-workspace/.swiftpm/xcode
    builtin-create-build-directory /Users/admin/builder/spi-builder-workspace/.derivedData/Build/Intermediates.noindex/PrecompiledHeaders
CreateBuildDirectory /Users/admin/builder/spi-builder-workspace/.derivedData/Build/Intermediates.noindex/ExplicitPrecompiledModules
    cd /Users/admin/builder/spi-builder-workspace/.swiftpm/xcode
    builtin-create-build-directory /Users/admin/builder/spi-builder-workspace/.derivedData/Build/Intermediates.noindex/ExplicitPrecompiledModules
CreateBuildDirectory /Users/admin/builder/spi-builder-workspace/.derivedData/Build/Products/Debug-watchos
    cd /Users/admin/builder/spi-builder-workspace/.swiftpm/xcode
    builtin-create-build-directory /Users/admin/builder/spi-builder-workspace/.derivedData/Build/Products/Debug-watchos
CreateBuildDirectory /Users/admin/builder/spi-builder-workspace/.derivedData/Build/Intermediates.noindex/EagerLinkingTBDs/Debug-watchos
    cd /Users/admin/builder/spi-builder-workspace/.swiftpm/xcode
    builtin-create-build-directory /Users/admin/builder/spi-builder-workspace/.derivedData/Build/Intermediates.noindex/EagerLinkingTBDs/Debug-watchos
CreateBuildDirectory /Users/admin/builder/spi-builder-workspace/.derivedData/Build/Products/Debug-watchos/PackageFrameworks
    cd /Users/admin/builder/spi-builder-workspace/.swiftpm/xcode
    builtin-create-build-directory /Users/admin/builder/spi-builder-workspace/.derivedData/Build/Products/Debug-watchos/PackageFrameworks
WriteAuxiliaryFile /Users/admin/builder/spi-builder-workspace/.derivedData/Build/Intermediates.noindex/TagListView.build/Debug-watchos/TagListView-t.build/TagListView.DependencyMetadataFileList (in target 'TagListView' from project 'TagListView')
    cd /Users/admin/builder/spi-builder-workspace
    write-file /Users/admin/builder/spi-builder-workspace/.derivedData/Build/Intermediates.noindex/TagListView.build/Debug-watchos/TagListView-t.build/TagListView.DependencyMetadataFileList
WriteAuxiliaryFile /Users/admin/builder/spi-builder-workspace/.derivedData/Build/Intermediates.noindex/TagListView.build/Debug-watchos/TagListView-t.build/TagListView.modulemap (in target 'TagListView' from project 'TagListView')
    cd /Users/admin/builder/spi-builder-workspace
    write-file /Users/admin/builder/spi-builder-workspace/.derivedData/Build/Intermediates.noindex/TagListView.build/Debug-watchos/TagListView-t.build/TagListView.modulemap
WriteAuxiliaryFile /Users/admin/builder/spi-builder-workspace/.derivedData/Build/Intermediates.noindex/TagListView.build/Debug-watchos/TagListView-t.build/TagListView.DependencyStaticMetadataFileList (in target 'TagListView' from project 'TagListView')
    cd /Users/admin/builder/spi-builder-workspace
    write-file /Users/admin/builder/spi-builder-workspace/.derivedData/Build/Intermediates.noindex/TagListView.build/Debug-watchos/TagListView-t.build/TagListView.DependencyStaticMetadataFileList
WriteAuxiliaryFile /Users/admin/builder/spi-builder-workspace/.derivedData/Build/Intermediates.noindex/TagListView.build/Debug-watchos/TagListView-t.build/Objects-normal/arm64_32/TagListView.SwiftFileList (in target 'TagListView' from project 'TagListView')
    cd /Users/admin/builder/spi-builder-workspace
    write-file /Users/admin/builder/spi-builder-workspace/.derivedData/Build/Intermediates.noindex/TagListView.build/Debug-watchos/TagListView-t.build/Objects-normal/arm64_32/TagListView.SwiftFileList
WriteAuxiliaryFile /Users/admin/builder/spi-builder-workspace/.derivedData/Build/Intermediates.noindex/TagListView.build/Debug-watchos/TagListView-t.build/Objects-normal/arm64_32/TagListView_const_extract_protocols.json (in target 'TagListView' from project 'TagListView')
    cd /Users/admin/builder/spi-builder-workspace
    write-file /Users/admin/builder/spi-builder-workspace/.derivedData/Build/Intermediates.noindex/TagListView.build/Debug-watchos/TagListView-t.build/Objects-normal/arm64_32/TagListView_const_extract_protocols.json
WriteAuxiliaryFile /Users/admin/builder/spi-builder-workspace/.derivedData/Build/Intermediates.noindex/TagListView.build/Debug-watchos/TagListView-t.build/Objects-normal/arm64_32/TagListView.LinkFileList (in target 'TagListView' from project 'TagListView')
    cd /Users/admin/builder/spi-builder-workspace
    write-file /Users/admin/builder/spi-builder-workspace/.derivedData/Build/Intermediates.noindex/TagListView.build/Debug-watchos/TagListView-t.build/Objects-normal/arm64_32/TagListView.LinkFileList
WriteAuxiliaryFile /Users/admin/builder/spi-builder-workspace/.derivedData/Build/Intermediates.noindex/TagListView.build/Debug-watchos/TagListView-t.build/Objects-normal/arm64_32/TagListView.SwiftConstValuesFileList (in target 'TagListView' from project 'TagListView')
    cd /Users/admin/builder/spi-builder-workspace
    write-file /Users/admin/builder/spi-builder-workspace/.derivedData/Build/Intermediates.noindex/TagListView.build/Debug-watchos/TagListView-t.build/Objects-normal/arm64_32/TagListView.SwiftConstValuesFileList
WriteAuxiliaryFile /Users/admin/builder/spi-builder-workspace/.derivedData/Build/Intermediates.noindex/TagListView.build/Debug-watchos/TagListView-t.build/Objects-normal/arm64_32/TagListView-OutputFileMap.json (in target 'TagListView' from project 'TagListView')
    cd /Users/admin/builder/spi-builder-workspace
    write-file /Users/admin/builder/spi-builder-workspace/.derivedData/Build/Intermediates.noindex/TagListView.build/Debug-watchos/TagListView-t.build/Objects-normal/arm64_32/TagListView-OutputFileMap.json
WriteAuxiliaryFile /Users/admin/builder/spi-builder-workspace/.derivedData/Build/Intermediates.noindex/TagListView.build/Debug-watchos/TagListView-t.build/Objects-normal/arm64/TagListView_const_extract_protocols.json (in target 'TagListView' from project 'TagListView')
    cd /Users/admin/builder/spi-builder-workspace
    write-file /Users/admin/builder/spi-builder-workspace/.derivedData/Build/Intermediates.noindex/TagListView.build/Debug-watchos/TagListView-t.build/Objects-normal/arm64/TagListView_const_extract_protocols.json
WriteAuxiliaryFile /Users/admin/builder/spi-builder-workspace/.derivedData/Build/Intermediates.noindex/TagListView.build/Debug-watchos/TagListView-t.build/Objects-normal/arm64/TagListView.SwiftFileList (in target 'TagListView' from project 'TagListView')
    cd /Users/admin/builder/spi-builder-workspace
    write-file /Users/admin/builder/spi-builder-workspace/.derivedData/Build/Intermediates.noindex/TagListView.build/Debug-watchos/TagListView-t.build/Objects-normal/arm64/TagListView.SwiftFileList
WriteAuxiliaryFile /Users/admin/builder/spi-builder-workspace/.derivedData/Build/Intermediates.noindex/TagListView.build/Debug-watchos/TagListView-t.build/Objects-normal/arm64/TagListView.SwiftConstValuesFileList (in target 'TagListView' from project 'TagListView')
    cd /Users/admin/builder/spi-builder-workspace
    write-file /Users/admin/builder/spi-builder-workspace/.derivedData/Build/Intermediates.noindex/TagListView.build/Debug-watchos/TagListView-t.build/Objects-normal/arm64/TagListView.SwiftConstValuesFileList
WriteAuxiliaryFile /Users/admin/builder/spi-builder-workspace/.derivedData/Build/Intermediates.noindex/TagListView.build/Debug-watchos/TagListView-t.build/Objects-normal/arm64/TagListView.LinkFileList (in target 'TagListView' from project 'TagListView')
    cd /Users/admin/builder/spi-builder-workspace
    write-file /Users/admin/builder/spi-builder-workspace/.derivedData/Build/Intermediates.noindex/TagListView.build/Debug-watchos/TagListView-t.build/Objects-normal/arm64/TagListView.LinkFileList
WriteAuxiliaryFile /Users/admin/builder/spi-builder-workspace/.derivedData/Build/Intermediates.noindex/TagListView.build/Debug-watchos/TagListView-t.build/Objects-normal/arm64/TagListView-OutputFileMap.json (in target 'TagListView' from project 'TagListView')
    cd /Users/admin/builder/spi-builder-workspace
    write-file /Users/admin/builder/spi-builder-workspace/.derivedData/Build/Intermediates.noindex/TagListView.build/Debug-watchos/TagListView-t.build/Objects-normal/arm64/TagListView-OutputFileMap.json
Copy /Users/admin/builder/spi-builder-workspace/.derivedData/Build/Intermediates.noindex/GeneratedModuleMaps-watchos/TagListView.modulemap /Users/admin/builder/spi-builder-workspace/.derivedData/Build/Intermediates.noindex/TagListView.build/Debug-watchos/TagListView-t.build/TagListView.modulemap (in target 'TagListView' from project 'TagListView')
    cd /Users/admin/builder/spi-builder-workspace
    builtin-copy -exclude .DS_Store -exclude CVS -exclude .svn -exclude .git -exclude .hg -resolve-src-symlinks /Users/admin/builder/spi-builder-workspace/.derivedData/Build/Intermediates.noindex/TagListView.build/Debug-watchos/TagListView-t.build/TagListView.modulemap /Users/admin/builder/spi-builder-workspace/.derivedData/Build/Intermediates.noindex/GeneratedModuleMaps-watchos
SwiftDriver TagListView normal arm64_32 com.apple.xcode.tools.swift.compiler (in target 'TagListView' from project 'TagListView')
    cd /Users/admin/builder/spi-builder-workspace/.swiftpm/xcode
    builtin-SwiftDriver -- /Applications/Xcode-27.0.0-Release.Candidate.app/Contents/Developer/Toolchains/XcodeDefault.xctoolchain/usr/bin/swiftc -parse-as-library -module-name TagListView -Onone @/Users/admin/builder/spi-builder-workspace/.derivedData/Build/Intermediates.noindex/TagListView.build/Debug-watchos/TagListView-t.build/Objects-normal/arm64_32/TagListView.SwiftFileList -DSWIFT_PACKAGE -DDEBUG -DSWIFT_MODULE_RESOURCE_BUNDLE_UNAVAILABLE -DXcode -plugin-path /Applications/Xcode-27.0.0-Release.Candidate.app/Contents/Developer/Toolchains/XcodeDefault.xctoolchain/usr/lib/swift/host/plugins/testing -enable-experimental-feature DebugDescriptionMacro -sdk /Applications/Xcode-27.0.0-Release.Candidate.app/Contents/Developer/Platforms/WatchOS.platform/Developer/SDKs/WatchOS27.0.sdk -target arm64_32-apple-watchos9.0 -g -module-cache-path /Users/admin/builder/spi-builder-workspace/.derivedData/ModuleCache.noindex -Xfrontend -serialize-debugging-options -enable-testing -index-store-path /Users/admin/builder/spi-builder-workspace/.derivedData/Index.noindex/DataStore -Xcc -D_LIBCPP_HARDENING_MODE\=_LIBCPP_HARDENING_MODE_DEBUG -swift-version 5 -I /Users/admin/builder/spi-builder-workspace/.derivedData/Build/Products/Debug-watchos -Isystem /Applications/Xcode-27.0.0-Release.Candidate.app/Contents/Developer/Platforms/WatchOS.platform/Developer/usr/lib -F /Users/admin/builder/spi-builder-workspace/.derivedData/Build/Products/Debug-watchos -F /Applications/Xcode-27.0.0-Release.Candidate.app/Contents/Developer/Platforms/WatchOS.platform/Developer/Library/Frameworks -F /Applications/Xcode-27.0.0-Release.Candidate.app/Contents/Developer/Platforms/WatchOS.platform/Developer/SDKs/WatchOS27.0.sdk/Developer/Library/Frameworks -c -j10 -enable-batch-mode -incremental -Xcc -ivfsstatcache -Xcc /Users/admin/builder/spi-builder-workspace/.derivedData/SDKStatCaches.noindex/watchos27.0-24R360-e829b21a6f8c9b70876ba0858053c04477534ef55a1706bf4c1112bbb242f0a2.sdkstatcache -output-file-map /Users/admin/builder/spi-builder-workspace/.derivedData/Build/Intermediates.noindex/TagListView.build/Debug-watchos/TagListView-t.build/Objects-normal/arm64_32/TagListView-OutputFileMap.json -save-temps -no-color-diagnostics -explicit-module-build -module-cache-path /Users/admin/builder/spi-builder-workspace/.derivedData/Build/Intermediates.noindex/SwiftExplicitPrecompiledModules -clang-scanner-module-cache-path /Users/admin/builder/spi-builder-workspace/.derivedData/ModuleCache.noindex -sdk-module-cache-path /Users/admin/builder/spi-builder-workspace/.derivedData/SDKExplicitPrecompiledModules -emit-dependencies -emit-module -emit-module-path /Users/admin/builder/spi-builder-workspace/.derivedData/Build/Intermediates.noindex/TagListView.build/Debug-watchos/TagListView-t.build/Objects-normal/arm64_32/TagListView.swiftmodule -serialize-diagnostics -dependency-scan-serialize-diagnostics-path /Users/admin/builder/spi-builder-workspace/.derivedData/Build/Intermediates.noindex/TagListView.build/Debug-watchos/TagListView-t.build/Objects-normal/arm64_32/TagListView-dependency-scan.dia -validate-clang-modules-once -clang-build-session-file /Users/admin/builder/spi-builder-workspace/.derivedData/ModuleCache.noindex/Session.modulevalidation -Xcc -fmodules-prune-interval\=86400 -Xcc -fmodules-prune-after\=345600 -emit-const-values -const-gather-protocols-list /Users/admin/builder/spi-builder-workspace/.derivedData/Build/Intermediates.noindex/TagListView.build/Debug-watchos/TagListView-t.build/Objects-normal/arm64_32/TagListView_const_extract_protocols.json -Xcc -I/Users/admin/builder/spi-builder-workspace/.derivedData/Build/Products/Debug-watchos/include -Xcc -I/Users/admin/builder/spi-builder-workspace/.derivedData/Build/Intermediates.noindex/TagListView.build/Debug-watchos/TagListView-t.build/DerivedSources-normal/arm64_32 -Xcc -I/Users/admin/builder/spi-builder-workspace/.derivedData/Build/Intermediates.noindex/TagListView.build/Debug-watchos/TagListView-t.build/DerivedSources/arm64_32 -Xcc -I/Users/admin/builder/spi-builder-workspace/.derivedData/Build/Intermediates.noindex/TagListView.build/Debug-watchos/TagListView-t.build/DerivedSources -Xcc -DSWIFT_PACKAGE -Xcc -DDEBUG\=1 -emit-objc-header -emit-objc-header-path /Users/admin/builder/spi-builder-workspace/.derivedData/Build/Intermediates.noindex/TagListView.build/Debug-watchos/TagListView-t.build/Objects-normal/arm64_32/TagListView-Swift.h -working-directory /Users/admin/builder/spi-builder-workspace/.swiftpm/xcode -experimental-emit-module-separately -disable-cmo
SwiftDriver TagListView normal arm64 com.apple.xcode.tools.swift.compiler (in target 'TagListView' from project 'TagListView')
    cd /Users/admin/builder/spi-builder-workspace/.swiftpm/xcode
    builtin-SwiftDriver -- /Applications/Xcode-27.0.0-Release.Candidate.app/Contents/Developer/Toolchains/XcodeDefault.xctoolchain/usr/bin/swiftc -parse-as-library -module-name TagListView -Onone @/Users/admin/builder/spi-builder-workspace/.derivedData/Build/Intermediates.noindex/TagListView.build/Debug-watchos/TagListView-t.build/Objects-normal/arm64/TagListView.SwiftFileList -DSWIFT_PACKAGE -DDEBUG -DSWIFT_MODULE_RESOURCE_BUNDLE_UNAVAILABLE -DXcode -plugin-path /Applications/Xcode-27.0.0-Release.Candidate.app/Contents/Developer/Toolchains/XcodeDefault.xctoolchain/usr/lib/swift/host/plugins/testing -enable-experimental-feature DebugDescriptionMacro -sdk /Applications/Xcode-27.0.0-Release.Candidate.app/Contents/Developer/Platforms/WatchOS.platform/Developer/SDKs/WatchOS27.0.sdk -target arm64-apple-watchos9.0 -g -module-cache-path /Users/admin/builder/spi-builder-workspace/.derivedData/ModuleCache.noindex -Xfrontend -serialize-debugging-options -enable-testing -index-store-path /Users/admin/builder/spi-builder-workspace/.derivedData/Index.noindex/DataStore -Xcc -D_LIBCPP_HARDENING_MODE\=_LIBCPP_HARDENING_MODE_DEBUG -swift-version 5 -I /Users/admin/builder/spi-builder-workspace/.derivedData/Build/Products/Debug-watchos -Isystem /Applications/Xcode-27.0.0-Release.Candidate.app/Contents/Developer/Platforms/WatchOS.platform/Developer/usr/lib -F /Users/admin/builder/spi-builder-workspace/.derivedData/Build/Products/Debug-watchos -F /Applications/Xcode-27.0.0-Release.Candidate.app/Contents/Developer/Platforms/WatchOS.platform/Developer/Library/Frameworks -F /Applications/Xcode-27.0.0-Release.Candidate.app/Contents/Developer/Platforms/WatchOS.platform/Developer/SDKs/WatchOS27.0.sdk/Developer/Library/Frameworks -c -j10 -enable-batch-mode -incremental -Xcc -ivfsstatcache -Xcc /Users/admin/builder/spi-builder-workspace/.derivedData/SDKStatCaches.noindex/watchos27.0-24R360-e829b21a6f8c9b70876ba0858053c04477534ef55a1706bf4c1112bbb242f0a2.sdkstatcache -output-file-map /Users/admin/builder/spi-builder-workspace/.derivedData/Build/Intermediates.noindex/TagListView.build/Debug-watchos/TagListView-t.build/Objects-normal/arm64/TagListView-OutputFileMap.json -save-temps -no-color-diagnostics -explicit-module-build -module-cache-path /Users/admin/builder/spi-builder-workspace/.derivedData/Build/Intermediates.noindex/SwiftExplicitPrecompiledModules -clang-scanner-module-cache-path /Users/admin/builder/spi-builder-workspace/.derivedData/ModuleCache.noindex -sdk-module-cache-path /Users/admin/builder/spi-builder-workspace/.derivedData/SDKExplicitPrecompiledModules -emit-dependencies -emit-module -emit-module-path /Users/admin/builder/spi-builder-workspace/.derivedData/Build/Intermediates.noindex/TagListView.build/Debug-watchos/TagListView-t.build/Objects-normal/arm64/TagListView.swiftmodule -serialize-diagnostics -dependency-scan-serialize-diagnostics-path /Users/admin/builder/spi-builder-workspace/.derivedData/Build/Intermediates.noindex/TagListView.build/Debug-watchos/TagListView-t.build/Objects-normal/arm64/TagListView-dependency-scan.dia -validate-clang-modules-once -clang-build-session-file /Users/admin/builder/spi-builder-workspace/.derivedData/ModuleCache.noindex/Session.modulevalidation -Xcc -fmodules-prune-interval\=86400 -Xcc -fmodules-prune-after\=345600 -emit-const-values -const-gather-protocols-list /Users/admin/builder/spi-builder-workspace/.derivedData/Build/Intermediates.noindex/TagListView.build/Debug-watchos/TagListView-t.build/Objects-normal/arm64/TagListView_const_extract_protocols.json -Xcc -I/Users/admin/builder/spi-builder-workspace/.derivedData/Build/Products/Debug-watchos/include -Xcc -I/Users/admin/builder/spi-builder-workspace/.derivedData/Build/Intermediates.noindex/TagListView.build/Debug-watchos/TagListView-t.build/DerivedSources-normal/arm64 -Xcc -I/Users/admin/builder/spi-builder-workspace/.derivedData/Build/Intermediates.noindex/TagListView.build/Debug-watchos/TagListView-t.build/DerivedSources/arm64 -Xcc -I/Users/admin/builder/spi-builder-workspace/.derivedData/Build/Intermediates.noindex/TagListView.build/Debug-watchos/TagListView-t.build/DerivedSources -Xcc -DSWIFT_PACKAGE -Xcc -DDEBUG\=1 -emit-objc-header -emit-objc-header-path /Users/admin/builder/spi-builder-workspace/.derivedData/Build/Intermediates.noindex/TagListView.build/Debug-watchos/TagListView-t.build/Objects-normal/arm64/TagListView-Swift.h -working-directory /Users/admin/builder/spi-builder-workspace/.swiftpm/xcode -experimental-emit-module-separately -disable-cmo
SwiftExplicitDependencyGeneratePcm arm64_32 /Users/admin/builder/spi-builder-workspace/.derivedData/SDKExplicitPrecompiledModules/SwiftShims-9CQQGWTSNTN9EB5NSHDWUJICH.pcm
SwiftExplicitDependencyGeneratePcm arm64_32 /Users/admin/builder/spi-builder-workspace/.derivedData/SDKExplicitPrecompiledModules/_AvailabilityInternal-244WAN3Z1QBT7PIA64EZEFY1R.pcm
SwiftExplicitDependencyGeneratePcm arm64_32 /Users/admin/builder/spi-builder-workspace/.derivedData/SDKExplicitPrecompiledModules/DeveloperToolsSupport-DZU5G1OCMNWU0AQRULIFHUJ1Z.pcm
SwiftExplicitDependencyGeneratePcm arm64_32 /Users/admin/builder/spi-builder-workspace/.derivedData/SDKExplicitPrecompiledModules/_Builtin_stdbool-A967K8W8YUYEC9SN52KJ7OO88.pcm
SwiftExplicitDependencyGeneratePcm arm64_32 /Users/admin/builder/spi-builder-workspace/.derivedData/SDKExplicitPrecompiledModules/_Builtin_stdarg-D305JG44A2WPI6CJY37X3QJE8.pcm
SwiftExplicitDependencyGeneratePcm arm64_32 /Users/admin/builder/spi-builder-workspace/.derivedData/SDKExplicitPrecompiledModules/_SwiftConcurrencyShims-6RTBPQ03V7BM9SPRK8SUE055H.pcm
SwiftExplicitDependencyGeneratePcm arm64_32 /Users/admin/builder/spi-builder-workspace/.derivedData/SDKExplicitPrecompiledModules/ptrcheck-7ELIH9BTIGVKX3UBITM9N72WD.pcm
SwiftExplicitDependencyGeneratePcm arm64_32 /Users/admin/builder/spi-builder-workspace/.derivedData/SDKExplicitPrecompiledModules/ptrauth-BFXF358ME5AK535N5A9Z766WU.pcm
SwiftExplicitDependencyGeneratePcm arm64_32 /Users/admin/builder/spi-builder-workspace/.derivedData/SDKExplicitPrecompiledModules/_Builtin_stddef-H44EFHQX6XSS5MZ7QP6YJZ76.pcm
SwiftExplicitDependencyGeneratePcm arm64_32 /Users/admin/builder/spi-builder-workspace/.derivedData/SDKExplicitPrecompiledModules/_Builtin_float-6KO8O3PEWRCA4WC6PPLOYO6WJ.pcm
SwiftExplicitDependencyGeneratePcm arm64 /Users/admin/builder/spi-builder-workspace/.derivedData/SDKExplicitPrecompiledModules/_Builtin_stdbool-83J96QSOFE9VX04AAS6310UAE.pcm
SwiftExplicitDependencyGeneratePcm arm64 /Users/admin/builder/spi-builder-workspace/.derivedData/SDKExplicitPrecompiledModules/_SwiftConcurrencyShims-659N52XSKR5F0QSB880BH2FJR.pcm
SwiftExplicitDependencyGeneratePcm arm64 /Users/admin/builder/spi-builder-workspace/.derivedData/SDKExplicitPrecompiledModules/DeveloperToolsSupport-E7CNISCB36UE8XQ9IOHK9XDX1.pcm
SwiftExplicitDependencyGeneratePcm arm64 /Users/admin/builder/spi-builder-workspace/.derivedData/SDKExplicitPrecompiledModules/_AvailabilityInternal-BUNV3UXM65NT37THI4W1AM0SF.pcm
SwiftExplicitDependencyGeneratePcm arm64 /Users/admin/builder/spi-builder-workspace/.derivedData/SDKExplicitPrecompiledModules/SwiftShims-4MXFZPV6FEB0XBYXCGPWAMQGL.pcm
SwiftExplicitDependencyGeneratePcm arm64 /Users/admin/builder/spi-builder-workspace/.derivedData/SDKExplicitPrecompiledModules/ptrcheck-AIF0NDOYZ8ORBNHQAQR5NNB8M.pcm
SwiftExplicitDependencyGeneratePcm arm64 /Users/admin/builder/spi-builder-workspace/.derivedData/SDKExplicitPrecompiledModules/ptrauth-3TZ9WJCGLYD25HQPWH4968ONX.pcm
SwiftExplicitDependencyGeneratePcm arm64 /Users/admin/builder/spi-builder-workspace/.derivedData/SDKExplicitPrecompiledModules/_Builtin_stdarg-A7UU8LE6MP85SM26YO7PBZNUQ.pcm
SwiftExplicitDependencyGeneratePcm arm64 /Users/admin/builder/spi-builder-workspace/.derivedData/SDKExplicitPrecompiledModules/_Builtin_float-C0CW5Q4HGBQYKE77TC42IAFB5.pcm
SwiftExplicitDependencyGeneratePcm arm64_32 /Users/admin/builder/spi-builder-workspace/.derivedData/SDKExplicitPrecompiledModules/_DarwinFoundation1-2GWF9RFMPLQW4PDHS3NARVI3G.pcm
SwiftExplicitDependencyGeneratePcm arm64 /Users/admin/builder/spi-builder-workspace/.derivedData/SDKExplicitPrecompiledModules/_Builtin_stddef-1FU30Y8SWFB7OUUHMJQH5J6FM.pcm
SwiftExplicitDependencyGeneratePcm arm64 /Users/admin/builder/spi-builder-workspace/.derivedData/SDKExplicitPrecompiledModules/_DarwinFoundation1-7SPX3MD0HMP55E4OLNCPNDQ53.pcm
SwiftExplicitDependencyGeneratePcm arm64_32 /Users/admin/builder/spi-builder-workspace/.derivedData/SDKExplicitPrecompiledModules/_Builtin_limits-3VKBU2AFTD65PAJZ5CJ3LHFM2.pcm
SwiftExplicitDependencyGeneratePcm arm64_32 /Users/admin/builder/spi-builder-workspace/.derivedData/SDKExplicitPrecompiledModules/_DarwinFoundation2-9MY8GOSYRO0M9MKNXF6D3MBNK.pcm
SwiftExplicitDependencyGeneratePcm arm64 /Users/admin/builder/spi-builder-workspace/.derivedData/SDKExplicitPrecompiledModules/_DarwinFoundation2-D0XAPJU49S5E9XMKYOFGSTB1Q.pcm
SwiftExplicitDependencyGeneratePcm arm64 /Users/admin/builder/spi-builder-workspace/.derivedData/SDKExplicitPrecompiledModules/_Builtin_limits-9GWPA2B0H20DYUNYHYCWKABJG.pcm
SwiftExplicitDependencyGeneratePcm arm64_32 /Users/admin/builder/spi-builder-workspace/.derivedData/SDKExplicitPrecompiledModules/sys_types-8TLLMW08ZJWDGIIPKOYFGHHZW.pcm
SwiftExplicitDependencyGeneratePcm arm64_32 /Users/admin/builder/spi-builder-workspace/.derivedData/SDKExplicitPrecompiledModules/string_h-BFVLUQUSBZWYMLCU9QI7VZALW.pcm
SwiftExplicitDependencyGeneratePcm arm64_32 /Users/admin/builder/spi-builder-workspace/.derivedData/SDKExplicitPrecompiledModules/_Builtin_stdint-1HMXWI3V0V4TXHRWZOMZGZ80Y.pcm
SwiftExplicitDependencyGeneratePcm arm64_32 /Users/admin/builder/spi-builder-workspace/.derivedData/SDKExplicitPrecompiledModules/_Builtin_tgmath-23PGCKURCQILXMK0MYZRYDCOU.pcm
SwiftExplicitDependencyGeneratePcm arm64 /Users/admin/builder/spi-builder-workspace/.derivedData/SDKExplicitPrecompiledModules/string_h-E6PRXK75PHIPCZFWOFCQ3QBMK.pcm
SwiftExplicitDependencyGeneratePcm arm64 /Users/admin/builder/spi-builder-workspace/.derivedData/SDKExplicitPrecompiledModules/sys_types-2KXQLI78OUCDP779AE68GZJ2.pcm
SwiftExplicitDependencyGeneratePcm arm64 /Users/admin/builder/spi-builder-workspace/.derivedData/SDKExplicitPrecompiledModules/_Builtin_tgmath-8NQ96OZ0YHXEC24JI95P01UF8.pcm
SwiftExplicitDependencyGeneratePcm arm64 /Users/admin/builder/spi-builder-workspace/.derivedData/SDKExplicitPrecompiledModules/_Builtin_stdint-8XMILLJZEGRN2XG7XZUXZ5RLX.pcm
SwiftExplicitDependencyGeneratePcm arm64_32 /Users/admin/builder/spi-builder-workspace/.derivedData/SDKExplicitPrecompiledModules/_DarwinFoundation3-3DUTYQDQSD9HUAAVY947NMWOI.pcm
SwiftExplicitDependencyGeneratePcm arm64_32 /Users/admin/builder/spi-builder-workspace/.derivedData/SDKExplicitPrecompiledModules/_Builtin_stdatomic-1TY035TURL76BF2U98PZPPZRX.pcm
SwiftExplicitDependencyGeneratePcm arm64_32 /Users/admin/builder/spi-builder-workspace/.derivedData/SDKExplicitPrecompiledModules/_Builtin_intrinsics-196IIAKDQVU42DLOZP9OQCV76.pcm
SwiftExplicitDependencyGeneratePcm arm64 /Users/admin/builder/spi-builder-workspace/.derivedData/SDKExplicitPrecompiledModules/_Builtin_intrinsics-75960HIPCIYA06IUW8FIIPQT.pcm
SwiftExplicitDependencyGeneratePcm arm64 /Users/admin/builder/spi-builder-workspace/.derivedData/SDKExplicitPrecompiledModules/_Builtin_stdatomic-7JEFA3KBJJJN6TKJWY3OG1VG5.pcm
SwiftExplicitDependencyGeneratePcm arm64 /Users/admin/builder/spi-builder-workspace/.derivedData/SDKExplicitPrecompiledModules/_DarwinFoundation3-B97LRG0E9GON2NUE65TVG81HU.pcm
SwiftExplicitDependencyGeneratePcm arm64_32 /Users/admin/builder/spi-builder-workspace/.derivedData/SDKExplicitPrecompiledModules/_Builtin_inttypes-D2KPCR4PEX9AQA33NGLUT5SBR.pcm
SwiftExplicitDependencyGeneratePcm arm64_32 /Users/admin/builder/spi-builder-workspace/.derivedData/SDKExplicitPrecompiledModules/Darwin-3FVT1SKLN2ZQ5RVOABMTQBB34.pcm
SwiftExplicitDependencyGeneratePcm arm64 /Users/admin/builder/spi-builder-workspace/.derivedData/SDKExplicitPrecompiledModules/_Builtin_inttypes-3UQSCM7WNM9EK4HZML8TY5J3D.pcm
SwiftExplicitDependencyGeneratePcm arm64 /Users/admin/builder/spi-builder-workspace/.derivedData/SDKExplicitPrecompiledModules/Darwin-3984OXKFNSPE77NT743WK8SEX.pcm
SwiftExplicitDependencyGeneratePcm arm64_32 /Users/admin/builder/spi-builder-workspace/.derivedData/SDKExplicitPrecompiledModules/simd-21UNWYOBUZI1LVSQ99S1XBLMO.pcm
SwiftExplicitDependencyGeneratePcm arm64 /Users/admin/builder/spi-builder-workspace/.derivedData/SDKExplicitPrecompiledModules/simd-EH08NODU6574T74ZKU61VP9BW.pcm
SwiftExplicitDependencyGeneratePcm arm64_32 /Users/admin/builder/spi-builder-workspace/.derivedData/SDKExplicitPrecompiledModules/MachO-56838ZJ0NC1EBAJ0O6O8QMPDX.pcm
SwiftExplicitDependencyGeneratePcm arm64_32 /Users/admin/builder/spi-builder-workspace/.derivedData/SDKExplicitPrecompiledModules/ObjectiveC-6IJNELR2E80E7LUKESVCP2KET.pcm
SwiftExplicitDependencyGeneratePcm arm64 /Users/admin/builder/spi-builder-workspace/.derivedData/SDKExplicitPrecompiledModules/ObjectiveC-72IVD3VS2RS8Q28D9PIMY0KQP.pcm
SwiftExplicitDependencyGeneratePcm arm64 /Users/admin/builder/spi-builder-workspace/.derivedData/SDKExplicitPrecompiledModules/MachO-2U90NNSAQILBNBPS1SA4F8TYP.pcm
SwiftExplicitDependencyGeneratePcm arm64_32 /Users/admin/builder/spi-builder-workspace/.derivedData/SDKExplicitPrecompiledModules/os_object-5YWTC6L4756IWSTPGXS5NM0D0.pcm
SwiftExplicitDependencyGeneratePcm arm64_32 /Users/admin/builder/spi-builder-workspace/.derivedData/SDKExplicitPrecompiledModules/os_workgroup-5JHTPDMNBUNHLJI8LPHKQK1JK.pcm
SwiftExplicitDependencyGeneratePcm arm64 /Users/admin/builder/spi-builder-workspace/.derivedData/SDKExplicitPrecompiledModules/os_object-3SDKD7F87FTZ26OON37DRYT6O.pcm
SwiftExplicitDependencyGeneratePcm arm64 /Users/admin/builder/spi-builder-workspace/.derivedData/SDKExplicitPrecompiledModules/os_workgroup-89GG5G7YC2D0ZTK6AZXXQ20DH.pcm
SwiftExplicitDependencyGeneratePcm arm64_32 /Users/admin/builder/spi-builder-workspace/.derivedData/SDKExplicitPrecompiledModules/Dispatch-2P62F1T4XV63S4P99TUDTOK2Q.pcm
SwiftExplicitDependencyGeneratePcm arm64_32 /Users/admin/builder/spi-builder-workspace/.derivedData/SDKExplicitPrecompiledModules/Spatial-CWVWNML3T0NXVHZDKVLD3X1YZ.pcm
SwiftExplicitDependencyGeneratePcm arm64 /Users/admin/builder/spi-builder-workspace/.derivedData/SDKExplicitPrecompiledModules/Spatial-44FJGYXFAT2AQAW9Z6T7YS02U.pcm
SwiftExplicitDependencyGeneratePcm arm64 /Users/admin/builder/spi-builder-workspace/.derivedData/SDKExplicitPrecompiledModules/Dispatch-1NLJOVAK60XP0DUB05XA59EIM.pcm
SwiftExplicitDependencyGeneratePcm arm64_32 /Users/admin/builder/spi-builder-workspace/.derivedData/SDKExplicitPrecompiledModules/CoreFoundation-8E6Y4BA3EXYKUGJ24GT9LGV3N.pcm
SwiftExplicitDependencyGeneratePcm arm64_32 /Users/admin/builder/spi-builder-workspace/.derivedData/SDKExplicitPrecompiledModules/XPC-81Y45QFY96XYYFCW2GT6FY8S4.pcm
SwiftExplicitDependencyGeneratePcm arm64 /Users/admin/builder/spi-builder-workspace/.derivedData/SDKExplicitPrecompiledModules/CoreFoundation-8T2L24YC5NU7WO6WQJWRY7W08.pcm
SwiftExplicitDependencyGeneratePcm arm64 /Users/admin/builder/spi-builder-workspace/.derivedData/SDKExplicitPrecompiledModules/XPC-40DR0X1DHKGCV4J1IOLFS8MOU.pcm
SwiftExplicitDependencyGeneratePcm arm64_32 /Users/admin/builder/spi-builder-workspace/.derivedData/SDKExplicitPrecompiledModules/os-E5IGB442IA6SBB25TTCOLK2OC.pcm
SwiftExplicitDependencyGeneratePcm arm64_32 /Users/admin/builder/spi-builder-workspace/.derivedData/SDKExplicitPrecompiledModules/Security-D7TOWF88VWF67TB9HAFP5UWB1.pcm
SwiftExplicitDependencyGeneratePcm arm64_32 /Users/admin/builder/spi-builder-workspace/.derivedData/SDKExplicitPrecompiledModules/CoreGraphics-9FDXYX6BKBUT6TJ2VF819E7T5.pcm
SwiftExplicitDependencyGeneratePcm arm64 /Users/admin/builder/spi-builder-workspace/.derivedData/SDKExplicitPrecompiledModules/os-5DIL6Z9LFIGLMZAHM7X2T5435.pcm
SwiftExplicitDependencyGeneratePcm arm64 /Users/admin/builder/spi-builder-workspace/.derivedData/SDKExplicitPrecompiledModules/Security-6RZ6YBRU8WCUHRFFRVUK5WKMM.pcm
SwiftExplicitDependencyGeneratePcm arm64 /Users/admin/builder/spi-builder-workspace/.derivedData/SDKExplicitPrecompiledModules/CoreGraphics-DWNZ73GEH98SBJXZ7DEXB420K.pcm
SwiftExplicitDependencyGeneratePcm arm64_32 /Users/admin/builder/spi-builder-workspace/.derivedData/SDKExplicitPrecompiledModules/Foundation-BJ2VQGI3OGR34500MEQ1VKHPH.pcm
SwiftExplicitDependencyGeneratePcm arm64_32 /Users/admin/builder/spi-builder-workspace/.derivedData/SDKExplicitPrecompiledModules/CoreText-C9X2REPZN2V5BSU4G80FCETDR.pcm
SwiftExplicitDependencyGeneratePcm arm64_32 /Users/admin/builder/spi-builder-workspace/.derivedData/SDKExplicitPrecompiledModules/CoreVideo-2P8HI0403J99LBDPKNFJ5D4DL.pcm
SwiftExplicitDependencyGeneratePcm arm64 /Users/admin/builder/spi-builder-workspace/.derivedData/SDKExplicitPrecompiledModules/Foundation-DLBKUSGXN8QHAT8W0OARR9S8A.pcm
SwiftExplicitDependencyGeneratePcm arm64 /Users/admin/builder/spi-builder-workspace/.derivedData/SDKExplicitPrecompiledModules/CoreText-970YJN6NIYGK1316L35Z0O8QT.pcm
SwiftExplicitDependencyGeneratePcm arm64 /Users/admin/builder/spi-builder-workspace/.derivedData/SDKExplicitPrecompiledModules/CoreVideo-8MRR5MNWUOAW2DBPGUQ8FKK4.pcm
SwiftExplicitDependencyGeneratePcm arm64_32 /Users/admin/builder/spi-builder-workspace/.derivedData/SDKExplicitPrecompiledModules/UniformTypeIdentifiers-CJZ3NTHPSBH4XWX5EVOG56UZS.pcm
SwiftExplicitDependencyGeneratePcm arm64_32 /Users/admin/builder/spi-builder-workspace/.derivedData/SDKExplicitPrecompiledModules/QuartzCore-6375NPYACK5NYVHPMC1QQ8MC2.pcm
SwiftExplicitDependencyGeneratePcm arm64_32 /Users/admin/builder/spi-builder-workspace/.derivedData/SDKExplicitPrecompiledModules/DataDetection-U9BF7WHFVA6BZGFXXXP272PS.pcm
SwiftExplicitDependencyGeneratePcm arm64_32 /Users/admin/builder/spi-builder-workspace/.derivedData/SDKExplicitPrecompiledModules/OSLog-D9AVFY0KWO7RVBIQ73CBIJVCN.pcm
SwiftExplicitDependencyGeneratePcm arm64_32 /Users/admin/builder/spi-builder-workspace/.derivedData/SDKExplicitPrecompiledModules/Accessibility-F385OMZ5GYBUY5O4QAJB4NRII.pcm
SwiftExplicitDependencyGeneratePcm arm64_32 /Users/admin/builder/spi-builder-workspace/.derivedData/SDKExplicitPrecompiledModules/_LocationEssentials-AQ1OL9QKC3LQLY5CNSRM1HB53.pcm
SwiftExplicitDependencyGeneratePcm arm64_32 /Users/admin/builder/spi-builder-workspace/.derivedData/SDKExplicitPrecompiledModules/UIUtilities-9YFVNIMRC5HRVOIARNWHP1E3H.pcm
SwiftExplicitDependencyGeneratePcm arm64_32 /Users/admin/builder/spi-builder-workspace/.derivedData/SDKExplicitPrecompiledModules/CoreTransferable-5D4IR6X37682FPHJ5CBPTKQV6.pcm
SwiftExplicitDependencyGeneratePcm arm64_32 /Users/admin/builder/spi-builder-workspace/.derivedData/SDKExplicitPrecompiledModules/UserNotifications-6TBN8TEAKO014N1T2QD926XED.pcm
SwiftExplicitDependencyGeneratePcm arm64_32 /Users/admin/builder/spi-builder-workspace/.derivedData/SDKExplicitPrecompiledModules/Symbols-1H97WMG76HU94F5VGJR19PXFY.pcm
SwiftExplicitDependencyGeneratePcm arm64 /Users/admin/builder/spi-builder-workspace/.derivedData/SDKExplicitPrecompiledModules/DataDetection-7BNVI1SZW5ISQL5SX4WL2X7I5.pcm
SwiftExplicitDependencyGeneratePcm arm64 /Users/admin/builder/spi-builder-workspace/.derivedData/SDKExplicitPrecompiledModules/UniformTypeIdentifiers-8L08Q8DQJV8C4AW84YVGFGTRN.pcm
SwiftExplicitDependencyGeneratePcm arm64 /Users/admin/builder/spi-builder-workspace/.derivedData/SDKExplicitPrecompiledModules/QuartzCore-94KFMWNOU7ZLUZNB4T5DLZC9D.pcm
SwiftExplicitDependencyGeneratePcm arm64 /Users/admin/builder/spi-builder-workspace/.derivedData/SDKExplicitPrecompiledModules/UIUtilities-IR7RNW23VAUKYI9MLCS9NL9A.pcm
SwiftExplicitDependencyGeneratePcm arm64 /Users/admin/builder/spi-builder-workspace/.derivedData/SDKExplicitPrecompiledModules/CoreTransferable-9PPG3SLJ55T4LITIFYX2M0NOZ.pcm
SwiftExplicitDependencyGeneratePcm arm64 /Users/admin/builder/spi-builder-workspace/.derivedData/SDKExplicitPrecompiledModules/Accessibility-27QMG6ZQ1NKYTNBYFPM1XKNFC.pcm
SwiftExplicitDependencyGeneratePcm arm64 /Users/admin/builder/spi-builder-workspace/.derivedData/SDKExplicitPrecompiledModules/Symbols-3EFABTJ9L5PQDJ7RQCYQWEJMM.pcm
SwiftExplicitDependencyGeneratePcm arm64_32 /Users/admin/builder/spi-builder-workspace/.derivedData/SDKExplicitPrecompiledModules/CoreLocation-8XU5YMYM4P11RQMYCQAG65ITK.pcm
SwiftExplicitDependencyGeneratePcm arm64 /Users/admin/builder/spi-builder-workspace/.derivedData/SDKExplicitPrecompiledModules/OSLog-B7VGO357Y3GJG35TST7DKDSI3.pcm
SwiftExplicitDependencyGeneratePcm arm64 /Users/admin/builder/spi-builder-workspace/.derivedData/SDKExplicitPrecompiledModules/UserNotifications-ARAH8MEQ0C2L0FBO39HITJMAO.pcm
SwiftExplicitDependencyGeneratePcm arm64_32 /Users/admin/builder/spi-builder-workspace/.derivedData/SDKExplicitPrecompiledModules/SwiftUICore-3Q7WLRD8MR9R3NGIPUBQCP6F6.pcm
SwiftExplicitDependencyGeneratePcm arm64 /Users/admin/builder/spi-builder-workspace/.derivedData/SDKExplicitPrecompiledModules/_LocationEssentials-5ZZDGDXB6HLQUC72SJW7YJ7MK.pcm
SwiftExplicitDependencyGeneratePcm arm64_32 /Users/admin/builder/spi-builder-workspace/.derivedData/SDKExplicitPrecompiledModules/CoreMotion-1XGTVTE5PP32UHME8AC63TL6.pcm
SwiftExplicitDependencyGeneratePcm arm64 /Users/admin/builder/spi-builder-workspace/.derivedData/SDKExplicitPrecompiledModules/SwiftUICore-C1DST1IX2Z0PTH5SJJZ1IULRB.pcm
SwiftExplicitDependencyGeneratePcm arm64 /Users/admin/builder/spi-builder-workspace/.derivedData/SDKExplicitPrecompiledModules/CoreLocation-ACKJ9K7ABI14F97Y46Y6SRR17.pcm
SwiftExplicitDependencyGeneratePcm arm64_32 /Users/admin/builder/spi-builder-workspace/.derivedData/SDKExplicitPrecompiledModules/UIKit-6PPV7YPZ89CZPHYAP072QH8B6.pcm
SwiftExplicitDependencyGeneratePcm arm64 /Users/admin/builder/spi-builder-workspace/.derivedData/SDKExplicitPrecompiledModules/CoreMotion-6RD5K48QT1F4L9CATNFD2O7YB.pcm
SwiftExplicitDependencyGeneratePcm arm64 /Users/admin/builder/spi-builder-workspace/.derivedData/SDKExplicitPrecompiledModules/UIKit-27R3P1YMV4C6JLDT661G3MRIA.pcm
SwiftCompile normal arm64_32 Compiling\ CloseButton.swift /Users/admin/builder/spi-builder-workspace/TagListView/CloseButton.swift (in target 'TagListView' from project 'TagListView')
SwiftCompile normal arm64_32 /Users/admin/builder/spi-builder-workspace/TagListView/CloseButton.swift (in target 'TagListView' from project 'TagListView')
    cd /Users/admin/builder/spi-builder-workspace/.swiftpm/xcode
    builtin-SwiftPerFileCompile CloseButton.swift
SwiftEmitModule normal arm64_32 Emitting\ module\ for\ TagListView (in target 'TagListView' from project 'TagListView')
/Users/admin/builder/spi-builder-workspace/TagListView/CloseButton.swift:11:29: error: 'UIButton' is unavailable in watchOS
 9 | import UIKit
10 |
11 | internal class CloseButton: UIButton {
   |                             `- error: 'UIButton' is unavailable in watchOS
12 |
13 |     var iconSize: CGFloat = 10
/Applications/Xcode-27.0.0-Release.Candidate.app/Contents/Developer/Platforms/WatchOS.platform/Developer/SDKs/WatchOS27.0.sdk/System/Library/Frameworks/UIKit.framework/Headers/UIButton.h:49:12: note: 'UIButton' has been explicitly marked unavailable here
 47 |
 48 | UIKIT_EXTERN API_AVAILABLE(ios(2.0)) API_UNAVAILABLE(watchos) NS_SWIFT_UI_ACTOR
 49 | @interface UIButton : UIControl <NSCoding>
    |            `- note: 'UIButton' has been explicitly marked unavailable here
 50 |
 51 | - (instancetype)initWithFrame:(CGRect)frame NS_DESIGNATED_INITIALIZER;
/Users/admin/builder/spi-builder-workspace/TagListView/TagListView.swift:211:43: error: 'UIView' is unavailable in watchOS
209 |
210 |     open private(set) var tagViews: [TagView] = []
211 |     private(set) var tagBackgroundViews: [UIView] = []
    |                                           `- error: 'UIView' is unavailable in watchOS
212 |     private(set) var rowViews: [UIView] = []
213 |     private(set) var tagViewHeight: CGFloat = 0
/Applications/Xcode-27.0.0-Release.Candidate.app/Contents/Developer/Platforms/WatchOS.platform/Developer/SDKs/WatchOS27.0.sdk/System/Library/Frameworks/UIKit.framework/Headers/UIView.h:152:12: note: 'UIView' has been explicitly marked unavailable here
150 |
151 | UIKIT_EXTERN API_AVAILABLE(ios(2.0)) API_UNAVAILABLE(watchos) NS_SWIFT_UI_ACTOR
152 | @interface UIView : UIResponder <NSCoding, UIAppearance, UIAppearanceContainer, UIDynamicItem, UITraitEnvironment, UICoordinateSpace, UIFocusItem, UIFocusItemContainer, CALayerDelegate>
    |            `- note: 'UIView' has been explicitly marked unavailable here
153 |
154 | @property(class, nonatomic, readonly) Class layerClass;                        // default is [CALayer class]. Used when creating the underlying layer for the view.
/Users/admin/builder/spi-builder-workspace/TagListView/TagListView.swift:212:33: error: 'UIView' is unavailable in watchOS
210 |     open private(set) var tagViews: [TagView] = []
211 |     private(set) var tagBackgroundViews: [UIView] = []
212 |     private(set) var rowViews: [UIView] = []
    |                                 `- error: 'UIView' is unavailable in watchOS
213 |     private(set) var tagViewHeight: CGFloat = 0
214 |     private(set) var rows = 0 {
/Applications/Xcode-27.0.0-Release.Candidate.app/Contents/Developer/Platforms/WatchOS.platform/Developer/SDKs/WatchOS27.0.sdk/System/Library/Frameworks/UIKit.framework/Headers/UIView.h:152:12: note: 'UIView' has been explicitly marked unavailable here
150 |
151 | UIKIT_EXTERN API_AVAILABLE(ios(2.0)) API_UNAVAILABLE(watchos) NS_SWIFT_UI_ACTOR
152 | @interface UIView : UIResponder <NSCoding, UIAppearance, UIAppearanceContainer, UIDynamicItem, UITraitEnvironment, UICoordinateSpace, UIFocusItem, UIFocusItemContainer, CALayerDelegate>
    |            `- note: 'UIView' has been explicitly marked unavailable here
153 |
154 | @property(class, nonatomic, readonly) Class layerClass;                        // default is [CALayer class]. Used when creating the underlying layer for the view.
/Users/admin/builder/spi-builder-workspace/TagListView/TagListView.swift:222:24: error: cannot override 'prepareForInterfaceBuilder' which has been marked unavailable
220 |     // MARK: - Interface Builder
221 |
222 |     open override func prepareForInterfaceBuilder() {
    |                        |- error: cannot override 'prepareForInterfaceBuilder' which has been marked unavailable
    |                        `- note: remove 'override' modifier to declare a new 'prepareForInterfaceBuilder'
223 |         addTag("Welcome")
224 |         addTag("to")
/Applications/Xcode-27.0.0-Release.Candidate.app/Contents/Developer/Platforms/WatchOS.platform/Developer/SDKs/WatchOS27.0.sdk/System/Library/Frameworks/UIKit.framework/Headers/UINibLoading.h:24:1: note: 'prepareForInterfaceBuilder()' has been explicitly marked unavailable here
22 | @interface NSObject(UINibLoadingAdditions)
23 | - (void)awakeFromNib NS_REQUIRES_SUPER API_DEPRECATED("Loading Interface Builder products will not be supported in a future version of visionOS.", visionos(1.0, 1.0)) API_UNAVAILABLE(watchos);
24 | - (void)prepareForInterfaceBuilder API_AVAILABLE(ios(8.0)) API_DEPRECATED("Loading Interface Builder products will not be supported in a future version of visionOS.", visionos(1.0, 1.0)) API_UNAVAILABLE(watchos);
   | `- note: 'prepareForInterfaceBuilder()' has been explicitly marked unavailable here
25 | @end
26 |
/Users/admin/builder/spi-builder-workspace/TagListView/TagListView.swift:17:25: error: 'UIView' is unavailable in watchOS
 15 |
 16 | @IBDesignable
 17 | open class TagListView: UIView {
    |                         `- error: 'UIView' is unavailable in watchOS
 18 |
 19 |     @IBInspectable open dynamic var textColor: UIColor = .white {
/Applications/Xcode-27.0.0-Release.Candidate.app/Contents/Developer/Platforms/WatchOS.platform/Developer/SDKs/WatchOS27.0.sdk/System/Library/Frameworks/UIKit.framework/Headers/UIView.h:152:12: note: 'UIView' has been explicitly marked unavailable here
150 |
151 | UIKIT_EXTERN API_AVAILABLE(ios(2.0)) API_UNAVAILABLE(watchos) NS_SWIFT_UI_ACTOR
152 | @interface UIView : UIResponder <NSCoding, UIAppearance, UIAppearanceContainer, UIDynamicItem, UITraitEnvironment, UICoordinateSpace, UIFocusItem, UIFocusItemContainer, CALayerDelegate>
    |            `- note: 'UIView' has been explicitly marked unavailable here
153 |
154 | @property(class, nonatomic, readonly) Class layerClass;                        // default is [CALayer class]. Used when creating the underlying layer for the view.
/Users/admin/builder/spi-builder-workspace/TagListView/TagView.swift:49:13: error: 'titleEdgeInsets' is unavailable in watchOS
 47 |     @IBInspectable open var paddingY: CGFloat = 2 {
 48 |         didSet {
 49 |             titleEdgeInsets.top = paddingY
    |             `- error: 'titleEdgeInsets' is unavailable in watchOS
 50 |             titleEdgeInsets.bottom = paddingY
 51 |         }
/Applications/Xcode-27.0.0-Release.Candidate.app/Contents/Developer/Platforms/WatchOS.platform/Developer/SDKs/WatchOS27.0.sdk/System/Library/Frameworks/UIKit.framework/Headers/UIButton.h:163:35: note: 'titleEdgeInsets' has been explicitly marked unavailable here
161 | // The effect of these properties can be replicated via UIButtonConfiguration.contentInset and UIButtonConfiguration.imageToTitlePadding. They are ignored when a configuration is set.
162 | @property(nonatomic) UIEdgeInsets contentEdgeInsets API_DEPRECATED("This property is ignored when using UIButtonConfiguration", ios(2.0,15.0), tvos(2.0,15.0), visionos(1.0, 1.0)) UI_APPEARANCE_SELECTOR API_UNAVAILABLE(watchos); // default is UIEdgeInsetsZero. On tvOS 10 or later, default is nonzero except for custom buttons.
163 | @property(nonatomic) UIEdgeInsets titleEdgeInsets API_DEPRECATED("This property is ignored when using UIButtonConfiguration", ios(2.0, 15.0), tvos(2.0, 15.0), visionos(1.0, 1.0)) API_UNAVAILABLE(watchos);                // default is UIEdgeInsetsZero
    |                                   `- note: 'titleEdgeInsets' has been explicitly marked unavailable here
164 | @property(nonatomic) UIEdgeInsets imageEdgeInsets API_DEPRECATED("This property is ignored when using UIButtonConfiguration", ios(2.0, 15.0), tvos(2.0, 15.0), visionos(1.0, 1.0)) API_UNAVAILABLE(watchos);                // default is UIEdgeInsetsZero
165 |
/Users/admin/builder/spi-builder-workspace/TagListView/TagView.swift:50:13: error: 'titleEdgeInsets' is unavailable in watchOS
 48 |         didSet {
 49 |             titleEdgeInsets.top = paddingY
 50 |             titleEdgeInsets.bottom = paddingY
    |             `- error: 'titleEdgeInsets' is unavailable in watchOS
 51 |         }
 52 |     }
/Applications/Xcode-27.0.0-Release.Candidate.app/Contents/Developer/Platforms/WatchOS.platform/Developer/SDKs/WatchOS27.0.sdk/System/Library/Frameworks/UIKit.framework/Headers/UIButton.h:163:35: note: 'titleEdgeInsets' has been explicitly marked unavailable here
161 | // The effect of these properties can be replicated via UIButtonConfiguration.contentInset and UIButtonConfiguration.imageToTitlePadding. They are ignored when a configuration is set.
162 | @property(nonatomic) UIEdgeInsets contentEdgeInsets API_DEPRECATED("This property is ignored when using UIButtonConfiguration", ios(2.0,15.0), tvos(2.0,15.0), visionos(1.0, 1.0)) UI_APPEARANCE_SELECTOR API_UNAVAILABLE(watchos); // default is UIEdgeInsetsZero. On tvOS 10 or later, default is nonzero except for custom buttons.
163 | @property(nonatomic) UIEdgeInsets titleEdgeInsets API_DEPRECATED("This property is ignored when using UIButtonConfiguration", ios(2.0, 15.0), tvos(2.0, 15.0), visionos(1.0, 1.0)) API_UNAVAILABLE(watchos);                // default is UIEdgeInsetsZero
    |                                   `- note: 'titleEdgeInsets' has been explicitly marked unavailable here
164 | @property(nonatomic) UIEdgeInsets imageEdgeInsets API_DEPRECATED("This property is ignored when using UIButtonConfiguration", ios(2.0, 15.0), tvos(2.0, 15.0), visionos(1.0, 1.0)) API_UNAVAILABLE(watchos);                // default is UIEdgeInsetsZero
165 |
/Users/admin/builder/spi-builder-workspace/TagListView/TagView.swift:55:13: error: 'titleEdgeInsets' is unavailable in watchOS
 53 |     @IBInspectable open var paddingX: CGFloat = 5 {
 54 |         didSet {
 55 |             titleEdgeInsets.left = paddingX
    |             `- error: 'titleEdgeInsets' is unavailable in watchOS
 56 |             updateRightInsets()
 57 |         }
/Applications/Xcode-27.0.0-Release.Candidate.app/Contents/Developer/Platforms/WatchOS.platform/Developer/SDKs/WatchOS27.0.sdk/System/Library/Frameworks/UIKit.framework/Headers/UIButton.h:163:35: note: 'titleEdgeInsets' has been explicitly marked unavailable here
161 | // The effect of these properties can be replicated via UIButtonConfiguration.contentInset and UIButtonConfiguration.imageToTitlePadding. They are ignored when a configuration is set.
162 | @property(nonatomic) UIEdgeInsets contentEdgeInsets API_DEPRECATED("This property is ignored when using UIButtonConfiguration", ios(2.0,15.0), tvos(2.0,15.0), visionos(1.0, 1.0)) UI_APPEARANCE_SELECTOR API_UNAVAILABLE(watchos); // default is UIEdgeInsetsZero. On tvOS 10 or later, default is nonzero except for custom buttons.
163 | @property(nonatomic) UIEdgeInsets titleEdgeInsets API_DEPRECATED("This property is ignored when using UIButtonConfiguration", ios(2.0, 15.0), tvos(2.0, 15.0), visionos(1.0, 1.0)) API_UNAVAILABLE(watchos);                // default is UIEdgeInsetsZero
    |                                   `- note: 'titleEdgeInsets' has been explicitly marked unavailable here
164 | @property(nonatomic) UIEdgeInsets imageEdgeInsets API_DEPRECATED("This property is ignored when using UIButtonConfiguration", ios(2.0, 15.0), tvos(2.0, 15.0), visionos(1.0, 1.0)) API_UNAVAILABLE(watchos);                // default is UIEdgeInsetsZero
165 |
/Users/admin/builder/spi-builder-workspace/TagListView/TagView.swift:124:24: error: 'init()' is unavailable in watchOS
122 |     // MARK: remove button
123 |
124 |     let removeButton = CloseButton()
    |                        `- error: 'init()' is unavailable in watchOS
125 |
126 |     @IBInspectable open var enableRemoveButton: Bool = false {
/Applications/Xcode-27.0.0-Release.Candidate.app/Contents/Developer/Platforms/WatchOS.platform/Developer/SDKs/WatchOS27.0.sdk/System/Library/Frameworks/UIKit.framework/Headers/UIView.h:158:1: note: 'init()' has been explicitly marked unavailable here
156 | - (instancetype)initWithFrame:(CGRect)frame NS_DESIGNATED_INITIALIZER;
157 | - (nullable instancetype)initWithCoder:(NSCoder *)coder NS_DESIGNATED_INITIALIZER;
158 | - (instancetype)init API_AVAILABLE(ios(2.0), tvos(9.0), visionos(1.0)) API_UNAVAILABLE(watchos);
    | `- note: 'init()' has been explicitly marked unavailable here
159 |
160 | @property(nonatomic,getter=isUserInteractionEnabled) BOOL userInteractionEnabled;  // default is YES. if set to NO, user events (touch, keys) are ignored and removed from the event queue.
/Users/admin/builder/spi-builder-workspace/TagListView/TagView.swift:12:21: error: 'UIButton' is unavailable in watchOS
 10 |
 11 | @IBDesignable
 12 | open class TagView: UIButton {
    |                     `- error: 'UIButton' is unavailable in watchOS
 13 |
 14 |     @IBInspectable open var cornerRadius: CGFloat = 0 {
/Applications/Xcode-27.0.0-Release.Candidate.app/Contents/Developer/Platforms/WatchOS.platform/Developer/SDKs/WatchOS27.0.sdk/System/Library/Frameworks/UIKit.framework/Headers/UIButton.h:49:12: note: 'UIButton' has been explicitly marked unavailable here
 47 |
 48 | UIKIT_EXTERN API_AVAILABLE(ios(2.0)) API_UNAVAILABLE(watchos) NS_SWIFT_UI_ACTOR
 49 | @interface UIButton : UIControl <NSCoding>
    |            `- note: 'UIButton' has been explicitly marked unavailable here
 50 |
 51 | - (instancetype)initWithFrame:(CGRect)frame NS_DESIGNATED_INITIALIZER;
Failed frontend command:
/Applications/Xcode-27.0.0-Release.Candidate.app/Contents/Developer/Toolchains/XcodeDefault.xctoolchain/usr/bin/swift-frontend -frontend -emit-module -experimental-skip-non-inlinable-function-bodies-without-types /Users/admin/builder/spi-builder-workspace/TagListView/CloseButton.swift /Users/admin/builder/spi-builder-workspace/TagListView/TagListView.swift /Users/admin/builder/spi-builder-workspace/TagListView/TagView.swift -target arm64_32-apple-watchos9.0 -disable-cross-import-overlay-search -load-resolved-plugin /Applications/Xcode-27.0.0-Release.Candidate.app/Contents/Developer/Platforms/WatchOS.platform/Developer/usr/lib/swift/host/plugins/libFoundationMacros.dylib\#/Applications/Xcode-27.0.0-Release.Candidate.app/Contents/Developer/Platforms/WatchOS.platform/Developer/usr/bin/swift-plugin-server\#FoundationMacros -load-resolved-plugin /Applications/Xcode-27.0.0-Release.Candidate.app/Contents/Developer/Platforms/WatchOS.platform/Developer/usr/lib/swift/host/plugins/libObservationMacros.dylib\#/Applications/Xcode-27.0.0-Release.Candidate.app/Contents/Developer/Platforms/WatchOS.platform/Developer/usr/bin/swift-plugin-server\#ObservationMacros -load-resolved-plugin /Applications/Xcode-27.0.0-Release.Candidate.app/Contents/Developer/Platforms/WatchOS.platform/Developer/usr/lib/swift/host/plugins/libSwiftMacros.dylib\#/Applications/Xcode-27.0.0-Release.Candidate.app/Contents/Developer/Platforms/WatchOS.platform/Developer/usr/bin/swift-plugin-server\#SwiftMacros -load-resolved-plugin /Applications/Xcode-27.0.0-Release.Candidate.app/Contents/Developer/Platforms/WatchOS.platform/Developer/usr/lib/swift/host/plugins/libSwiftUIMacros.dylib\#/Applications/Xcode-27.0.0-Release.Candidate.app/Contents/Developer/Platforms/WatchOS.platform/Developer/usr/bin/swift-plugin-server\#SwiftUIMacros -disable-implicit-swift-modules -Xcc -fno-implicit-modules -Xcc -fno-implicit-module-maps -explicit-swift-module-map-file /Users/admin/builder/spi-builder-workspace/.derivedData/Build/Intermediates.noindex/TagListView.build/Debug-watchos/TagListView-t.build/Objects-normal/arm64_32/TagListView-dependencies-1.json -enable-objc-interop -sdk /Applications/Xcode-27.0.0-Release.Candidate.app/Contents/Developer/Platforms/WatchOS.platform/Developer/SDKs/WatchOS27.0.sdk -I /Users/admin/builder/spi-builder-workspace/.derivedData/Build/Products/Debug-watchos -Isystem /Applications/Xcode-27.0.0-Release.Candidate.app/Contents/Developer/Platforms/WatchOS.platform/Developer/usr/lib -F /Users/admin/builder/spi-builder-workspace/.derivedData/Build/Products/Debug-watchos -F /Applications/Xcode-27.0.0-Release.Candidate.app/Contents/Developer/Platforms/WatchOS.platform/Developer/Library/Frameworks -F /Applications/Xcode-27.0.0-Release.Candidate.app/Contents/Developer/Platforms/WatchOS.platform/Developer/SDKs/WatchOS27.0.sdk/Developer/Library/Frameworks -module-cache-path /Users/admin/builder/spi-builder-workspace/.derivedData/Build/Intermediates.noindex/SwiftExplicitPrecompiledModules -no-color-diagnostics -Xcc -fno-color-diagnostics -enable-testing -g -debug-info-format\=dwarf -dwarf-version\=4 -swift-version 5 -Onone -D SWIFT_PACKAGE -D DEBUG -D SWIFT_MODULE_RESOURCE_BUNDLE_UNAVAILABLE -D Xcode -serialize-debugging-options -enable-experimental-feature DebugDescriptionMacro -empty-abi-descriptor -validate-clang-modules-once -clang-build-session-file /Users/admin/builder/spi-builder-workspace/.derivedData/ModuleCache.noindex/Session.modulevalidation -Xcc -working-directory -Xcc /Users/admin/builder/spi-builder-workspace/.swiftpm/xcode -enable-anonymous-context-mangled-names -file-compilation-dir /Users/admin/builder/spi-builder-workspace/.swiftpm/xcode -Xcc -D_LIBCPP_HARDENING_MODE\=_LIBCPP_HARDENING_MODE_DEBUG -Xcc -ivfsstatcache -Xcc /Users/admin/builder/spi-builder-workspace/.derivedData/SDKStatCaches.noindex/watchos27.0-24R360-e829b21a6f8c9b70876ba0858053c04477534ef55a1706bf4c1112bbb242f0a2.sdkstatcache -Xcc -fmodules-prune-interval\=86400 -Xcc -fmodules-prune-after\=345600 -Xcc -I/Users/admin/builder/spi-builder-workspace/.derivedData/Build/Products/Debug-watchos/include -Xcc -I/Users/admin/builder/spi-builder-workspace/.derivedData/Build/Intermediates.noindex/TagListView.build/Debug-watchos/TagListView-t.build/DerivedSources-normal/arm64_32 -Xcc -I/Users/admin/builder/spi-builder-workspace/.derivedData/Build/Intermediates.noindex/TagListView.build/Debug-watchos/TagListView-t.build/DerivedSources/arm64_32 -Xcc -I/Users/admin/builder/spi-builder-workspace/.derivedData/Build/Intermediates.noindex/TagListView.build/Debug-watchos/TagListView-t.build/DerivedSources -Xcc -DSWIFT_PACKAGE -Xcc -DDEBUG\=1 -no-auto-bridging-header-chaining -module-name TagListView -const-gather-protocols-file /Users/admin/builder/spi-builder-workspace/.derivedData/Build/Intermediates.noindex/TagListView.build/Debug-watchos/TagListView-t.build/Objects-normal/arm64_32/TagListView_const_extract_protocols.json -disable-clang-spi -clang-target arm64_32-apple-watchos27.0 -target-sdk-version 27.0 -target-sdk-name watchos27.0 -in-process-plugin-server-path /Applications/Xcode-27.0.0-Release.Candidate.app/Contents/Developer/Toolchains/XcodeDefault.xctoolchain/usr/lib/swift/host/libSwiftInProcPluginServer.dylib -emit-module-doc-path /Users/admin/builder/spi-builder-workspace/.derivedData/Build/Intermediates.noindex/TagListView.build/Debug-watchos/TagListView-t.build/Objects-normal/arm64_32/TagListView.swiftdoc -emit-module-source-info-path /Users/admin/builder/spi-builder-workspace/.derivedData/Build/Intermediates.noindex/TagListView.build/Debug-watchos/TagListView-t.build/Objects-normal/arm64_32/TagListView.swiftsourceinfo -emit-objc-header-path /Users/admin/builder/spi-builder-workspace/.derivedData/Build/Intermediates.noindex/TagListView.build/Debug-watchos/TagListView-t.build/Objects-normal/arm64_32/TagListView-Swift.h -serialize-diagnostics-path /Users/admin/builder/spi-builder-workspace/.derivedData/Build/Intermediates.noindex/TagListView.build/Debug-watchos/TagListView-t.build/Objects-normal/arm64_32/TagListView-primary-emit-module.dia -emit-dependencies-path /Users/admin/builder/spi-builder-workspace/.derivedData/Build/Intermediates.noindex/TagListView.build/Debug-watchos/TagListView-t.build/Objects-normal/arm64_32/TagListView-primary-emit-module.d -parse-as-library -o /Users/admin/builder/spi-builder-workspace/.derivedData/Build/Intermediates.noindex/TagListView.build/Debug-watchos/TagListView-t.build/Objects-normal/arm64_32/TagListView.swiftmodule -emit-abi-descriptor-path /Users/admin/builder/spi-builder-workspace/.derivedData/Build/Intermediates.noindex/TagListView.build/Debug-watchos/TagListView-t.build/Objects-normal/arm64_32/TagListView.abi.json
SwiftCompile normal arm64_32 (in target 'TagListView' from project 'TagListView')
    cd /Users/admin/builder/spi-builder-workspace/.swiftpm/xcode

SwiftCompile normal arm64_32 Compiling\ TagView.swift /Users/admin/builder/spi-builder-workspace/TagListView/TagView.swift (in target 'TagListView' from project 'TagListView')
/Users/admin/builder/spi-builder-workspace/TagListView/TagView.swift:49:13: error: 'titleEdgeInsets' is unavailable in watchOS
 47 |     @IBInspectable open var paddingY: CGFloat = 2 {
 48 |         didSet {
 49 |             titleEdgeInsets.top = paddingY
    |             `- error: 'titleEdgeInsets' is unavailable in watchOS
 50 |             titleEdgeInsets.bottom = paddingY
 51 |         }
/Applications/Xcode-27.0.0-Release.Candidate.app/Contents/Developer/Platforms/WatchOS.platform/Developer/SDKs/WatchOS27.0.sdk/System/Library/Frameworks/UIKit.framework/Headers/UIButton.h:163:35: note: 'titleEdgeInsets' has been explicitly marked unavailable here
161 | // The effect of these properties can be replicated via UIButtonConfiguration.contentInset and UIButtonConfiguration.imageToTitlePadding. They are ignored when a configuration is set.
162 | @property(nonatomic) UIEdgeInsets contentEdgeInsets API_DEPRECATED("This property is ignored when using UIButtonConfiguration", ios(2.0,15.0), tvos(2.0,15.0), visionos(1.0, 1.0)) UI_APPEARANCE_SELECTOR API_UNAVAILABLE(watchos); // default is UIEdgeInsetsZero. On tvOS 10 or later, default is nonzero except for custom buttons.
163 | @property(nonatomic) UIEdgeInsets titleEdgeInsets API_DEPRECATED("This property is ignored when using UIButtonConfiguration", ios(2.0, 15.0), tvos(2.0, 15.0), visionos(1.0, 1.0)) API_UNAVAILABLE(watchos);                // default is UIEdgeInsetsZero
    |                                   `- note: 'titleEdgeInsets' has been explicitly marked unavailable here
164 | @property(nonatomic) UIEdgeInsets imageEdgeInsets API_DEPRECATED("This property is ignored when using UIButtonConfiguration", ios(2.0, 15.0), tvos(2.0, 15.0), visionos(1.0, 1.0)) API_UNAVAILABLE(watchos);                // default is UIEdgeInsetsZero
165 |
/Users/admin/builder/spi-builder-workspace/TagListView/TagView.swift:50:13: error: 'titleEdgeInsets' is unavailable in watchOS
 48 |         didSet {
 49 |             titleEdgeInsets.top = paddingY
 50 |             titleEdgeInsets.bottom = paddingY
    |             `- error: 'titleEdgeInsets' is unavailable in watchOS
 51 |         }
 52 |     }
/Applications/Xcode-27.0.0-Release.Candidate.app/Contents/Developer/Platforms/WatchOS.platform/Developer/SDKs/WatchOS27.0.sdk/System/Library/Frameworks/UIKit.framework/Headers/UIButton.h:163:35: note: 'titleEdgeInsets' has been explicitly marked unavailable here
161 | // The effect of these properties can be replicated via UIButtonConfiguration.contentInset and UIButtonConfiguration.imageToTitlePadding. They are ignored when a configuration is set.
162 | @property(nonatomic) UIEdgeInsets contentEdgeInsets API_DEPRECATED("This property is ignored when using UIButtonConfiguration", ios(2.0,15.0), tvos(2.0,15.0), visionos(1.0, 1.0)) UI_APPEARANCE_SELECTOR API_UNAVAILABLE(watchos); // default is UIEdgeInsetsZero. On tvOS 10 or later, default is nonzero except for custom buttons.
163 | @property(nonatomic) UIEdgeInsets titleEdgeInsets API_DEPRECATED("This property is ignored when using UIButtonConfiguration", ios(2.0, 15.0), tvos(2.0, 15.0), visionos(1.0, 1.0)) API_UNAVAILABLE(watchos);                // default is UIEdgeInsetsZero
    |                                   `- note: 'titleEdgeInsets' has been explicitly marked unavailable here
164 | @property(nonatomic) UIEdgeInsets imageEdgeInsets API_DEPRECATED("This property is ignored when using UIButtonConfiguration", ios(2.0, 15.0), tvos(2.0, 15.0), visionos(1.0, 1.0)) API_UNAVAILABLE(watchos);                // default is UIEdgeInsetsZero
165 |
/Users/admin/builder/spi-builder-workspace/TagListView/TagView.swift:55:13: error: 'titleEdgeInsets' is unavailable in watchOS
 53 |     @IBInspectable open var paddingX: CGFloat = 5 {
 54 |         didSet {
 55 |             titleEdgeInsets.left = paddingX
    |             `- error: 'titleEdgeInsets' is unavailable in watchOS
 56 |             updateRightInsets()
 57 |         }
/Applications/Xcode-27.0.0-Release.Candidate.app/Contents/Developer/Platforms/WatchOS.platform/Developer/SDKs/WatchOS27.0.sdk/System/Library/Frameworks/UIKit.framework/Headers/UIButton.h:163:35: note: 'titleEdgeInsets' has been explicitly marked unavailable here
161 | // The effect of these properties can be replicated via UIButtonConfiguration.contentInset and UIButtonConfiguration.imageToTitlePadding. They are ignored when a configuration is set.
162 | @property(nonatomic) UIEdgeInsets contentEdgeInsets API_DEPRECATED("This property is ignored when using UIButtonConfiguration", ios(2.0,15.0), tvos(2.0,15.0), visionos(1.0, 1.0)) UI_APPEARANCE_SELECTOR API_UNAVAILABLE(watchos); // default is UIEdgeInsetsZero. On tvOS 10 or later, default is nonzero except for custom buttons.
163 | @property(nonatomic) UIEdgeInsets titleEdgeInsets API_DEPRECATED("This property is ignored when using UIButtonConfiguration", ios(2.0, 15.0), tvos(2.0, 15.0), visionos(1.0, 1.0)) API_UNAVAILABLE(watchos);                // default is UIEdgeInsetsZero
    |                                   `- note: 'titleEdgeInsets' has been explicitly marked unavailable here
164 | @property(nonatomic) UIEdgeInsets imageEdgeInsets API_DEPRECATED("This property is ignored when using UIButtonConfiguration", ios(2.0, 15.0), tvos(2.0, 15.0), visionos(1.0, 1.0)) API_UNAVAILABLE(watchos);                // default is UIEdgeInsetsZero
165 |
/Users/admin/builder/spi-builder-workspace/TagListView/TagView.swift:124:24: error: 'init()' is unavailable in watchOS
122 |     // MARK: remove button
123 |
124 |     let removeButton = CloseButton()
    |                        `- error: 'init()' is unavailable in watchOS
125 |
126 |     @IBInspectable open var enableRemoveButton: Bool = false {
/Applications/Xcode-27.0.0-Release.Candidate.app/Contents/Developer/Platforms/WatchOS.platform/Developer/SDKs/WatchOS27.0.sdk/System/Library/Frameworks/UIKit.framework/Headers/UIView.h:158:1: note: 'init()' has been explicitly marked unavailable here
156 | - (instancetype)initWithFrame:(CGRect)frame NS_DESIGNATED_INITIALIZER;
157 | - (nullable instancetype)initWithCoder:(NSCoder *)coder NS_DESIGNATED_INITIALIZER;
158 | - (instancetype)init API_AVAILABLE(ios(2.0), tvos(9.0), visionos(1.0)) API_UNAVAILABLE(watchos);
    | `- note: 'init()' has been explicitly marked unavailable here
159 |
160 | @property(nonatomic,getter=isUserInteractionEnabled) BOOL userInteractionEnabled;  // default is YES. if set to NO, user events (touch, keys) are ignored and removed from the event queue.
/Users/admin/builder/spi-builder-workspace/TagListView/TagView.swift:12:21: error: 'UIButton' is unavailable in watchOS
 10 |
 11 | @IBDesignable
 12 | open class TagView: UIButton {
    |                     `- error: 'UIButton' is unavailable in watchOS
 13 |
 14 |     @IBInspectable open var cornerRadius: CGFloat = 0 {
/Applications/Xcode-27.0.0-Release.Candidate.app/Contents/Developer/Platforms/WatchOS.platform/Developer/SDKs/WatchOS27.0.sdk/System/Library/Frameworks/UIKit.framework/Headers/UIButton.h:49:12: note: 'UIButton' has been explicitly marked unavailable here
 47 |
 48 | UIKIT_EXTERN API_AVAILABLE(ios(2.0)) API_UNAVAILABLE(watchos) NS_SWIFT_UI_ACTOR
 49 | @interface UIButton : UIControl <NSCoding>
    |            `- note: 'UIButton' has been explicitly marked unavailable here
 50 |
 51 | - (instancetype)initWithFrame:(CGRect)frame NS_DESIGNATED_INITIALIZER;
/Users/admin/builder/spi-builder-workspace/TagListView/TagView.swift:101:51: error: 'UIControl' is unavailable in watchOS
 99 |             backgroundColor = selectedBackgroundColor ?? tagBackgroundColor
100 |             layer.borderColor = selectedBorderColor?.cgColor ?? borderColor?.cgColor
101 |             setTitleColor(selectedTextColor, for: UIControl.State())
    |                                                   `- error: 'UIControl' is unavailable in watchOS
102 |         }
103 |         else {
/Applications/Xcode-27.0.0-Release.Candidate.app/Contents/Developer/Platforms/WatchOS.platform/Developer/SDKs/WatchOS27.0.sdk/System/Library/Frameworks/UIKit.framework/Headers/UIControl.h:76:12: note: 'UIControl' has been explicitly marked unavailable here
 74 |
 75 | UIKIT_EXTERN API_AVAILABLE(ios(2.0)) API_UNAVAILABLE(watchos) NS_SWIFT_UI_ACTOR
 76 | @interface UIControl : UIView
    |            `- note: 'UIControl' has been explicitly marked unavailable here
 77 |
 78 | - (instancetype)initWithFrame:(CGRect)frame NS_DESIGNATED_INITIALIZER;
/Users/admin/builder/spi-builder-workspace/TagListView/TagView.swift:106:43: error: 'UIControl' is unavailable in watchOS
104 |             backgroundColor = tagBackgroundColor
105 |             layer.borderColor = borderColor?.cgColor
106 |             setTitleColor(textColor, for: UIControl.State())
    |                                           `- error: 'UIControl' is unavailable in watchOS
107 |         }
108 |     }
/Applications/Xcode-27.0.0-Release.Candidate.app/Contents/Developer/Platforms/WatchOS.platform/Developer/SDKs/WatchOS27.0.sdk/System/Library/Frameworks/UIKit.framework/Headers/UIControl.h:76:12: note: 'UIControl' has been explicitly marked unavailable here
 74 |
 75 | UIKIT_EXTERN API_AVAILABLE(ios(2.0)) API_UNAVAILABLE(watchos) NS_SWIFT_UI_ACTOR
 76 | @interface UIControl : UIView
    |            `- note: 'UIControl' has been explicitly marked unavailable here
 77 |
 78 | - (instancetype)initWithFrame:(CGRect)frame NS_DESIGNATED_INITIALIZER;
/Users/admin/builder/spi-builder-workspace/TagListView/TagView.swift:165:30: error: 'UIControl' is unavailable in watchOS
163 |     public init(title: String) {
164 |         super.init(frame: CGRect.zero)
165 |         setTitle(title, for: UIControl.State())
    |                              `- error: 'UIControl' is unavailable in watchOS
166 |
167 |         setupView()
/Applications/Xcode-27.0.0-Release.Candidate.app/Contents/Developer/Platforms/WatchOS.platform/Developer/SDKs/WatchOS27.0.sdk/System/Library/Frameworks/UIKit.framework/Headers/UIControl.h:76:12: note: 'UIControl' has been explicitly marked unavailable here
 74 |
 75 | UIKIT_EXTERN API_AVAILABLE(ios(2.0)) API_UNAVAILABLE(watchos) NS_SWIFT_UI_ACTOR
 76 | @interface UIControl : UIView
    |            `- note: 'UIControl' has been explicitly marked unavailable here
 77 |
 78 | - (instancetype)initWithFrame:(CGRect)frame NS_DESIGNATED_INITIALIZER;
/Users/admin/builder/spi-builder-workspace/TagListView/TagView.swift:177:25: error: 'UILongPressGestureRecognizer' is unavailable in watchOS
175 |         removeButton.tagView = self
176 |
177 |         let longPress = UILongPressGestureRecognizer(target: self, action: #selector(self.longPress))
    |                         `- error: 'UILongPressGestureRecognizer' is unavailable in watchOS
178 |         self.addGestureRecognizer(longPress)
179 |     }
/Applications/Xcode-27.0.0-Release.Candidate.app/Contents/Developer/Platforms/WatchOS.platform/Developer/SDKs/WatchOS27.0.sdk/System/Library/Frameworks/UIKit.framework/Headers/UILongPressGestureRecognizer.h:22:12: note: 'UILongPressGestureRecognizer' has been explicitly marked unavailable here
20 |
21 | UIKIT_EXTERN API_AVAILABLE(ios(3.2)) API_UNAVAILABLE(watchos) NS_SWIFT_UI_ACTOR
22 | @interface UILongPressGestureRecognizer : UIGestureRecognizer
   |            `- note: 'UILongPressGestureRecognizer' has been explicitly marked unavailable here
23 |
24 | @property (nonatomic) NSUInteger numberOfTapsRequired;      // Default is 0. The number of full taps required before the press for gesture to be recognized
/Users/admin/builder/spi-builder-workspace/TagListView/TagView.swift:202:13: error: 'titleEdgeInsets' is unavailable in watchOS
200 |     private func updateRightInsets() {
201 |         if enableRemoveButton {
202 |             titleEdgeInsets.right = paddingX  + removeButtonIconSize + paddingX
    |             `- error: 'titleEdgeInsets' is unavailable in watchOS
203 |         }
204 |         else {
/Applications/Xcode-27.0.0-Release.Candidate.app/Contents/Developer/Platforms/WatchOS.platform/Developer/SDKs/WatchOS27.0.sdk/System/Library/Frameworks/UIKit.framework/Headers/UIButton.h:163:35: note: 'titleEdgeInsets' has been explicitly marked unavailable here
161 | // The effect of these properties can be replicated via UIButtonConfiguration.contentInset and UIButtonConfiguration.imageToTitlePadding. They are ignored when a configuration is set.
162 | @property(nonatomic) UIEdgeInsets contentEdgeInsets API_DEPRECATED("This property is ignored when using UIButtonConfiguration", ios(2.0,15.0), tvos(2.0,15.0), visionos(1.0, 1.0)) UI_APPEARANCE_SELECTOR API_UNAVAILABLE(watchos); // default is UIEdgeInsetsZero. On tvOS 10 or later, default is nonzero except for custom buttons.
163 | @property(nonatomic) UIEdgeInsets titleEdgeInsets API_DEPRECATED("This property is ignored when using UIButtonConfiguration", ios(2.0, 15.0), tvos(2.0, 15.0), visionos(1.0, 1.0)) API_UNAVAILABLE(watchos);                // default is UIEdgeInsetsZero
    |                                   `- note: 'titleEdgeInsets' has been explicitly marked unavailable here
164 | @property(nonatomic) UIEdgeInsets imageEdgeInsets API_DEPRECATED("This property is ignored when using UIButtonConfiguration", ios(2.0, 15.0), tvos(2.0, 15.0), visionos(1.0, 1.0)) API_UNAVAILABLE(watchos);                // default is UIEdgeInsetsZero
165 |
SwiftCompile normal arm64_32 /Users/admin/builder/spi-builder-workspace/TagListView/TagView.swift (in target 'TagListView' from project 'TagListView')
    cd /Users/admin/builder/spi-builder-workspace/.swiftpm/xcode
    builtin-SwiftPerFileCompile TagView.swift
SwiftCompile normal arm64_32 Compiling\ TagListView.swift /Users/admin/builder/spi-builder-workspace/TagListView/TagListView.swift (in target 'TagListView' from project 'TagListView')
SwiftCompile normal arm64_32 /Users/admin/builder/spi-builder-workspace/TagListView/TagListView.swift (in target 'TagListView' from project 'TagListView')
    cd /Users/admin/builder/spi-builder-workspace/.swiftpm/xcode
    builtin-SwiftPerFileCompile TagListView.swift
/Users/admin/builder/spi-builder-workspace/TagListView/TagListView.swift:211:43: error: 'UIView' is unavailable in watchOS
209 |
210 |     open private(set) var tagViews: [TagView] = []
211 |     private(set) var tagBackgroundViews: [UIView] = []
    |                                           `- error: 'UIView' is unavailable in watchOS
212 |     private(set) var rowViews: [UIView] = []
213 |     private(set) var tagViewHeight: CGFloat = 0
/Applications/Xcode-27.0.0-Release.Candidate.app/Contents/Developer/Platforms/WatchOS.platform/Developer/SDKs/WatchOS27.0.sdk/System/Library/Frameworks/UIKit.framework/Headers/UIView.h:152:12: note: 'UIView' has been explicitly marked unavailable here
150 |
151 | UIKIT_EXTERN API_AVAILABLE(ios(2.0)) API_UNAVAILABLE(watchos) NS_SWIFT_UI_ACTOR
152 | @interface UIView : UIResponder <NSCoding, UIAppearance, UIAppearanceContainer, UIDynamicItem, UITraitEnvironment, UICoordinateSpace, UIFocusItem, UIFocusItemContainer, CALayerDelegate>
    |            `- note: 'UIView' has been explicitly marked unavailable here
153 |
154 | @property(class, nonatomic, readonly) Class layerClass;                        // default is [CALayer class]. Used when creating the underlying layer for the view.
/Users/admin/builder/spi-builder-workspace/TagListView/TagListView.swift:212:33: error: 'UIView' is unavailable in watchOS
210 |     open private(set) var tagViews: [TagView] = []
211 |     private(set) var tagBackgroundViews: [UIView] = []
212 |     private(set) var rowViews: [UIView] = []
    |                                 `- error: 'UIView' is unavailable in watchOS
213 |     private(set) var tagViewHeight: CGFloat = 0
214 |     private(set) var rows = 0 {
/Applications/Xcode-27.0.0-Release.Candidate.app/Contents/Developer/Platforms/WatchOS.platform/Developer/SDKs/WatchOS27.0.sdk/System/Library/Frameworks/UIKit.framework/Headers/UIView.h:152:12: note: 'UIView' has been explicitly marked unavailable here
150 |
151 | UIKIT_EXTERN API_AVAILABLE(ios(2.0)) API_UNAVAILABLE(watchos) NS_SWIFT_UI_ACTOR
152 | @interface UIView : UIResponder <NSCoding, UIAppearance, UIAppearanceContainer, UIDynamicItem, UITraitEnvironment, UICoordinateSpace, UIFocusItem, UIFocusItemContainer, CALayerDelegate>
    |            `- note: 'UIView' has been explicitly marked unavailable here
153 |
154 | @property(class, nonatomic, readonly) Class layerClass;                        // default is [CALayer class]. Used when creating the underlying layer for the view.
/Users/admin/builder/spi-builder-workspace/TagListView/TagListView.swift:222:24: error: cannot override 'prepareForInterfaceBuilder' which has been marked unavailable
220 |     // MARK: - Interface Builder
221 |
222 |     open override func prepareForInterfaceBuilder() {
    |                        |- error: cannot override 'prepareForInterfaceBuilder' which has been marked unavailable
    |                        `- note: remove 'override' modifier to declare a new 'prepareForInterfaceBuilder'
223 |         addTag("Welcome")
224 |         addTag("to")
/Applications/Xcode-27.0.0-Release.Candidate.app/Contents/Developer/Platforms/WatchOS.platform/Developer/SDKs/WatchOS27.0.sdk/System/Library/Frameworks/UIKit.framework/Headers/UINibLoading.h:24:1: note: 'prepareForInterfaceBuilder()' has been explicitly marked unavailable here
22 | @interface NSObject(UINibLoadingAdditions)
23 | - (void)awakeFromNib NS_REQUIRES_SUPER API_DEPRECATED("Loading Interface Builder products will not be supported in a future version of visionOS.", visionos(1.0, 1.0)) API_UNAVAILABLE(watchos);
24 | - (void)prepareForInterfaceBuilder API_AVAILABLE(ios(8.0)) API_DEPRECATED("Loading Interface Builder products will not be supported in a future version of visionOS.", visionos(1.0, 1.0)) API_UNAVAILABLE(watchos);
   | `- note: 'prepareForInterfaceBuilder()' has been explicitly marked unavailable here
25 | @end
26 |
/Users/admin/builder/spi-builder-workspace/TagListView/TagListView.swift:17:25: error: 'UIView' is unavailable in watchOS
 15 |
 16 | @IBDesignable
 17 | open class TagListView: UIView {
    |                         `- error: 'UIView' is unavailable in watchOS
 18 |
 19 |     @IBInspectable open dynamic var textColor: UIColor = .white {
/Applications/Xcode-27.0.0-Release.Candidate.app/Contents/Developer/Platforms/WatchOS.platform/Developer/SDKs/WatchOS27.0.sdk/System/Library/Frameworks/UIKit.framework/Headers/UIView.h:152:12: note: 'UIView' has been explicitly marked unavailable here
150 |
151 | UIKIT_EXTERN API_AVAILABLE(ios(2.0)) API_UNAVAILABLE(watchos) NS_SWIFT_UI_ACTOR
152 | @interface UIView : UIResponder <NSCoding, UIAppearance, UIAppearanceContainer, UIDynamicItem, UITraitEnvironment, UICoordinateSpace, UIFocusItem, UIFocusItemContainer, CALayerDelegate>
    |            `- note: 'UIView' has been explicitly marked unavailable here
153 |
154 | @property(class, nonatomic, readonly) Class layerClass;                        // default is [CALayer class]. Used when creating the underlying layer for the view.
/Users/admin/builder/spi-builder-workspace/TagListView/TagListView.swift:236:34: error: 'UIView' is unavailable in watchOS
234 |
235 |     private func rearrangeViews() {
236 |         let views = tagViews as [UIView] + tagBackgroundViews + rowViews
    |                                  `- error: 'UIView' is unavailable in watchOS
237 |         views.forEach {
238 |             $0.removeFromSuperview()
/Applications/Xcode-27.0.0-Release.Candidate.app/Contents/Developer/Platforms/WatchOS.platform/Developer/SDKs/WatchOS27.0.sdk/System/Library/Frameworks/UIKit.framework/Headers/UIView.h:152:12: note: 'UIView' has been explicitly marked unavailable here
150 |
151 | UIKIT_EXTERN API_AVAILABLE(ios(2.0)) API_UNAVAILABLE(watchos) NS_SWIFT_UI_ACTOR
152 | @interface UIView : UIResponder <NSCoding, UIAppearance, UIAppearanceContainer, UIDynamicItem, UITraitEnvironment, UICoordinateSpace, UIFocusItem, UIFocusItemContainer, CALayerDelegate>
    |            `- note: 'UIView' has been explicitly marked unavailable here
153 |
154 | @property(class, nonatomic, readonly) Class layerClass;                        // default is [CALayer class]. Used when creating the underlying layer for the view.
/Users/admin/builder/spi-builder-workspace/TagListView/TagListView.swift:245:21: error: 'effectiveUserInterfaceLayoutDirection' is unavailable in watchOS
243 |
244 |         if #available(iOS 10.0, tvOS 10.0, *) {
245 |             isRtl = effectiveUserInterfaceLayoutDirection == .rightToLeft
    |                     `- error: 'effectiveUserInterfaceLayoutDirection' is unavailable in watchOS
246 |         }
247 |         else if #available(iOS 9.0, *) {
/Applications/Xcode-27.0.0-Release.Candidate.app/Contents/Developer/Platforms/WatchOS.platform/Developer/SDKs/WatchOS27.0.sdk/System/Library/Frameworks/UIKit.framework/Headers/UIView.h:186:64: note: 'effectiveUserInterfaceLayoutDirection' has been explicitly marked unavailable here
184 |
185 | // Returns the user interface layout direction appropriate for arranging the immediate content of this view. Always consult the effectiveUserInterfaceLayoutDirection of the view whose immediate content is being arranged or drawn. Do not assume that the value propagates through the view’s subtree.
186 | @property (readonly, nonatomic) UIUserInterfaceLayoutDirection effectiveUserInterfaceLayoutDirection API_AVAILABLE(ios(10.0)) API_UNAVAILABLE(watchos);
    |                                                                `- note: 'effectiveUserInterfaceLayoutDirection' has been explicitly marked unavailable here
187 |
188 | @end
/Users/admin/builder/spi-builder-workspace/TagListView/TagListView.swift:248:21: error: 'UIView' is unavailable in watchOS
246 |         }
247 |         else if #available(iOS 9.0, *) {
248 |             isRtl = UIView.userInterfaceLayoutDirection(for: semanticContentAttribute) == .rightToLeft
    |                     `- error: 'UIView' is unavailable in watchOS
249 |         }
250 |         else if let shared = UIApplication.value(forKey: "sharedApplication") as? UIApplication {
/Applications/Xcode-27.0.0-Release.Candidate.app/Contents/Developer/Platforms/WatchOS.platform/Developer/SDKs/WatchOS27.0.sdk/System/Library/Frameworks/UIKit.framework/Headers/UIView.h:152:12: note: 'UIView' has been explicitly marked unavailable here
150 |
151 | UIKIT_EXTERN API_AVAILABLE(ios(2.0)) API_UNAVAILABLE(watchos) NS_SWIFT_UI_ACTOR
152 | @interface UIView : UIResponder <NSCoding, UIAppearance, UIAppearanceContainer, UIDynamicItem, UITraitEnvironment, UICoordinateSpace, UIFocusItem, UIFocusItemContainer, CALayerDelegate>
    |            `- note: 'UIView' has been explicitly marked unavailable here
153 |
154 | @property(class, nonatomic, readonly) Class layerClass;                        // default is [CALayer class]. Used when creating the underlying layer for the view.
SwiftEmitModule normal arm64 Emitting\ module\ for\ TagListView (in target 'TagListView' from project 'TagListView')
SwiftCompile normal arm64 (in target 'TagListView' from project 'TagListView')
    cd /Users/admin/builder/spi-builder-workspace/.swiftpm/xcode

SwiftCompile normal arm64 Compiling\ TagListView.swift /Users/admin/builder/spi-builder-workspace/TagListView/TagListView.swift (in target 'TagListView' from project 'TagListView')
SwiftCompile normal arm64 /Users/admin/builder/spi-builder-workspace/TagListView/TagListView.swift (in target 'TagListView' from project 'TagListView')
    cd /Users/admin/builder/spi-builder-workspace/.swiftpm/xcode
    builtin-SwiftPerFileCompile TagListView.swift
SwiftCompile normal arm64 Compiling\ CloseButton.swift /Users/admin/builder/spi-builder-workspace/TagListView/CloseButton.swift (in target 'TagListView' from project 'TagListView')
SwiftCompile normal arm64 /Users/admin/builder/spi-builder-workspace/TagListView/CloseButton.swift (in target 'TagListView' from project 'TagListView')
    cd /Users/admin/builder/spi-builder-workspace/.swiftpm/xcode
    builtin-SwiftPerFileCompile CloseButton.swift
SwiftCompile normal arm64 Compiling\ TagView.swift /Users/admin/builder/spi-builder-workspace/TagListView/TagView.swift (in target 'TagListView' from project 'TagListView')
SwiftCompile normal arm64 /Users/admin/builder/spi-builder-workspace/TagListView/TagView.swift (in target 'TagListView' from project 'TagListView')
    cd /Users/admin/builder/spi-builder-workspace/.swiftpm/xcode
    builtin-SwiftPerFileCompile TagView.swift
PruneExplicitPrecompiledModules /Users/admin/builder/spi-builder-workspace/.derivedData/Build/Intermediates.noindex/ExplicitPrecompiledModules
PruneExplicitPrecompiledModules /Users/admin/builder/spi-builder-workspace/.derivedData/SDKExplicitPrecompiledModules
PruneExplicitPrecompiledModules /Users/admin/builder/spi-builder-workspace/.derivedData/Build/Intermediates.noindex/SwiftExplicitPrecompiledModules
2026-09-21 17:30:55.203 xcodebuild[655:4245] [MT] IDERunDestination: Supported platforms for the buildables in the current scheme is empty.
** BUILD FAILED **
The following build commands failed:
	SwiftEmitModule normal arm64_32 Emitting\ module\ for\ TagListView (in target 'TagListView' from project 'TagListView')
	SwiftCompile normal arm64_32 (in target 'TagListView' from project 'TagListView')
	Building workspace TagListView with scheme TagListView
(3 failures)
Command line invocation:
    /Applications/Xcode-27.0.0-Release.Candidate.app/Contents/Developer/usr/bin/xcodebuild -IDEClonedSourcePackagesDirPathOverride=/Users/admin/builder/spi-builder-workspace/.dependencies -resolvePackageDependencies
Resolve Package Graph
Resolved source packages:
  TagListView: /Users/admin/builder/spi-builder-workspace
resolved source packages: TagListView
2026-09-21 17:31:01.421 xcodebuild[780:4732] [MT] IDERunDestination: Supported platforms for the buildables in the current scheme is empty.
{
  "dependencies" : [
  ],
  "manifest_display_name" : "TagListView",
  "name" : "TagListView",
  "path" : "/Users/admin/builder/spi-builder-workspace",
  "platforms" : [
    {
      "name" : "ios",
      "version" : "9.0"
    }
  ],
  "products" : [
    {
      "name" : "TagListView",
      "targets" : [
        "TagListView"
      ],
      "type" : {
        "library" : [
          "automatic"
        ]
      }
    }
  ],
  "swift_languages_versions" : [
    "5"
  ],
  "targets" : [
    {
      "c99name" : "TagListView",
      "module_type" : "SwiftTarget",
      "name" : "TagListView",
      "path" : "TagListView",
      "product_memberships" : [
        "TagListView"
      ],
      "sources" : [
        "CloseButton.swift",
        "TagListView.swift",
        "TagView.swift"
      ],
      "type" : "library"
    }
  ],
  "tools_version" : "5.1"
}
{
  "workspace" : {
    "name" : "TagListView",
    "schemes" : [
      "TagListView"
    ]
  }
}
2026-09-21 17:31:02.664 xcodebuild[788:4801] [MT] IDERunDestination: Supported platforms for the buildables in the current scheme is empty.
Running build ...
env DEVELOPER_DIR=/Applications/Xcode-27.0.0-Release.Candidate.app xcrun xcodebuild -IDEClonedSourcePackagesDirPathOverride=$PWD/.dependencies -skipMacroValidation -skipPackagePluginValidation -derivedDataPath $PWD/.derivedData build -scheme TagListView -destination generic/platform=watchOS
Command line invocation:
    /Applications/Xcode-27.0.0-Release.Candidate.app/Contents/Developer/usr/bin/xcodebuild -IDEClonedSourcePackagesDirPathOverride=/Users/admin/builder/spi-builder-workspace/.dependencies -skipMacroValidation -skipPackagePluginValidation -derivedDataPath /Users/admin/builder/spi-builder-workspace/.derivedData build -scheme TagListView -destination generic/platform=watchOS
Resolve Package Graph
Resolved source packages:
  TagListView: /Users/admin/builder/spi-builder-workspace
ComputePackagePrebuildTargetDependencyGraph
Prepare packages
CreateBuildRequest
SendProjectDescription
CreateBuildOperation
ComputeTargetDependencyGraph
note: Building targets in dependency order
note: Target dependency graph (2 targets)
    Target 'TagListView-product' in project 'TagListView'
        ➜ Explicit dependency on target 'TagListView' in project 'TagListView'
    Target 'TagListView' in project 'TagListView' (no dependencies)
GatherProvisioningInputs
CreateBuildDescription
ClangStatCache /Applications/Xcode-27.0.0-Release.Candidate.app/Contents/Developer/Toolchains/XcodeDefault.xctoolchain/usr/bin/clang-stat-cache /Applications/Xcode-27.0.0-Release.Candidate.app/Contents/Developer/Platforms/WatchOS.platform/Developer/SDKs/WatchOS27.0.sdk /Users/admin/builder/spi-builder-workspace/.derivedData/SDKStatCaches.noindex/watchos27.0-24R360-e829b21a6f8c9b70876ba0858053c04477534ef55a1706bf4c1112bbb242f0a2.sdkstatcache
    cd /Users/admin/builder/spi-builder-workspace/.swiftpm/xcode
    /Applications/Xcode-27.0.0-Release.Candidate.app/Contents/Developer/Toolchains/XcodeDefault.xctoolchain/usr/bin/clang-stat-cache /Applications/Xcode-27.0.0-Release.Candidate.app/Contents/Developer/Platforms/WatchOS.platform/Developer/SDKs/WatchOS27.0.sdk -o /Users/admin/builder/spi-builder-workspace/.derivedData/SDKStatCaches.noindex/watchos27.0-24R360-e829b21a6f8c9b70876ba0858053c04477534ef55a1706bf4c1112bbb242f0a2.sdkstatcache
SwiftDriver TagListView normal arm64 com.apple.xcode.tools.swift.compiler (in target 'TagListView' from project 'TagListView')
    cd /Users/admin/builder/spi-builder-workspace/.swiftpm/xcode
    builtin-SwiftDriver -- /Applications/Xcode-27.0.0-Release.Candidate.app/Contents/Developer/Toolchains/XcodeDefault.xctoolchain/usr/bin/swiftc -parse-as-library -module-name TagListView -Onone @/Users/admin/builder/spi-builder-workspace/.derivedData/Build/Intermediates.noindex/TagListView.build/Debug-watchos/TagListView-t.build/Objects-normal/arm64/TagListView.SwiftFileList -DSWIFT_PACKAGE -DDEBUG -DSWIFT_MODULE_RESOURCE_BUNDLE_UNAVAILABLE -DXcode -plugin-path /Applications/Xcode-27.0.0-Release.Candidate.app/Contents/Developer/Toolchains/XcodeDefault.xctoolchain/usr/lib/swift/host/plugins/testing -enable-experimental-feature DebugDescriptionMacro -sdk /Applications/Xcode-27.0.0-Release.Candidate.app/Contents/Developer/Platforms/WatchOS.platform/Developer/SDKs/WatchOS27.0.sdk -target arm64-apple-watchos9.0 -g -module-cache-path /Users/admin/builder/spi-builder-workspace/.derivedData/ModuleCache.noindex -Xfrontend -serialize-debugging-options -enable-testing -index-store-path /Users/admin/builder/spi-builder-workspace/.derivedData/Index.noindex/DataStore -Xcc -D_LIBCPP_HARDENING_MODE\=_LIBCPP_HARDENING_MODE_DEBUG -swift-version 5 -I /Users/admin/builder/spi-builder-workspace/.derivedData/Build/Products/Debug-watchos -Isystem /Applications/Xcode-27.0.0-Release.Candidate.app/Contents/Developer/Platforms/WatchOS.platform/Developer/usr/lib -F /Users/admin/builder/spi-builder-workspace/.derivedData/Build/Products/Debug-watchos -F /Applications/Xcode-27.0.0-Release.Candidate.app/Contents/Developer/Platforms/WatchOS.platform/Developer/Library/Frameworks -F /Applications/Xcode-27.0.0-Release.Candidate.app/Contents/Developer/Platforms/WatchOS.platform/Developer/SDKs/WatchOS27.0.sdk/Developer/Library/Frameworks -c -j10 -enable-batch-mode -incremental -Xcc -ivfsstatcache -Xcc /Users/admin/builder/spi-builder-workspace/.derivedData/SDKStatCaches.noindex/watchos27.0-24R360-e829b21a6f8c9b70876ba0858053c04477534ef55a1706bf4c1112bbb242f0a2.sdkstatcache -output-file-map /Users/admin/builder/spi-builder-workspace/.derivedData/Build/Intermediates.noindex/TagListView.build/Debug-watchos/TagListView-t.build/Objects-normal/arm64/TagListView-OutputFileMap.json -save-temps -no-color-diagnostics -explicit-module-build -module-cache-path /Users/admin/builder/spi-builder-workspace/.derivedData/Build/Intermediates.noindex/SwiftExplicitPrecompiledModules -clang-scanner-module-cache-path /Users/admin/builder/spi-builder-workspace/.derivedData/ModuleCache.noindex -sdk-module-cache-path /Users/admin/builder/spi-builder-workspace/.derivedData/SDKExplicitPrecompiledModules -emit-dependencies -emit-module -emit-module-path /Users/admin/builder/spi-builder-workspace/.derivedData/Build/Intermediates.noindex/TagListView.build/Debug-watchos/TagListView-t.build/Objects-normal/arm64/TagListView.swiftmodule -serialize-diagnostics -dependency-scan-serialize-diagnostics-path /Users/admin/builder/spi-builder-workspace/.derivedData/Build/Intermediates.noindex/TagListView.build/Debug-watchos/TagListView-t.build/Objects-normal/arm64/TagListView-dependency-scan.dia -validate-clang-modules-once -clang-build-session-file /Users/admin/builder/spi-builder-workspace/.derivedData/ModuleCache.noindex/Session.modulevalidation -Xcc -fmodules-prune-interval\=86400 -Xcc -fmodules-prune-after\=345600 -emit-const-values -const-gather-protocols-list /Users/admin/builder/spi-builder-workspace/.derivedData/Build/Intermediates.noindex/TagListView.build/Debug-watchos/TagListView-t.build/Objects-normal/arm64/TagListView_const_extract_protocols.json -Xcc -I/Users/admin/builder/spi-builder-workspace/.derivedData/Build/Products/Debug-watchos/include -Xcc -I/Users/admin/builder/spi-builder-workspace/.derivedData/Build/Intermediates.noindex/TagListView.build/Debug-watchos/TagListView-t.build/DerivedSources-normal/arm64 -Xcc -I/Users/admin/builder/spi-builder-workspace/.derivedData/Build/Intermediates.noindex/TagListView.build/Debug-watchos/TagListView-t.build/DerivedSources/arm64 -Xcc -I/Users/admin/builder/spi-builder-workspace/.derivedData/Build/Intermediates.noindex/TagListView.build/Debug-watchos/TagListView-t.build/DerivedSources -Xcc -DSWIFT_PACKAGE -Xcc -DDEBUG\=1 -emit-objc-header -emit-objc-header-path /Users/admin/builder/spi-builder-workspace/.derivedData/Build/Intermediates.noindex/TagListView.build/Debug-watchos/TagListView-t.build/Objects-normal/arm64/TagListView-Swift.h -working-directory /Users/admin/builder/spi-builder-workspace/.swiftpm/xcode -experimental-emit-module-separately -disable-cmo
SwiftDriver TagListView normal arm64_32 com.apple.xcode.tools.swift.compiler (in target 'TagListView' from project 'TagListView')
    cd /Users/admin/builder/spi-builder-workspace/.swiftpm/xcode
    builtin-SwiftDriver -- /Applications/Xcode-27.0.0-Release.Candidate.app/Contents/Developer/Toolchains/XcodeDefault.xctoolchain/usr/bin/swiftc -parse-as-library -module-name TagListView -Onone @/Users/admin/builder/spi-builder-workspace/.derivedData/Build/Intermediates.noindex/TagListView.build/Debug-watchos/TagListView-t.build/Objects-normal/arm64_32/TagListView.SwiftFileList -DSWIFT_PACKAGE -DDEBUG -DSWIFT_MODULE_RESOURCE_BUNDLE_UNAVAILABLE -DXcode -plugin-path /Applications/Xcode-27.0.0-Release.Candidate.app/Contents/Developer/Toolchains/XcodeDefault.xctoolchain/usr/lib/swift/host/plugins/testing -enable-experimental-feature DebugDescriptionMacro -sdk /Applications/Xcode-27.0.0-Release.Candidate.app/Contents/Developer/Platforms/WatchOS.platform/Developer/SDKs/WatchOS27.0.sdk -target arm64_32-apple-watchos9.0 -g -module-cache-path /Users/admin/builder/spi-builder-workspace/.derivedData/ModuleCache.noindex -Xfrontend -serialize-debugging-options -enable-testing -index-store-path /Users/admin/builder/spi-builder-workspace/.derivedData/Index.noindex/DataStore -Xcc -D_LIBCPP_HARDENING_MODE\=_LIBCPP_HARDENING_MODE_DEBUG -swift-version 5 -I /Users/admin/builder/spi-builder-workspace/.derivedData/Build/Products/Debug-watchos -Isystem /Applications/Xcode-27.0.0-Release.Candidate.app/Contents/Developer/Platforms/WatchOS.platform/Developer/usr/lib -F /Users/admin/builder/spi-builder-workspace/.derivedData/Build/Products/Debug-watchos -F /Applications/Xcode-27.0.0-Release.Candidate.app/Contents/Developer/Platforms/WatchOS.platform/Developer/Library/Frameworks -F /Applications/Xcode-27.0.0-Release.Candidate.app/Contents/Developer/Platforms/WatchOS.platform/Developer/SDKs/WatchOS27.0.sdk/Developer/Library/Frameworks -c -j10 -enable-batch-mode -incremental -Xcc -ivfsstatcache -Xcc /Users/admin/builder/spi-builder-workspace/.derivedData/SDKStatCaches.noindex/watchos27.0-24R360-e829b21a6f8c9b70876ba0858053c04477534ef55a1706bf4c1112bbb242f0a2.sdkstatcache -output-file-map /Users/admin/builder/spi-builder-workspace/.derivedData/Build/Intermediates.noindex/TagListView.build/Debug-watchos/TagListView-t.build/Objects-normal/arm64_32/TagListView-OutputFileMap.json -save-temps -no-color-diagnostics -explicit-module-build -module-cache-path /Users/admin/builder/spi-builder-workspace/.derivedData/Build/Intermediates.noindex/SwiftExplicitPrecompiledModules -clang-scanner-module-cache-path /Users/admin/builder/spi-builder-workspace/.derivedData/ModuleCache.noindex -sdk-module-cache-path /Users/admin/builder/spi-builder-workspace/.derivedData/SDKExplicitPrecompiledModules -emit-dependencies -emit-module -emit-module-path /Users/admin/builder/spi-builder-workspace/.derivedData/Build/Intermediates.noindex/TagListView.build/Debug-watchos/TagListView-t.build/Objects-normal/arm64_32/TagListView.swiftmodule -serialize-diagnostics -dependency-scan-serialize-diagnostics-path /Users/admin/builder/spi-builder-workspace/.derivedData/Build/Intermediates.noindex/TagListView.build/Debug-watchos/TagListView-t.build/Objects-normal/arm64_32/TagListView-dependency-scan.dia -validate-clang-modules-once -clang-build-session-file /Users/admin/builder/spi-builder-workspace/.derivedData/ModuleCache.noindex/Session.modulevalidation -Xcc -fmodules-prune-interval\=86400 -Xcc -fmodules-prune-after\=345600 -emit-const-values -const-gather-protocols-list /Users/admin/builder/spi-builder-workspace/.derivedData/Build/Intermediates.noindex/TagListView.build/Debug-watchos/TagListView-t.build/Objects-normal/arm64_32/TagListView_const_extract_protocols.json -Xcc -I/Users/admin/builder/spi-builder-workspace/.derivedData/Build/Products/Debug-watchos/include -Xcc -I/Users/admin/builder/spi-builder-workspace/.derivedData/Build/Intermediates.noindex/TagListView.build/Debug-watchos/TagListView-t.build/DerivedSources-normal/arm64_32 -Xcc -I/Users/admin/builder/spi-builder-workspace/.derivedData/Build/Intermediates.noindex/TagListView.build/Debug-watchos/TagListView-t.build/DerivedSources/arm64_32 -Xcc -I/Users/admin/builder/spi-builder-workspace/.derivedData/Build/Intermediates.noindex/TagListView.build/Debug-watchos/TagListView-t.build/DerivedSources -Xcc -DSWIFT_PACKAGE -Xcc -DDEBUG\=1 -emit-objc-header -emit-objc-header-path /Users/admin/builder/spi-builder-workspace/.derivedData/Build/Intermediates.noindex/TagListView.build/Debug-watchos/TagListView-t.build/Objects-normal/arm64_32/TagListView-Swift.h -working-directory /Users/admin/builder/spi-builder-workspace/.swiftpm/xcode -experimental-emit-module-separately -disable-cmo
SwiftCompile normal arm64 Compiling\ CloseButton.swift /Users/admin/builder/spi-builder-workspace/TagListView/CloseButton.swift (in target 'TagListView' from project 'TagListView')
SwiftCompile normal arm64 /Users/admin/builder/spi-builder-workspace/TagListView/CloseButton.swift (in target 'TagListView' from project 'TagListView')
    cd /Users/admin/builder/spi-builder-workspace/.swiftpm/xcode
    builtin-SwiftPerFileCompile CloseButton.swift
SwiftCompile normal arm64 Compiling\ TagView.swift /Users/admin/builder/spi-builder-workspace/TagListView/TagView.swift (in target 'TagListView' from project 'TagListView')
/Users/admin/builder/spi-builder-workspace/TagListView/TagView.swift:49:13: error: 'titleEdgeInsets' is unavailable in watchOS
 47 |     @IBInspectable open var paddingY: CGFloat = 2 {
 48 |         didSet {
 49 |             titleEdgeInsets.top = paddingY
    |             `- error: 'titleEdgeInsets' is unavailable in watchOS
 50 |             titleEdgeInsets.bottom = paddingY
 51 |         }
/Applications/Xcode-27.0.0-Release.Candidate.app/Contents/Developer/Platforms/WatchOS.platform/Developer/SDKs/WatchOS27.0.sdk/System/Library/Frameworks/UIKit.framework/Headers/UIButton.h:163:35: note: 'titleEdgeInsets' has been explicitly marked unavailable here
161 | // The effect of these properties can be replicated via UIButtonConfiguration.contentInset and UIButtonConfiguration.imageToTitlePadding. They are ignored when a configuration is set.
162 | @property(nonatomic) UIEdgeInsets contentEdgeInsets API_DEPRECATED("This property is ignored when using UIButtonConfiguration", ios(2.0,15.0), tvos(2.0,15.0), visionos(1.0, 1.0)) UI_APPEARANCE_SELECTOR API_UNAVAILABLE(watchos); // default is UIEdgeInsetsZero. On tvOS 10 or later, default is nonzero except for custom buttons.
163 | @property(nonatomic) UIEdgeInsets titleEdgeInsets API_DEPRECATED("This property is ignored when using UIButtonConfiguration", ios(2.0, 15.0), tvos(2.0, 15.0), visionos(1.0, 1.0)) API_UNAVAILABLE(watchos);                // default is UIEdgeInsetsZero
    |                                   `- note: 'titleEdgeInsets' has been explicitly marked unavailable here
164 | @property(nonatomic) UIEdgeInsets imageEdgeInsets API_DEPRECATED("This property is ignored when using UIButtonConfiguration", ios(2.0, 15.0), tvos(2.0, 15.0), visionos(1.0, 1.0)) API_UNAVAILABLE(watchos);                // default is UIEdgeInsetsZero
165 |
/Users/admin/builder/spi-builder-workspace/TagListView/TagView.swift:50:13: error: 'titleEdgeInsets' is unavailable in watchOS
 48 |         didSet {
 49 |             titleEdgeInsets.top = paddingY
 50 |             titleEdgeInsets.bottom = paddingY
    |             `- error: 'titleEdgeInsets' is unavailable in watchOS
 51 |         }
 52 |     }
/Applications/Xcode-27.0.0-Release.Candidate.app/Contents/Developer/Platforms/WatchOS.platform/Developer/SDKs/WatchOS27.0.sdk/System/Library/Frameworks/UIKit.framework/Headers/UIButton.h:163:35: note: 'titleEdgeInsets' has been explicitly marked unavailable here
161 | // The effect of these properties can be replicated via UIButtonConfiguration.contentInset and UIButtonConfiguration.imageToTitlePadding. They are ignored when a configuration is set.
162 | @property(nonatomic) UIEdgeInsets contentEdgeInsets API_DEPRECATED("This property is ignored when using UIButtonConfiguration", ios(2.0,15.0), tvos(2.0,15.0), visionos(1.0, 1.0)) UI_APPEARANCE_SELECTOR API_UNAVAILABLE(watchos); // default is UIEdgeInsetsZero. On tvOS 10 or later, default is nonzero except for custom buttons.
163 | @property(nonatomic) UIEdgeInsets titleEdgeInsets API_DEPRECATED("This property is ignored when using UIButtonConfiguration", ios(2.0, 15.0), tvos(2.0, 15.0), visionos(1.0, 1.0)) API_UNAVAILABLE(watchos);                // default is UIEdgeInsetsZero
    |                                   `- note: 'titleEdgeInsets' has been explicitly marked unavailable here
164 | @property(nonatomic) UIEdgeInsets imageEdgeInsets API_DEPRECATED("This property is ignored when using UIButtonConfiguration", ios(2.0, 15.0), tvos(2.0, 15.0), visionos(1.0, 1.0)) API_UNAVAILABLE(watchos);                // default is UIEdgeInsetsZero
165 |
/Users/admin/builder/spi-builder-workspace/TagListView/TagView.swift:55:13: error: 'titleEdgeInsets' is unavailable in watchOS
 53 |     @IBInspectable open var paddingX: CGFloat = 5 {
 54 |         didSet {
 55 |             titleEdgeInsets.left = paddingX
    |             `- error: 'titleEdgeInsets' is unavailable in watchOS
 56 |             updateRightInsets()
 57 |         }
/Applications/Xcode-27.0.0-Release.Candidate.app/Contents/Developer/Platforms/WatchOS.platform/Developer/SDKs/WatchOS27.0.sdk/System/Library/Frameworks/UIKit.framework/Headers/UIButton.h:163:35: note: 'titleEdgeInsets' has been explicitly marked unavailable here
161 | // The effect of these properties can be replicated via UIButtonConfiguration.contentInset and UIButtonConfiguration.imageToTitlePadding. They are ignored when a configuration is set.
162 | @property(nonatomic) UIEdgeInsets contentEdgeInsets API_DEPRECATED("This property is ignored when using UIButtonConfiguration", ios(2.0,15.0), tvos(2.0,15.0), visionos(1.0, 1.0)) UI_APPEARANCE_SELECTOR API_UNAVAILABLE(watchos); // default is UIEdgeInsetsZero. On tvOS 10 or later, default is nonzero except for custom buttons.
163 | @property(nonatomic) UIEdgeInsets titleEdgeInsets API_DEPRECATED("This property is ignored when using UIButtonConfiguration", ios(2.0, 15.0), tvos(2.0, 15.0), visionos(1.0, 1.0)) API_UNAVAILABLE(watchos);                // default is UIEdgeInsetsZero
    |                                   `- note: 'titleEdgeInsets' has been explicitly marked unavailable here
164 | @property(nonatomic) UIEdgeInsets imageEdgeInsets API_DEPRECATED("This property is ignored when using UIButtonConfiguration", ios(2.0, 15.0), tvos(2.0, 15.0), visionos(1.0, 1.0)) API_UNAVAILABLE(watchos);                // default is UIEdgeInsetsZero
165 |
/Users/admin/builder/spi-builder-workspace/TagListView/TagView.swift:124:24: error: 'init()' is unavailable in watchOS
122 |     // MARK: remove button
123 |
124 |     let removeButton = CloseButton()
    |                        `- error: 'init()' is unavailable in watchOS
125 |
126 |     @IBInspectable open var enableRemoveButton: Bool = false {
/Applications/Xcode-27.0.0-Release.Candidate.app/Contents/Developer/Platforms/WatchOS.platform/Developer/SDKs/WatchOS27.0.sdk/System/Library/Frameworks/UIKit.framework/Headers/UIView.h:158:1: note: 'init()' has been explicitly marked unavailable here
156 | - (instancetype)initWithFrame:(CGRect)frame NS_DESIGNATED_INITIALIZER;
157 | - (nullable instancetype)initWithCoder:(NSCoder *)coder NS_DESIGNATED_INITIALIZER;
158 | - (instancetype)init API_AVAILABLE(ios(2.0), tvos(9.0), visionos(1.0)) API_UNAVAILABLE(watchos);
    | `- note: 'init()' has been explicitly marked unavailable here
159 |
160 | @property(nonatomic,getter=isUserInteractionEnabled) BOOL userInteractionEnabled;  // default is YES. if set to NO, user events (touch, keys) are ignored and removed from the event queue.
/Users/admin/builder/spi-builder-workspace/TagListView/TagView.swift:12:21: error: 'UIButton' is unavailable in watchOS
 10 |
 11 | @IBDesignable
 12 | open class TagView: UIButton {
    |                     `- error: 'UIButton' is unavailable in watchOS
 13 |
 14 |     @IBInspectable open var cornerRadius: CGFloat = 0 {
/Applications/Xcode-27.0.0-Release.Candidate.app/Contents/Developer/Platforms/WatchOS.platform/Developer/SDKs/WatchOS27.0.sdk/System/Library/Frameworks/UIKit.framework/Headers/UIButton.h:49:12: note: 'UIButton' has been explicitly marked unavailable here
 47 |
 48 | UIKIT_EXTERN API_AVAILABLE(ios(2.0)) API_UNAVAILABLE(watchos) NS_SWIFT_UI_ACTOR
 49 | @interface UIButton : UIControl <NSCoding>
    |            `- note: 'UIButton' has been explicitly marked unavailable here
 50 |
 51 | - (instancetype)initWithFrame:(CGRect)frame NS_DESIGNATED_INITIALIZER;
/Users/admin/builder/spi-builder-workspace/TagListView/TagView.swift:101:51: error: 'UIControl' is unavailable in watchOS
 99 |             backgroundColor = selectedBackgroundColor ?? tagBackgroundColor
100 |             layer.borderColor = selectedBorderColor?.cgColor ?? borderColor?.cgColor
101 |             setTitleColor(selectedTextColor, for: UIControl.State())
    |                                                   `- error: 'UIControl' is unavailable in watchOS
102 |         }
103 |         else {
/Applications/Xcode-27.0.0-Release.Candidate.app/Contents/Developer/Platforms/WatchOS.platform/Developer/SDKs/WatchOS27.0.sdk/System/Library/Frameworks/UIKit.framework/Headers/UIControl.h:76:12: note: 'UIControl' has been explicitly marked unavailable here
 74 |
 75 | UIKIT_EXTERN API_AVAILABLE(ios(2.0)) API_UNAVAILABLE(watchos) NS_SWIFT_UI_ACTOR
 76 | @interface UIControl : UIView
    |            `- note: 'UIControl' has been explicitly marked unavailable here
 77 |
 78 | - (instancetype)initWithFrame:(CGRect)frame NS_DESIGNATED_INITIALIZER;
/Users/admin/builder/spi-builder-workspace/TagListView/TagView.swift:106:43: error: 'UIControl' is unavailable in watchOS
104 |             backgroundColor = tagBackgroundColor
105 |             layer.borderColor = borderColor?.cgColor
106 |             setTitleColor(textColor, for: UIControl.State())
    |                                           `- error: 'UIControl' is unavailable in watchOS
107 |         }
108 |     }
/Applications/Xcode-27.0.0-Release.Candidate.app/Contents/Developer/Platforms/WatchOS.platform/Developer/SDKs/WatchOS27.0.sdk/System/Library/Frameworks/UIKit.framework/Headers/UIControl.h:76:12: note: 'UIControl' has been explicitly marked unavailable here
 74 |
 75 | UIKIT_EXTERN API_AVAILABLE(ios(2.0)) API_UNAVAILABLE(watchos) NS_SWIFT_UI_ACTOR
 76 | @interface UIControl : UIView
    |            `- note: 'UIControl' has been explicitly marked unavailable here
 77 |
 78 | - (instancetype)initWithFrame:(CGRect)frame NS_DESIGNATED_INITIALIZER;
SwiftCompile normal arm64 /Users/admin/builder/spi-builder-workspace/TagListView/TagView.swift (in target 'TagListView' from project 'TagListView')
    cd /Users/admin/builder/spi-builder-workspace/.swiftpm/xcode
    builtin-SwiftPerFileCompile TagView.swift
/Users/admin/builder/spi-builder-workspace/TagListView/TagView.swift:165:30: error: 'UIControl' is unavailable in watchOS
163 |     public init(title: String) {
164 |         super.init(frame: CGRect.zero)
165 |         setTitle(title, for: UIControl.State())
    |                              `- error: 'UIControl' is unavailable in watchOS
166 |
167 |         setupView()
/Applications/Xcode-27.0.0-Release.Candidate.app/Contents/Developer/Platforms/WatchOS.platform/Developer/SDKs/WatchOS27.0.sdk/System/Library/Frameworks/UIKit.framework/Headers/UIControl.h:76:12: note: 'UIControl' has been explicitly marked unavailable here
 74 |
 75 | UIKIT_EXTERN API_AVAILABLE(ios(2.0)) API_UNAVAILABLE(watchos) NS_SWIFT_UI_ACTOR
 76 | @interface UIControl : UIView
    |            `- note: 'UIControl' has been explicitly marked unavailable here
 77 |
 78 | - (instancetype)initWithFrame:(CGRect)frame NS_DESIGNATED_INITIALIZER;
SwiftEmitModule normal arm64_32 Emitting\ module\ for\ TagListView (in target 'TagListView' from project 'TagListView')
/Users/admin/builder/spi-builder-workspace/TagListView/CloseButton.swift:11:29: error: 'UIButton' is unavailable in watchOS
 9 | import UIKit
10 |
11 | internal class CloseButton: UIButton {
   |                             `- error: 'UIButton' is unavailable in watchOS
12 |
13 |     var iconSize: CGFloat = 10
/Applications/Xcode-27.0.0-Release.Candidate.app/Contents/Developer/Platforms/WatchOS.platform/Developer/SDKs/WatchOS27.0.sdk/System/Library/Frameworks/UIKit.framework/Headers/UIButton.h:49:12: note: 'UIButton' has been explicitly marked unavailable here
 47 |
 48 | UIKIT_EXTERN API_AVAILABLE(ios(2.0)) API_UNAVAILABLE(watchos) NS_SWIFT_UI_ACTOR
 49 | @interface UIButton : UIControl <NSCoding>
    |            `- note: 'UIButton' has been explicitly marked unavailable here
 50 |
 51 | - (instancetype)initWithFrame:(CGRect)frame NS_DESIGNATED_INITIALIZER;
/Users/admin/builder/spi-builder-workspace/TagListView/TagListView.swift:211:43: error: 'UIView' is unavailable in watchOS
209 |
210 |     open private(set) var tagViews: [TagView] = []
211 |     private(set) var tagBackgroundViews: [UIView] = []
    |                                           `- error: 'UIView' is unavailable in watchOS
212 |     private(set) var rowViews: [UIView] = []
213 |     private(set) var tagViewHeight: CGFloat = 0
/Applications/Xcode-27.0.0-Release.Candidate.app/Contents/Developer/Platforms/WatchOS.platform/Developer/SDKs/WatchOS27.0.sdk/System/Library/Frameworks/UIKit.framework/Headers/UIView.h:152:12: note: 'UIView' has been explicitly marked unavailable here
150 |
151 | UIKIT_EXTERN API_AVAILABLE(ios(2.0)) API_UNAVAILABLE(watchos) NS_SWIFT_UI_ACTOR
152 | @interface UIView : UIResponder <NSCoding, UIAppearance, UIAppearanceContainer, UIDynamicItem, UITraitEnvironment, UICoordinateSpace, UIFocusItem, UIFocusItemContainer, CALayerDelegate>
    |            `- note: 'UIView' has been explicitly marked unavailable here
153 |
154 | @property(class, nonatomic, readonly) Class layerClass;                        // default is [CALayer class]. Used when creating the underlying layer for the view.
/Users/admin/builder/spi-builder-workspace/TagListView/TagListView.swift:212:33: error: 'UIView' is unavailable in watchOS
210 |     open private(set) var tagViews: [TagView] = []
211 |     private(set) var tagBackgroundViews: [UIView] = []
212 |     private(set) var rowViews: [UIView] = []
    |                                 `- error: 'UIView' is unavailable in watchOS
213 |     private(set) var tagViewHeight: CGFloat = 0
214 |     private(set) var rows = 0 {
/Applications/Xcode-27.0.0-Release.Candidate.app/Contents/Developer/Platforms/WatchOS.platform/Developer/SDKs/WatchOS27.0.sdk/System/Library/Frameworks/UIKit.framework/Headers/UIView.h:152:12: note: 'UIView' has been explicitly marked unavailable here
150 |
151 | UIKIT_EXTERN API_AVAILABLE(ios(2.0)) API_UNAVAILABLE(watchos) NS_SWIFT_UI_ACTOR
152 | @interface UIView : UIResponder <NSCoding, UIAppearance, UIAppearanceContainer, UIDynamicItem, UITraitEnvironment, UICoordinateSpace, UIFocusItem, UIFocusItemContainer, CALayerDelegate>
    |            `- note: 'UIView' has been explicitly marked unavailable here
153 |
154 | @property(class, nonatomic, readonly) Class layerClass;                        // default is [CALayer class]. Used when creating the underlying layer for the view.
/Users/admin/builder/spi-builder-workspace/TagListView/TagListView.swift:222:24: error: cannot override 'prepareForInterfaceBuilder' which has been marked unavailable
220 |     // MARK: - Interface Builder
221 |
222 |     open override func prepareForInterfaceBuilder() {
    |                        |- error: cannot override 'prepareForInterfaceBuilder' which has been marked unavailable
    |                        `- note: remove 'override' modifier to declare a new 'prepareForInterfaceBuilder'
223 |         addTag("Welcome")
224 |         addTag("to")
/Applications/Xcode-27.0.0-Release.Candidate.app/Contents/Developer/Platforms/WatchOS.platform/Developer/SDKs/WatchOS27.0.sdk/System/Library/Frameworks/UIKit.framework/Headers/UINibLoading.h:24:1: note: 'prepareForInterfaceBuilder()' has been explicitly marked unavailable here
22 | @interface NSObject(UINibLoadingAdditions)
23 | - (void)awakeFromNib NS_REQUIRES_SUPER API_DEPRECATED("Loading Interface Builder products will not be supported in a future version of visionOS.", visionos(1.0, 1.0)) API_UNAVAILABLE(watchos);
24 | - (void)prepareForInterfaceBuilder API_AVAILABLE(ios(8.0)) API_DEPRECATED("Loading Interface Builder products will not be supported in a future version of visionOS.", visionos(1.0, 1.0)) API_UNAVAILABLE(watchos);
   | `- note: 'prepareForInterfaceBuilder()' has been explicitly marked unavailable here
25 | @end
26 |
/Users/admin/builder/spi-builder-workspace/TagListView/TagListView.swift:17:25: error: 'UIView' is unavailable in watchOS
 15 |
 16 | @IBDesignable
 17 | open class TagListView: UIView {
    |                         `- error: 'UIView' is unavailable in watchOS
 18 |
 19 |     @IBInspectable open dynamic var textColor: UIColor = .white {
/Applications/Xcode-27.0.0-Release.Candidate.app/Contents/Developer/Platforms/WatchOS.platform/Developer/SDKs/WatchOS27.0.sdk/System/Library/Frameworks/UIKit.framework/Headers/UIView.h:152:12: note: 'UIView' has been explicitly marked unavailable here
150 |
151 | UIKIT_EXTERN API_AVAILABLE(ios(2.0)) API_UNAVAILABLE(watchos) NS_SWIFT_UI_ACTOR
152 | @interface UIView : UIResponder <NSCoding, UIAppearance, UIAppearanceContainer, UIDynamicItem, UITraitEnvironment, UICoordinateSpace, UIFocusItem, UIFocusItemContainer, CALayerDelegate>
    |            `- note: 'UIView' has been explicitly marked unavailable here
153 |
154 | @property(class, nonatomic, readonly) Class layerClass;                        // default is [CALayer class]. Used when creating the underlying layer for the view.
/Users/admin/builder/spi-builder-workspace/TagListView/TagView.swift:49:13: error: 'titleEdgeInsets' is unavailable in watchOS
 47 |     @IBInspectable open var paddingY: CGFloat = 2 {
 48 |         didSet {
 49 |             titleEdgeInsets.top = paddingY
    |             `- error: 'titleEdgeInsets' is unavailable in watchOS
 50 |             titleEdgeInsets.bottom = paddingY
 51 |         }
/Applications/Xcode-27.0.0-Release.Candidate.app/Contents/Developer/Platforms/WatchOS.platform/Developer/SDKs/WatchOS27.0.sdk/System/Library/Frameworks/UIKit.framework/Headers/UIButton.h:163:35: note: 'titleEdgeInsets' has been explicitly marked unavailable here
161 | // The effect of these properties can be replicated via UIButtonConfiguration.contentInset and UIButtonConfiguration.imageToTitlePadding. They are ignored when a configuration is set.
162 | @property(nonatomic) UIEdgeInsets contentEdgeInsets API_DEPRECATED("This property is ignored when using UIButtonConfiguration", ios(2.0,15.0), tvos(2.0,15.0), visionos(1.0, 1.0)) UI_APPEARANCE_SELECTOR API_UNAVAILABLE(watchos); // default is UIEdgeInsetsZero. On tvOS 10 or later, default is nonzero except for custom buttons.
163 | @property(nonatomic) UIEdgeInsets titleEdgeInsets API_DEPRECATED("This property is ignored when using UIButtonConfiguration", ios(2.0, 15.0), tvos(2.0, 15.0), visionos(1.0, 1.0)) API_UNAVAILABLE(watchos);                // default is UIEdgeInsetsZero
    |                                   `- note: 'titleEdgeInsets' has been explicitly marked unavailable here
164 | @property(nonatomic) UIEdgeInsets imageEdgeInsets API_DEPRECATED("This property is ignored when using UIButtonConfiguration", ios(2.0, 15.0), tvos(2.0, 15.0), visionos(1.0, 1.0)) API_UNAVAILABLE(watchos);                // default is UIEdgeInsetsZero
165 |
/Users/admin/builder/spi-builder-workspace/TagListView/TagView.swift:50:13: error: 'titleEdgeInsets' is unavailable in watchOS
 48 |         didSet {
 49 |             titleEdgeInsets.top = paddingY
 50 |             titleEdgeInsets.bottom = paddingY
    |             `- error: 'titleEdgeInsets' is unavailable in watchOS
 51 |         }
 52 |     }
/Applications/Xcode-27.0.0-Release.Candidate.app/Contents/Developer/Platforms/WatchOS.platform/Developer/SDKs/WatchOS27.0.sdk/System/Library/Frameworks/UIKit.framework/Headers/UIButton.h:163:35: note: 'titleEdgeInsets' has been explicitly marked unavailable here
161 | // The effect of these properties can be replicated via UIButtonConfiguration.contentInset and UIButtonConfiguration.imageToTitlePadding. They are ignored when a configuration is set.
162 | @property(nonatomic) UIEdgeInsets contentEdgeInsets API_DEPRECATED("This property is ignored when using UIButtonConfiguration", ios(2.0,15.0), tvos(2.0,15.0), visionos(1.0, 1.0)) UI_APPEARANCE_SELECTOR API_UNAVAILABLE(watchos); // default is UIEdgeInsetsZero. On tvOS 10 or later, default is nonzero except for custom buttons.
163 | @property(nonatomic) UIEdgeInsets titleEdgeInsets API_DEPRECATED("This property is ignored when using UIButtonConfiguration", ios(2.0, 15.0), tvos(2.0, 15.0), visionos(1.0, 1.0)) API_UNAVAILABLE(watchos);                // default is UIEdgeInsetsZero
    |                                   `- note: 'titleEdgeInsets' has been explicitly marked unavailable here
164 | @property(nonatomic) UIEdgeInsets imageEdgeInsets API_DEPRECATED("This property is ignored when using UIButtonConfiguration", ios(2.0, 15.0), tvos(2.0, 15.0), visionos(1.0, 1.0)) API_UNAVAILABLE(watchos);                // default is UIEdgeInsetsZero
165 |
/Users/admin/builder/spi-builder-workspace/TagListView/TagView.swift:55:13: error: 'titleEdgeInsets' is unavailable in watchOS
 53 |     @IBInspectable open var paddingX: CGFloat = 5 {
 54 |         didSet {
 55 |             titleEdgeInsets.left = paddingX
    |             `- error: 'titleEdgeInsets' is unavailable in watchOS
 56 |             updateRightInsets()
 57 |         }
/Applications/Xcode-27.0.0-Release.Candidate.app/Contents/Developer/Platforms/WatchOS.platform/Developer/SDKs/WatchOS27.0.sdk/System/Library/Frameworks/UIKit.framework/Headers/UIButton.h:163:35: note: 'titleEdgeInsets' has been explicitly marked unavailable here
161 | // The effect of these properties can be replicated via UIButtonConfiguration.contentInset and UIButtonConfiguration.imageToTitlePadding. They are ignored when a configuration is set.
162 | @property(nonatomic) UIEdgeInsets contentEdgeInsets API_DEPRECATED("This property is ignored when using UIButtonConfiguration", ios(2.0,15.0), tvos(2.0,15.0), visionos(1.0, 1.0)) UI_APPEARANCE_SELECTOR API_UNAVAILABLE(watchos); // default is UIEdgeInsetsZero. On tvOS 10 or later, default is nonzero except for custom buttons.
163 | @property(nonatomic) UIEdgeInsets titleEdgeInsets API_DEPRECATED("This property is ignored when using UIButtonConfiguration", ios(2.0, 15.0), tvos(2.0, 15.0), visionos(1.0, 1.0)) API_UNAVAILABLE(watchos);                // default is UIEdgeInsetsZero
    |                                   `- note: 'titleEdgeInsets' has been explicitly marked unavailable here
164 | @property(nonatomic) UIEdgeInsets imageEdgeInsets API_DEPRECATED("This property is ignored when using UIButtonConfiguration", ios(2.0, 15.0), tvos(2.0, 15.0), visionos(1.0, 1.0)) API_UNAVAILABLE(watchos);                // default is UIEdgeInsetsZero
165 |
/Users/admin/builder/spi-builder-workspace/TagListView/TagView.swift:124:24: error: 'init()' is unavailable in watchOS
122 |     // MARK: remove button
123 |
124 |     let removeButton = CloseButton()
    |                        `- error: 'init()' is unavailable in watchOS
125 |
126 |     @IBInspectable open var enableRemoveButton: Bool = false {
/Applications/Xcode-27.0.0-Release.Candidate.app/Contents/Developer/Platforms/WatchOS.platform/Developer/SDKs/WatchOS27.0.sdk/System/Library/Frameworks/UIKit.framework/Headers/UIView.h:158:1: note: 'init()' has been explicitly marked unavailable here
156 | - (instancetype)initWithFrame:(CGRect)frame NS_DESIGNATED_INITIALIZER;
157 | - (nullable instancetype)initWithCoder:(NSCoder *)coder NS_DESIGNATED_INITIALIZER;
158 | - (instancetype)init API_AVAILABLE(ios(2.0), tvos(9.0), visionos(1.0)) API_UNAVAILABLE(watchos);
    | `- note: 'init()' has been explicitly marked unavailable here
159 |
160 | @property(nonatomic,getter=isUserInteractionEnabled) BOOL userInteractionEnabled;  // default is YES. if set to NO, user events (touch, keys) are ignored and removed from the event queue.
/Users/admin/builder/spi-builder-workspace/TagListView/TagView.swift:12:21: error: 'UIButton' is unavailable in watchOS
 10 |
 11 | @IBDesignable
 12 | open class TagView: UIButton {
    |                     `- error: 'UIButton' is unavailable in watchOS
 13 |
 14 |     @IBInspectable open var cornerRadius: CGFloat = 0 {
/Applications/Xcode-27.0.0-Release.Candidate.app/Contents/Developer/Platforms/WatchOS.platform/Developer/SDKs/WatchOS27.0.sdk/System/Library/Frameworks/UIKit.framework/Headers/UIButton.h:49:12: note: 'UIButton' has been explicitly marked unavailable here
 47 |
 48 | UIKIT_EXTERN API_AVAILABLE(ios(2.0)) API_UNAVAILABLE(watchos) NS_SWIFT_UI_ACTOR
 49 | @interface UIButton : UIControl <NSCoding>
    |            `- note: 'UIButton' has been explicitly marked unavailable here
 50 |
 51 | - (instancetype)initWithFrame:(CGRect)frame NS_DESIGNATED_INITIALIZER;
SwiftCompile normal arm64_32 (in target 'TagListView' from project 'TagListView')
    cd /Users/admin/builder/spi-builder-workspace/.swiftpm/xcode

SwiftEmitModule normal arm64 Emitting\ module\ for\ TagListView (in target 'TagListView' from project 'TagListView')
/Users/admin/builder/spi-builder-workspace/TagListView/CloseButton.swift:11:29: error: 'UIButton' is unavailable in watchOS
 9 | import UIKit
10 |
11 | internal class CloseButton: UIButton {
   |                             `- error: 'UIButton' is unavailable in watchOS
12 |
13 |     var iconSize: CGFloat = 10
/Applications/Xcode-27.0.0-Release.Candidate.app/Contents/Developer/Platforms/WatchOS.platform/Developer/SDKs/WatchOS27.0.sdk/System/Library/Frameworks/UIKit.framework/Headers/UIButton.h:49:12: note: 'UIButton' has been explicitly marked unavailable here
 47 |
 48 | UIKIT_EXTERN API_AVAILABLE(ios(2.0)) API_UNAVAILABLE(watchos) NS_SWIFT_UI_ACTOR
 49 | @interface UIButton : UIControl <NSCoding>
    |            `- note: 'UIButton' has been explicitly marked unavailable here
 50 |
 51 | - (instancetype)initWithFrame:(CGRect)frame NS_DESIGNATED_INITIALIZER;
/Users/admin/builder/spi-builder-workspace/TagListView/TagListView.swift:211:43: error: 'UIView' is unavailable in watchOS
209 |
210 |     open private(set) var tagViews: [TagView] = []
211 |     private(set) var tagBackgroundViews: [UIView] = []
    |                                           `- error: 'UIView' is unavailable in watchOS
212 |     private(set) var rowViews: [UIView] = []
213 |     private(set) var tagViewHeight: CGFloat = 0
/Applications/Xcode-27.0.0-Release.Candidate.app/Contents/Developer/Platforms/WatchOS.platform/Developer/SDKs/WatchOS27.0.sdk/System/Library/Frameworks/UIKit.framework/Headers/UIView.h:152:12: note: 'UIView' has been explicitly marked unavailable here
150 |
151 | UIKIT_EXTERN API_AVAILABLE(ios(2.0)) API_UNAVAILABLE(watchos) NS_SWIFT_UI_ACTOR
152 | @interface UIView : UIResponder <NSCoding, UIAppearance, UIAppearanceContainer, UIDynamicItem, UITraitEnvironment, UICoordinateSpace, UIFocusItem, UIFocusItemContainer, CALayerDelegate>
    |            `- note: 'UIView' has been explicitly marked unavailable here
153 |
154 | @property(class, nonatomic, readonly) Class layerClass;                        // default is [CALayer class]. Used when creating the underlying layer for the view.
/Users/admin/builder/spi-builder-workspace/TagListView/TagListView.swift:212:33: error: 'UIView' is unavailable in watchOS
210 |     open private(set) var tagViews: [TagView] = []
211 |     private(set) var tagBackgroundViews: [UIView] = []
212 |     private(set) var rowViews: [UIView] = []
    |                                 `- error: 'UIView' is unavailable in watchOS
213 |     private(set) var tagViewHeight: CGFloat = 0
214 |     private(set) var rows = 0 {
/Applications/Xcode-27.0.0-Release.Candidate.app/Contents/Developer/Platforms/WatchOS.platform/Developer/SDKs/WatchOS27.0.sdk/System/Library/Frameworks/UIKit.framework/Headers/UIView.h:152:12: note: 'UIView' has been explicitly marked unavailable here
150 |
151 | UIKIT_EXTERN API_AVAILABLE(ios(2.0)) API_UNAVAILABLE(watchos) NS_SWIFT_UI_ACTOR
152 | @interface UIView : UIResponder <NSCoding, UIAppearance, UIAppearanceContainer, UIDynamicItem, UITraitEnvironment, UICoordinateSpace, UIFocusItem, UIFocusItemContainer, CALayerDelegate>
    |            `- note: 'UIView' has been explicitly marked unavailable here
153 |
154 | @property(class, nonatomic, readonly) Class layerClass;                        // default is [CALayer class]. Used when creating the underlying layer for the view.
/Users/admin/builder/spi-builder-workspace/TagListView/TagListView.swift:222:24: error: cannot override 'prepareForInterfaceBuilder' which has been marked unavailable
220 |     // MARK: - Interface Builder
221 |
222 |     open override func prepareForInterfaceBuilder() {
    |                        |- error: cannot override 'prepareForInterfaceBuilder' which has been marked unavailable
    |                        `- note: remove 'override' modifier to declare a new 'prepareForInterfaceBuilder'
223 |         addTag("Welcome")
224 |         addTag("to")
/Applications/Xcode-27.0.0-Release.Candidate.app/Contents/Developer/Platforms/WatchOS.platform/Developer/SDKs/WatchOS27.0.sdk/System/Library/Frameworks/UIKit.framework/Headers/UINibLoading.h:24:1: note: 'prepareForInterfaceBuilder()' has been explicitly marked unavailable here
22 | @interface NSObject(UINibLoadingAdditions)
23 | - (void)awakeFromNib NS_REQUIRES_SUPER API_DEPRECATED("Loading Interface Builder products will not be supported in a future version of visionOS.", visionos(1.0, 1.0)) API_UNAVAILABLE(watchos);
24 | - (void)prepareForInterfaceBuilder API_AVAILABLE(ios(8.0)) API_DEPRECATED("Loading Interface Builder products will not be supported in a future version of visionOS.", visionos(1.0, 1.0)) API_UNAVAILABLE(watchos);
   | `- note: 'prepareForInterfaceBuilder()' has been explicitly marked unavailable here
25 | @end
26 |
/Users/admin/builder/spi-builder-workspace/TagListView/TagListView.swift:17:25: error: 'UIView' is unavailable in watchOS
 15 |
 16 | @IBDesignable
 17 | open class TagListView: UIView {
    |                         `- error: 'UIView' is unavailable in watchOS
 18 |
 19 |     @IBInspectable open dynamic var textColor: UIColor = .white {
/Applications/Xcode-27.0.0-Release.Candidate.app/Contents/Developer/Platforms/WatchOS.platform/Developer/SDKs/WatchOS27.0.sdk/System/Library/Frameworks/UIKit.framework/Headers/UIView.h:152:12: note: 'UIView' has been explicitly marked unavailable here
150 |
151 | UIKIT_EXTERN API_AVAILABLE(ios(2.0)) API_UNAVAILABLE(watchos) NS_SWIFT_UI_ACTOR
152 | @interface UIView : UIResponder <NSCoding, UIAppearance, UIAppearanceContainer, UIDynamicItem, UITraitEnvironment, UICoordinateSpace, UIFocusItem, UIFocusItemContainer, CALayerDelegate>
    |            `- note: 'UIView' has been explicitly marked unavailable here
153 |
154 | @property(class, nonatomic, readonly) Class layerClass;                        // default is [CALayer class]. Used when creating the underlying layer for the view.
/Users/admin/builder/spi-builder-workspace/TagListView/TagView.swift:49:13: error: 'titleEdgeInsets' is unavailable in watchOS
 47 |     @IBInspectable open var paddingY: CGFloat = 2 {
 48 |         didSet {
 49 |             titleEdgeInsets.top = paddingY
    |             `- error: 'titleEdgeInsets' is unavailable in watchOS
 50 |             titleEdgeInsets.bottom = paddingY
 51 |         }
/Applications/Xcode-27.0.0-Release.Candidate.app/Contents/Developer/Platforms/WatchOS.platform/Developer/SDKs/WatchOS27.0.sdk/System/Library/Frameworks/UIKit.framework/Headers/UIButton.h:163:35: note: 'titleEdgeInsets' has been explicitly marked unavailable here
161 | // The effect of these properties can be replicated via UIButtonConfiguration.contentInset and UIButtonConfiguration.imageToTitlePadding. They are ignored when a configuration is set.
162 | @property(nonatomic) UIEdgeInsets contentEdgeInsets API_DEPRECATED("This property is ignored when using UIButtonConfiguration", ios(2.0,15.0), tvos(2.0,15.0), visionos(1.0, 1.0)) UI_APPEARANCE_SELECTOR API_UNAVAILABLE(watchos); // default is UIEdgeInsetsZero. On tvOS 10 or later, default is nonzero except for custom buttons.
163 | @property(nonatomic) UIEdgeInsets titleEdgeInsets API_DEPRECATED("This property is ignored when using UIButtonConfiguration", ios(2.0, 15.0), tvos(2.0, 15.0), visionos(1.0, 1.0)) API_UNAVAILABLE(watchos);                // default is UIEdgeInsetsZero
    |                                   `- note: 'titleEdgeInsets' has been explicitly marked unavailable here
164 | @property(nonatomic) UIEdgeInsets imageEdgeInsets API_DEPRECATED("This property is ignored when using UIButtonConfiguration", ios(2.0, 15.0), tvos(2.0, 15.0), visionos(1.0, 1.0)) API_UNAVAILABLE(watchos);                // default is UIEdgeInsetsZero
165 |
/Users/admin/builder/spi-builder-workspace/TagListView/TagView.swift:50:13: error: 'titleEdgeInsets' is unavailable in watchOS
 48 |         didSet {
 49 |             titleEdgeInsets.top = paddingY
 50 |             titleEdgeInsets.bottom = paddingY
    |             `- error: 'titleEdgeInsets' is unavailable in watchOS
 51 |         }
 52 |     }
/Applications/Xcode-27.0.0-Release.Candidate.app/Contents/Developer/Platforms/WatchOS.platform/Developer/SDKs/WatchOS27.0.sdk/System/Library/Frameworks/UIKit.framework/Headers/UIButton.h:163:35: note: 'titleEdgeInsets' has been explicitly marked unavailable here
161 | // The effect of these properties can be replicated via UIButtonConfiguration.contentInset and UIButtonConfiguration.imageToTitlePadding. They are ignored when a configuration is set.
162 | @property(nonatomic) UIEdgeInsets contentEdgeInsets API_DEPRECATED("This property is ignored when using UIButtonConfiguration", ios(2.0,15.0), tvos(2.0,15.0), visionos(1.0, 1.0)) UI_APPEARANCE_SELECTOR API_UNAVAILABLE(watchos); // default is UIEdgeInsetsZero. On tvOS 10 or later, default is nonzero except for custom buttons.
163 | @property(nonatomic) UIEdgeInsets titleEdgeInsets API_DEPRECATED("This property is ignored when using UIButtonConfiguration", ios(2.0, 15.0), tvos(2.0, 15.0), visionos(1.0, 1.0)) API_UNAVAILABLE(watchos);                // default is UIEdgeInsetsZero
    |                                   `- note: 'titleEdgeInsets' has been explicitly marked unavailable here
164 | @property(nonatomic) UIEdgeInsets imageEdgeInsets API_DEPRECATED("This property is ignored when using UIButtonConfiguration", ios(2.0, 15.0), tvos(2.0, 15.0), visionos(1.0, 1.0)) API_UNAVAILABLE(watchos);                // default is UIEdgeInsetsZero
165 |
/Users/admin/builder/spi-builder-workspace/TagListView/TagView.swift:55:13: error: 'titleEdgeInsets' is unavailable in watchOS
 53 |     @IBInspectable open var paddingX: CGFloat = 5 {
 54 |         didSet {
 55 |             titleEdgeInsets.left = paddingX
    |             `- error: 'titleEdgeInsets' is unavailable in watchOS
 56 |             updateRightInsets()
 57 |         }
/Applications/Xcode-27.0.0-Release.Candidate.app/Contents/Developer/Platforms/WatchOS.platform/Developer/SDKs/WatchOS27.0.sdk/System/Library/Frameworks/UIKit.framework/Headers/UIButton.h:163:35: note: 'titleEdgeInsets' has been explicitly marked unavailable here
161 | // The effect of these properties can be replicated via UIButtonConfiguration.contentInset and UIButtonConfiguration.imageToTitlePadding. They are ignored when a configuration is set.
162 | @property(nonatomic) UIEdgeInsets contentEdgeInsets API_DEPRECATED("This property is ignored when using UIButtonConfiguration", ios(2.0,15.0), tvos(2.0,15.0), visionos(1.0, 1.0)) UI_APPEARANCE_SELECTOR API_UNAVAILABLE(watchos); // default is UIEdgeInsetsZero. On tvOS 10 or later, default is nonzero except for custom buttons.
163 | @property(nonatomic) UIEdgeInsets titleEdgeInsets API_DEPRECATED("This property is ignored when using UIButtonConfiguration", ios(2.0, 15.0), tvos(2.0, 15.0), visionos(1.0, 1.0)) API_UNAVAILABLE(watchos);                // default is UIEdgeInsetsZero
    |                                   `- note: 'titleEdgeInsets' has been explicitly marked unavailable here
164 | @property(nonatomic) UIEdgeInsets imageEdgeInsets API_DEPRECATED("This property is ignored when using UIButtonConfiguration", ios(2.0, 15.0), tvos(2.0, 15.0), visionos(1.0, 1.0)) API_UNAVAILABLE(watchos);                // default is UIEdgeInsetsZero
165 |
/Users/admin/builder/spi-builder-workspace/TagListView/TagView.swift:124:24: error: 'init()' is unavailable in watchOS
122 |     // MARK: remove button
123 |
124 |     let removeButton = CloseButton()
    |                        `- error: 'init()' is unavailable in watchOS
125 |
126 |     @IBInspectable open var enableRemoveButton: Bool = false {
/Applications/Xcode-27.0.0-Release.Candidate.app/Contents/Developer/Platforms/WatchOS.platform/Developer/SDKs/WatchOS27.0.sdk/System/Library/Frameworks/UIKit.framework/Headers/UIView.h:158:1: note: 'init()' has been explicitly marked unavailable here
156 | - (instancetype)initWithFrame:(CGRect)frame NS_DESIGNATED_INITIALIZER;
157 | - (nullable instancetype)initWithCoder:(NSCoder *)coder NS_DESIGNATED_INITIALIZER;
158 | - (instancetype)init API_AVAILABLE(ios(2.0), tvos(9.0), visionos(1.0)) API_UNAVAILABLE(watchos);
    | `- note: 'init()' has been explicitly marked unavailable here
159 |
160 | @property(nonatomic,getter=isUserInteractionEnabled) BOOL userInteractionEnabled;  // default is YES. if set to NO, user events (touch, keys) are ignored and removed from the event queue.
/Users/admin/builder/spi-builder-workspace/TagListView/TagView.swift:12:21: error: 'UIButton' is unavailable in watchOS
 10 |
 11 | @IBDesignable
 12 | open class TagView: UIButton {
    |                     `- error: 'UIButton' is unavailable in watchOS
 13 |
 14 |     @IBInspectable open var cornerRadius: CGFloat = 0 {
/Applications/Xcode-27.0.0-Release.Candidate.app/Contents/Developer/Platforms/WatchOS.platform/Developer/SDKs/WatchOS27.0.sdk/System/Library/Frameworks/UIKit.framework/Headers/UIButton.h:49:12: note: 'UIButton' has been explicitly marked unavailable here
 47 |
 48 | UIKIT_EXTERN API_AVAILABLE(ios(2.0)) API_UNAVAILABLE(watchos) NS_SWIFT_UI_ACTOR
 49 | @interface UIButton : UIControl <NSCoding>
    |            `- note: 'UIButton' has been explicitly marked unavailable here
 50 |
 51 | - (instancetype)initWithFrame:(CGRect)frame NS_DESIGNATED_INITIALIZER;
Failed frontend command:
/Applications/Xcode-27.0.0-Release.Candidate.app/Contents/Developer/Toolchains/XcodeDefault.xctoolchain/usr/bin/swift-frontend -frontend -emit-module -experimental-skip-non-inlinable-function-bodies-without-types /Users/admin/builder/spi-builder-workspace/TagListView/CloseButton.swift /Users/admin/builder/spi-builder-workspace/TagListView/TagListView.swift /Users/admin/builder/spi-builder-workspace/TagListView/TagView.swift -target arm64-apple-watchos9.0 -disable-cross-import-overlay-search -load-resolved-plugin /Applications/Xcode-27.0.0-Release.Candidate.app/Contents/Developer/Platforms/WatchOS.platform/Developer/usr/lib/swift/host/plugins/libFoundationMacros.dylib\#/Applications/Xcode-27.0.0-Release.Candidate.app/Contents/Developer/Platforms/WatchOS.platform/Developer/usr/bin/swift-plugin-server\#FoundationMacros -load-resolved-plugin /Applications/Xcode-27.0.0-Release.Candidate.app/Contents/Developer/Platforms/WatchOS.platform/Developer/usr/lib/swift/host/plugins/libObservationMacros.dylib\#/Applications/Xcode-27.0.0-Release.Candidate.app/Contents/Developer/Platforms/WatchOS.platform/Developer/usr/bin/swift-plugin-server\#ObservationMacros -load-resolved-plugin /Applications/Xcode-27.0.0-Release.Candidate.app/Contents/Developer/Platforms/WatchOS.platform/Developer/usr/lib/swift/host/plugins/libSwiftMacros.dylib\#/Applications/Xcode-27.0.0-Release.Candidate.app/Contents/Developer/Platforms/WatchOS.platform/Developer/usr/bin/swift-plugin-server\#SwiftMacros -load-resolved-plugin /Applications/Xcode-27.0.0-Release.Candidate.app/Contents/Developer/Platforms/WatchOS.platform/Developer/usr/lib/swift/host/plugins/libSwiftUIMacros.dylib\#/Applications/Xcode-27.0.0-Release.Candidate.app/Contents/Developer/Platforms/WatchOS.platform/Developer/usr/bin/swift-plugin-server\#SwiftUIMacros -disable-implicit-swift-modules -Xcc -fno-implicit-modules -Xcc -fno-implicit-module-maps -explicit-swift-module-map-file /Users/admin/builder/spi-builder-workspace/.derivedData/Build/Intermediates.noindex/TagListView.build/Debug-watchos/TagListView-t.build/Objects-normal/arm64/TagListView-dependencies-1.json -Xllvm -aarch64-use-tbi -enable-objc-interop -stack-check -sdk /Applications/Xcode-27.0.0-Release.Candidate.app/Contents/Developer/Platforms/WatchOS.platform/Developer/SDKs/WatchOS27.0.sdk -I /Users/admin/builder/spi-builder-workspace/.derivedData/Build/Products/Debug-watchos -Isystem /Applications/Xcode-27.0.0-Release.Candidate.app/Contents/Developer/Platforms/WatchOS.platform/Developer/usr/lib -F /Users/admin/builder/spi-builder-workspace/.derivedData/Build/Products/Debug-watchos -F /Applications/Xcode-27.0.0-Release.Candidate.app/Contents/Developer/Platforms/WatchOS.platform/Developer/Library/Frameworks -F /Applications/Xcode-27.0.0-Release.Candidate.app/Contents/Developer/Platforms/WatchOS.platform/Developer/SDKs/WatchOS27.0.sdk/Developer/Library/Frameworks -module-cache-path /Users/admin/builder/spi-builder-workspace/.derivedData/Build/Intermediates.noindex/SwiftExplicitPrecompiledModules -no-color-diagnostics -Xcc -fno-color-diagnostics -enable-testing -g -debug-info-format\=dwarf -dwarf-version\=4 -swift-version 5 -Onone -D SWIFT_PACKAGE -D DEBUG -D SWIFT_MODULE_RESOURCE_BUNDLE_UNAVAILABLE -D Xcode -serialize-debugging-options -enable-experimental-feature DebugDescriptionMacro -empty-abi-descriptor -validate-clang-modules-once -clang-build-session-file /Users/admin/builder/spi-builder-workspace/.derivedData/ModuleCache.noindex/Session.modulevalidation -Xcc -working-directory -Xcc /Users/admin/builder/spi-builder-workspace/.swiftpm/xcode -enable-anonymous-context-mangled-names -file-compilation-dir /Users/admin/builder/spi-builder-workspace/.swiftpm/xcode -Xcc -D_LIBCPP_HARDENING_MODE\=_LIBCPP_HARDENING_MODE_DEBUG -Xcc -ivfsstatcache -Xcc /Users/admin/builder/spi-builder-workspace/.derivedData/SDKStatCaches.noindex/watchos27.0-24R360-e829b21a6f8c9b70876ba0858053c04477534ef55a1706bf4c1112bbb242f0a2.sdkstatcache -Xcc -fmodules-prune-interval\=86400 -Xcc -fmodules-prune-after\=345600 -Xcc -I/Users/admin/builder/spi-builder-workspace/.derivedData/Build/Products/Debug-watchos/include -Xcc -I/Users/admin/builder/spi-builder-workspace/.derivedData/Build/Intermediates.noindex/TagListView.build/Debug-watchos/TagListView-t.build/DerivedSources-normal/arm64 -Xcc -I/Users/admin/builder/spi-builder-workspace/.derivedData/Build/Intermediates.noindex/TagListView.build/Debug-watchos/TagListView-t.build/DerivedSources/arm64 -Xcc -I/Users/admin/builder/spi-builder-workspace/.derivedData/Build/Intermediates.noindex/TagListView.build/Debug-watchos/TagListView-t.build/DerivedSources -Xcc -DSWIFT_PACKAGE -Xcc -DDEBUG\=1 -no-auto-bridging-header-chaining -module-name TagListView -const-gather-protocols-file /Users/admin/builder/spi-builder-workspace/.derivedData/Build/Intermediates.noindex/TagListView.build/Debug-watchos/TagListView-t.build/Objects-normal/arm64/TagListView_const_extract_protocols.json -disable-clang-spi -clang-target arm64-apple-watchos27.0 -target-sdk-version 27.0 -target-sdk-name watchos27.0 -in-process-plugin-server-path /Applications/Xcode-27.0.0-Release.Candidate.app/Contents/Developer/Toolchains/XcodeDefault.xctoolchain/usr/lib/swift/host/libSwiftInProcPluginServer.dylib -emit-module-doc-path /Users/admin/builder/spi-builder-workspace/.derivedData/Build/Intermediates.noindex/TagListView.build/Debug-watchos/TagListView-t.build/Objects-normal/arm64/TagListView.swiftdoc -emit-module-source-info-path /Users/admin/builder/spi-builder-workspace/.derivedData/Build/Intermediates.noindex/TagListView.build/Debug-watchos/TagListView-t.build/Objects-normal/arm64/TagListView.swiftsourceinfo -emit-objc-header-path /Users/admin/builder/spi-builder-workspace/.derivedData/Build/Intermediates.noindex/TagListView.build/Debug-watchos/TagListView-t.build/Objects-normal/arm64/TagListView-Swift.h -serialize-diagnostics-path /Users/admin/builder/spi-builder-workspace/.derivedData/Build/Intermediates.noindex/TagListView.build/Debug-watchos/TagListView-t.build/Objects-normal/arm64/TagListView-primary-emit-module.dia -emit-dependencies-path /Users/admin/builder/spi-builder-workspace/.derivedData/Build/Intermediates.noindex/TagListView.build/Debug-watchos/TagListView-t.build/Objects-normal/arm64/TagListView-primary-emit-module.d -parse-as-library -o /Users/admin/builder/spi-builder-workspace/.derivedData/Build/Intermediates.noindex/TagListView.build/Debug-watchos/TagListView-t.build/Objects-normal/arm64/TagListView.swiftmodule -emit-abi-descriptor-path /Users/admin/builder/spi-builder-workspace/.derivedData/Build/Intermediates.noindex/TagListView.build/Debug-watchos/TagListView-t.build/Objects-normal/arm64/TagListView.abi.json
SwiftCompile normal arm64 (in target 'TagListView' from project 'TagListView')
    cd /Users/admin/builder/spi-builder-workspace/.swiftpm/xcode

SwiftCompile normal arm64_32 Compiling\ CloseButton.swift /Users/admin/builder/spi-builder-workspace/TagListView/CloseButton.swift (in target 'TagListView' from project 'TagListView')
SwiftCompile normal arm64_32 /Users/admin/builder/spi-builder-workspace/TagListView/CloseButton.swift (in target 'TagListView' from project 'TagListView')
    cd /Users/admin/builder/spi-builder-workspace/.swiftpm/xcode
    builtin-SwiftPerFileCompile CloseButton.swift
SwiftCompile normal arm64_32 Compiling\ TagListView.swift /Users/admin/builder/spi-builder-workspace/TagListView/TagListView.swift (in target 'TagListView' from project 'TagListView')
/Users/admin/builder/spi-builder-workspace/TagListView/TagListView.swift:211:43: error: 'UIView' is unavailable in watchOS
209 |
210 |     open private(set) var tagViews: [TagView] = []
211 |     private(set) var tagBackgroundViews: [UIView] = []
    |                                           `- error: 'UIView' is unavailable in watchOS
212 |     private(set) var rowViews: [UIView] = []
213 |     private(set) var tagViewHeight: CGFloat = 0
/Applications/Xcode-27.0.0-Release.Candidate.app/Contents/Developer/Platforms/WatchOS.platform/Developer/SDKs/WatchOS27.0.sdk/System/Library/Frameworks/UIKit.framework/Headers/UIView.h:152:12: note: 'UIView' has been explicitly marked unavailable here
150 |
151 | UIKIT_EXTERN API_AVAILABLE(ios(2.0)) API_UNAVAILABLE(watchos) NS_SWIFT_UI_ACTOR
152 | @interface UIView : UIResponder <NSCoding, UIAppearance, UIAppearanceContainer, UIDynamicItem, UITraitEnvironment, UICoordinateSpace, UIFocusItem, UIFocusItemContainer, CALayerDelegate>
    |            `- note: 'UIView' has been explicitly marked unavailable here
153 |
154 | @property(class, nonatomic, readonly) Class layerClass;                        // default is [CALayer class]. Used when creating the underlying layer for the view.
/Users/admin/builder/spi-builder-workspace/TagListView/TagListView.swift:212:33: error: 'UIView' is unavailable in watchOS
210 |     open private(set) var tagViews: [TagView] = []
211 |     private(set) var tagBackgroundViews: [UIView] = []
212 |     private(set) var rowViews: [UIView] = []
    |                                 `- error: 'UIView' is unavailable in watchOS
213 |     private(set) var tagViewHeight: CGFloat = 0
214 |     private(set) var rows = 0 {
/Applications/Xcode-27.0.0-Release.Candidate.app/Contents/Developer/Platforms/WatchOS.platform/Developer/SDKs/WatchOS27.0.sdk/System/Library/Frameworks/UIKit.framework/Headers/UIView.h:152:12: note: 'UIView' has been explicitly marked unavailable here
150 |
151 | UIKIT_EXTERN API_AVAILABLE(ios(2.0)) API_UNAVAILABLE(watchos) NS_SWIFT_UI_ACTOR
152 | @interface UIView : UIResponder <NSCoding, UIAppearance, UIAppearanceContainer, UIDynamicItem, UITraitEnvironment, UICoordinateSpace, UIFocusItem, UIFocusItemContainer, CALayerDelegate>
    |            `- note: 'UIView' has been explicitly marked unavailable here
153 |
154 | @property(class, nonatomic, readonly) Class layerClass;                        // default is [CALayer class]. Used when creating the underlying layer for the view.
/Users/admin/builder/spi-builder-workspace/TagListView/TagListView.swift:222:24: error: cannot override 'prepareForInterfaceBuilder' which has been marked unavailable
220 |     // MARK: - Interface Builder
221 |
222 |     open override func prepareForInterfaceBuilder() {
    |                        |- error: cannot override 'prepareForInterfaceBuilder' which has been marked unavailable
    |                        `- note: remove 'override' modifier to declare a new 'prepareForInterfaceBuilder'
223 |         addTag("Welcome")
224 |         addTag("to")
/Applications/Xcode-27.0.0-Release.Candidate.app/Contents/Developer/Platforms/WatchOS.platform/Developer/SDKs/WatchOS27.0.sdk/System/Library/Frameworks/UIKit.framework/Headers/UINibLoading.h:24:1: note: 'prepareForInterfaceBuilder()' has been explicitly marked unavailable here
22 | @interface NSObject(UINibLoadingAdditions)
23 | - (void)awakeFromNib NS_REQUIRES_SUPER API_DEPRECATED("Loading Interface Builder products will not be supported in a future version of visionOS.", visionos(1.0, 1.0)) API_UNAVAILABLE(watchos);
24 | - (void)prepareForInterfaceBuilder API_AVAILABLE(ios(8.0)) API_DEPRECATED("Loading Interface Builder products will not be supported in a future version of visionOS.", visionos(1.0, 1.0)) API_UNAVAILABLE(watchos);
   | `- note: 'prepareForInterfaceBuilder()' has been explicitly marked unavailable here
25 | @end
26 |
/Users/admin/builder/spi-builder-workspace/TagListView/TagListView.swift:17:25: error: 'UIView' is unavailable in watchOS
 15 |
 16 | @IBDesignable
 17 | open class TagListView: UIView {
    |                         `- error: 'UIView' is unavailable in watchOS
 18 |
 19 |     @IBInspectable open dynamic var textColor: UIColor = .white {
/Applications/Xcode-27.0.0-Release.Candidate.app/Contents/Developer/Platforms/WatchOS.platform/Developer/SDKs/WatchOS27.0.sdk/System/Library/Frameworks/UIKit.framework/Headers/UIView.h:152:12: note: 'UIView' has been explicitly marked unavailable here
150 |
151 | UIKIT_EXTERN API_AVAILABLE(ios(2.0)) API_UNAVAILABLE(watchos) NS_SWIFT_UI_ACTOR
152 | @interface UIView : UIResponder <NSCoding, UIAppearance, UIAppearanceContainer, UIDynamicItem, UITraitEnvironment, UICoordinateSpace, UIFocusItem, UIFocusItemContainer, CALayerDelegate>
    |            `- note: 'UIView' has been explicitly marked unavailable here
153 |
154 | @property(class, nonatomic, readonly) Class layerClass;                        // default is [CALayer class]. Used when creating the underlying layer for the view.
/Users/admin/builder/spi-builder-workspace/TagListView/TagListView.swift:236:34: error: 'UIView' is unavailable in watchOS
234 |
235 |     private func rearrangeViews() {
236 |         let views = tagViews as [UIView] + tagBackgroundViews + rowViews
    |                                  `- error: 'UIView' is unavailable in watchOS
237 |         views.forEach {
238 |             $0.removeFromSuperview()
/Applications/Xcode-27.0.0-Release.Candidate.app/Contents/Developer/Platforms/WatchOS.platform/Developer/SDKs/WatchOS27.0.sdk/System/Library/Frameworks/UIKit.framework/Headers/UIView.h:152:12: note: 'UIView' has been explicitly marked unavailable here
150 |
151 | UIKIT_EXTERN API_AVAILABLE(ios(2.0)) API_UNAVAILABLE(watchos) NS_SWIFT_UI_ACTOR
152 | @interface UIView : UIResponder <NSCoding, UIAppearance, UIAppearanceContainer, UIDynamicItem, UITraitEnvironment, UICoordinateSpace, UIFocusItem, UIFocusItemContainer, CALayerDelegate>
    |            `- note: 'UIView' has been explicitly marked unavailable here
153 |
154 | @property(class, nonatomic, readonly) Class layerClass;                        // default is [CALayer class]. Used when creating the underlying layer for the view.
/Users/admin/builder/spi-builder-workspace/TagListView/TagListView.swift:245:21: error: 'effectiveUserInterfaceLayoutDirection' is unavailable in watchOS
243 |
244 |         if #available(iOS 10.0, tvOS 10.0, *) {
245 |             isRtl = effectiveUserInterfaceLayoutDirection == .rightToLeft
    |                     `- error: 'effectiveUserInterfaceLayoutDirection' is unavailable in watchOS
246 |         }
247 |         else if #available(iOS 9.0, *) {
/Applications/Xcode-27.0.0-Release.Candidate.app/Contents/Developer/Platforms/WatchOS.platform/Developer/SDKs/WatchOS27.0.sdk/System/Library/Frameworks/UIKit.framework/Headers/UIView.h:186:64: note: 'effectiveUserInterfaceLayoutDirection' has been explicitly marked unavailable here
184 |
185 | // Returns the user interface layout direction appropriate for arranging the immediate content of this view. Always consult the effectiveUserInterfaceLayoutDirection of the view whose immediate content is being arranged or drawn. Do not assume that the value propagates through the view’s subtree.
186 | @property (readonly, nonatomic) UIUserInterfaceLayoutDirection effectiveUserInterfaceLayoutDirection API_AVAILABLE(ios(10.0)) API_UNAVAILABLE(watchos);
    |                                                                `- note: 'effectiveUserInterfaceLayoutDirection' has been explicitly marked unavailable here
187 |
188 | @end
/Users/admin/builder/spi-builder-workspace/TagListView/TagListView.swift:248:21: error: 'UIView' is unavailable in watchOS
246 |         }
247 |         else if #available(iOS 9.0, *) {
248 |             isRtl = UIView.userInterfaceLayoutDirection(for: semanticContentAttribute) == .rightToLeft
    |                     `- error: 'UIView' is unavailable in watchOS
249 |         }
250 |         else if let shared = UIApplication.value(forKey: "sharedApplication") as? UIApplication {
/Applications/Xcode-27.0.0-Release.Candidate.app/Contents/Developer/Platforms/WatchOS.platform/Developer/SDKs/WatchOS27.0.sdk/System/Library/Frameworks/UIKit.framework/Headers/UIView.h:152:12: note: 'UIView' has been explicitly marked unavailable here
150 |
151 | UIKIT_EXTERN API_AVAILABLE(ios(2.0)) API_UNAVAILABLE(watchos) NS_SWIFT_UI_ACTOR
152 | @interface UIView : UIResponder <NSCoding, UIAppearance, UIAppearanceContainer, UIDynamicItem, UITraitEnvironment, UICoordinateSpace, UIFocusItem, UIFocusItemContainer, CALayerDelegate>
    |            `- note: 'UIView' has been explicitly marked unavailable here
153 |
154 | @property(class, nonatomic, readonly) Class layerClass;                        // default is [CALayer class]. Used when creating the underlying layer for the view.
SwiftCompile normal arm64_32 /Users/admin/builder/spi-builder-workspace/TagListView/TagListView.swift (in target 'TagListView' from project 'TagListView')
    cd /Users/admin/builder/spi-builder-workspace/.swiftpm/xcode
    builtin-SwiftPerFileCompile TagListView.swift
SwiftCompile normal arm64_32 Compiling\ TagView.swift /Users/admin/builder/spi-builder-workspace/TagListView/TagView.swift (in target 'TagListView' from project 'TagListView')
/Users/admin/builder/spi-builder-workspace/TagListView/TagView.swift:49:13: error: 'titleEdgeInsets' is unavailable in watchOS
 47 |     @IBInspectable open var paddingY: CGFloat = 2 {
 48 |         didSet {
 49 |             titleEdgeInsets.top = paddingY
    |             `- error: 'titleEdgeInsets' is unavailable in watchOS
 50 |             titleEdgeInsets.bottom = paddingY
 51 |         }
/Applications/Xcode-27.0.0-Release.Candidate.app/Contents/Developer/Platforms/WatchOS.platform/Developer/SDKs/WatchOS27.0.sdk/System/Library/Frameworks/UIKit.framework/Headers/UIButton.h:163:35: note: 'titleEdgeInsets' has been explicitly marked unavailable here
161 | // The effect of these properties can be replicated via UIButtonConfiguration.contentInset and UIButtonConfiguration.imageToTitlePadding. They are ignored when a configuration is set.
162 | @property(nonatomic) UIEdgeInsets contentEdgeInsets API_DEPRECATED("This property is ignored when using UIButtonConfiguration", ios(2.0,15.0), tvos(2.0,15.0), visionos(1.0, 1.0)) UI_APPEARANCE_SELECTOR API_UNAVAILABLE(watchos); // default is UIEdgeInsetsZero. On tvOS 10 or later, default is nonzero except for custom buttons.
163 | @property(nonatomic) UIEdgeInsets titleEdgeInsets API_DEPRECATED("This property is ignored when using UIButtonConfiguration", ios(2.0, 15.0), tvos(2.0, 15.0), visionos(1.0, 1.0)) API_UNAVAILABLE(watchos);                // default is UIEdgeInsetsZero
    |                                   `- note: 'titleEdgeInsets' has been explicitly marked unavailable here
164 | @property(nonatomic) UIEdgeInsets imageEdgeInsets API_DEPRECATED("This property is ignored when using UIButtonConfiguration", ios(2.0, 15.0), tvos(2.0, 15.0), visionos(1.0, 1.0)) API_UNAVAILABLE(watchos);                // default is UIEdgeInsetsZero
165 |
/Users/admin/builder/spi-builder-workspace/TagListView/TagView.swift:50:13: error: 'titleEdgeInsets' is unavailable in watchOS
 48 |         didSet {
 49 |             titleEdgeInsets.top = paddingY
 50 |             titleEdgeInsets.bottom = paddingY
    |             `- error: 'titleEdgeInsets' is unavailable in watchOS
 51 |         }
 52 |     }
/Applications/Xcode-27.0.0-Release.Candidate.app/Contents/Developer/Platforms/WatchOS.platform/Developer/SDKs/WatchOS27.0.sdk/System/Library/Frameworks/UIKit.framework/Headers/UIButton.h:163:35: note: 'titleEdgeInsets' has been explicitly marked unavailable here
161 | // The effect of these properties can be replicated via UIButtonConfiguration.contentInset and UIButtonConfiguration.imageToTitlePadding. They are ignored when a configuration is set.
162 | @property(nonatomic) UIEdgeInsets contentEdgeInsets API_DEPRECATED("This property is ignored when using UIButtonConfiguration", ios(2.0,15.0), tvos(2.0,15.0), visionos(1.0, 1.0)) UI_APPEARANCE_SELECTOR API_UNAVAILABLE(watchos); // default is UIEdgeInsetsZero. On tvOS 10 or later, default is nonzero except for custom buttons.
163 | @property(nonatomic) UIEdgeInsets titleEdgeInsets API_DEPRECATED("This property is ignored when using UIButtonConfiguration", ios(2.0, 15.0), tvos(2.0, 15.0), visionos(1.0, 1.0)) API_UNAVAILABLE(watchos);                // default is UIEdgeInsetsZero
    |                                   `- note: 'titleEdgeInsets' has been explicitly marked unavailable here
164 | @property(nonatomic) UIEdgeInsets imageEdgeInsets API_DEPRECATED("This property is ignored when using UIButtonConfiguration", ios(2.0, 15.0), tvos(2.0, 15.0), visionos(1.0, 1.0)) API_UNAVAILABLE(watchos);                // default is UIEdgeInsetsZero
165 |
/Users/admin/builder/spi-builder-workspace/TagListView/TagView.swift:55:13: error: 'titleEdgeInsets' is unavailable in watchOS
 53 |     @IBInspectable open var paddingX: CGFloat = 5 {
 54 |         didSet {
 55 |             titleEdgeInsets.left = paddingX
    |             `- error: 'titleEdgeInsets' is unavailable in watchOS
 56 |             updateRightInsets()
 57 |         }
/Applications/Xcode-27.0.0-Release.Candidate.app/Contents/Developer/Platforms/WatchOS.platform/Developer/SDKs/WatchOS27.0.sdk/System/Library/Frameworks/UIKit.framework/Headers/UIButton.h:163:35: note: 'titleEdgeInsets' has been explicitly marked unavailable here
161 | // The effect of these properties can be replicated via UIButtonConfiguration.contentInset and UIButtonConfiguration.imageToTitlePadding. They are ignored when a configuration is set.
162 | @property(nonatomic) UIEdgeInsets contentEdgeInsets API_DEPRECATED("This property is ignored when using UIButtonConfiguration", ios(2.0,15.0), tvos(2.0,15.0), visionos(1.0, 1.0)) UI_APPEARANCE_SELECTOR API_UNAVAILABLE(watchos); // default is UIEdgeInsetsZero. On tvOS 10 or later, default is nonzero except for custom buttons.
163 | @property(nonatomic) UIEdgeInsets titleEdgeInsets API_DEPRECATED("This property is ignored when using UIButtonConfiguration", ios(2.0, 15.0), tvos(2.0, 15.0), visionos(1.0, 1.0)) API_UNAVAILABLE(watchos);                // default is UIEdgeInsetsZero
    |                                   `- note: 'titleEdgeInsets' has been explicitly marked unavailable here
164 | @property(nonatomic) UIEdgeInsets imageEdgeInsets API_DEPRECATED("This property is ignored when using UIButtonConfiguration", ios(2.0, 15.0), tvos(2.0, 15.0), visionos(1.0, 1.0)) API_UNAVAILABLE(watchos);                // default is UIEdgeInsetsZero
165 |
/Users/admin/builder/spi-builder-workspace/TagListView/TagView.swift:124:24: error: 'init()' is unavailable in watchOS
122 |     // MARK: remove button
123 |
124 |     let removeButton = CloseButton()
    |                        `- error: 'init()' is unavailable in watchOS
125 |
126 |     @IBInspectable open var enableRemoveButton: Bool = false {
/Applications/Xcode-27.0.0-Release.Candidate.app/Contents/Developer/Platforms/WatchOS.platform/Developer/SDKs/WatchOS27.0.sdk/System/Library/Frameworks/UIKit.framework/Headers/UIView.h:158:1: note: 'init()' has been explicitly marked unavailable here
156 | - (instancetype)initWithFrame:(CGRect)frame NS_DESIGNATED_INITIALIZER;
157 | - (nullable instancetype)initWithCoder:(NSCoder *)coder NS_DESIGNATED_INITIALIZER;
158 | - (instancetype)init API_AVAILABLE(ios(2.0), tvos(9.0), visionos(1.0)) API_UNAVAILABLE(watchos);
    | `- note: 'init()' has been explicitly marked unavailable here
159 |
160 | @property(nonatomic,getter=isUserInteractionEnabled) BOOL userInteractionEnabled;  // default is YES. if set to NO, user events (touch, keys) are ignored and removed from the event queue.
/Users/admin/builder/spi-builder-workspace/TagListView/TagView.swift:12:21: error: 'UIButton' is unavailable in watchOS
 10 |
 11 | @IBDesignable
 12 | open class TagView: UIButton {
    |                     `- error: 'UIButton' is unavailable in watchOS
 13 |
 14 |     @IBInspectable open var cornerRadius: CGFloat = 0 {
/Applications/Xcode-27.0.0-Release.Candidate.app/Contents/Developer/Platforms/WatchOS.platform/Developer/SDKs/WatchOS27.0.sdk/System/Library/Frameworks/UIKit.framework/Headers/UIButton.h:49:12: note: 'UIButton' has been explicitly marked unavailable here
 47 |
 48 | UIKIT_EXTERN API_AVAILABLE(ios(2.0)) API_UNAVAILABLE(watchos) NS_SWIFT_UI_ACTOR
 49 | @interface UIButton : UIControl <NSCoding>
    |            `- note: 'UIButton' has been explicitly marked unavailable here
 50 |
 51 | - (instancetype)initWithFrame:(CGRect)frame NS_DESIGNATED_INITIALIZER;
/Users/admin/builder/spi-builder-workspace/TagListView/TagView.swift:101:51: error: 'UIControl' is unavailable in watchOS
 99 |             backgroundColor = selectedBackgroundColor ?? tagBackgroundColor
100 |             layer.borderColor = selectedBorderColor?.cgColor ?? borderColor?.cgColor
101 |             setTitleColor(selectedTextColor, for: UIControl.State())
    |                                                   `- error: 'UIControl' is unavailable in watchOS
102 |         }
103 |         else {
/Applications/Xcode-27.0.0-Release.Candidate.app/Contents/Developer/Platforms/WatchOS.platform/Developer/SDKs/WatchOS27.0.sdk/System/Library/Frameworks/UIKit.framework/Headers/UIControl.h:76:12: note: 'UIControl' has been explicitly marked unavailable here
 74 |
 75 | UIKIT_EXTERN API_AVAILABLE(ios(2.0)) API_UNAVAILABLE(watchos) NS_SWIFT_UI_ACTOR
 76 | @interface UIControl : UIView
    |            `- note: 'UIControl' has been explicitly marked unavailable here
 77 |
 78 | - (instancetype)initWithFrame:(CGRect)frame NS_DESIGNATED_INITIALIZER;
/Users/admin/builder/spi-builder-workspace/TagListView/TagView.swift:106:43: error: 'UIControl' is unavailable in watchOS
104 |             backgroundColor = tagBackgroundColor
105 |             layer.borderColor = borderColor?.cgColor
106 |             setTitleColor(textColor, for: UIControl.State())
    |                                           `- error: 'UIControl' is unavailable in watchOS
107 |         }
108 |     }
/Applications/Xcode-27.0.0-Release.Candidate.app/Contents/Developer/Platforms/WatchOS.platform/Developer/SDKs/WatchOS27.0.sdk/System/Library/Frameworks/UIKit.framework/Headers/UIControl.h:76:12: note: 'UIControl' has been explicitly marked unavailable here
 74 |
 75 | UIKIT_EXTERN API_AVAILABLE(ios(2.0)) API_UNAVAILABLE(watchos) NS_SWIFT_UI_ACTOR
 76 | @interface UIControl : UIView
    |            `- note: 'UIControl' has been explicitly marked unavailable here
 77 |
 78 | - (instancetype)initWithFrame:(CGRect)frame NS_DESIGNATED_INITIALIZER;
/Users/admin/builder/spi-builder-workspace/TagListView/TagView.swift:165:30: error: 'UIControl' is unavailable in watchOS
163 |     public init(title: String) {
164 |         super.init(frame: CGRect.zero)
165 |         setTitle(title, for: UIControl.State())
    |                              `- error: 'UIControl' is unavailable in watchOS
166 |
167 |         setupView()
/Applications/Xcode-27.0.0-Release.Candidate.app/Contents/Developer/Platforms/WatchOS.platform/Developer/SDKs/WatchOS27.0.sdk/System/Library/Frameworks/UIKit.framework/Headers/UIControl.h:76:12: note: 'UIControl' has been explicitly marked unavailable here
 74 |
 75 | UIKIT_EXTERN API_AVAILABLE(ios(2.0)) API_UNAVAILABLE(watchos) NS_SWIFT_UI_ACTOR
 76 | @interface UIControl : UIView
    |            `- note: 'UIControl' has been explicitly marked unavailable here
 77 |
 78 | - (instancetype)initWithFrame:(CGRect)frame NS_DESIGNATED_INITIALIZER;
SwiftCompile normal arm64_32 /Users/admin/builder/spi-builder-workspace/TagListView/TagView.swift (in target 'TagListView' from project 'TagListView')
    cd /Users/admin/builder/spi-builder-workspace/.swiftpm/xcode
    builtin-SwiftPerFileCompile TagView.swift
SwiftCompile normal arm64 Compiling\ TagListView.swift /Users/admin/builder/spi-builder-workspace/TagListView/TagListView.swift (in target 'TagListView' from project 'TagListView')
/Users/admin/builder/spi-builder-workspace/TagListView/TagListView.swift:211:43: error: 'UIView' is unavailable in watchOS
209 |
210 |     open private(set) var tagViews: [TagView] = []
211 |     private(set) var tagBackgroundViews: [UIView] = []
    |                                           `- error: 'UIView' is unavailable in watchOS
212 |     private(set) var rowViews: [UIView] = []
213 |     private(set) var tagViewHeight: CGFloat = 0
/Applications/Xcode-27.0.0-Release.Candidate.app/Contents/Developer/Platforms/WatchOS.platform/Developer/SDKs/WatchOS27.0.sdk/System/Library/Frameworks/UIKit.framework/Headers/UIView.h:152:12: note: 'UIView' has been explicitly marked unavailable here
150 |
151 | UIKIT_EXTERN API_AVAILABLE(ios(2.0)) API_UNAVAILABLE(watchos) NS_SWIFT_UI_ACTOR
152 | @interface UIView : UIResponder <NSCoding, UIAppearance, UIAppearanceContainer, UIDynamicItem, UITraitEnvironment, UICoordinateSpace, UIFocusItem, UIFocusItemContainer, CALayerDelegate>
    |            `- note: 'UIView' has been explicitly marked unavailable here
153 |
154 | @property(class, nonatomic, readonly) Class layerClass;                        // default is [CALayer class]. Used when creating the underlying layer for the view.
/Users/admin/builder/spi-builder-workspace/TagListView/TagListView.swift:212:33: error: 'UIView' is unavailable in watchOS
210 |     open private(set) var tagViews: [TagView] = []
211 |     private(set) var tagBackgroundViews: [UIView] = []
212 |     private(set) var rowViews: [UIView] = []
    |                                 `- error: 'UIView' is unavailable in watchOS
213 |     private(set) var tagViewHeight: CGFloat = 0
214 |     private(set) var rows = 0 {
/Applications/Xcode-27.0.0-Release.Candidate.app/Contents/Developer/Platforms/WatchOS.platform/Developer/SDKs/WatchOS27.0.sdk/System/Library/Frameworks/UIKit.framework/Headers/UIView.h:152:12: note: 'UIView' has been explicitly marked unavailable here
150 |
151 | UIKIT_EXTERN API_AVAILABLE(ios(2.0)) API_UNAVAILABLE(watchos) NS_SWIFT_UI_ACTOR
152 | @interface UIView : UIResponder <NSCoding, UIAppearance, UIAppearanceContainer, UIDynamicItem, UITraitEnvironment, UICoordinateSpace, UIFocusItem, UIFocusItemContainer, CALayerDelegate>
    |            `- note: 'UIView' has been explicitly marked unavailable here
153 |
154 | @property(class, nonatomic, readonly) Class layerClass;                        // default is [CALayer class]. Used when creating the underlying layer for the view.
/Users/admin/builder/spi-builder-workspace/TagListView/TagListView.swift:222:24: error: cannot override 'prepareForInterfaceBuilder' which has been marked unavailable
220 |     // MARK: - Interface Builder
221 |
222 |     open override func prepareForInterfaceBuilder() {
    |                        |- error: cannot override 'prepareForInterfaceBuilder' which has been marked unavailable
    |                        `- note: remove 'override' modifier to declare a new 'prepareForInterfaceBuilder'
223 |         addTag("Welcome")
224 |         addTag("to")
/Applications/Xcode-27.0.0-Release.Candidate.app/Contents/Developer/Platforms/WatchOS.platform/Developer/SDKs/WatchOS27.0.sdk/System/Library/Frameworks/UIKit.framework/Headers/UINibLoading.h:24:1: note: 'prepareForInterfaceBuilder()' has been explicitly marked unavailable here
22 | @interface NSObject(UINibLoadingAdditions)
23 | - (void)awakeFromNib NS_REQUIRES_SUPER API_DEPRECATED("Loading Interface Builder products will not be supported in a future version of visionOS.", visionos(1.0, 1.0)) API_UNAVAILABLE(watchos);
24 | - (void)prepareForInterfaceBuilder API_AVAILABLE(ios(8.0)) API_DEPRECATED("Loading Interface Builder products will not be supported in a future version of visionOS.", visionos(1.0, 1.0)) API_UNAVAILABLE(watchos);
   | `- note: 'prepareForInterfaceBuilder()' has been explicitly marked unavailable here
25 | @end
26 |
/Users/admin/builder/spi-builder-workspace/TagListView/TagListView.swift:17:25: error: 'UIView' is unavailable in watchOS
 15 |
 16 | @IBDesignable
 17 | open class TagListView: UIView {
    |                         `- error: 'UIView' is unavailable in watchOS
 18 |
 19 |     @IBInspectable open dynamic var textColor: UIColor = .white {
/Applications/Xcode-27.0.0-Release.Candidate.app/Contents/Developer/Platforms/WatchOS.platform/Developer/SDKs/WatchOS27.0.sdk/System/Library/Frameworks/UIKit.framework/Headers/UIView.h:152:12: note: 'UIView' has been explicitly marked unavailable here
150 |
151 | UIKIT_EXTERN API_AVAILABLE(ios(2.0)) API_UNAVAILABLE(watchos) NS_SWIFT_UI_ACTOR
152 | @interface UIView : UIResponder <NSCoding, UIAppearance, UIAppearanceContainer, UIDynamicItem, UITraitEnvironment, UICoordinateSpace, UIFocusItem, UIFocusItemContainer, CALayerDelegate>
    |            `- note: 'UIView' has been explicitly marked unavailable here
153 |
154 | @property(class, nonatomic, readonly) Class layerClass;                        // default is [CALayer class]. Used when creating the underlying layer for the view.
/Users/admin/builder/spi-builder-workspace/TagListView/TagListView.swift:236:34: error: 'UIView' is unavailable in watchOS
234 |
235 |     private func rearrangeViews() {
236 |         let views = tagViews as [UIView] + tagBackgroundViews + rowViews
    |                                  `- error: 'UIView' is unavailable in watchOS
237 |         views.forEach {
238 |             $0.removeFromSuperview()
/Applications/Xcode-27.0.0-Release.Candidate.app/Contents/Developer/Platforms/WatchOS.platform/Developer/SDKs/WatchOS27.0.sdk/System/Library/Frameworks/UIKit.framework/Headers/UIView.h:152:12: note: 'UIView' has been explicitly marked unavailable here
150 |
151 | UIKIT_EXTERN API_AVAILABLE(ios(2.0)) API_UNAVAILABLE(watchos) NS_SWIFT_UI_ACTOR
152 | @interface UIView : UIResponder <NSCoding, UIAppearance, UIAppearanceContainer, UIDynamicItem, UITraitEnvironment, UICoordinateSpace, UIFocusItem, UIFocusItemContainer, CALayerDelegate>
    |            `- note: 'UIView' has been explicitly marked unavailable here
153 |
154 | @property(class, nonatomic, readonly) Class layerClass;                        // default is [CALayer class]. Used when creating the underlying layer for the view.
/Users/admin/builder/spi-builder-workspace/TagListView/TagListView.swift:245:21: error: 'effectiveUserInterfaceLayoutDirection' is unavailable in watchOS
243 |
244 |         if #available(iOS 10.0, tvOS 10.0, *) {
245 |             isRtl = effectiveUserInterfaceLayoutDirection == .rightToLeft
    |                     `- error: 'effectiveUserInterfaceLayoutDirection' is unavailable in watchOS
246 |         }
247 |         else if #available(iOS 9.0, *) {
/Applications/Xcode-27.0.0-Release.Candidate.app/Contents/Developer/Platforms/WatchOS.platform/Developer/SDKs/WatchOS27.0.sdk/System/Library/Frameworks/UIKit.framework/Headers/UIView.h:186:64: note: 'effectiveUserInterfaceLayoutDirection' has been explicitly marked unavailable here
184 |
185 | // Returns the user interface layout direction appropriate for arranging the immediate content of this view. Always consult the effectiveUserInterfaceLayoutDirection of the view whose immediate content is being arranged or drawn. Do not assume that the value propagates through the view’s subtree.
186 | @property (readonly, nonatomic) UIUserInterfaceLayoutDirection effectiveUserInterfaceLayoutDirection API_AVAILABLE(ios(10.0)) API_UNAVAILABLE(watchos);
    |                                                                `- note: 'effectiveUserInterfaceLayoutDirection' has been explicitly marked unavailable here
187 |
188 | @end
/Users/admin/builder/spi-builder-workspace/TagListView/TagListView.swift:248:21: error: 'UIView' is unavailable in watchOS
246 |         }
247 |         else if #available(iOS 9.0, *) {
248 |             isRtl = UIView.userInterfaceLayoutDirection(for: semanticContentAttribute) == .rightToLeft
    |                     `- error: 'UIView' is unavailable in watchOS
249 |         }
250 |         else if let shared = UIApplication.value(forKey: "sharedApplication") as? UIApplication {
/Applications/Xcode-27.0.0-Release.Candidate.app/Contents/Developer/Platforms/WatchOS.platform/Developer/SDKs/WatchOS27.0.sdk/System/Library/Frameworks/UIKit.framework/Headers/UIView.h:152:12: note: 'UIView' has been explicitly marked unavailable here
150 |
151 | UIKIT_EXTERN API_AVAILABLE(ios(2.0)) API_UNAVAILABLE(watchos) NS_SWIFT_UI_ACTOR
152 | @interface UIView : UIResponder <NSCoding, UIAppearance, UIAppearanceContainer, UIDynamicItem, UITraitEnvironment, UICoordinateSpace, UIFocusItem, UIFocusItemContainer, CALayerDelegate>
    |            `- note: 'UIView' has been explicitly marked unavailable here
153 |
154 | @property(class, nonatomic, readonly) Class layerClass;                        // default is [CALayer class]. Used when creating the underlying layer for the view.
SwiftCompile normal arm64 /Users/admin/builder/spi-builder-workspace/TagListView/TagListView.swift (in target 'TagListView' from project 'TagListView')
    cd /Users/admin/builder/spi-builder-workspace/.swiftpm/xcode
    builtin-SwiftPerFileCompile TagListView.swift
PruneExplicitPrecompiledModules /Users/admin/builder/spi-builder-workspace/.derivedData/Build/Intermediates.noindex/SwiftExplicitPrecompiledModules
PruneExplicitPrecompiledModules /Users/admin/builder/spi-builder-workspace/.derivedData/SDKExplicitPrecompiledModules
PruneExplicitPrecompiledModules /Users/admin/builder/spi-builder-workspace/.derivedData/Build/Intermediates.noindex/ExplicitPrecompiledModules
2026-09-21 17:31:03.627 xcodebuild[789:4828] [MT] IDERunDestination: Supported platforms for the buildables in the current scheme is empty.
** BUILD FAILED **
The following build commands failed:
	SwiftEmitModule normal arm64 Emitting\ module\ for\ TagListView (in target 'TagListView' from project 'TagListView')
	SwiftCompile normal arm64 (in target 'TagListView' from project 'TagListView')
	Building workspace TagListView with scheme TagListView
(3 failures)
BUILD FAILURE 6.4 watchOS