The Swift Package Index logo.Swift Package Index

Build Information

Failed to build Usabilla, reference master (76916a), with Swift 6.4 for watchOS using Xcode 27.0 on 25 Sep 2026 20:33:20 UTC.

Build Command

env DEVELOPER_DIR=/Applications/Xcode-27.0.0-Release.Candidate.app xcrun xcodebuild -IDEClonedSourcePackagesDirPathOverride=$PWD/.dependencies -skipMacroValidation -skipPackagePluginValidation -derivedDataPath $PWD/.derivedData build -scheme Usabilla -destination generic/platform=watchOS

Build Log

========================================
RunAll
========================================
Builder version: 5.1.0
Interrupt handler set up.
========================================
Checkout
========================================
Clone URL: https://github.com/usabilla/usabilla-u4a-ios-swift-sdk.git
Reference: master
Initialized empty Git repository in /Users/admin/builder/spi-builder-workspace/.git/
From https://github.com/usabilla/usabilla-u4a-ios-swift-sdk
 * branch            master     -> FETCH_HEAD
 * [new branch]      master     -> origin/master
HEAD is now at 76916a8 Release 6.17.1
Cloned https://github.com/usabilla/usabilla-u4a-ios-swift-sdk.git
Revision (git rev-parse @):
76916a8de9fcf9c81f44b30e088bf93b5f476eb0
SUCCESS checkout https://github.com/usabilla/usabilla-u4a-ios-swift-sdk.git at master
========================================
Build
========================================
Selected platform:         watchOS
Swift version:             6.4
Building package at path:  $PWD
https://github.com/usabilla/usabilla-u4a-ios-swift-sdk.git
Command line invocation:
    /Applications/Xcode-27.0.0-Release.Candidate.app/Contents/Developer/usr/bin/xcodebuild -IDEClonedSourcePackagesDirPathOverride=/Users/admin/builder/spi-builder-workspace/.dependencies -resolvePackageDependencies
Resolve Package Graph
Resolve Package Graph
Resolved source packages:
  Usabilla: /Users/admin/builder/spi-builder-workspace
resolved source packages: Usabilla
2026-09-25 16:32:33.425 xcodebuild[529:3037] [MT] IDERunDestination: Supported platforms for the buildables in the current scheme is empty.
{
  "dependencies" : [
  ],
  "manifest_display_name" : "Usabilla",
  "name" : "Usabilla",
  "path" : "/Users/admin/builder/spi-builder-workspace",
  "platforms" : [
    {
      "name" : "ios",
      "version" : "12.0"
    }
  ],
  "products" : [
    {
      "name" : "Usabilla",
      "targets" : [
        "Usabilla"
      ],
      "type" : {
        "library" : [
          "automatic"
        ]
      }
    }
  ],
  "targets" : [
    {
      "c99name" : "Usabilla",
      "module_type" : "BinaryTarget",
      "name" : "Usabilla",
      "path" : "remote/archive/UsabillaXCFramework.zip",
      "product_memberships" : [
        "Usabilla"
      ],
      "sources" : [
      ],
      "type" : "binary"
    }
  ],
  "tools_version" : "5.3"
}
{
  "workspace" : {
    "name" : "Usabilla",
    "schemes" : [
      "Usabilla"
    ]
  }
}
2026-09-25 16:33:14.655 xcodebuild[663:4215] [MT] IDERunDestination: Supported platforms for the buildables in the current scheme is empty.
Running build ...
env DEVELOPER_DIR=/Applications/Xcode-27.0.0-Release.Candidate.app xcrun xcodebuild -IDEClonedSourcePackagesDirPathOverride=$PWD/.dependencies -skipMacroValidation -skipPackagePluginValidation -derivedDataPath $PWD/.derivedData build -scheme Usabilla -destination generic/platform=watchOS
Command line invocation:
    /Applications/Xcode-27.0.0-Release.Candidate.app/Contents/Developer/usr/bin/xcodebuild -IDEClonedSourcePackagesDirPathOverride=/Users/admin/builder/spi-builder-workspace/.dependencies -skipMacroValidation -skipPackagePluginValidation -derivedDataPath /Users/admin/builder/spi-builder-workspace/.derivedData build -scheme Usabilla -destination generic/platform=watchOS
Resolve Package Graph
Resolved source packages:
  Usabilla: /Users/admin/builder/spi-builder-workspace
ComputePackagePrebuildTargetDependencyGraph
Prepare packages
CreateBuildRequest
SendProjectDescription
CreateBuildOperation
ComputeTargetDependencyGraph
note: Building targets in dependency order
note: Target dependency graph (1 target)
    Target 'Usabilla-product' in project 'Usabilla' (no dependencies)
GatherProvisioningInputs
CreateBuildDescription
ExecuteExternalTool /Applications/Xcode-27.0.0-Release.Candidate.app/Contents/Developer/Toolchains/XcodeDefault.xctoolchain/usr/bin/clang -v -E -dM -isysroot /Applications/Xcode-27.0.0-Release.Candidate.app/Contents/Developer/Platforms/WatchOS.platform/Developer/SDKs/WatchOS27.0.sdk -x c -c /dev/null
Build description signature: 3c5cf3bc9b830519544fe36ab4b5eaee
Build description path: /Users/admin/builder/spi-builder-workspace/.derivedData/Build/Intermediates.noindex/XCBuildData/3c5cf3bc9b830519544fe36ab4b5eaee.xcbuilddata
/Users/admin/builder/spi-builder-workspace/.dependencies/artifacts/spi-builder-workspace/Usabilla/Usabilla.xcframework:1:1: error: While building for watchOS, no library for this platform was found in '/Users/admin/builder/spi-builder-workspace/.dependencies/artifacts/spi-builder-workspace/Usabilla/Usabilla.xcframework'. (in target 'Usabilla-product' from project 'Usabilla')
2026-09-25 16:33:16.201 xcodebuild[664:4258] [MT] IDERunDestination: Supported platforms for the buildables in the current scheme is empty.
** BUILD FAILED **
The following build commands failed:
	Building workspace Usabilla with scheme Usabilla
(1 failure)
Command line invocation:
    /Applications/Xcode-27.0.0-Release.Candidate.app/Contents/Developer/usr/bin/xcodebuild -IDEClonedSourcePackagesDirPathOverride=/Users/admin/builder/spi-builder-workspace/.dependencies -resolvePackageDependencies
Resolve Package Graph
Resolved source packages:
  Usabilla: /Users/admin/builder/spi-builder-workspace
resolved source packages: Usabilla
2026-09-25 16:33:17.790 xcodebuild[676:4353] [MT] IDERunDestination: Supported platforms for the buildables in the current scheme is empty.
{
  "dependencies" : [
  ],
  "manifest_display_name" : "Usabilla",
  "name" : "Usabilla",
  "path" : "/Users/admin/builder/spi-builder-workspace",
  "platforms" : [
    {
      "name" : "ios",
      "version" : "12.0"
    }
  ],
  "products" : [
    {
      "name" : "Usabilla",
      "targets" : [
        "Usabilla"
      ],
      "type" : {
        "library" : [
          "automatic"
        ]
      }
    }
  ],
  "targets" : [
    {
      "c99name" : "Usabilla",
      "module_type" : "BinaryTarget",
      "name" : "Usabilla",
      "path" : "remote/archive/UsabillaXCFramework.zip",
      "product_memberships" : [
        "Usabilla"
      ],
      "sources" : [
      ],
      "type" : "binary"
    }
  ],
  "tools_version" : "5.3"
}
{
  "workspace" : {
    "name" : "Usabilla",
    "schemes" : [
      "Usabilla"
    ]
  }
}
2026-09-25 16:33:18.989 xcodebuild[684:4417] [MT] IDERunDestination: Supported platforms for the buildables in the current scheme is empty.
Running build ...
env DEVELOPER_DIR=/Applications/Xcode-27.0.0-Release.Candidate.app xcrun xcodebuild -IDEClonedSourcePackagesDirPathOverride=$PWD/.dependencies -skipMacroValidation -skipPackagePluginValidation -derivedDataPath $PWD/.derivedData build -scheme Usabilla -destination generic/platform=watchOS
Command line invocation:
    /Applications/Xcode-27.0.0-Release.Candidate.app/Contents/Developer/usr/bin/xcodebuild -IDEClonedSourcePackagesDirPathOverride=/Users/admin/builder/spi-builder-workspace/.dependencies -skipMacroValidation -skipPackagePluginValidation -derivedDataPath /Users/admin/builder/spi-builder-workspace/.derivedData build -scheme Usabilla -destination generic/platform=watchOS
Resolve Package Graph
Resolved source packages:
  Usabilla: /Users/admin/builder/spi-builder-workspace
ComputePackagePrebuildTargetDependencyGraph
Prepare packages
CreateBuildRequest
SendProjectDescription
CreateBuildOperation
ComputeTargetDependencyGraph
note: Building targets in dependency order
note: Target dependency graph (1 target)
    Target 'Usabilla-product' in project 'Usabilla' (no dependencies)
GatherProvisioningInputs
CreateBuildDescription
/Users/admin/builder/spi-builder-workspace/.dependencies/artifacts/spi-builder-workspace/Usabilla/Usabilla.xcframework:1:1: error: While building for watchOS, no library for this platform was found in '/Users/admin/builder/spi-builder-workspace/.dependencies/artifacts/spi-builder-workspace/Usabilla/Usabilla.xcframework'. (in target 'Usabilla-product' from project 'Usabilla')
2026-09-25 16:33:19.915 xcodebuild[685:4448] [MT] IDERunDestination: Supported platforms for the buildables in the current scheme is empty.
** BUILD FAILED **
The following build commands failed:
	Building workspace Usabilla with scheme Usabilla
(1 failure)
BUILD FAILURE 6.4 watchOS