Build Information
Failed to build SKRTMAPI, reference master (eb7c2e), with Swift 6.4 for watchOS using Xcode 27.0 on 17 Sep 2026 01:54:37 UTC.
Build Command
env DEVELOPER_DIR=/Applications/Xcode-27.0.0-Release.Candidate.app xcrun xcodebuild -IDEClonedSourcePackagesDirPathOverride=$PWD/.dependencies -skipMacroValidation -skipPackagePluginValidation -derivedDataPath $PWD/.derivedData build -scheme SKRTMAPI -destination generic/platform=watchOSBuild Log
builtin-Swift-Compilation-Requirements -- /Applications/Xcode-27.0.0-Release.Candidate.app/Contents/Developer/Toolchains/XcodeDefault.xctoolchain/usr/bin/swiftc -parse-as-library -module-name Starscream -Onone @/Users/admin/builder/spi-builder-workspace/.derivedData/Build/Intermediates.noindex/Starscream.build/Debug-watchos/Starscream-t.build/Objects-normal/arm64/Starscream.SwiftFileList -DSWIFT_PACKAGE -DDEBUG -DSWIFT_MODULE_RESOURCE_BUNDLE_UNAVAILABLE -DXcode -plugin-path /Applications/Xcode-27.0.0-Release.Candidate.app/Contents/Developer/Toolchains/XcodeDefault.xctoolchain/usr/lib/swift/host/plugins/testing -enable-experimental-feature DebugDescriptionMacro -sdk /Applications/Xcode-27.0.0-Release.Candidate.app/Contents/Developer/Platforms/WatchOS.platform/Developer/SDKs/WatchOS27.0.sdk -target arm64-apple-watchos9.0 -g -module-cache-path /Users/admin/builder/spi-builder-workspace/.derivedData/ModuleCache.noindex -Xfrontend -serialize-debugging-options -enable-testing -suppress-warnings -index-store-path /Users/admin/builder/spi-builder-workspace/.derivedData/Index.noindex/DataStore -Xcc -D_LIBCPP_HARDENING_MODE\=_LIBCPP_HARDENING_MODE_DEBUG -swift-version 4.2 -I /Users/admin/builder/spi-builder-workspace/.derivedData/Build/Products/Debug-watchos -Isystem /Applications/Xcode-27.0.0-Release.Candidate.app/Contents/Developer/Platforms/WatchOS.platform/Developer/usr/lib -F /Users/admin/builder/spi-builder-workspace/.derivedData/Build/Products/Debug-watchos -F /Applications/Xcode-27.0.0-Release.Candidate.app/Contents/Developer/Platforms/WatchOS.platform/Developer/Library/Frameworks -F /Applications/Xcode-27.0.0-Release.Candidate.app/Contents/Developer/Platforms/WatchOS.platform/Developer/SDKs/WatchOS27.0.sdk/Developer/Library/Frameworks -c -j10 -enable-batch-mode -incremental -Xcc -ivfsstatcache -Xcc /Users/admin/builder/spi-builder-workspace/.derivedData/SDKStatCaches.noindex/watchos27.0-24R360-e829b21a6f8c9b70876ba0858053c04477534ef55a1706bf4c1112bbb242f0a2.sdkstatcache -output-file-map /Users/admin/builder/spi-builder-workspace/.derivedData/Build/Intermediates.noindex/Starscream.build/Debug-watchos/Starscream-t.build/Objects-normal/arm64/Starscream-OutputFileMap.json -save-temps -no-color-diagnostics -emit-dependencies -emit-module -emit-module-path /Users/admin/builder/spi-builder-workspace/.derivedData/Build/Intermediates.noindex/Starscream.build/Debug-watchos/Starscream-t.build/Objects-normal/arm64/Starscream.swiftmodule -serialize-diagnostics -validate-clang-modules-once -clang-build-session-file /Users/admin/builder/spi-builder-workspace/.derivedData/ModuleCache.noindex/Session.modulevalidation -Xcc -fmodules-prune-interval\=86400 -Xcc -fmodules-prune-after\=345600 -emit-const-values -const-gather-protocols-list /Users/admin/builder/spi-builder-workspace/.derivedData/Build/Intermediates.noindex/Starscream.build/Debug-watchos/Starscream-t.build/Objects-normal/arm64/Starscream_const_extract_protocols.json -Xcc -I/Users/admin/builder/spi-builder-workspace/.derivedData/Build/Products/Debug-watchos/include -Xcc -I/Users/admin/builder/spi-builder-workspace/.derivedData/Build/Intermediates.noindex/Starscream.build/Debug-watchos/Starscream-t.build/DerivedSources-normal/arm64 -Xcc -I/Users/admin/builder/spi-builder-workspace/.derivedData/Build/Intermediates.noindex/Starscream.build/Debug-watchos/Starscream-t.build/DerivedSources/arm64 -Xcc -I/Users/admin/builder/spi-builder-workspace/.derivedData/Build/Intermediates.noindex/Starscream.build/Debug-watchos/Starscream-t.build/DerivedSources -Xcc -DSWIFT_PACKAGE -Xcc -DDEBUG\=1 -emit-objc-header -emit-objc-header-path /Users/admin/builder/spi-builder-workspace/.derivedData/Build/Intermediates.noindex/Starscream.build/Debug-watchos/Starscream-t.build/Objects-normal/arm64/Starscream-Swift.h -working-directory /Users/admin/builder/spi-builder-workspace/.swiftpm/xcode -experimental-emit-module-separately -disable-cmo
Copy /Users/admin/builder/spi-builder-workspace/.derivedData/Build/Products/Debug-watchos/Starscream.swiftmodule/arm64_32-apple-watchos.swiftmodule /Users/admin/builder/spi-builder-workspace/.derivedData/Build/Intermediates.noindex/Starscream.build/Debug-watchos/Starscream-t.build/Objects-normal/arm64_32/Starscream.swiftmodule (in target 'Starscream' from project 'Starscream')
cd /Users/admin/builder/spi-builder-workspace/.dependencies/checkouts/Starscream
builtin-copy -exclude .DS_Store -exclude CVS -exclude .svn -exclude .git -exclude .hg -resolve-src-symlinks -rename /Users/admin/builder/spi-builder-workspace/.derivedData/Build/Intermediates.noindex/Starscream.build/Debug-watchos/Starscream-t.build/Objects-normal/arm64_32/Starscream.swiftmodule /Users/admin/builder/spi-builder-workspace/.derivedData/Build/Products/Debug-watchos/Starscream.swiftmodule/arm64_32-apple-watchos.swiftmodule
SwiftMergeGeneratedHeaders /Users/admin/builder/spi-builder-workspace/.derivedData/Build/Intermediates.noindex/GeneratedModuleMaps-watchos/Starscream-Swift.h /Users/admin/builder/spi-builder-workspace/.derivedData/Build/Intermediates.noindex/Starscream.build/Debug-watchos/Starscream-t.build/Objects-normal/arm64/Starscream-Swift.h /Users/admin/builder/spi-builder-workspace/.derivedData/Build/Intermediates.noindex/Starscream.build/Debug-watchos/Starscream-t.build/Objects-normal/arm64_32/Starscream-Swift.h (in target 'Starscream' from project 'Starscream')
cd /Users/admin/builder/spi-builder-workspace/.dependencies/checkouts/Starscream
builtin-swiftHeaderTool -arch arm64 /Users/admin/builder/spi-builder-workspace/.derivedData/Build/Intermediates.noindex/Starscream.build/Debug-watchos/Starscream-t.build/Objects-normal/arm64/Starscream-Swift.h -arch arm64_32 /Users/admin/builder/spi-builder-workspace/.derivedData/Build/Intermediates.noindex/Starscream.build/Debug-watchos/Starscream-t.build/Objects-normal/arm64_32/Starscream-Swift.h -o /Users/admin/builder/spi-builder-workspace/.derivedData/Build/Intermediates.noindex/GeneratedModuleMaps-watchos/Starscream-Swift.h
Copy /Users/admin/builder/spi-builder-workspace/.derivedData/Build/Products/Debug-watchos/Starscream.swiftmodule/arm64_32-apple-watchos.swiftdoc /Users/admin/builder/spi-builder-workspace/.derivedData/Build/Intermediates.noindex/Starscream.build/Debug-watchos/Starscream-t.build/Objects-normal/arm64_32/Starscream.swiftdoc (in target 'Starscream' from project 'Starscream')
cd /Users/admin/builder/spi-builder-workspace/.dependencies/checkouts/Starscream
builtin-copy -exclude .DS_Store -exclude CVS -exclude .svn -exclude .git -exclude .hg -resolve-src-symlinks -rename /Users/admin/builder/spi-builder-workspace/.derivedData/Build/Intermediates.noindex/Starscream.build/Debug-watchos/Starscream-t.build/Objects-normal/arm64_32/Starscream.swiftdoc /Users/admin/builder/spi-builder-workspace/.derivedData/Build/Products/Debug-watchos/Starscream.swiftmodule/arm64_32-apple-watchos.swiftdoc
Copy /Users/admin/builder/spi-builder-workspace/.derivedData/Build/Products/Debug-watchos/Starscream.swiftmodule/arm64_32-apple-watchos.abi.json /Users/admin/builder/spi-builder-workspace/.derivedData/Build/Intermediates.noindex/Starscream.build/Debug-watchos/Starscream-t.build/Objects-normal/arm64_32/Starscream.abi.json (in target 'Starscream' from project 'Starscream')
cd /Users/admin/builder/spi-builder-workspace/.dependencies/checkouts/Starscream
builtin-copy -exclude .DS_Store -exclude CVS -exclude .svn -exclude .git -exclude .hg -resolve-src-symlinks -rename /Users/admin/builder/spi-builder-workspace/.derivedData/Build/Intermediates.noindex/Starscream.build/Debug-watchos/Starscream-t.build/Objects-normal/arm64_32/Starscream.abi.json /Users/admin/builder/spi-builder-workspace/.derivedData/Build/Products/Debug-watchos/Starscream.swiftmodule/arm64_32-apple-watchos.abi.json
SwiftDriverJobDiscovery normal arm64_32 Emitting module for SKCore (in target 'SKCore' from project 'SKCore')
Copy /Users/admin/builder/spi-builder-workspace/.derivedData/Build/Products/Debug-watchos/Starscream.swiftmodule/arm64-apple-watchos.swiftmodule /Users/admin/builder/spi-builder-workspace/.derivedData/Build/Intermediates.noindex/Starscream.build/Debug-watchos/Starscream-t.build/Objects-normal/arm64/Starscream.swiftmodule (in target 'Starscream' from project 'Starscream')
cd /Users/admin/builder/spi-builder-workspace/.dependencies/checkouts/Starscream
builtin-copy -exclude .DS_Store -exclude CVS -exclude .svn -exclude .git -exclude .hg -resolve-src-symlinks -rename /Users/admin/builder/spi-builder-workspace/.derivedData/Build/Intermediates.noindex/Starscream.build/Debug-watchos/Starscream-t.build/Objects-normal/arm64/Starscream.swiftmodule /Users/admin/builder/spi-builder-workspace/.derivedData/Build/Products/Debug-watchos/Starscream.swiftmodule/arm64-apple-watchos.swiftmodule
Copy /Users/admin/builder/spi-builder-workspace/.derivedData/Build/Products/Debug-watchos/Starscream.swiftmodule/arm64-apple-watchos.swiftdoc /Users/admin/builder/spi-builder-workspace/.derivedData/Build/Intermediates.noindex/Starscream.build/Debug-watchos/Starscream-t.build/Objects-normal/arm64/Starscream.swiftdoc (in target 'Starscream' from project 'Starscream')
cd /Users/admin/builder/spi-builder-workspace/.dependencies/checkouts/Starscream
builtin-copy -exclude .DS_Store -exclude CVS -exclude .svn -exclude .git -exclude .hg -resolve-src-symlinks -rename /Users/admin/builder/spi-builder-workspace/.derivedData/Build/Intermediates.noindex/Starscream.build/Debug-watchos/Starscream-t.build/Objects-normal/arm64/Starscream.swiftdoc /Users/admin/builder/spi-builder-workspace/.derivedData/Build/Products/Debug-watchos/Starscream.swiftmodule/arm64-apple-watchos.swiftdoc
Copy /Users/admin/builder/spi-builder-workspace/.derivedData/Build/Products/Debug-watchos/Starscream.swiftmodule/arm64-apple-watchos.abi.json /Users/admin/builder/spi-builder-workspace/.derivedData/Build/Intermediates.noindex/Starscream.build/Debug-watchos/Starscream-t.build/Objects-normal/arm64/Starscream.abi.json (in target 'Starscream' from project 'Starscream')
cd /Users/admin/builder/spi-builder-workspace/.dependencies/checkouts/Starscream
builtin-copy -exclude .DS_Store -exclude CVS -exclude .svn -exclude .git -exclude .hg -resolve-src-symlinks -rename /Users/admin/builder/spi-builder-workspace/.derivedData/Build/Intermediates.noindex/Starscream.build/Debug-watchos/Starscream-t.build/Objects-normal/arm64/Starscream.abi.json /Users/admin/builder/spi-builder-workspace/.derivedData/Build/Products/Debug-watchos/Starscream.swiftmodule/arm64-apple-watchos.abi.json
Copy /Users/admin/builder/spi-builder-workspace/.derivedData/Build/Products/Debug-watchos/Starscream.swiftmodule/Project/arm64_32-apple-watchos.swiftsourceinfo /Users/admin/builder/spi-builder-workspace/.derivedData/Build/Intermediates.noindex/Starscream.build/Debug-watchos/Starscream-t.build/Objects-normal/arm64_32/Starscream.swiftsourceinfo (in target 'Starscream' from project 'Starscream')
cd /Users/admin/builder/spi-builder-workspace/.dependencies/checkouts/Starscream
builtin-copy -exclude .DS_Store -exclude CVS -exclude .svn -exclude .git -exclude .hg -resolve-src-symlinks -rename /Users/admin/builder/spi-builder-workspace/.derivedData/Build/Intermediates.noindex/Starscream.build/Debug-watchos/Starscream-t.build/Objects-normal/arm64_32/Starscream.swiftsourceinfo /Users/admin/builder/spi-builder-workspace/.derivedData/Build/Products/Debug-watchos/Starscream.swiftmodule/Project/arm64_32-apple-watchos.swiftsourceinfo
Copy /Users/admin/builder/spi-builder-workspace/.derivedData/Build/Products/Debug-watchos/Starscream.swiftmodule/Project/arm64-apple-watchos.swiftsourceinfo /Users/admin/builder/spi-builder-workspace/.derivedData/Build/Intermediates.noindex/Starscream.build/Debug-watchos/Starscream-t.build/Objects-normal/arm64/Starscream.swiftsourceinfo (in target 'Starscream' from project 'Starscream')
cd /Users/admin/builder/spi-builder-workspace/.dependencies/checkouts/Starscream
builtin-copy -exclude .DS_Store -exclude CVS -exclude .svn -exclude .git -exclude .hg -resolve-src-symlinks -rename /Users/admin/builder/spi-builder-workspace/.derivedData/Build/Intermediates.noindex/Starscream.build/Debug-watchos/Starscream-t.build/Objects-normal/arm64/Starscream.swiftsourceinfo /Users/admin/builder/spi-builder-workspace/.derivedData/Build/Products/Debug-watchos/Starscream.swiftmodule/Project/arm64-apple-watchos.swiftsourceinfo
SwiftDriver\ Compilation\ Requirements SKCore normal arm64_32 com.apple.xcode.tools.swift.compiler (in target 'SKCore' from project 'SKCore')
cd /Users/admin/builder/spi-builder-workspace/.swiftpm/xcode
builtin-Swift-Compilation-Requirements -- /Applications/Xcode-27.0.0-Release.Candidate.app/Contents/Developer/Toolchains/XcodeDefault.xctoolchain/usr/bin/swiftc -parse-as-library -module-name SKCore -Onone @/Users/admin/builder/spi-builder-workspace/.derivedData/Build/Intermediates.noindex/SKCore.build/Debug-watchos/SKCore-t.build/Objects-normal/arm64_32/SKCore.SwiftFileList -DSWIFT_PACKAGE -DDEBUG -DSWIFT_MODULE_RESOURCE_BUNDLE_UNAVAILABLE -DXcode -plugin-path /Applications/Xcode-27.0.0-Release.Candidate.app/Contents/Developer/Toolchains/XcodeDefault.xctoolchain/usr/lib/swift/host/plugins/testing -enable-experimental-feature DebugDescriptionMacro -sdk /Applications/Xcode-27.0.0-Release.Candidate.app/Contents/Developer/Platforms/WatchOS.platform/Developer/SDKs/WatchOS27.0.sdk -target arm64_32-apple-watchos9.0 -g -module-cache-path /Users/admin/builder/spi-builder-workspace/.derivedData/ModuleCache.noindex -Xfrontend -serialize-debugging-options -enable-testing -suppress-warnings -index-store-path /Users/admin/builder/spi-builder-workspace/.derivedData/Index.noindex/DataStore -Xcc -D_LIBCPP_HARDENING_MODE\=_LIBCPP_HARDENING_MODE_DEBUG -swift-version 4 -I /Users/admin/builder/spi-builder-workspace/.derivedData/Build/Products/Debug-watchos -Isystem /Applications/Xcode-27.0.0-Release.Candidate.app/Contents/Developer/Platforms/WatchOS.platform/Developer/usr/lib -F /Users/admin/builder/spi-builder-workspace/.derivedData/Build/Products/Debug-watchos -F /Applications/Xcode-27.0.0-Release.Candidate.app/Contents/Developer/Platforms/WatchOS.platform/Developer/Library/Frameworks -F /Applications/Xcode-27.0.0-Release.Candidate.app/Contents/Developer/Platforms/WatchOS.platform/Developer/SDKs/WatchOS27.0.sdk/Developer/Library/Frameworks -c -j10 -enable-batch-mode -incremental -Xcc -ivfsstatcache -Xcc /Users/admin/builder/spi-builder-workspace/.derivedData/SDKStatCaches.noindex/watchos27.0-24R360-e829b21a6f8c9b70876ba0858053c04477534ef55a1706bf4c1112bbb242f0a2.sdkstatcache -output-file-map /Users/admin/builder/spi-builder-workspace/.derivedData/Build/Intermediates.noindex/SKCore.build/Debug-watchos/SKCore-t.build/Objects-normal/arm64_32/SKCore-OutputFileMap.json -save-temps -no-color-diagnostics -emit-dependencies -emit-module -emit-module-path /Users/admin/builder/spi-builder-workspace/.derivedData/Build/Intermediates.noindex/SKCore.build/Debug-watchos/SKCore-t.build/Objects-normal/arm64_32/SKCore.swiftmodule -serialize-diagnostics -validate-clang-modules-once -clang-build-session-file /Users/admin/builder/spi-builder-workspace/.derivedData/ModuleCache.noindex/Session.modulevalidation -Xcc -fmodules-prune-interval\=86400 -Xcc -fmodules-prune-after\=345600 -emit-const-values -const-gather-protocols-list /Users/admin/builder/spi-builder-workspace/.derivedData/Build/Intermediates.noindex/SKCore.build/Debug-watchos/SKCore-t.build/Objects-normal/arm64_32/SKCore_const_extract_protocols.json -Xcc -I/Users/admin/builder/spi-builder-workspace/.derivedData/Build/Products/Debug-watchos/include -Xcc -I/Users/admin/builder/spi-builder-workspace/.derivedData/Build/Intermediates.noindex/SKCore.build/Debug-watchos/SKCore-t.build/DerivedSources-normal/arm64_32 -Xcc -I/Users/admin/builder/spi-builder-workspace/.derivedData/Build/Intermediates.noindex/SKCore.build/Debug-watchos/SKCore-t.build/DerivedSources/arm64_32 -Xcc -I/Users/admin/builder/spi-builder-workspace/.derivedData/Build/Intermediates.noindex/SKCore.build/Debug-watchos/SKCore-t.build/DerivedSources -Xcc -DSWIFT_PACKAGE -Xcc -DDEBUG\=1 -emit-objc-header -emit-objc-header-path /Users/admin/builder/spi-builder-workspace/.derivedData/Build/Intermediates.noindex/SKCore.build/Debug-watchos/SKCore-t.build/Objects-normal/arm64_32/SKCore-Swift.h -working-directory /Users/admin/builder/spi-builder-workspace/.swiftpm/xcode -experimental-emit-module-separately -disable-cmo
SwiftDriver\ Compilation\ Requirements SKCore normal arm64 com.apple.xcode.tools.swift.compiler (in target 'SKCore' from project 'SKCore')
cd /Users/admin/builder/spi-builder-workspace/.swiftpm/xcode
builtin-Swift-Compilation-Requirements -- /Applications/Xcode-27.0.0-Release.Candidate.app/Contents/Developer/Toolchains/XcodeDefault.xctoolchain/usr/bin/swiftc -parse-as-library -module-name SKCore -Onone @/Users/admin/builder/spi-builder-workspace/.derivedData/Build/Intermediates.noindex/SKCore.build/Debug-watchos/SKCore-t.build/Objects-normal/arm64/SKCore.SwiftFileList -DSWIFT_PACKAGE -DDEBUG -DSWIFT_MODULE_RESOURCE_BUNDLE_UNAVAILABLE -DXcode -plugin-path /Applications/Xcode-27.0.0-Release.Candidate.app/Contents/Developer/Toolchains/XcodeDefault.xctoolchain/usr/lib/swift/host/plugins/testing -enable-experimental-feature DebugDescriptionMacro -sdk /Applications/Xcode-27.0.0-Release.Candidate.app/Contents/Developer/Platforms/WatchOS.platform/Developer/SDKs/WatchOS27.0.sdk -target arm64-apple-watchos9.0 -g -module-cache-path /Users/admin/builder/spi-builder-workspace/.derivedData/ModuleCache.noindex -Xfrontend -serialize-debugging-options -enable-testing -suppress-warnings -index-store-path /Users/admin/builder/spi-builder-workspace/.derivedData/Index.noindex/DataStore -Xcc -D_LIBCPP_HARDENING_MODE\=_LIBCPP_HARDENING_MODE_DEBUG -swift-version 4 -I /Users/admin/builder/spi-builder-workspace/.derivedData/Build/Products/Debug-watchos -Isystem /Applications/Xcode-27.0.0-Release.Candidate.app/Contents/Developer/Platforms/WatchOS.platform/Developer/usr/lib -F /Users/admin/builder/spi-builder-workspace/.derivedData/Build/Products/Debug-watchos -F /Applications/Xcode-27.0.0-Release.Candidate.app/Contents/Developer/Platforms/WatchOS.platform/Developer/Library/Frameworks -F /Applications/Xcode-27.0.0-Release.Candidate.app/Contents/Developer/Platforms/WatchOS.platform/Developer/SDKs/WatchOS27.0.sdk/Developer/Library/Frameworks -c -j10 -enable-batch-mode -incremental -Xcc -ivfsstatcache -Xcc /Users/admin/builder/spi-builder-workspace/.derivedData/SDKStatCaches.noindex/watchos27.0-24R360-e829b21a6f8c9b70876ba0858053c04477534ef55a1706bf4c1112bbb242f0a2.sdkstatcache -output-file-map /Users/admin/builder/spi-builder-workspace/.derivedData/Build/Intermediates.noindex/SKCore.build/Debug-watchos/SKCore-t.build/Objects-normal/arm64/SKCore-OutputFileMap.json -save-temps -no-color-diagnostics -emit-dependencies -emit-module -emit-module-path /Users/admin/builder/spi-builder-workspace/.derivedData/Build/Intermediates.noindex/SKCore.build/Debug-watchos/SKCore-t.build/Objects-normal/arm64/SKCore.swiftmodule -serialize-diagnostics -validate-clang-modules-once -clang-build-session-file /Users/admin/builder/spi-builder-workspace/.derivedData/ModuleCache.noindex/Session.modulevalidation -Xcc -fmodules-prune-interval\=86400 -Xcc -fmodules-prune-after\=345600 -emit-const-values -const-gather-protocols-list /Users/admin/builder/spi-builder-workspace/.derivedData/Build/Intermediates.noindex/SKCore.build/Debug-watchos/SKCore-t.build/Objects-normal/arm64/SKCore_const_extract_protocols.json -Xcc -I/Users/admin/builder/spi-builder-workspace/.derivedData/Build/Products/Debug-watchos/include -Xcc -I/Users/admin/builder/spi-builder-workspace/.derivedData/Build/Intermediates.noindex/SKCore.build/Debug-watchos/SKCore-t.build/DerivedSources-normal/arm64 -Xcc -I/Users/admin/builder/spi-builder-workspace/.derivedData/Build/Intermediates.noindex/SKCore.build/Debug-watchos/SKCore-t.build/DerivedSources/arm64 -Xcc -I/Users/admin/builder/spi-builder-workspace/.derivedData/Build/Intermediates.noindex/SKCore.build/Debug-watchos/SKCore-t.build/DerivedSources -Xcc -DSWIFT_PACKAGE -Xcc -DDEBUG\=1 -emit-objc-header -emit-objc-header-path /Users/admin/builder/spi-builder-workspace/.derivedData/Build/Intermediates.noindex/SKCore.build/Debug-watchos/SKCore-t.build/Objects-normal/arm64/SKCore-Swift.h -working-directory /Users/admin/builder/spi-builder-workspace/.swiftpm/xcode -experimental-emit-module-separately -disable-cmo
SwiftCompile normal arm64 Compiling\ User.swift,\ UserGroup.swift /Users/admin/builder/spi-builder-workspace/.dependencies/checkouts/SKCore/Sources/SKCore/User.swift /Users/admin/builder/spi-builder-workspace/.dependencies/checkouts/SKCore/Sources/SKCore/UserGroup.swift (in target 'SKCore' from project 'SKCore')
SwiftCompile normal arm64 /Users/admin/builder/spi-builder-workspace/.dependencies/checkouts/SKCore/Sources/SKCore/User.swift (in target 'SKCore' from project 'SKCore')
cd /Users/admin/builder/spi-builder-workspace/.swiftpm/xcode
builtin-SwiftPerFileCompile User.swift
SwiftCompile normal arm64 /Users/admin/builder/spi-builder-workspace/.dependencies/checkouts/SKCore/Sources/SKCore/UserGroup.swift (in target 'SKCore' from project 'SKCore')
cd /Users/admin/builder/spi-builder-workspace/.swiftpm/xcode
builtin-SwiftPerFileCompile UserGroup.swift
Copy /Users/admin/builder/spi-builder-workspace/.derivedData/Build/Products/Debug-watchos/SKCore.swiftmodule/arm64_32-apple-watchos.swiftmodule /Users/admin/builder/spi-builder-workspace/.derivedData/Build/Intermediates.noindex/SKCore.build/Debug-watchos/SKCore-t.build/Objects-normal/arm64_32/SKCore.swiftmodule (in target 'SKCore' from project 'SKCore')
cd /Users/admin/builder/spi-builder-workspace/.dependencies/checkouts/SKCore
builtin-copy -exclude .DS_Store -exclude CVS -exclude .svn -exclude .git -exclude .hg -resolve-src-symlinks -rename /Users/admin/builder/spi-builder-workspace/.derivedData/Build/Intermediates.noindex/SKCore.build/Debug-watchos/SKCore-t.build/Objects-normal/arm64_32/SKCore.swiftmodule /Users/admin/builder/spi-builder-workspace/.derivedData/Build/Products/Debug-watchos/SKCore.swiftmodule/arm64_32-apple-watchos.swiftmodule
SwiftMergeGeneratedHeaders /Users/admin/builder/spi-builder-workspace/.derivedData/Build/Intermediates.noindex/GeneratedModuleMaps-watchos/SKCore-Swift.h /Users/admin/builder/spi-builder-workspace/.derivedData/Build/Intermediates.noindex/SKCore.build/Debug-watchos/SKCore-t.build/Objects-normal/arm64/SKCore-Swift.h /Users/admin/builder/spi-builder-workspace/.derivedData/Build/Intermediates.noindex/SKCore.build/Debug-watchos/SKCore-t.build/Objects-normal/arm64_32/SKCore-Swift.h (in target 'SKCore' from project 'SKCore')
cd /Users/admin/builder/spi-builder-workspace/.dependencies/checkouts/SKCore
builtin-swiftHeaderTool -arch arm64 /Users/admin/builder/spi-builder-workspace/.derivedData/Build/Intermediates.noindex/SKCore.build/Debug-watchos/SKCore-t.build/Objects-normal/arm64/SKCore-Swift.h -arch arm64_32 /Users/admin/builder/spi-builder-workspace/.derivedData/Build/Intermediates.noindex/SKCore.build/Debug-watchos/SKCore-t.build/Objects-normal/arm64_32/SKCore-Swift.h -o /Users/admin/builder/spi-builder-workspace/.derivedData/Build/Intermediates.noindex/GeneratedModuleMaps-watchos/SKCore-Swift.h
Copy /Users/admin/builder/spi-builder-workspace/.derivedData/Build/Products/Debug-watchos/SKCore.swiftmodule/arm64_32-apple-watchos.swiftdoc /Users/admin/builder/spi-builder-workspace/.derivedData/Build/Intermediates.noindex/SKCore.build/Debug-watchos/SKCore-t.build/Objects-normal/arm64_32/SKCore.swiftdoc (in target 'SKCore' from project 'SKCore')
cd /Users/admin/builder/spi-builder-workspace/.dependencies/checkouts/SKCore
builtin-copy -exclude .DS_Store -exclude CVS -exclude .svn -exclude .git -exclude .hg -resolve-src-symlinks -rename /Users/admin/builder/spi-builder-workspace/.derivedData/Build/Intermediates.noindex/SKCore.build/Debug-watchos/SKCore-t.build/Objects-normal/arm64_32/SKCore.swiftdoc /Users/admin/builder/spi-builder-workspace/.derivedData/Build/Products/Debug-watchos/SKCore.swiftmodule/arm64_32-apple-watchos.swiftdoc
Copy /Users/admin/builder/spi-builder-workspace/.derivedData/Build/Products/Debug-watchos/SKCore.swiftmodule/arm64_32-apple-watchos.abi.json /Users/admin/builder/spi-builder-workspace/.derivedData/Build/Intermediates.noindex/SKCore.build/Debug-watchos/SKCore-t.build/Objects-normal/arm64_32/SKCore.abi.json (in target 'SKCore' from project 'SKCore')
cd /Users/admin/builder/spi-builder-workspace/.dependencies/checkouts/SKCore
builtin-copy -exclude .DS_Store -exclude CVS -exclude .svn -exclude .git -exclude .hg -resolve-src-symlinks -rename /Users/admin/builder/spi-builder-workspace/.derivedData/Build/Intermediates.noindex/SKCore.build/Debug-watchos/SKCore-t.build/Objects-normal/arm64_32/SKCore.abi.json /Users/admin/builder/spi-builder-workspace/.derivedData/Build/Products/Debug-watchos/SKCore.swiftmodule/arm64_32-apple-watchos.abi.json
Copy /Users/admin/builder/spi-builder-workspace/.derivedData/Build/Products/Debug-watchos/SKCore.swiftmodule/arm64-apple-watchos.swiftmodule /Users/admin/builder/spi-builder-workspace/.derivedData/Build/Intermediates.noindex/SKCore.build/Debug-watchos/SKCore-t.build/Objects-normal/arm64/SKCore.swiftmodule (in target 'SKCore' from project 'SKCore')
cd /Users/admin/builder/spi-builder-workspace/.dependencies/checkouts/SKCore
builtin-copy -exclude .DS_Store -exclude CVS -exclude .svn -exclude .git -exclude .hg -resolve-src-symlinks -rename /Users/admin/builder/spi-builder-workspace/.derivedData/Build/Intermediates.noindex/SKCore.build/Debug-watchos/SKCore-t.build/Objects-normal/arm64/SKCore.swiftmodule /Users/admin/builder/spi-builder-workspace/.derivedData/Build/Products/Debug-watchos/SKCore.swiftmodule/arm64-apple-watchos.swiftmodule
Copy /Users/admin/builder/spi-builder-workspace/.derivedData/Build/Products/Debug-watchos/SKCore.swiftmodule/arm64-apple-watchos.swiftdoc /Users/admin/builder/spi-builder-workspace/.derivedData/Build/Intermediates.noindex/SKCore.build/Debug-watchos/SKCore-t.build/Objects-normal/arm64/SKCore.swiftdoc (in target 'SKCore' from project 'SKCore')
cd /Users/admin/builder/spi-builder-workspace/.dependencies/checkouts/SKCore
builtin-copy -exclude .DS_Store -exclude CVS -exclude .svn -exclude .git -exclude .hg -resolve-src-symlinks -rename /Users/admin/builder/spi-builder-workspace/.derivedData/Build/Intermediates.noindex/SKCore.build/Debug-watchos/SKCore-t.build/Objects-normal/arm64/SKCore.swiftdoc /Users/admin/builder/spi-builder-workspace/.derivedData/Build/Products/Debug-watchos/SKCore.swiftmodule/arm64-apple-watchos.swiftdoc
Copy /Users/admin/builder/spi-builder-workspace/.derivedData/Build/Products/Debug-watchos/SKCore.swiftmodule/arm64-apple-watchos.abi.json /Users/admin/builder/spi-builder-workspace/.derivedData/Build/Intermediates.noindex/SKCore.build/Debug-watchos/SKCore-t.build/Objects-normal/arm64/SKCore.abi.json (in target 'SKCore' from project 'SKCore')
cd /Users/admin/builder/spi-builder-workspace/.dependencies/checkouts/SKCore
builtin-copy -exclude .DS_Store -exclude CVS -exclude .svn -exclude .git -exclude .hg -resolve-src-symlinks -rename /Users/admin/builder/spi-builder-workspace/.derivedData/Build/Intermediates.noindex/SKCore.build/Debug-watchos/SKCore-t.build/Objects-normal/arm64/SKCore.abi.json /Users/admin/builder/spi-builder-workspace/.derivedData/Build/Products/Debug-watchos/SKCore.swiftmodule/arm64-apple-watchos.abi.json
Copy /Users/admin/builder/spi-builder-workspace/.derivedData/Build/Products/Debug-watchos/SKCore.swiftmodule/Project/arm64_32-apple-watchos.swiftsourceinfo /Users/admin/builder/spi-builder-workspace/.derivedData/Build/Intermediates.noindex/SKCore.build/Debug-watchos/SKCore-t.build/Objects-normal/arm64_32/SKCore.swiftsourceinfo (in target 'SKCore' from project 'SKCore')
cd /Users/admin/builder/spi-builder-workspace/.dependencies/checkouts/SKCore
builtin-copy -exclude .DS_Store -exclude CVS -exclude .svn -exclude .git -exclude .hg -resolve-src-symlinks -rename /Users/admin/builder/spi-builder-workspace/.derivedData/Build/Intermediates.noindex/SKCore.build/Debug-watchos/SKCore-t.build/Objects-normal/arm64_32/SKCore.swiftsourceinfo /Users/admin/builder/spi-builder-workspace/.derivedData/Build/Products/Debug-watchos/SKCore.swiftmodule/Project/arm64_32-apple-watchos.swiftsourceinfo
Copy /Users/admin/builder/spi-builder-workspace/.derivedData/Build/Products/Debug-watchos/SKCore.swiftmodule/Project/arm64-apple-watchos.swiftsourceinfo /Users/admin/builder/spi-builder-workspace/.derivedData/Build/Intermediates.noindex/SKCore.build/Debug-watchos/SKCore-t.build/Objects-normal/arm64/SKCore.swiftsourceinfo (in target 'SKCore' from project 'SKCore')
cd /Users/admin/builder/spi-builder-workspace/.dependencies/checkouts/SKCore
builtin-copy -exclude .DS_Store -exclude CVS -exclude .svn -exclude .git -exclude .hg -resolve-src-symlinks -rename /Users/admin/builder/spi-builder-workspace/.derivedData/Build/Intermediates.noindex/SKCore.build/Debug-watchos/SKCore-t.build/Objects-normal/arm64/SKCore.swiftsourceinfo /Users/admin/builder/spi-builder-workspace/.derivedData/Build/Products/Debug-watchos/SKCore.swiftmodule/Project/arm64-apple-watchos.swiftsourceinfo
SwiftCompile normal arm64_32 Compiling\ Bot.swift,\ Channel.swift,\ Comment.swift /Users/admin/builder/spi-builder-workspace/.dependencies/checkouts/SKCore/Sources/SKCore/Bot.swift /Users/admin/builder/spi-builder-workspace/.dependencies/checkouts/SKCore/Sources/SKCore/Channel.swift /Users/admin/builder/spi-builder-workspace/.dependencies/checkouts/SKCore/Sources/SKCore/Comment.swift (in target 'SKCore' from project 'SKCore')
SwiftCompile normal arm64_32 /Users/admin/builder/spi-builder-workspace/.dependencies/checkouts/SKCore/Sources/SKCore/Bot.swift (in target 'SKCore' from project 'SKCore')
cd /Users/admin/builder/spi-builder-workspace/.swiftpm/xcode
builtin-SwiftPerFileCompile Bot.swift
SwiftCompile normal arm64_32 /Users/admin/builder/spi-builder-workspace/.dependencies/checkouts/SKCore/Sources/SKCore/Channel.swift (in target 'SKCore' from project 'SKCore')
cd /Users/admin/builder/spi-builder-workspace/.swiftpm/xcode
builtin-SwiftPerFileCompile Channel.swift
SwiftCompile normal arm64_32 /Users/admin/builder/spi-builder-workspace/.dependencies/checkouts/SKCore/Sources/SKCore/Comment.swift (in target 'SKCore' from project 'SKCore')
cd /Users/admin/builder/spi-builder-workspace/.swiftpm/xcode
builtin-SwiftPerFileCompile Comment.swift
SwiftDriverJobDiscovery normal arm64 Compiling SSLClientCertificate.swift (in target 'Starscream' from project 'Starscream')
SwiftCompile normal arm64_32 Compiling\ Reaction.swift,\ Reply.swift,\ Scope.swift /Users/admin/builder/spi-builder-workspace/.dependencies/checkouts/SKCore/Sources/SKCore/Reaction.swift /Users/admin/builder/spi-builder-workspace/.dependencies/checkouts/SKCore/Sources/SKCore/Reply.swift /Users/admin/builder/spi-builder-workspace/.dependencies/checkouts/SKCore/Sources/SKCore/Scope.swift (in target 'SKCore' from project 'SKCore')
SwiftCompile normal arm64_32 /Users/admin/builder/spi-builder-workspace/.dependencies/checkouts/SKCore/Sources/SKCore/Reaction.swift (in target 'SKCore' from project 'SKCore')
cd /Users/admin/builder/spi-builder-workspace/.swiftpm/xcode
builtin-SwiftPerFileCompile Reaction.swift
SwiftCompile normal arm64_32 /Users/admin/builder/spi-builder-workspace/.dependencies/checkouts/SKCore/Sources/SKCore/Reply.swift (in target 'SKCore' from project 'SKCore')
cd /Users/admin/builder/spi-builder-workspace/.swiftpm/xcode
builtin-SwiftPerFileCompile Reply.swift
SwiftCompile normal arm64_32 /Users/admin/builder/spi-builder-workspace/.dependencies/checkouts/SKCore/Sources/SKCore/Scope.swift (in target 'SKCore' from project 'SKCore')
cd /Users/admin/builder/spi-builder-workspace/.swiftpm/xcode
builtin-SwiftPerFileCompile Scope.swift
SwiftDriverJobDiscovery normal arm64_32 Compiling SSLClientCertificate.swift (in target 'Starscream' from project 'Starscream')
SwiftCompile normal arm64 Compiling\ File.swift,\ History.swift,\ Item.swift /Users/admin/builder/spi-builder-workspace/.dependencies/checkouts/SKCore/Sources/SKCore/File.swift /Users/admin/builder/spi-builder-workspace/.dependencies/checkouts/SKCore/Sources/SKCore/History.swift /Users/admin/builder/spi-builder-workspace/.dependencies/checkouts/SKCore/Sources/SKCore/Item.swift (in target 'SKCore' from project 'SKCore')
SwiftCompile normal arm64 /Users/admin/builder/spi-builder-workspace/.dependencies/checkouts/SKCore/Sources/SKCore/File.swift (in target 'SKCore' from project 'SKCore')
cd /Users/admin/builder/spi-builder-workspace/.swiftpm/xcode
builtin-SwiftPerFileCompile File.swift
SwiftCompile normal arm64 /Users/admin/builder/spi-builder-workspace/.dependencies/checkouts/SKCore/Sources/SKCore/History.swift (in target 'SKCore' from project 'SKCore')
cd /Users/admin/builder/spi-builder-workspace/.swiftpm/xcode
builtin-SwiftPerFileCompile History.swift
SwiftCompile normal arm64 /Users/admin/builder/spi-builder-workspace/.dependencies/checkouts/SKCore/Sources/SKCore/Item.swift (in target 'SKCore' from project 'SKCore')
cd /Users/admin/builder/spi-builder-workspace/.swiftpm/xcode
builtin-SwiftPerFileCompile Item.swift
SwiftCompile normal arm64_32 Compiling\ TeamIcon.swift,\ Topic.swift /Users/admin/builder/spi-builder-workspace/.dependencies/checkouts/SKCore/Sources/SKCore/TeamIcon.swift /Users/admin/builder/spi-builder-workspace/.dependencies/checkouts/SKCore/Sources/SKCore/Topic.swift (in target 'SKCore' from project 'SKCore')
SwiftCompile normal arm64_32 /Users/admin/builder/spi-builder-workspace/.dependencies/checkouts/SKCore/Sources/SKCore/TeamIcon.swift (in target 'SKCore' from project 'SKCore')
cd /Users/admin/builder/spi-builder-workspace/.swiftpm/xcode
builtin-SwiftPerFileCompile TeamIcon.swift
SwiftCompile normal arm64_32 /Users/admin/builder/spi-builder-workspace/.dependencies/checkouts/SKCore/Sources/SKCore/Topic.swift (in target 'SKCore' from project 'SKCore')
cd /Users/admin/builder/spi-builder-workspace/.swiftpm/xcode
builtin-SwiftPerFileCompile Topic.swift
SwiftDriverJobDiscovery normal arm64 Compiling Compression.swift (in target 'Starscream' from project 'Starscream')
SwiftDriverJobDiscovery normal arm64 Compiling SSLSecurity.swift (in target 'Starscream' from project 'Starscream')
SwiftCompile normal arm64 Compiling\ Message.swift,\ OAuthConfig.swift,\ RTMOptions.swift /Users/admin/builder/spi-builder-workspace/.dependencies/checkouts/SKCore/Sources/SKCore/Message.swift /Users/admin/builder/spi-builder-workspace/.dependencies/checkouts/SKCore/Sources/SKCore/OAuthConfig.swift /Users/admin/builder/spi-builder-workspace/.dependencies/checkouts/SKCore/Sources/SKCore/RTMOptions.swift (in target 'SKCore' from project 'SKCore')
SwiftCompile normal arm64 /Users/admin/builder/spi-builder-workspace/.dependencies/checkouts/SKCore/Sources/SKCore/Message.swift (in target 'SKCore' from project 'SKCore')
cd /Users/admin/builder/spi-builder-workspace/.swiftpm/xcode
builtin-SwiftPerFileCompile Message.swift
SwiftCompile normal arm64 /Users/admin/builder/spi-builder-workspace/.dependencies/checkouts/SKCore/Sources/SKCore/OAuthConfig.swift (in target 'SKCore' from project 'SKCore')
cd /Users/admin/builder/spi-builder-workspace/.swiftpm/xcode
builtin-SwiftPerFileCompile OAuthConfig.swift
SwiftCompile normal arm64 /Users/admin/builder/spi-builder-workspace/.dependencies/checkouts/SKCore/Sources/SKCore/RTMOptions.swift (in target 'SKCore' from project 'SKCore')
cd /Users/admin/builder/spi-builder-workspace/.swiftpm/xcode
builtin-SwiftPerFileCompile RTMOptions.swift
SwiftCompile normal arm64 Compiling\ Bot.swift,\ Channel.swift,\ Comment.swift /Users/admin/builder/spi-builder-workspace/.dependencies/checkouts/SKCore/Sources/SKCore/Bot.swift /Users/admin/builder/spi-builder-workspace/.dependencies/checkouts/SKCore/Sources/SKCore/Channel.swift /Users/admin/builder/spi-builder-workspace/.dependencies/checkouts/SKCore/Sources/SKCore/Comment.swift (in target 'SKCore' from project 'SKCore')
SwiftCompile normal arm64 /Users/admin/builder/spi-builder-workspace/.dependencies/checkouts/SKCore/Sources/SKCore/Bot.swift (in target 'SKCore' from project 'SKCore')
cd /Users/admin/builder/spi-builder-workspace/.swiftpm/xcode
builtin-SwiftPerFileCompile Bot.swift
SwiftCompile normal arm64 /Users/admin/builder/spi-builder-workspace/.dependencies/checkouts/SKCore/Sources/SKCore/Channel.swift (in target 'SKCore' from project 'SKCore')
cd /Users/admin/builder/spi-builder-workspace/.swiftpm/xcode
builtin-SwiftPerFileCompile Channel.swift
SwiftCompile normal arm64 /Users/admin/builder/spi-builder-workspace/.dependencies/checkouts/SKCore/Sources/SKCore/Comment.swift (in target 'SKCore' from project 'SKCore')
cd /Users/admin/builder/spi-builder-workspace/.swiftpm/xcode
builtin-SwiftPerFileCompile Comment.swift
SwiftDriverJobDiscovery normal arm64_32 Compiling Compression.swift (in target 'Starscream' from project 'Starscream')
SwiftDriverJobDiscovery normal arm64_32 Compiling SSLSecurity.swift (in target 'Starscream' from project 'Starscream')
SwiftCompile normal arm64_32 Compiling\ SlackError.swift,\ Team.swift /Users/admin/builder/spi-builder-workspace/.dependencies/checkouts/SKCore/Sources/SKCore/SlackError.swift /Users/admin/builder/spi-builder-workspace/.dependencies/checkouts/SKCore/Sources/SKCore/Team.swift (in target 'SKCore' from project 'SKCore')
SwiftCompile normal arm64_32 /Users/admin/builder/spi-builder-workspace/.dependencies/checkouts/SKCore/Sources/SKCore/SlackError.swift (in target 'SKCore' from project 'SKCore')
cd /Users/admin/builder/spi-builder-workspace/.swiftpm/xcode
builtin-SwiftPerFileCompile SlackError.swift
SwiftCompile normal arm64_32 /Users/admin/builder/spi-builder-workspace/.dependencies/checkouts/SKCore/Sources/SKCore/Team.swift (in target 'SKCore' from project 'SKCore')
cd /Users/admin/builder/spi-builder-workspace/.swiftpm/xcode
builtin-SwiftPerFileCompile Team.swift
SwiftDriverJobDiscovery normal arm64 Compiling User.swift, UserGroup.swift (in target 'SKCore' from project 'SKCore')
SwiftCompile normal arm64_32 Compiling\ CustomProfile.swift,\ CustomProfileField.swift,\ DoNotDisturbStatus.swift /Users/admin/builder/spi-builder-workspace/.dependencies/checkouts/SKCore/Sources/SKCore/CustomProfile.swift /Users/admin/builder/spi-builder-workspace/.dependencies/checkouts/SKCore/Sources/SKCore/CustomProfileField.swift /Users/admin/builder/spi-builder-workspace/.dependencies/checkouts/SKCore/Sources/SKCore/DoNotDisturbStatus.swift (in target 'SKCore' from project 'SKCore')
SwiftCompile normal arm64_32 /Users/admin/builder/spi-builder-workspace/.dependencies/checkouts/SKCore/Sources/SKCore/CustomProfile.swift (in target 'SKCore' from project 'SKCore')
cd /Users/admin/builder/spi-builder-workspace/.swiftpm/xcode
builtin-SwiftPerFileCompile CustomProfile.swift
SwiftCompile normal arm64_32 /Users/admin/builder/spi-builder-workspace/.dependencies/checkouts/SKCore/Sources/SKCore/CustomProfileField.swift (in target 'SKCore' from project 'SKCore')
cd /Users/admin/builder/spi-builder-workspace/.swiftpm/xcode
builtin-SwiftPerFileCompile CustomProfileField.swift
SwiftCompile normal arm64_32 /Users/admin/builder/spi-builder-workspace/.dependencies/checkouts/SKCore/Sources/SKCore/DoNotDisturbStatus.swift (in target 'SKCore' from project 'SKCore')
cd /Users/admin/builder/spi-builder-workspace/.swiftpm/xcode
builtin-SwiftPerFileCompile DoNotDisturbStatus.swift
SwiftCompile normal arm64 Compiling\ TeamIcon.swift,\ Topic.swift /Users/admin/builder/spi-builder-workspace/.dependencies/checkouts/SKCore/Sources/SKCore/TeamIcon.swift /Users/admin/builder/spi-builder-workspace/.dependencies/checkouts/SKCore/Sources/SKCore/Topic.swift (in target 'SKCore' from project 'SKCore')
SwiftCompile normal arm64 /Users/admin/builder/spi-builder-workspace/.dependencies/checkouts/SKCore/Sources/SKCore/TeamIcon.swift (in target 'SKCore' from project 'SKCore')
cd /Users/admin/builder/spi-builder-workspace/.swiftpm/xcode
builtin-SwiftPerFileCompile TeamIcon.swift
SwiftCompile normal arm64 /Users/admin/builder/spi-builder-workspace/.dependencies/checkouts/SKCore/Sources/SKCore/Topic.swift (in target 'SKCore' from project 'SKCore')
cd /Users/admin/builder/spi-builder-workspace/.swiftpm/xcode
builtin-SwiftPerFileCompile Topic.swift
SwiftDriverJobDiscovery normal arm64_32 Compiling Bot.swift, Channel.swift, Comment.swift (in target 'SKCore' from project 'SKCore')
SwiftCompile normal arm64 Compiling\ Action.swift,\ Attachment.swift,\ AttachmentField.swift /Users/admin/builder/spi-builder-workspace/.dependencies/checkouts/SKCore/Sources/SKCore/Action.swift /Users/admin/builder/spi-builder-workspace/.dependencies/checkouts/SKCore/Sources/SKCore/Attachment.swift /Users/admin/builder/spi-builder-workspace/.dependencies/checkouts/SKCore/Sources/SKCore/AttachmentField.swift (in target 'SKCore' from project 'SKCore')
SwiftCompile normal arm64 /Users/admin/builder/spi-builder-workspace/.dependencies/checkouts/SKCore/Sources/SKCore/Action.swift (in target 'SKCore' from project 'SKCore')
cd /Users/admin/builder/spi-builder-workspace/.swiftpm/xcode
builtin-SwiftPerFileCompile Action.swift
SwiftCompile normal arm64 /Users/admin/builder/spi-builder-workspace/.dependencies/checkouts/SKCore/Sources/SKCore/Attachment.swift (in target 'SKCore' from project 'SKCore')
cd /Users/admin/builder/spi-builder-workspace/.swiftpm/xcode
builtin-SwiftPerFileCompile Attachment.swift
SwiftCompile normal arm64 /Users/admin/builder/spi-builder-workspace/.dependencies/checkouts/SKCore/Sources/SKCore/AttachmentField.swift (in target 'SKCore' from project 'SKCore')
cd /Users/admin/builder/spi-builder-workspace/.swiftpm/xcode
builtin-SwiftPerFileCompile AttachmentField.swift
SwiftDriverJobDiscovery normal arm64_32 Compiling TeamIcon.swift, Topic.swift (in target 'SKCore' from project 'SKCore')
SwiftCompile normal arm64_32 Compiling\ Edited.swift,\ Event.swift,\ Extensions.swift /Users/admin/builder/spi-builder-workspace/.dependencies/checkouts/SKCore/Sources/SKCore/Edited.swift /Users/admin/builder/spi-builder-workspace/.dependencies/checkouts/SKCore/Sources/SKCore/Event.swift /Users/admin/builder/spi-builder-workspace/.dependencies/checkouts/SKCore/Sources/SKCore/Extensions.swift (in target 'SKCore' from project 'SKCore')
SwiftCompile normal arm64_32 /Users/admin/builder/spi-builder-workspace/.dependencies/checkouts/SKCore/Sources/SKCore/Edited.swift (in target 'SKCore' from project 'SKCore')
cd /Users/admin/builder/spi-builder-workspace/.swiftpm/xcode
builtin-SwiftPerFileCompile Edited.swift
SwiftCompile normal arm64_32 /Users/admin/builder/spi-builder-workspace/.dependencies/checkouts/SKCore/Sources/SKCore/Event.swift (in target 'SKCore' from project 'SKCore')
cd /Users/admin/builder/spi-builder-workspace/.swiftpm/xcode
builtin-SwiftPerFileCompile Event.swift
SwiftCompile normal arm64_32 /Users/admin/builder/spi-builder-workspace/.dependencies/checkouts/SKCore/Sources/SKCore/Extensions.swift (in target 'SKCore' from project 'SKCore')
cd /Users/admin/builder/spi-builder-workspace/.swiftpm/xcode
builtin-SwiftPerFileCompile Extensions.swift
SwiftDriverJobDiscovery normal arm64 Compiling WebSocket.swift (in target 'Starscream' from project 'Starscream')
SwiftDriver\ Compilation Starscream normal arm64 com.apple.xcode.tools.swift.compiler (in target 'Starscream' from project 'Starscream')
cd /Users/admin/builder/spi-builder-workspace/.swiftpm/xcode
builtin-Swift-Compilation -- /Applications/Xcode-27.0.0-Release.Candidate.app/Contents/Developer/Toolchains/XcodeDefault.xctoolchain/usr/bin/swiftc -parse-as-library -module-name Starscream -Onone @/Users/admin/builder/spi-builder-workspace/.derivedData/Build/Intermediates.noindex/Starscream.build/Debug-watchos/Starscream-t.build/Objects-normal/arm64/Starscream.SwiftFileList -DSWIFT_PACKAGE -DDEBUG -DSWIFT_MODULE_RESOURCE_BUNDLE_UNAVAILABLE -DXcode -plugin-path /Applications/Xcode-27.0.0-Release.Candidate.app/Contents/Developer/Toolchains/XcodeDefault.xctoolchain/usr/lib/swift/host/plugins/testing -enable-experimental-feature DebugDescriptionMacro -sdk /Applications/Xcode-27.0.0-Release.Candidate.app/Contents/Developer/Platforms/WatchOS.platform/Developer/SDKs/WatchOS27.0.sdk -target arm64-apple-watchos9.0 -g -module-cache-path /Users/admin/builder/spi-builder-workspace/.derivedData/ModuleCache.noindex -Xfrontend -serialize-debugging-options -enable-testing -suppress-warnings -index-store-path /Users/admin/builder/spi-builder-workspace/.derivedData/Index.noindex/DataStore -Xcc -D_LIBCPP_HARDENING_MODE\=_LIBCPP_HARDENING_MODE_DEBUG -swift-version 4.2 -I /Users/admin/builder/spi-builder-workspace/.derivedData/Build/Products/Debug-watchos -Isystem /Applications/Xcode-27.0.0-Release.Candidate.app/Contents/Developer/Platforms/WatchOS.platform/Developer/usr/lib -F /Users/admin/builder/spi-builder-workspace/.derivedData/Build/Products/Debug-watchos -F /Applications/Xcode-27.0.0-Release.Candidate.app/Contents/Developer/Platforms/WatchOS.platform/Developer/Library/Frameworks -F /Applications/Xcode-27.0.0-Release.Candidate.app/Contents/Developer/Platforms/WatchOS.platform/Developer/SDKs/WatchOS27.0.sdk/Developer/Library/Frameworks -c -j10 -enable-batch-mode -incremental -Xcc -ivfsstatcache -Xcc /Users/admin/builder/spi-builder-workspace/.derivedData/SDKStatCaches.noindex/watchos27.0-24R360-e829b21a6f8c9b70876ba0858053c04477534ef55a1706bf4c1112bbb242f0a2.sdkstatcache -output-file-map /Users/admin/builder/spi-builder-workspace/.derivedData/Build/Intermediates.noindex/Starscream.build/Debug-watchos/Starscream-t.build/Objects-normal/arm64/Starscream-OutputFileMap.json -save-temps -no-color-diagnostics -emit-dependencies -emit-module -emit-module-path /Users/admin/builder/spi-builder-workspace/.derivedData/Build/Intermediates.noindex/Starscream.build/Debug-watchos/Starscream-t.build/Objects-normal/arm64/Starscream.swiftmodule -serialize-diagnostics -validate-clang-modules-once -clang-build-session-file /Users/admin/builder/spi-builder-workspace/.derivedData/ModuleCache.noindex/Session.modulevalidation -Xcc -fmodules-prune-interval\=86400 -Xcc -fmodules-prune-after\=345600 -emit-const-values -const-gather-protocols-list /Users/admin/builder/spi-builder-workspace/.derivedData/Build/Intermediates.noindex/Starscream.build/Debug-watchos/Starscream-t.build/Objects-normal/arm64/Starscream_const_extract_protocols.json -Xcc -I/Users/admin/builder/spi-builder-workspace/.derivedData/Build/Products/Debug-watchos/include -Xcc -I/Users/admin/builder/spi-builder-workspace/.derivedData/Build/Intermediates.noindex/Starscream.build/Debug-watchos/Starscream-t.build/DerivedSources-normal/arm64 -Xcc -I/Users/admin/builder/spi-builder-workspace/.derivedData/Build/Intermediates.noindex/Starscream.build/Debug-watchos/Starscream-t.build/DerivedSources/arm64 -Xcc -I/Users/admin/builder/spi-builder-workspace/.derivedData/Build/Intermediates.noindex/Starscream.build/Debug-watchos/Starscream-t.build/DerivedSources -Xcc -DSWIFT_PACKAGE -Xcc -DDEBUG\=1 -emit-objc-header -emit-objc-header-path /Users/admin/builder/spi-builder-workspace/.derivedData/Build/Intermediates.noindex/Starscream.build/Debug-watchos/Starscream-t.build/Objects-normal/arm64/Starscream-Swift.h -working-directory /Users/admin/builder/spi-builder-workspace/.swiftpm/xcode -experimental-emit-module-separately -disable-cmo
SwiftDriverJobDiscovery normal arm64_32 Compiling Reaction.swift, Reply.swift, Scope.swift (in target 'SKCore' from project 'SKCore')
SwiftCompile normal arm64_32 Compiling\ File.swift,\ History.swift,\ Item.swift /Users/admin/builder/spi-builder-workspace/.dependencies/checkouts/SKCore/Sources/SKCore/File.swift /Users/admin/builder/spi-builder-workspace/.dependencies/checkouts/SKCore/Sources/SKCore/History.swift /Users/admin/builder/spi-builder-workspace/.dependencies/checkouts/SKCore/Sources/SKCore/Item.swift (in target 'SKCore' from project 'SKCore')
SwiftCompile normal arm64_32 /Users/admin/builder/spi-builder-workspace/.dependencies/checkouts/SKCore/Sources/SKCore/File.swift (in target 'SKCore' from project 'SKCore')
cd /Users/admin/builder/spi-builder-workspace/.swiftpm/xcode
builtin-SwiftPerFileCompile File.swift
SwiftCompile normal arm64_32 /Users/admin/builder/spi-builder-workspace/.dependencies/checkouts/SKCore/Sources/SKCore/History.swift (in target 'SKCore' from project 'SKCore')
cd /Users/admin/builder/spi-builder-workspace/.swiftpm/xcode
builtin-SwiftPerFileCompile History.swift
SwiftCompile normal arm64_32 /Users/admin/builder/spi-builder-workspace/.dependencies/checkouts/SKCore/Sources/SKCore/Item.swift (in target 'SKCore' from project 'SKCore')
cd /Users/admin/builder/spi-builder-workspace/.swiftpm/xcode
builtin-SwiftPerFileCompile Item.swift
SwiftCompile normal arm64 Compiling\ CustomProfile.swift,\ CustomProfileField.swift,\ DoNotDisturbStatus.swift /Users/admin/builder/spi-builder-workspace/.dependencies/checkouts/SKCore/Sources/SKCore/CustomProfile.swift /Users/admin/builder/spi-builder-workspace/.dependencies/checkouts/SKCore/Sources/SKCore/CustomProfileField.swift /Users/admin/builder/spi-builder-workspace/.dependencies/checkouts/SKCore/Sources/SKCore/DoNotDisturbStatus.swift (in target 'SKCore' from project 'SKCore')
SwiftCompile normal arm64 /Users/admin/builder/spi-builder-workspace/.dependencies/checkouts/SKCore/Sources/SKCore/CustomProfile.swift (in target 'SKCore' from project 'SKCore')
cd /Users/admin/builder/spi-builder-workspace/.swiftpm/xcode
builtin-SwiftPerFileCompile CustomProfile.swift
SwiftCompile normal arm64 /Users/admin/builder/spi-builder-workspace/.dependencies/checkouts/SKCore/Sources/SKCore/CustomProfileField.swift (in target 'SKCore' from project 'SKCore')
cd /Users/admin/builder/spi-builder-workspace/.swiftpm/xcode
builtin-SwiftPerFileCompile CustomProfileField.swift
SwiftCompile normal arm64 /Users/admin/builder/spi-builder-workspace/.dependencies/checkouts/SKCore/Sources/SKCore/DoNotDisturbStatus.swift (in target 'SKCore' from project 'SKCore')
cd /Users/admin/builder/spi-builder-workspace/.swiftpm/xcode
builtin-SwiftPerFileCompile DoNotDisturbStatus.swift
SwiftDriverJobDiscovery normal arm64_32 Compiling WebSocket.swift (in target 'Starscream' from project 'Starscream')
SwiftCompile normal arm64_32 Compiling\ Action.swift,\ Attachment.swift,\ AttachmentField.swift /Users/admin/builder/spi-builder-workspace/.dependencies/checkouts/SKCore/Sources/SKCore/Action.swift /Users/admin/builder/spi-builder-workspace/.dependencies/checkouts/SKCore/Sources/SKCore/Attachment.swift /Users/admin/builder/spi-builder-workspace/.dependencies/checkouts/SKCore/Sources/SKCore/AttachmentField.swift (in target 'SKCore' from project 'SKCore')
SwiftCompile normal arm64_32 /Users/admin/builder/spi-builder-workspace/.dependencies/checkouts/SKCore/Sources/SKCore/Action.swift (in target 'SKCore' from project 'SKCore')
cd /Users/admin/builder/spi-builder-workspace/.swiftpm/xcode
builtin-SwiftPerFileCompile Action.swift
SwiftCompile normal arm64_32 /Users/admin/builder/spi-builder-workspace/.dependencies/checkouts/SKCore/Sources/SKCore/Attachment.swift (in target 'SKCore' from project 'SKCore')
cd /Users/admin/builder/spi-builder-workspace/.swiftpm/xcode
builtin-SwiftPerFileCompile Attachment.swift
SwiftCompile normal arm64_32 /Users/admin/builder/spi-builder-workspace/.dependencies/checkouts/SKCore/Sources/SKCore/AttachmentField.swift (in target 'SKCore' from project 'SKCore')
cd /Users/admin/builder/spi-builder-workspace/.swiftpm/xcode
builtin-SwiftPerFileCompile AttachmentField.swift
SwiftDriverJobDiscovery normal arm64_32 Compiling SlackError.swift, Team.swift (in target 'SKCore' from project 'SKCore')
SwiftDriver\ Compilation Starscream normal arm64_32 com.apple.xcode.tools.swift.compiler (in target 'Starscream' from project 'Starscream')
cd /Users/admin/builder/spi-builder-workspace/.swiftpm/xcode
builtin-Swift-Compilation -- /Applications/Xcode-27.0.0-Release.Candidate.app/Contents/Developer/Toolchains/XcodeDefault.xctoolchain/usr/bin/swiftc -parse-as-library -module-name Starscream -Onone @/Users/admin/builder/spi-builder-workspace/.derivedData/Build/Intermediates.noindex/Starscream.build/Debug-watchos/Starscream-t.build/Objects-normal/arm64_32/Starscream.SwiftFileList -DSWIFT_PACKAGE -DDEBUG -DSWIFT_MODULE_RESOURCE_BUNDLE_UNAVAILABLE -DXcode -plugin-path /Applications/Xcode-27.0.0-Release.Candidate.app/Contents/Developer/Toolchains/XcodeDefault.xctoolchain/usr/lib/swift/host/plugins/testing -enable-experimental-feature DebugDescriptionMacro -sdk /Applications/Xcode-27.0.0-Release.Candidate.app/Contents/Developer/Platforms/WatchOS.platform/Developer/SDKs/WatchOS27.0.sdk -target arm64_32-apple-watchos9.0 -g -module-cache-path /Users/admin/builder/spi-builder-workspace/.derivedData/ModuleCache.noindex -Xfrontend -serialize-debugging-options -enable-testing -suppress-warnings -index-store-path /Users/admin/builder/spi-builder-workspace/.derivedData/Index.noindex/DataStore -Xcc -D_LIBCPP_HARDENING_MODE\=_LIBCPP_HARDENING_MODE_DEBUG -swift-version 4.2 -I /Users/admin/builder/spi-builder-workspace/.derivedData/Build/Products/Debug-watchos -Isystem /Applications/Xcode-27.0.0-Release.Candidate.app/Contents/Developer/Platforms/WatchOS.platform/Developer/usr/lib -F /Users/admin/builder/spi-builder-workspace/.derivedData/Build/Products/Debug-watchos -F /Applications/Xcode-27.0.0-Release.Candidate.app/Contents/Developer/Platforms/WatchOS.platform/Developer/Library/Frameworks -F /Applications/Xcode-27.0.0-Release.Candidate.app/Contents/Developer/Platforms/WatchOS.platform/Developer/SDKs/WatchOS27.0.sdk/Developer/Library/Frameworks -c -j10 -enable-batch-mode -incremental -Xcc -ivfsstatcache -Xcc /Users/admin/builder/spi-builder-workspace/.derivedData/SDKStatCaches.noindex/watchos27.0-24R360-e829b21a6f8c9b70876ba0858053c04477534ef55a1706bf4c1112bbb242f0a2.sdkstatcache -output-file-map /Users/admin/builder/spi-builder-workspace/.derivedData/Build/Intermediates.noindex/Starscream.build/Debug-watchos/Starscream-t.build/Objects-normal/arm64_32/Starscream-OutputFileMap.json -save-temps -no-color-diagnostics -emit-dependencies -emit-module -emit-module-path /Users/admin/builder/spi-builder-workspace/.derivedData/Build/Intermediates.noindex/Starscream.build/Debug-watchos/Starscream-t.build/Objects-normal/arm64_32/Starscream.swiftmodule -serialize-diagnostics -validate-clang-modules-once -clang-build-session-file /Users/admin/builder/spi-builder-workspace/.derivedData/ModuleCache.noindex/Session.modulevalidation -Xcc -fmodules-prune-interval\=86400 -Xcc -fmodules-prune-after\=345600 -emit-const-values -const-gather-protocols-list /Users/admin/builder/spi-builder-workspace/.derivedData/Build/Intermediates.noindex/Starscream.build/Debug-watchos/Starscream-t.build/Objects-normal/arm64_32/Starscream_const_extract_protocols.json -Xcc -I/Users/admin/builder/spi-builder-workspace/.derivedData/Build/Products/Debug-watchos/include -Xcc -I/Users/admin/builder/spi-builder-workspace/.derivedData/Build/Intermediates.noindex/Starscream.build/Debug-watchos/Starscream-t.build/DerivedSources-normal/arm64_32 -Xcc -I/Users/admin/builder/spi-builder-workspace/.derivedData/Build/Intermediates.noindex/Starscream.build/Debug-watchos/Starscream-t.build/DerivedSources/arm64_32 -Xcc -I/Users/admin/builder/spi-builder-workspace/.derivedData/Build/Intermediates.noindex/Starscream.build/Debug-watchos/Starscream-t.build/DerivedSources -Xcc -DSWIFT_PACKAGE -Xcc -DDEBUG\=1 -emit-objc-header -emit-objc-header-path /Users/admin/builder/spi-builder-workspace/.derivedData/Build/Intermediates.noindex/Starscream.build/Debug-watchos/Starscream-t.build/Objects-normal/arm64_32/Starscream-Swift.h -working-directory /Users/admin/builder/spi-builder-workspace/.swiftpm/xcode -experimental-emit-module-separately -disable-cmo
SwiftDriverJobDiscovery normal arm64 Compiling Bot.swift, Channel.swift, Comment.swift (in target 'SKCore' from project 'SKCore')
SwiftCompile normal arm64 Compiling\ Reaction.swift,\ Reply.swift,\ Scope.swift /Users/admin/builder/spi-builder-workspace/.dependencies/checkouts/SKCore/Sources/SKCore/Reaction.swift /Users/admin/builder/spi-builder-workspace/.dependencies/checkouts/SKCore/Sources/SKCore/Reply.swift /Users/admin/builder/spi-builder-workspace/.dependencies/checkouts/SKCore/Sources/SKCore/Scope.swift (in target 'SKCore' from project 'SKCore')
SwiftCompile normal arm64 /Users/admin/builder/spi-builder-workspace/.dependencies/checkouts/SKCore/Sources/SKCore/Reaction.swift (in target 'SKCore' from project 'SKCore')
cd /Users/admin/builder/spi-builder-workspace/.swiftpm/xcode
builtin-SwiftPerFileCompile Reaction.swift
SwiftCompile normal arm64 /Users/admin/builder/spi-builder-workspace/.dependencies/checkouts/SKCore/Sources/SKCore/Reply.swift (in target 'SKCore' from project 'SKCore')
cd /Users/admin/builder/spi-builder-workspace/.swiftpm/xcode
builtin-SwiftPerFileCompile Reply.swift
SwiftCompile normal arm64 /Users/admin/builder/spi-builder-workspace/.dependencies/checkouts/SKCore/Sources/SKCore/Scope.swift (in target 'SKCore' from project 'SKCore')
cd /Users/admin/builder/spi-builder-workspace/.swiftpm/xcode
builtin-SwiftPerFileCompile Scope.swift
SwiftCompile normal arm64_32 Compiling\ Message.swift,\ OAuthConfig.swift,\ RTMOptions.swift /Users/admin/builder/spi-builder-workspace/.dependencies/checkouts/SKCore/Sources/SKCore/Message.swift /Users/admin/builder/spi-builder-workspace/.dependencies/checkouts/SKCore/Sources/SKCore/OAuthConfig.swift /Users/admin/builder/spi-builder-workspace/.dependencies/checkouts/SKCore/Sources/SKCore/RTMOptions.swift (in target 'SKCore' from project 'SKCore')
SwiftCompile normal arm64_32 /Users/admin/builder/spi-builder-workspace/.dependencies/checkouts/SKCore/Sources/SKCore/Message.swift (in target 'SKCore' from project 'SKCore')
cd /Users/admin/builder/spi-builder-workspace/.swiftpm/xcode
builtin-SwiftPerFileCompile Message.swift
SwiftCompile normal arm64_32 /Users/admin/builder/spi-builder-workspace/.dependencies/checkouts/SKCore/Sources/SKCore/OAuthConfig.swift (in target 'SKCore' from project 'SKCore')
cd /Users/admin/builder/spi-builder-workspace/.swiftpm/xcode
builtin-SwiftPerFileCompile OAuthConfig.swift
SwiftCompile normal arm64_32 /Users/admin/builder/spi-builder-workspace/.dependencies/checkouts/SKCore/Sources/SKCore/RTMOptions.swift (in target 'SKCore' from project 'SKCore')
cd /Users/admin/builder/spi-builder-workspace/.swiftpm/xcode
builtin-SwiftPerFileCompile RTMOptions.swift
SwiftDriverJobDiscovery normal arm64 Compiling Message.swift, OAuthConfig.swift, RTMOptions.swift (in target 'SKCore' from project 'SKCore')
SwiftCompile normal arm64 Compiling\ SlackError.swift,\ Team.swift /Users/admin/builder/spi-builder-workspace/.dependencies/checkouts/SKCore/Sources/SKCore/SlackError.swift /Users/admin/builder/spi-builder-workspace/.dependencies/checkouts/SKCore/Sources/SKCore/Team.swift (in target 'SKCore' from project 'SKCore')
SwiftCompile normal arm64 /Users/admin/builder/spi-builder-workspace/.dependencies/checkouts/SKCore/Sources/SKCore/SlackError.swift (in target 'SKCore' from project 'SKCore')
cd /Users/admin/builder/spi-builder-workspace/.swiftpm/xcode
builtin-SwiftPerFileCompile SlackError.swift
SwiftCompile normal arm64 /Users/admin/builder/spi-builder-workspace/.dependencies/checkouts/SKCore/Sources/SKCore/Team.swift (in target 'SKCore' from project 'SKCore')
cd /Users/admin/builder/spi-builder-workspace/.swiftpm/xcode
builtin-SwiftPerFileCompile Team.swift
SwiftDriverJobDiscovery normal arm64 Compiling TeamIcon.swift, Topic.swift (in target 'SKCore' from project 'SKCore')
SwiftCompile normal arm64_32 Compiling\ User.swift,\ UserGroup.swift /Users/admin/builder/spi-builder-workspace/.dependencies/checkouts/SKCore/Sources/SKCore/User.swift /Users/admin/builder/spi-builder-workspace/.dependencies/checkouts/SKCore/Sources/SKCore/UserGroup.swift (in target 'SKCore' from project 'SKCore')
SwiftCompile normal arm64_32 /Users/admin/builder/spi-builder-workspace/.dependencies/checkouts/SKCore/Sources/SKCore/User.swift (in target 'SKCore' from project 'SKCore')
cd /Users/admin/builder/spi-builder-workspace/.swiftpm/xcode
builtin-SwiftPerFileCompile User.swift
SwiftCompile normal arm64_32 /Users/admin/builder/spi-builder-workspace/.dependencies/checkouts/SKCore/Sources/SKCore/UserGroup.swift (in target 'SKCore' from project 'SKCore')
cd /Users/admin/builder/spi-builder-workspace/.swiftpm/xcode
builtin-SwiftPerFileCompile UserGroup.swift
SwiftDriverJobDiscovery normal arm64 Compiling File.swift, History.swift, Item.swift (in target 'SKCore' from project 'SKCore')
SwiftCompile normal arm64 Compiling\ Edited.swift,\ Event.swift,\ Extensions.swift /Users/admin/builder/spi-builder-workspace/.dependencies/checkouts/SKCore/Sources/SKCore/Edited.swift /Users/admin/builder/spi-builder-workspace/.dependencies/checkouts/SKCore/Sources/SKCore/Event.swift /Users/admin/builder/spi-builder-workspace/.dependencies/checkouts/SKCore/Sources/SKCore/Extensions.swift (in target 'SKCore' from project 'SKCore')
SwiftCompile normal arm64 /Users/admin/builder/spi-builder-workspace/.dependencies/checkouts/SKCore/Sources/SKCore/Edited.swift (in target 'SKCore' from project 'SKCore')
cd /Users/admin/builder/spi-builder-workspace/.swiftpm/xcode
builtin-SwiftPerFileCompile Edited.swift
SwiftCompile normal arm64 /Users/admin/builder/spi-builder-workspace/.dependencies/checkouts/SKCore/Sources/SKCore/Event.swift (in target 'SKCore' from project 'SKCore')
cd /Users/admin/builder/spi-builder-workspace/.swiftpm/xcode
builtin-SwiftPerFileCompile Event.swift
SwiftCompile normal arm64 /Users/admin/builder/spi-builder-workspace/.dependencies/checkouts/SKCore/Sources/SKCore/Extensions.swift (in target 'SKCore' from project 'SKCore')
cd /Users/admin/builder/spi-builder-workspace/.swiftpm/xcode
builtin-SwiftPerFileCompile Extensions.swift
SwiftDriverJobDiscovery normal arm64_32 Compiling CustomProfile.swift, CustomProfileField.swift, DoNotDisturbStatus.swift (in target 'SKCore' from project 'SKCore')
SwiftDriverJobDiscovery normal arm64 Compiling CustomProfile.swift, CustomProfileField.swift, DoNotDisturbStatus.swift (in target 'SKCore' from project 'SKCore')
Ld /Users/admin/builder/spi-builder-workspace/.derivedData/Build/Intermediates.noindex/Starscream.build/Debug-watchos/Starscream-t.build/Objects-normal/arm64_32/Binary/Starscream.o normal arm64_32 (in target 'Starscream' from project 'Starscream')
cd /Users/admin/builder/spi-builder-workspace/.dependencies/checkouts/Starscream
/Applications/Xcode-27.0.0-Release.Candidate.app/Contents/Developer/Toolchains/XcodeDefault.xctoolchain/usr/bin/clang -Xlinker -reproducible -target arm64_32-apple-watchos9.0 -r -isysroot /Applications/Xcode-27.0.0-Release.Candidate.app/Contents/Developer/Platforms/WatchOS.platform/Developer/SDKs/WatchOS27.0.sdk -O0 -w -Xlinker -no_warn_duplicate_libraries -F/Users/admin/builder/spi-builder-workspace/.derivedData/Build/Intermediates.noindex/EagerLinkingTBDs/Debug-watchos -F/Users/admin/builder/spi-builder-workspace/.derivedData/Build/Products/Debug-watchos -iframework /Applications/Xcode-27.0.0-Release.Candidate.app/Contents/Developer/Platforms/WatchOS.platform/Developer/Library/Frameworks -iframework /Applications/Xcode-27.0.0-Release.Candidate.app/Contents/Developer/Platforms/WatchOS.platform/Developer/SDKs/WatchOS27.0.sdk/Developer/Library/Frameworks -filelist /Users/admin/builder/spi-builder-workspace/.derivedData/Build/Intermediates.noindex/Starscream.build/Debug-watchos/Starscream-t.build/Objects-normal/arm64_32/Starscream.LinkFileList -nostdlib -Xlinker -object_path_lto -Xlinker /Users/admin/builder/spi-builder-workspace/.derivedData/Build/Intermediates.noindex/Starscream.build/Debug-watchos/Starscream-t.build/Objects-normal/arm64_32/Starscream_lto.o -Xlinker -no_deduplicate -Xlinker -dependency_info -Xlinker /Users/admin/builder/spi-builder-workspace/.derivedData/Build/Intermediates.noindex/Starscream.build/Debug-watchos/Starscream-t.build/Objects-normal/arm64_32/Starscream_dependency_info.dat -fobjc-link-runtime -L/Applications/Xcode-27.0.0-Release.Candidate.app/Contents/Developer/Toolchains/XcodeDefault.xctoolchain/usr/lib/swift/watchos -L/usr/lib/swift -Xlinker -add_ast_path -Xlinker /Users/admin/builder/spi-builder-workspace/.derivedData/Build/Intermediates.noindex/Starscream.build/Debug-watchos/Starscream-t.build/Objects-normal/arm64_32/Starscream.swiftmodule -o /Users/admin/builder/spi-builder-workspace/.derivedData/Build/Intermediates.noindex/Starscream.build/Debug-watchos/Starscream-t.build/Objects-normal/arm64_32/Binary/Starscream.o
Ld /Users/admin/builder/spi-builder-workspace/.derivedData/Build/Intermediates.noindex/Starscream.build/Debug-watchos/Starscream-t.build/Objects-normal/arm64/Binary/Starscream.o normal arm64 (in target 'Starscream' from project 'Starscream')
cd /Users/admin/builder/spi-builder-workspace/.dependencies/checkouts/Starscream
/Applications/Xcode-27.0.0-Release.Candidate.app/Contents/Developer/Toolchains/XcodeDefault.xctoolchain/usr/bin/clang -Xlinker -reproducible -target arm64-apple-watchos9.0 -r -isysroot /Applications/Xcode-27.0.0-Release.Candidate.app/Contents/Developer/Platforms/WatchOS.platform/Developer/SDKs/WatchOS27.0.sdk -O0 -w -Xlinker -no_warn_duplicate_libraries -F/Users/admin/builder/spi-builder-workspace/.derivedData/Build/Intermediates.noindex/EagerLinkingTBDs/Debug-watchos -F/Users/admin/builder/spi-builder-workspace/.derivedData/Build/Products/Debug-watchos -iframework /Applications/Xcode-27.0.0-Release.Candidate.app/Contents/Developer/Platforms/WatchOS.platform/Developer/Library/Frameworks -iframework /Applications/Xcode-27.0.0-Release.Candidate.app/Contents/Developer/Platforms/WatchOS.platform/Developer/SDKs/WatchOS27.0.sdk/Developer/Library/Frameworks -filelist /Users/admin/builder/spi-builder-workspace/.derivedData/Build/Intermediates.noindex/Starscream.build/Debug-watchos/Starscream-t.build/Objects-normal/arm64/Starscream.LinkFileList -nostdlib -Xlinker -object_path_lto -Xlinker /Users/admin/builder/spi-builder-workspace/.derivedData/Build/Intermediates.noindex/Starscream.build/Debug-watchos/Starscream-t.build/Objects-normal/arm64/Starscream_lto.o -Xlinker -no_deduplicate -Xlinker -dependency_info -Xlinker /Users/admin/builder/spi-builder-workspace/.derivedData/Build/Intermediates.noindex/Starscream.build/Debug-watchos/Starscream-t.build/Objects-normal/arm64/Starscream_dependency_info.dat -fobjc-link-runtime -L/Applications/Xcode-27.0.0-Release.Candidate.app/Contents/Developer/Toolchains/XcodeDefault.xctoolchain/usr/lib/swift/watchos -L/usr/lib/swift -Xlinker -add_ast_path -Xlinker /Users/admin/builder/spi-builder-workspace/.derivedData/Build/Intermediates.noindex/Starscream.build/Debug-watchos/Starscream-t.build/Objects-normal/arm64/Starscream.swiftmodule -o /Users/admin/builder/spi-builder-workspace/.derivedData/Build/Intermediates.noindex/Starscream.build/Debug-watchos/Starscream-t.build/Objects-normal/arm64/Binary/Starscream.o
SwiftDriverJobDiscovery normal arm64 Compiling Reaction.swift, Reply.swift, Scope.swift (in target 'SKCore' from project 'SKCore')
SwiftDriver SKWebAPI normal arm64_32 com.apple.xcode.tools.swift.compiler (in target 'SKWebAPI' from project 'SKWebAPI')
cd /Users/admin/builder/spi-builder-workspace/.swiftpm/xcode
builtin-SwiftDriver -- /Applications/Xcode-27.0.0-Release.Candidate.app/Contents/Developer/Toolchains/XcodeDefault.xctoolchain/usr/bin/swiftc -parse-as-library -module-name SKWebAPI -Onone @/Users/admin/builder/spi-builder-workspace/.derivedData/Build/Intermediates.noindex/SKWebAPI.build/Debug-watchos/SKWebAPI-t.build/Objects-normal/arm64_32/SKWebAPI.SwiftFileList -DSWIFT_PACKAGE -DDEBUG -DSWIFT_MODULE_RESOURCE_BUNDLE_UNAVAILABLE -DXcode -plugin-path /Applications/Xcode-27.0.0-Release.Candidate.app/Contents/Developer/Toolchains/XcodeDefault.xctoolchain/usr/lib/swift/host/plugins/testing -enable-experimental-feature DebugDescriptionMacro -sdk /Applications/Xcode-27.0.0-Release.Candidate.app/Contents/Developer/Platforms/WatchOS.platform/Developer/SDKs/WatchOS27.0.sdk -target arm64_32-apple-watchos9.0 -g -module-cache-path /Users/admin/builder/spi-builder-workspace/.derivedData/ModuleCache.noindex -Xfrontend -serialize-debugging-options -enable-testing -suppress-warnings -index-store-path /Users/admin/builder/spi-builder-workspace/.derivedData/Index.noindex/DataStore -Xcc -D_LIBCPP_HARDENING_MODE\=_LIBCPP_HARDENING_MODE_DEBUG -swift-version 4 -I /Users/admin/builder/spi-builder-workspace/.derivedData/Build/Products/Debug-watchos -Isystem /Applications/Xcode-27.0.0-Release.Candidate.app/Contents/Developer/Platforms/WatchOS.platform/Developer/usr/lib -F /Users/admin/builder/spi-builder-workspace/.derivedData/Build/Products/Debug-watchos/PackageFrameworks -F /Users/admin/builder/spi-builder-workspace/.derivedData/Build/Products/Debug-watchos -F /Applications/Xcode-27.0.0-Release.Candidate.app/Contents/Developer/Platforms/WatchOS.platform/Developer/Library/Frameworks -F /Applications/Xcode-27.0.0-Release.Candidate.app/Contents/Developer/Platforms/WatchOS.platform/Developer/SDKs/WatchOS27.0.sdk/Developer/Library/Frameworks -c -j10 -enable-batch-mode -incremental -Xcc -ivfsstatcache -Xcc /Users/admin/builder/spi-builder-workspace/.derivedData/SDKStatCaches.noindex/watchos27.0-24R360-e829b21a6f8c9b70876ba0858053c04477534ef55a1706bf4c1112bbb242f0a2.sdkstatcache -output-file-map /Users/admin/builder/spi-builder-workspace/.derivedData/Build/Intermediates.noindex/SKWebAPI.build/Debug-watchos/SKWebAPI-t.build/Objects-normal/arm64_32/SKWebAPI-OutputFileMap.json -save-temps -no-color-diagnostics -emit-dependencies -emit-module -emit-module-path /Users/admin/builder/spi-builder-workspace/.derivedData/Build/Intermediates.noindex/SKWebAPI.build/Debug-watchos/SKWebAPI-t.build/Objects-normal/arm64_32/SKWebAPI.swiftmodule -serialize-diagnostics -validate-clang-modules-once -clang-build-session-file /Users/admin/builder/spi-builder-workspace/.derivedData/ModuleCache.noindex/Session.modulevalidation -Xcc -fmodules-prune-interval\=86400 -Xcc -fmodules-prune-after\=345600 -emit-const-values -const-gather-protocols-list /Users/admin/builder/spi-builder-workspace/.derivedData/Build/Intermediates.noindex/SKWebAPI.build/Debug-watchos/SKWebAPI-t.build/Objects-normal/arm64_32/SKWebAPI_const_extract_protocols.json -Xcc -I/Users/admin/builder/spi-builder-workspace/.derivedData/Build/Products/Debug-watchos/include -Xcc -I/Users/admin/builder/spi-builder-workspace/.derivedData/Build/Intermediates.noindex/SKWebAPI.build/Debug-watchos/SKWebAPI-t.build/DerivedSources-normal/arm64_32 -Xcc -I/Users/admin/builder/spi-builder-workspace/.derivedData/Build/Intermediates.noindex/SKWebAPI.build/Debug-watchos/SKWebAPI-t.build/DerivedSources/arm64_32 -Xcc -I/Users/admin/builder/spi-builder-workspace/.derivedData/Build/Intermediates.noindex/SKWebAPI.build/Debug-watchos/SKWebAPI-t.build/DerivedSources -Xcc -DSWIFT_PACKAGE -Xcc -DDEBUG\=1 -emit-objc-header -emit-objc-header-path /Users/admin/builder/spi-builder-workspace/.derivedData/Build/Intermediates.noindex/SKWebAPI.build/Debug-watchos/SKWebAPI-t.build/Objects-normal/arm64_32/SKWebAPI-Swift.h -working-directory /Users/admin/builder/spi-builder-workspace/.swiftpm/xcode -experimental-emit-module-separately -disable-cmo
SwiftDriver SKWebAPI normal arm64 com.apple.xcode.tools.swift.compiler (in target 'SKWebAPI' from project 'SKWebAPI')
cd /Users/admin/builder/spi-builder-workspace/.swiftpm/xcode
builtin-SwiftDriver -- /Applications/Xcode-27.0.0-Release.Candidate.app/Contents/Developer/Toolchains/XcodeDefault.xctoolchain/usr/bin/swiftc -parse-as-library -module-name SKWebAPI -Onone @/Users/admin/builder/spi-builder-workspace/.derivedData/Build/Intermediates.noindex/SKWebAPI.build/Debug-watchos/SKWebAPI-t.build/Objects-normal/arm64/SKWebAPI.SwiftFileList -DSWIFT_PACKAGE -DDEBUG -DSWIFT_MODULE_RESOURCE_BUNDLE_UNAVAILABLE -DXcode -plugin-path /Applications/Xcode-27.0.0-Release.Candidate.app/Contents/Developer/Toolchains/XcodeDefault.xctoolchain/usr/lib/swift/host/plugins/testing -enable-experimental-feature DebugDescriptionMacro -sdk /Applications/Xcode-27.0.0-Release.Candidate.app/Contents/Developer/Platforms/WatchOS.platform/Developer/SDKs/WatchOS27.0.sdk -target arm64-apple-watchos9.0 -g -module-cache-path /Users/admin/builder/spi-builder-workspace/.derivedData/ModuleCache.noindex -Xfrontend -serialize-debugging-options -enable-testing -suppress-warnings -index-store-path /Users/admin/builder/spi-builder-workspace/.derivedData/Index.noindex/DataStore -Xcc -D_LIBCPP_HARDENING_MODE\=_LIBCPP_HARDENING_MODE_DEBUG -swift-version 4 -I /Users/admin/builder/spi-builder-workspace/.derivedData/Build/Products/Debug-watchos -Isystem /Applications/Xcode-27.0.0-Release.Candidate.app/Contents/Developer/Platforms/WatchOS.platform/Developer/usr/lib -F /Users/admin/builder/spi-builder-workspace/.derivedData/Build/Products/Debug-watchos/PackageFrameworks -F /Users/admin/builder/spi-builder-workspace/.derivedData/Build/Products/Debug-watchos -F /Applications/Xcode-27.0.0-Release.Candidate.app/Contents/Developer/Platforms/WatchOS.platform/Developer/Library/Frameworks -F /Applications/Xcode-27.0.0-Release.Candidate.app/Contents/Developer/Platforms/WatchOS.platform/Developer/SDKs/WatchOS27.0.sdk/Developer/Library/Frameworks -c -j10 -enable-batch-mode -incremental -Xcc -ivfsstatcache -Xcc /Users/admin/builder/spi-builder-workspace/.derivedData/SDKStatCaches.noindex/watchos27.0-24R360-e829b21a6f8c9b70876ba0858053c04477534ef55a1706bf4c1112bbb242f0a2.sdkstatcache -output-file-map /Users/admin/builder/spi-builder-workspace/.derivedData/Build/Intermediates.noindex/SKWebAPI.build/Debug-watchos/SKWebAPI-t.build/Objects-normal/arm64/SKWebAPI-OutputFileMap.json -save-temps -no-color-diagnostics -emit-dependencies -emit-module -emit-module-path /Users/admin/builder/spi-builder-workspace/.derivedData/Build/Intermediates.noindex/SKWebAPI.build/Debug-watchos/SKWebAPI-t.build/Objects-normal/arm64/SKWebAPI.swiftmodule -serialize-diagnostics -validate-clang-modules-once -clang-build-session-file /Users/admin/builder/spi-builder-workspace/.derivedData/ModuleCache.noindex/Session.modulevalidation -Xcc -fmodules-prune-interval\=86400 -Xcc -fmodules-prune-after\=345600 -emit-const-values -const-gather-protocols-list /Users/admin/builder/spi-builder-workspace/.derivedData/Build/Intermediates.noindex/SKWebAPI.build/Debug-watchos/SKWebAPI-t.build/Objects-normal/arm64/SKWebAPI_const_extract_protocols.json -Xcc -I/Users/admin/builder/spi-builder-workspace/.derivedData/Build/Products/Debug-watchos/include -Xcc -I/Users/admin/builder/spi-builder-workspace/.derivedData/Build/Intermediates.noindex/SKWebAPI.build/Debug-watchos/SKWebAPI-t.build/DerivedSources-normal/arm64 -Xcc -I/Users/admin/builder/spi-builder-workspace/.derivedData/Build/Intermediates.noindex/SKWebAPI.build/Debug-watchos/SKWebAPI-t.build/DerivedSources/arm64 -Xcc -I/Users/admin/builder/spi-builder-workspace/.derivedData/Build/Intermediates.noindex/SKWebAPI.build/Debug-watchos/SKWebAPI-t.build/DerivedSources -Xcc -DSWIFT_PACKAGE -Xcc -DDEBUG\=1 -emit-objc-header -emit-objc-header-path /Users/admin/builder/spi-builder-workspace/.derivedData/Build/Intermediates.noindex/SKWebAPI.build/Debug-watchos/SKWebAPI-t.build/Objects-normal/arm64/SKWebAPI-Swift.h -working-directory /Users/admin/builder/spi-builder-workspace/.swiftpm/xcode -experimental-emit-module-separately -disable-cmo
CreateUniversalBinary /Users/admin/builder/spi-builder-workspace/.derivedData/Build/Products/Debug-watchos/Starscream.o normal arm64\ arm64_32 (in target 'Starscream' from project 'Starscream')
cd /Users/admin/builder/spi-builder-workspace/.dependencies/checkouts/Starscream
/Applications/Xcode-27.0.0-Release.Candidate.app/Contents/Developer/Toolchains/XcodeDefault.xctoolchain/usr/bin/lipo -create /Users/admin/builder/spi-builder-workspace/.derivedData/Build/Intermediates.noindex/Starscream.build/Debug-watchos/Starscream-t.build/Objects-normal/arm64/Binary/Starscream.o /Users/admin/builder/spi-builder-workspace/.derivedData/Build/Intermediates.noindex/Starscream.build/Debug-watchos/Starscream-t.build/Objects-normal/arm64_32/Binary/Starscream.o -output /Users/admin/builder/spi-builder-workspace/.derivedData/Build/Products/Debug-watchos/Starscream.o
SwiftDriverJobDiscovery normal arm64 Compiling Action.swift, Attachment.swift, AttachmentField.swift (in target 'SKCore' from project 'SKCore')
SwiftCompile normal arm64_32 Compiling\ NetworkInterface.swift /Users/admin/builder/spi-builder-workspace/.dependencies/checkouts/SKWebAPI/Sources/NetworkInterface.swift (in target 'SKWebAPI' from project 'SKWebAPI')
SwiftCompile normal arm64_32 /Users/admin/builder/spi-builder-workspace/.dependencies/checkouts/SKWebAPI/Sources/NetworkInterface.swift (in target 'SKWebAPI' from project 'SKWebAPI')
cd /Users/admin/builder/spi-builder-workspace/.swiftpm/xcode
builtin-SwiftPerFileCompile NetworkInterface.swift
SwiftEmitModule normal arm64_32 Emitting\ module\ for\ SKWebAPI (in target 'SKWebAPI' from project 'SKWebAPI')
SwiftCompile normal arm64_32 (in target 'SKWebAPI' from project 'SKWebAPI')
cd /Users/admin/builder/spi-builder-workspace/.swiftpm/xcode
SwiftEmitModule normal arm64 Emitting\ module\ for\ SKWebAPI (in target 'SKWebAPI' from project 'SKWebAPI')
SwiftCompile normal arm64 (in target 'SKWebAPI' from project 'SKWebAPI')
cd /Users/admin/builder/spi-builder-workspace/.swiftpm/xcode
SwiftDriverJobDiscovery normal arm64_32 Compiling Edited.swift, Event.swift, Extensions.swift (in target 'SKCore' from project 'SKCore')
SwiftCompile normal arm64 Compiling\ WebAPI.swift /Users/admin/builder/spi-builder-workspace/.dependencies/checkouts/SKWebAPI/Sources/WebAPI.swift (in target 'SKWebAPI' from project 'SKWebAPI')
SwiftCompile normal arm64 /Users/admin/builder/spi-builder-workspace/.dependencies/checkouts/SKWebAPI/Sources/WebAPI.swift (in target 'SKWebAPI' from project 'SKWebAPI')
cd /Users/admin/builder/spi-builder-workspace/.swiftpm/xcode
builtin-SwiftPerFileCompile WebAPI.swift
SwiftCompile normal arm64_32 Compiling\ Endpoint.swift /Users/admin/builder/spi-builder-workspace/.dependencies/checkouts/SKWebAPI/Sources/Endpoint.swift (in target 'SKWebAPI' from project 'SKWebAPI')
SwiftCompile normal arm64_32 /Users/admin/builder/spi-builder-workspace/.dependencies/checkouts/SKWebAPI/Sources/Endpoint.swift (in target 'SKWebAPI' from project 'SKWebAPI')
cd /Users/admin/builder/spi-builder-workspace/.swiftpm/xcode
builtin-SwiftPerFileCompile Endpoint.swift
SwiftDriverJobDiscovery normal arm64 Compiling SlackError.swift, Team.swift (in target 'SKCore' from project 'SKCore')
SwiftCompile normal arm64_32 Compiling\ WebAPI.swift /Users/admin/builder/spi-builder-workspace/.dependencies/checkouts/SKWebAPI/Sources/WebAPI.swift (in target 'SKWebAPI' from project 'SKWebAPI')
SwiftCompile normal arm64_32 /Users/admin/builder/spi-builder-workspace/.dependencies/checkouts/SKWebAPI/Sources/WebAPI.swift (in target 'SKWebAPI' from project 'SKWebAPI')
cd /Users/admin/builder/spi-builder-workspace/.swiftpm/xcode
builtin-SwiftPerFileCompile WebAPI.swift
SwiftDriverJobDiscovery normal arm64_32 Compiling Message.swift, OAuthConfig.swift, RTMOptions.swift (in target 'SKCore' from project 'SKCore')
SwiftCompile normal arm64 Compiling\ NetworkInterface.swift /Users/admin/builder/spi-builder-workspace/.dependencies/checkouts/SKWebAPI/Sources/NetworkInterface.swift (in target 'SKWebAPI' from project 'SKWebAPI')
SwiftCompile normal arm64 /Users/admin/builder/spi-builder-workspace/.dependencies/checkouts/SKWebAPI/Sources/NetworkInterface.swift (in target 'SKWebAPI' from project 'SKWebAPI')
cd /Users/admin/builder/spi-builder-workspace/.swiftpm/xcode
builtin-SwiftPerFileCompile NetworkInterface.swift
SwiftDriverJobDiscovery normal arm64_32 Compiling Action.swift, Attachment.swift, AttachmentField.swift (in target 'SKCore' from project 'SKCore')
SwiftCompile normal arm64 Compiling\ Endpoint.swift /Users/admin/builder/spi-builder-workspace/.dependencies/checkouts/SKWebAPI/Sources/Endpoint.swift (in target 'SKWebAPI' from project 'SKWebAPI')
SwiftCompile normal arm64 /Users/admin/builder/spi-builder-workspace/.dependencies/checkouts/SKWebAPI/Sources/Endpoint.swift (in target 'SKWebAPI' from project 'SKWebAPI')
cd /Users/admin/builder/spi-builder-workspace/.swiftpm/xcode
builtin-SwiftPerFileCompile Endpoint.swift
SwiftDriverJobDiscovery normal arm64_32 Compiling File.swift, History.swift, Item.swift (in target 'SKCore' from project 'SKCore')
SwiftDriverJobDiscovery normal arm64_32 Compiling User.swift, UserGroup.swift (in target 'SKCore' from project 'SKCore')
ExtractAppIntentsMetadata (in target 'Starscream' from project 'Starscream')
cd /Users/admin/builder/spi-builder-workspace/.dependencies/checkouts/Starscream
/Applications/Xcode-27.0.0-Release.Candidate.app/Contents/Developer/Toolchains/XcodeDefault.xctoolchain/usr/bin/appintentsmetadataprocessor --toolchain-dir /var/run/com.apple.security.cryptexd/mnt/com.apple.MobileAsset.MetalToolchain-v27.1.266.1.Vic9or/Metal.xctoolchain --module-name Starscream --sdk-root /Applications/Xcode-27.0.0-Release.Candidate.app/Contents/Developer/Platforms/WatchOS.platform/Developer/SDKs/WatchOS27.0.sdk --xcode-version 27A266a --platform-family watchOS --deployment-target 9.0 --bundle-identifier starscream.Starscream --output /Users/admin/builder/spi-builder-workspace/.derivedData/Build/Products/Debug-watchos/Starscream.appintents --target-triple arm64-apple-watchos9.0 --target-triple arm64_32-apple-watchos9.0 --binary-file /Users/admin/builder/spi-builder-workspace/.derivedData/Build/Products/Debug-watchos/Starscream.o --dependency-file /Users/admin/builder/spi-builder-workspace/.derivedData/Build/Intermediates.noindex/Starscream.build/Debug-watchos/Starscream-t.build/Objects-normal/arm64/Starscream_dependency_info.dat --dependency-file /Users/admin/builder/spi-builder-workspace/.derivedData/Build/Intermediates.noindex/Starscream.build/Debug-watchos/Starscream-t.build/Objects-normal/arm64_32/Starscream_dependency_info.dat --stringsdata-file /Users/admin/builder/spi-builder-workspace/.derivedData/Build/Intermediates.noindex/Starscream.build/Debug-watchos/Starscream-t.build/Objects-normal/arm64/ExtractedAppShortcutsMetadata.stringsdata --stringsdata-file /Users/admin/builder/spi-builder-workspace/.derivedData/Build/Intermediates.noindex/Starscream.build/Debug-watchos/Starscream-t.build/Objects-normal/arm64_32/ExtractedAppShortcutsMetadata.stringsdata --source-file-list /Users/admin/builder/spi-builder-workspace/.derivedData/Build/Intermediates.noindex/Starscream.build/Debug-watchos/Starscream-t.build/Objects-normal/arm64/Starscream.SwiftFileList --source-file-list /Users/admin/builder/spi-builder-workspace/.derivedData/Build/Intermediates.noindex/Starscream.build/Debug-watchos/Starscream-t.build/Objects-normal/arm64_32/Starscream.SwiftFileList --metadata-file-list /Users/admin/builder/spi-builder-workspace/.derivedData/Build/Intermediates.noindex/Starscream.build/Debug-watchos/Starscream-t.build/Starscream.DependencyMetadataFileList --static-metadata-file-list /Users/admin/builder/spi-builder-workspace/.derivedData/Build/Intermediates.noindex/Starscream.build/Debug-watchos/Starscream-t.build/Starscream.DependencyStaticMetadataFileList --swift-const-vals-list /Users/admin/builder/spi-builder-workspace/.derivedData/Build/Intermediates.noindex/Starscream.build/Debug-watchos/Starscream-t.build/Objects-normal/arm64/Starscream.SwiftConstValuesFileList --swift-const-vals-list /Users/admin/builder/spi-builder-workspace/.derivedData/Build/Intermediates.noindex/Starscream.build/Debug-watchos/Starscream-t.build/Objects-normal/arm64_32/Starscream.SwiftConstValuesFileList --force --compile-time-extraction --deployment-aware-processing --no-app-shortcuts-localization
2026-09-16 21:54:33.123 appintentsmetadataprocessor[849:5254] Starting appintentsmetadataprocessor export
2026-09-16 21:54:33.246 appintentsmetadataprocessor[849:5254] Extracted no relevant App Intents symbols, skipping writing output
SwiftDriverJobDiscovery normal arm64 Compiling Edited.swift, Event.swift, Extensions.swift (in target 'SKCore' from project 'SKCore')
SwiftDriver\ Compilation SKCore normal arm64_32 com.apple.xcode.tools.swift.compiler (in target 'SKCore' from project 'SKCore')
cd /Users/admin/builder/spi-builder-workspace/.swiftpm/xcode
builtin-Swift-Compilation -- /Applications/Xcode-27.0.0-Release.Candidate.app/Contents/Developer/Toolchains/XcodeDefault.xctoolchain/usr/bin/swiftc -parse-as-library -module-name SKCore -Onone @/Users/admin/builder/spi-builder-workspace/.derivedData/Build/Intermediates.noindex/SKCore.build/Debug-watchos/SKCore-t.build/Objects-normal/arm64_32/SKCore.SwiftFileList -DSWIFT_PACKAGE -DDEBUG -DSWIFT_MODULE_RESOURCE_BUNDLE_UNAVAILABLE -DXcode -plugin-path /Applications/Xcode-27.0.0-Release.Candidate.app/Contents/Developer/Toolchains/XcodeDefault.xctoolchain/usr/lib/swift/host/plugins/testing -enable-experimental-feature DebugDescriptionMacro -sdk /Applications/Xcode-27.0.0-Release.Candidate.app/Contents/Developer/Platforms/WatchOS.platform/Developer/SDKs/WatchOS27.0.sdk -target arm64_32-apple-watchos9.0 -g -module-cache-path /Users/admin/builder/spi-builder-workspace/.derivedData/ModuleCache.noindex -Xfrontend -serialize-debugging-options -enable-testing -suppress-warnings -index-store-path /Users/admin/builder/spi-builder-workspace/.derivedData/Index.noindex/DataStore -Xcc -D_LIBCPP_HARDENING_MODE\=_LIBCPP_HARDENING_MODE_DEBUG -swift-version 4 -I /Users/admin/builder/spi-builder-workspace/.derivedData/Build/Products/Debug-watchos -Isystem /Applications/Xcode-27.0.0-Release.Candidate.app/Contents/Developer/Platforms/WatchOS.platform/Developer/usr/lib -F /Users/admin/builder/spi-builder-workspace/.derivedData/Build/Products/Debug-watchos -F /Applications/Xcode-27.0.0-Release.Candidate.app/Contents/Developer/Platforms/WatchOS.platform/Developer/Library/Frameworks -F /Applications/Xcode-27.0.0-Release.Candidate.app/Contents/Developer/Platforms/WatchOS.platform/Developer/SDKs/WatchOS27.0.sdk/Developer/Library/Frameworks -c -j10 -enable-batch-mode -incremental -Xcc -ivfsstatcache -Xcc /Users/admin/builder/spi-builder-workspace/.derivedData/SDKStatCaches.noindex/watchos27.0-24R360-e829b21a6f8c9b70876ba0858053c04477534ef55a1706bf4c1112bbb242f0a2.sdkstatcache -output-file-map /Users/admin/builder/spi-builder-workspace/.derivedData/Build/Intermediates.noindex/SKCore.build/Debug-watchos/SKCore-t.build/Objects-normal/arm64_32/SKCore-OutputFileMap.json -save-temps -no-color-diagnostics -emit-dependencies -emit-module -emit-module-path /Users/admin/builder/spi-builder-workspace/.derivedData/Build/Intermediates.noindex/SKCore.build/Debug-watchos/SKCore-t.build/Objects-normal/arm64_32/SKCore.swiftmodule -serialize-diagnostics -validate-clang-modules-once -clang-build-session-file /Users/admin/builder/spi-builder-workspace/.derivedData/ModuleCache.noindex/Session.modulevalidation -Xcc -fmodules-prune-interval\=86400 -Xcc -fmodules-prune-after\=345600 -emit-const-values -const-gather-protocols-list /Users/admin/builder/spi-builder-workspace/.derivedData/Build/Intermediates.noindex/SKCore.build/Debug-watchos/SKCore-t.build/Objects-normal/arm64_32/SKCore_const_extract_protocols.json -Xcc -I/Users/admin/builder/spi-builder-workspace/.derivedData/Build/Products/Debug-watchos/include -Xcc -I/Users/admin/builder/spi-builder-workspace/.derivedData/Build/Intermediates.noindex/SKCore.build/Debug-watchos/SKCore-t.build/DerivedSources-normal/arm64_32 -Xcc -I/Users/admin/builder/spi-builder-workspace/.derivedData/Build/Intermediates.noindex/SKCore.build/Debug-watchos/SKCore-t.build/DerivedSources/arm64_32 -Xcc -I/Users/admin/builder/spi-builder-workspace/.derivedData/Build/Intermediates.noindex/SKCore.build/Debug-watchos/SKCore-t.build/DerivedSources -Xcc -DSWIFT_PACKAGE -Xcc -DDEBUG\=1 -emit-objc-header -emit-objc-header-path /Users/admin/builder/spi-builder-workspace/.derivedData/Build/Intermediates.noindex/SKCore.build/Debug-watchos/SKCore-t.build/Objects-normal/arm64_32/SKCore-Swift.h -working-directory /Users/admin/builder/spi-builder-workspace/.swiftpm/xcode -experimental-emit-module-separately -disable-cmo
Ld /Users/admin/builder/spi-builder-workspace/.derivedData/Build/Intermediates.noindex/SKCore.build/Debug-watchos/SKCore-t.build/Objects-normal/arm64_32/Binary/SKCore.o normal arm64_32 (in target 'SKCore' from project 'SKCore')
cd /Users/admin/builder/spi-builder-workspace/.dependencies/checkouts/SKCore
/Applications/Xcode-27.0.0-Release.Candidate.app/Contents/Developer/Toolchains/XcodeDefault.xctoolchain/usr/bin/clang -Xlinker -reproducible -target arm64_32-apple-watchos9.0 -r -isysroot /Applications/Xcode-27.0.0-Release.Candidate.app/Contents/Developer/Platforms/WatchOS.platform/Developer/SDKs/WatchOS27.0.sdk -O0 -w -Xlinker -no_warn_duplicate_libraries -F/Users/admin/builder/spi-builder-workspace/.derivedData/Build/Intermediates.noindex/EagerLinkingTBDs/Debug-watchos -F/Users/admin/builder/spi-builder-workspace/.derivedData/Build/Products/Debug-watchos -iframework /Applications/Xcode-27.0.0-Release.Candidate.app/Contents/Developer/Platforms/WatchOS.platform/Developer/Library/Frameworks -iframework /Applications/Xcode-27.0.0-Release.Candidate.app/Contents/Developer/Platforms/WatchOS.platform/Developer/SDKs/WatchOS27.0.sdk/Developer/Library/Frameworks -filelist /Users/admin/builder/spi-builder-workspace/.derivedData/Build/Intermediates.noindex/SKCore.build/Debug-watchos/SKCore-t.build/Objects-normal/arm64_32/SKCore.LinkFileList -nostdlib -Xlinker -object_path_lto -Xlinker /Users/admin/builder/spi-builder-workspace/.derivedData/Build/Intermediates.noindex/SKCore.build/Debug-watchos/SKCore-t.build/Objects-normal/arm64_32/SKCore_lto.o -Xlinker -no_deduplicate -Xlinker -dependency_info -Xlinker /Users/admin/builder/spi-builder-workspace/.derivedData/Build/Intermediates.noindex/SKCore.build/Debug-watchos/SKCore-t.build/Objects-normal/arm64_32/SKCore_dependency_info.dat -fobjc-link-runtime -L/Applications/Xcode-27.0.0-Release.Candidate.app/Contents/Developer/Toolchains/XcodeDefault.xctoolchain/usr/lib/swift/watchos -L/usr/lib/swift -Xlinker -add_ast_path -Xlinker /Users/admin/builder/spi-builder-workspace/.derivedData/Build/Intermediates.noindex/SKCore.build/Debug-watchos/SKCore-t.build/Objects-normal/arm64_32/SKCore.swiftmodule -o /Users/admin/builder/spi-builder-workspace/.derivedData/Build/Intermediates.noindex/SKCore.build/Debug-watchos/SKCore-t.build/Objects-normal/arm64_32/Binary/SKCore.o
SwiftDriverJobDiscovery normal arm64_32 Compiling Endpoint.swift (in target 'SKWebAPI' from project 'SKWebAPI')
SwiftDriver\ Compilation SKCore normal arm64 com.apple.xcode.tools.swift.compiler (in target 'SKCore' from project 'SKCore')
cd /Users/admin/builder/spi-builder-workspace/.swiftpm/xcode
builtin-Swift-Compilation -- /Applications/Xcode-27.0.0-Release.Candidate.app/Contents/Developer/Toolchains/XcodeDefault.xctoolchain/usr/bin/swiftc -parse-as-library -module-name SKCore -Onone @/Users/admin/builder/spi-builder-workspace/.derivedData/Build/Intermediates.noindex/SKCore.build/Debug-watchos/SKCore-t.build/Objects-normal/arm64/SKCore.SwiftFileList -DSWIFT_PACKAGE -DDEBUG -DSWIFT_MODULE_RESOURCE_BUNDLE_UNAVAILABLE -DXcode -plugin-path /Applications/Xcode-27.0.0-Release.Candidate.app/Contents/Developer/Toolchains/XcodeDefault.xctoolchain/usr/lib/swift/host/plugins/testing -enable-experimental-feature DebugDescriptionMacro -sdk /Applications/Xcode-27.0.0-Release.Candidate.app/Contents/Developer/Platforms/WatchOS.platform/Developer/SDKs/WatchOS27.0.sdk -target arm64-apple-watchos9.0 -g -module-cache-path /Users/admin/builder/spi-builder-workspace/.derivedData/ModuleCache.noindex -Xfrontend -serialize-debugging-options -enable-testing -suppress-warnings -index-store-path /Users/admin/builder/spi-builder-workspace/.derivedData/Index.noindex/DataStore -Xcc -D_LIBCPP_HARDENING_MODE\=_LIBCPP_HARDENING_MODE_DEBUG -swift-version 4 -I /Users/admin/builder/spi-builder-workspace/.derivedData/Build/Products/Debug-watchos -Isystem /Applications/Xcode-27.0.0-Release.Candidate.app/Contents/Developer/Platforms/WatchOS.platform/Developer/usr/lib -F /Users/admin/builder/spi-builder-workspace/.derivedData/Build/Products/Debug-watchos -F /Applications/Xcode-27.0.0-Release.Candidate.app/Contents/Developer/Platforms/WatchOS.platform/Developer/Library/Frameworks -F /Applications/Xcode-27.0.0-Release.Candidate.app/Contents/Developer/Platforms/WatchOS.platform/Developer/SDKs/WatchOS27.0.sdk/Developer/Library/Frameworks -c -j10 -enable-batch-mode -incremental -Xcc -ivfsstatcache -Xcc /Users/admin/builder/spi-builder-workspace/.derivedData/SDKStatCaches.noindex/watchos27.0-24R360-e829b21a6f8c9b70876ba0858053c04477534ef55a1706bf4c1112bbb242f0a2.sdkstatcache -output-file-map /Users/admin/builder/spi-builder-workspace/.derivedData/Build/Intermediates.noindex/SKCore.build/Debug-watchos/SKCore-t.build/Objects-normal/arm64/SKCore-OutputFileMap.json -save-temps -no-color-diagnostics -emit-dependencies -emit-module -emit-module-path /Users/admin/builder/spi-builder-workspace/.derivedData/Build/Intermediates.noindex/SKCore.build/Debug-watchos/SKCore-t.build/Objects-normal/arm64/SKCore.swiftmodule -serialize-diagnostics -validate-clang-modules-once -clang-build-session-file /Users/admin/builder/spi-builder-workspace/.derivedData/ModuleCache.noindex/Session.modulevalidation -Xcc -fmodules-prune-interval\=86400 -Xcc -fmodules-prune-after\=345600 -emit-const-values -const-gather-protocols-list /Users/admin/builder/spi-builder-workspace/.derivedData/Build/Intermediates.noindex/SKCore.build/Debug-watchos/SKCore-t.build/Objects-normal/arm64/SKCore_const_extract_protocols.json -Xcc -I/Users/admin/builder/spi-builder-workspace/.derivedData/Build/Products/Debug-watchos/include -Xcc -I/Users/admin/builder/spi-builder-workspace/.derivedData/Build/Intermediates.noindex/SKCore.build/Debug-watchos/SKCore-t.build/DerivedSources-normal/arm64 -Xcc -I/Users/admin/builder/spi-builder-workspace/.derivedData/Build/Intermediates.noindex/SKCore.build/Debug-watchos/SKCore-t.build/DerivedSources/arm64 -Xcc -I/Users/admin/builder/spi-builder-workspace/.derivedData/Build/Intermediates.noindex/SKCore.build/Debug-watchos/SKCore-t.build/DerivedSources -Xcc -DSWIFT_PACKAGE -Xcc -DDEBUG\=1 -emit-objc-header -emit-objc-header-path /Users/admin/builder/spi-builder-workspace/.derivedData/Build/Intermediates.noindex/SKCore.build/Debug-watchos/SKCore-t.build/Objects-normal/arm64/SKCore-Swift.h -working-directory /Users/admin/builder/spi-builder-workspace/.swiftpm/xcode -experimental-emit-module-separately -disable-cmo
SwiftDriverJobDiscovery normal arm64 Emitting module for SKWebAPI (in target 'SKWebAPI' from project 'SKWebAPI')
SwiftDriver\ Compilation\ Requirements SKWebAPI normal arm64 com.apple.xcode.tools.swift.compiler (in target 'SKWebAPI' from project 'SKWebAPI')
cd /Users/admin/builder/spi-builder-workspace/.swiftpm/xcode
builtin-Swift-Compilation-Requirements -- /Applications/Xcode-27.0.0-Release.Candidate.app/Contents/Developer/Toolchains/XcodeDefault.xctoolchain/usr/bin/swiftc -parse-as-library -module-name SKWebAPI -Onone @/Users/admin/builder/spi-builder-workspace/.derivedData/Build/Intermediates.noindex/SKWebAPI.build/Debug-watchos/SKWebAPI-t.build/Objects-normal/arm64/SKWebAPI.SwiftFileList -DSWIFT_PACKAGE -DDEBUG -DSWIFT_MODULE_RESOURCE_BUNDLE_UNAVAILABLE -DXcode -plugin-path /Applications/Xcode-27.0.0-Release.Candidate.app/Contents/Developer/Toolchains/XcodeDefault.xctoolchain/usr/lib/swift/host/plugins/testing -enable-experimental-feature DebugDescriptionMacro -sdk /Applications/Xcode-27.0.0-Release.Candidate.app/Contents/Developer/Platforms/WatchOS.platform/Developer/SDKs/WatchOS27.0.sdk -target arm64-apple-watchos9.0 -g -module-cache-path /Users/admin/builder/spi-builder-workspace/.derivedData/ModuleCache.noindex -Xfrontend -serialize-debugging-options -enable-testing -suppress-warnings -index-store-path /Users/admin/builder/spi-builder-workspace/.derivedData/Index.noindex/DataStore -Xcc -D_LIBCPP_HARDENING_MODE\=_LIBCPP_HARDENING_MODE_DEBUG -swift-version 4 -I /Users/admin/builder/spi-builder-workspace/.derivedData/Build/Products/Debug-watchos -Isystem /Applications/Xcode-27.0.0-Release.Candidate.app/Contents/Developer/Platforms/WatchOS.platform/Developer/usr/lib -F /Users/admin/builder/spi-builder-workspace/.derivedData/Build/Products/Debug-watchos/PackageFrameworks -F /Users/admin/builder/spi-builder-workspace/.derivedData/Build/Products/Debug-watchos -F /Applications/Xcode-27.0.0-Release.Candidate.app/Contents/Developer/Platforms/WatchOS.platform/Developer/Library/Frameworks -F /Applications/Xcode-27.0.0-Release.Candidate.app/Contents/Developer/Platforms/WatchOS.platform/Developer/SDKs/WatchOS27.0.sdk/Developer/Library/Frameworks -c -j10 -enable-batch-mode -incremental -Xcc -ivfsstatcache -Xcc /Users/admin/builder/spi-builder-workspace/.derivedData/SDKStatCaches.noindex/watchos27.0-24R360-e829b21a6f8c9b70876ba0858053c04477534ef55a1706bf4c1112bbb242f0a2.sdkstatcache -output-file-map /Users/admin/builder/spi-builder-workspace/.derivedData/Build/Intermediates.noindex/SKWebAPI.build/Debug-watchos/SKWebAPI-t.build/Objects-normal/arm64/SKWebAPI-OutputFileMap.json -save-temps -no-color-diagnostics -emit-dependencies -emit-module -emit-module-path /Users/admin/builder/spi-builder-workspace/.derivedData/Build/Intermediates.noindex/SKWebAPI.build/Debug-watchos/SKWebAPI-t.build/Objects-normal/arm64/SKWebAPI.swiftmodule -serialize-diagnostics -validate-clang-modules-once -clang-build-session-file /Users/admin/builder/spi-builder-workspace/.derivedData/ModuleCache.noindex/Session.modulevalidation -Xcc -fmodules-prune-interval\=86400 -Xcc -fmodules-prune-after\=345600 -emit-const-values -const-gather-protocols-list /Users/admin/builder/spi-builder-workspace/.derivedData/Build/Intermediates.noindex/SKWebAPI.build/Debug-watchos/SKWebAPI-t.build/Objects-normal/arm64/SKWebAPI_const_extract_protocols.json -Xcc -I/Users/admin/builder/spi-builder-workspace/.derivedData/Build/Products/Debug-watchos/include -Xcc -I/Users/admin/builder/spi-builder-workspace/.derivedData/Build/Intermediates.noindex/SKWebAPI.build/Debug-watchos/SKWebAPI-t.build/DerivedSources-normal/arm64 -Xcc -I/Users/admin/builder/spi-builder-workspace/.derivedData/Build/Intermediates.noindex/SKWebAPI.build/Debug-watchos/SKWebAPI-t.build/DerivedSources/arm64 -Xcc -I/Users/admin/builder/spi-builder-workspace/.derivedData/Build/Intermediates.noindex/SKWebAPI.build/Debug-watchos/SKWebAPI-t.build/DerivedSources -Xcc -DSWIFT_PACKAGE -Xcc -DDEBUG\=1 -emit-objc-header -emit-objc-header-path /Users/admin/builder/spi-builder-workspace/.derivedData/Build/Intermediates.noindex/SKWebAPI.build/Debug-watchos/SKWebAPI-t.build/Objects-normal/arm64/SKWebAPI-Swift.h -working-directory /Users/admin/builder/spi-builder-workspace/.swiftpm/xcode -experimental-emit-module-separately -disable-cmo
Ld /Users/admin/builder/spi-builder-workspace/.derivedData/Build/Intermediates.noindex/SKCore.build/Debug-watchos/SKCore-t.build/Objects-normal/arm64/Binary/SKCore.o normal arm64 (in target 'SKCore' from project 'SKCore')
cd /Users/admin/builder/spi-builder-workspace/.dependencies/checkouts/SKCore
/Applications/Xcode-27.0.0-Release.Candidate.app/Contents/Developer/Toolchains/XcodeDefault.xctoolchain/usr/bin/clang -Xlinker -reproducible -target arm64-apple-watchos9.0 -r -isysroot /Applications/Xcode-27.0.0-Release.Candidate.app/Contents/Developer/Platforms/WatchOS.platform/Developer/SDKs/WatchOS27.0.sdk -O0 -w -Xlinker -no_warn_duplicate_libraries -F/Users/admin/builder/spi-builder-workspace/.derivedData/Build/Intermediates.noindex/EagerLinkingTBDs/Debug-watchos -F/Users/admin/builder/spi-builder-workspace/.derivedData/Build/Products/Debug-watchos -iframework /Applications/Xcode-27.0.0-Release.Candidate.app/Contents/Developer/Platforms/WatchOS.platform/Developer/Library/Frameworks -iframework /Applications/Xcode-27.0.0-Release.Candidate.app/Contents/Developer/Platforms/WatchOS.platform/Developer/SDKs/WatchOS27.0.sdk/Developer/Library/Frameworks -filelist /Users/admin/builder/spi-builder-workspace/.derivedData/Build/Intermediates.noindex/SKCore.build/Debug-watchos/SKCore-t.build/Objects-normal/arm64/SKCore.LinkFileList -nostdlib -Xlinker -object_path_lto -Xlinker /Users/admin/builder/spi-builder-workspace/.derivedData/Build/Intermediates.noindex/SKCore.build/Debug-watchos/SKCore-t.build/Objects-normal/arm64/SKCore_lto.o -Xlinker -no_deduplicate -Xlinker -dependency_info -Xlinker /Users/admin/builder/spi-builder-workspace/.derivedData/Build/Intermediates.noindex/SKCore.build/Debug-watchos/SKCore-t.build/Objects-normal/arm64/SKCore_dependency_info.dat -fobjc-link-runtime -L/Applications/Xcode-27.0.0-Release.Candidate.app/Contents/Developer/Toolchains/XcodeDefault.xctoolchain/usr/lib/swift/watchos -L/usr/lib/swift -Xlinker -add_ast_path -Xlinker /Users/admin/builder/spi-builder-workspace/.derivedData/Build/Intermediates.noindex/SKCore.build/Debug-watchos/SKCore-t.build/Objects-normal/arm64/SKCore.swiftmodule -o /Users/admin/builder/spi-builder-workspace/.derivedData/Build/Intermediates.noindex/SKCore.build/Debug-watchos/SKCore-t.build/Objects-normal/arm64/Binary/SKCore.o
Copy /Users/admin/builder/spi-builder-workspace/.derivedData/Build/Products/Debug-watchos/SKWebAPI.swiftmodule/arm64-apple-watchos.swiftmodule /Users/admin/builder/spi-builder-workspace/.derivedData/Build/Intermediates.noindex/SKWebAPI.build/Debug-watchos/SKWebAPI-t.build/Objects-normal/arm64/SKWebAPI.swiftmodule (in target 'SKWebAPI' from project 'SKWebAPI')
cd /Users/admin/builder/spi-builder-workspace/.dependencies/checkouts/SKWebAPI
builtin-copy -exclude .DS_Store -exclude CVS -exclude .svn -exclude .git -exclude .hg -resolve-src-symlinks -rename /Users/admin/builder/spi-builder-workspace/.derivedData/Build/Intermediates.noindex/SKWebAPI.build/Debug-watchos/SKWebAPI-t.build/Objects-normal/arm64/SKWebAPI.swiftmodule /Users/admin/builder/spi-builder-workspace/.derivedData/Build/Products/Debug-watchos/SKWebAPI.swiftmodule/arm64-apple-watchos.swiftmodule
Copy /Users/admin/builder/spi-builder-workspace/.derivedData/Build/Products/Debug-watchos/SKWebAPI.swiftmodule/arm64-apple-watchos.swiftdoc /Users/admin/builder/spi-builder-workspace/.derivedData/Build/Intermediates.noindex/SKWebAPI.build/Debug-watchos/SKWebAPI-t.build/Objects-normal/arm64/SKWebAPI.swiftdoc (in target 'SKWebAPI' from project 'SKWebAPI')
cd /Users/admin/builder/spi-builder-workspace/.dependencies/checkouts/SKWebAPI
builtin-copy -exclude .DS_Store -exclude CVS -exclude .svn -exclude .git -exclude .hg -resolve-src-symlinks -rename /Users/admin/builder/spi-builder-workspace/.derivedData/Build/Intermediates.noindex/SKWebAPI.build/Debug-watchos/SKWebAPI-t.build/Objects-normal/arm64/SKWebAPI.swiftdoc /Users/admin/builder/spi-builder-workspace/.derivedData/Build/Products/Debug-watchos/SKWebAPI.swiftmodule/arm64-apple-watchos.swiftdoc
SwiftDriverJobDiscovery normal arm64_32 Emitting module for SKWebAPI (in target 'SKWebAPI' from project 'SKWebAPI')
Copy /Users/admin/builder/spi-builder-workspace/.derivedData/Build/Products/Debug-watchos/SKWebAPI.swiftmodule/arm64-apple-watchos.abi.json /Users/admin/builder/spi-builder-workspace/.derivedData/Build/Intermediates.noindex/SKWebAPI.build/Debug-watchos/SKWebAPI-t.build/Objects-normal/arm64/SKWebAPI.abi.json (in target 'SKWebAPI' from project 'SKWebAPI')
cd /Users/admin/builder/spi-builder-workspace/.dependencies/checkouts/SKWebAPI
builtin-copy -exclude .DS_Store -exclude CVS -exclude .svn -exclude .git -exclude .hg -resolve-src-symlinks -rename /Users/admin/builder/spi-builder-workspace/.derivedData/Build/Intermediates.noindex/SKWebAPI.build/Debug-watchos/SKWebAPI-t.build/Objects-normal/arm64/SKWebAPI.abi.json /Users/admin/builder/spi-builder-workspace/.derivedData/Build/Products/Debug-watchos/SKWebAPI.swiftmodule/arm64-apple-watchos.abi.json
SwiftDriver\ Compilation\ Requirements SKWebAPI normal arm64_32 com.apple.xcode.tools.swift.compiler (in target 'SKWebAPI' from project 'SKWebAPI')
cd /Users/admin/builder/spi-builder-workspace/.swiftpm/xcode
builtin-Swift-Compilation-Requirements -- /Applications/Xcode-27.0.0-Release.Candidate.app/Contents/Developer/Toolchains/XcodeDefault.xctoolchain/usr/bin/swiftc -parse-as-library -module-name SKWebAPI -Onone @/Users/admin/builder/spi-builder-workspace/.derivedData/Build/Intermediates.noindex/SKWebAPI.build/Debug-watchos/SKWebAPI-t.build/Objects-normal/arm64_32/SKWebAPI.SwiftFileList -DSWIFT_PACKAGE -DDEBUG -DSWIFT_MODULE_RESOURCE_BUNDLE_UNAVAILABLE -DXcode -plugin-path /Applications/Xcode-27.0.0-Release.Candidate.app/Contents/Developer/Toolchains/XcodeDefault.xctoolchain/usr/lib/swift/host/plugins/testing -enable-experimental-feature DebugDescriptionMacro -sdk /Applications/Xcode-27.0.0-Release.Candidate.app/Contents/Developer/Platforms/WatchOS.platform/Developer/SDKs/WatchOS27.0.sdk -target arm64_32-apple-watchos9.0 -g -module-cache-path /Users/admin/builder/spi-builder-workspace/.derivedData/ModuleCache.noindex -Xfrontend -serialize-debugging-options -enable-testing -suppress-warnings -index-store-path /Users/admin/builder/spi-builder-workspace/.derivedData/Index.noindex/DataStore -Xcc -D_LIBCPP_HARDENING_MODE\=_LIBCPP_HARDENING_MODE_DEBUG -swift-version 4 -I /Users/admin/builder/spi-builder-workspace/.derivedData/Build/Products/Debug-watchos -Isystem /Applications/Xcode-27.0.0-Release.Candidate.app/Contents/Developer/Platforms/WatchOS.platform/Developer/usr/lib -F /Users/admin/builder/spi-builder-workspace/.derivedData/Build/Products/Debug-watchos/PackageFrameworks -F /Users/admin/builder/spi-builder-workspace/.derivedData/Build/Products/Debug-watchos -F /Applications/Xcode-27.0.0-Release.Candidate.app/Contents/Developer/Platforms/WatchOS.platform/Developer/Library/Frameworks -F /Applications/Xcode-27.0.0-Release.Candidate.app/Contents/Developer/Platforms/WatchOS.platform/Developer/SDKs/WatchOS27.0.sdk/Developer/Library/Frameworks -c -j10 -enable-batch-mode -incremental -Xcc -ivfsstatcache -Xcc /Users/admin/builder/spi-builder-workspace/.derivedData/SDKStatCaches.noindex/watchos27.0-24R360-e829b21a6f8c9b70876ba0858053c04477534ef55a1706bf4c1112bbb242f0a2.sdkstatcache -output-file-map /Users/admin/builder/spi-builder-workspace/.derivedData/Build/Intermediates.noindex/SKWebAPI.build/Debug-watchos/SKWebAPI-t.build/Objects-normal/arm64_32/SKWebAPI-OutputFileMap.json -save-temps -no-color-diagnostics -emit-dependencies -emit-module -emit-module-path /Users/admin/builder/spi-builder-workspace/.derivedData/Build/Intermediates.noindex/SKWebAPI.build/Debug-watchos/SKWebAPI-t.build/Objects-normal/arm64_32/SKWebAPI.swiftmodule -serialize-diagnostics -validate-clang-modules-once -clang-build-session-file /Users/admin/builder/spi-builder-workspace/.derivedData/ModuleCache.noindex/Session.modulevalidation -Xcc -fmodules-prune-interval\=86400 -Xcc -fmodules-prune-after\=345600 -emit-const-values -const-gather-protocols-list /Users/admin/builder/spi-builder-workspace/.derivedData/Build/Intermediates.noindex/SKWebAPI.build/Debug-watchos/SKWebAPI-t.build/Objects-normal/arm64_32/SKWebAPI_const_extract_protocols.json -Xcc -I/Users/admin/builder/spi-builder-workspace/.derivedData/Build/Products/Debug-watchos/include -Xcc -I/Users/admin/builder/spi-builder-workspace/.derivedData/Build/Intermediates.noindex/SKWebAPI.build/Debug-watchos/SKWebAPI-t.build/DerivedSources-normal/arm64_32 -Xcc -I/Users/admin/builder/spi-builder-workspace/.derivedData/Build/Intermediates.noindex/SKWebAPI.build/Debug-watchos/SKWebAPI-t.build/DerivedSources/arm64_32 -Xcc -I/Users/admin/builder/spi-builder-workspace/.derivedData/Build/Intermediates.noindex/SKWebAPI.build/Debug-watchos/SKWebAPI-t.build/DerivedSources -Xcc -DSWIFT_PACKAGE -Xcc -DDEBUG\=1 -emit-objc-header -emit-objc-header-path /Users/admin/builder/spi-builder-workspace/.derivedData/Build/Intermediates.noindex/SKWebAPI.build/Debug-watchos/SKWebAPI-t.build/Objects-normal/arm64_32/SKWebAPI-Swift.h -working-directory /Users/admin/builder/spi-builder-workspace/.swiftpm/xcode -experimental-emit-module-separately -disable-cmo
Copy /Users/admin/builder/spi-builder-workspace/.derivedData/Build/Products/Debug-watchos/SKWebAPI.swiftmodule/Project/arm64-apple-watchos.swiftsourceinfo /Users/admin/builder/spi-builder-workspace/.derivedData/Build/Intermediates.noindex/SKWebAPI.build/Debug-watchos/SKWebAPI-t.build/Objects-normal/arm64/SKWebAPI.swiftsourceinfo (in target 'SKWebAPI' from project 'SKWebAPI')
cd /Users/admin/builder/spi-builder-workspace/.dependencies/checkouts/SKWebAPI
builtin-copy -exclude .DS_Store -exclude CVS -exclude .svn -exclude .git -exclude .hg -resolve-src-symlinks -rename /Users/admin/builder/spi-builder-workspace/.derivedData/Build/Intermediates.noindex/SKWebAPI.build/Debug-watchos/SKWebAPI-t.build/Objects-normal/arm64/SKWebAPI.swiftsourceinfo /Users/admin/builder/spi-builder-workspace/.derivedData/Build/Products/Debug-watchos/SKWebAPI.swiftmodule/Project/arm64-apple-watchos.swiftsourceinfo
SwiftMergeGeneratedHeaders /Users/admin/builder/spi-builder-workspace/.derivedData/Build/Intermediates.noindex/GeneratedModuleMaps-watchos/SKWebAPI-Swift.h /Users/admin/builder/spi-builder-workspace/.derivedData/Build/Intermediates.noindex/SKWebAPI.build/Debug-watchos/SKWebAPI-t.build/Objects-normal/arm64/SKWebAPI-Swift.h /Users/admin/builder/spi-builder-workspace/.derivedData/Build/Intermediates.noindex/SKWebAPI.build/Debug-watchos/SKWebAPI-t.build/Objects-normal/arm64_32/SKWebAPI-Swift.h (in target 'SKWebAPI' from project 'SKWebAPI')
cd /Users/admin/builder/spi-builder-workspace/.dependencies/checkouts/SKWebAPI
builtin-swiftHeaderTool -arch arm64 /Users/admin/builder/spi-builder-workspace/.derivedData/Build/Intermediates.noindex/SKWebAPI.build/Debug-watchos/SKWebAPI-t.build/Objects-normal/arm64/SKWebAPI-Swift.h -arch arm64_32 /Users/admin/builder/spi-builder-workspace/.derivedData/Build/Intermediates.noindex/SKWebAPI.build/Debug-watchos/SKWebAPI-t.build/Objects-normal/arm64_32/SKWebAPI-Swift.h -o /Users/admin/builder/spi-builder-workspace/.derivedData/Build/Intermediates.noindex/GeneratedModuleMaps-watchos/SKWebAPI-Swift.h
Copy /Users/admin/builder/spi-builder-workspace/.derivedData/Build/Products/Debug-watchos/SKWebAPI.swiftmodule/arm64_32-apple-watchos.swiftmodule /Users/admin/builder/spi-builder-workspace/.derivedData/Build/Intermediates.noindex/SKWebAPI.build/Debug-watchos/SKWebAPI-t.build/Objects-normal/arm64_32/SKWebAPI.swiftmodule (in target 'SKWebAPI' from project 'SKWebAPI')
cd /Users/admin/builder/spi-builder-workspace/.dependencies/checkouts/SKWebAPI
builtin-copy -exclude .DS_Store -exclude CVS -exclude .svn -exclude .git -exclude .hg -resolve-src-symlinks -rename /Users/admin/builder/spi-builder-workspace/.derivedData/Build/Intermediates.noindex/SKWebAPI.build/Debug-watchos/SKWebAPI-t.build/Objects-normal/arm64_32/SKWebAPI.swiftmodule /Users/admin/builder/spi-builder-workspace/.derivedData/Build/Products/Debug-watchos/SKWebAPI.swiftmodule/arm64_32-apple-watchos.swiftmodule
Copy /Users/admin/builder/spi-builder-workspace/.derivedData/Build/Products/Debug-watchos/SKWebAPI.swiftmodule/arm64_32-apple-watchos.swiftdoc /Users/admin/builder/spi-builder-workspace/.derivedData/Build/Intermediates.noindex/SKWebAPI.build/Debug-watchos/SKWebAPI-t.build/Objects-normal/arm64_32/SKWebAPI.swiftdoc (in target 'SKWebAPI' from project 'SKWebAPI')
cd /Users/admin/builder/spi-builder-workspace/.dependencies/checkouts/SKWebAPI
builtin-copy -exclude .DS_Store -exclude CVS -exclude .svn -exclude .git -exclude .hg -resolve-src-symlinks -rename /Users/admin/builder/spi-builder-workspace/.derivedData/Build/Intermediates.noindex/SKWebAPI.build/Debug-watchos/SKWebAPI-t.build/Objects-normal/arm64_32/SKWebAPI.swiftdoc /Users/admin/builder/spi-builder-workspace/.derivedData/Build/Products/Debug-watchos/SKWebAPI.swiftmodule/arm64_32-apple-watchos.swiftdoc
Copy /Users/admin/builder/spi-builder-workspace/.derivedData/Build/Products/Debug-watchos/SKWebAPI.swiftmodule/arm64_32-apple-watchos.abi.json /Users/admin/builder/spi-builder-workspace/.derivedData/Build/Intermediates.noindex/SKWebAPI.build/Debug-watchos/SKWebAPI-t.build/Objects-normal/arm64_32/SKWebAPI.abi.json (in target 'SKWebAPI' from project 'SKWebAPI')
cd /Users/admin/builder/spi-builder-workspace/.dependencies/checkouts/SKWebAPI
builtin-copy -exclude .DS_Store -exclude CVS -exclude .svn -exclude .git -exclude .hg -resolve-src-symlinks -rename /Users/admin/builder/spi-builder-workspace/.derivedData/Build/Intermediates.noindex/SKWebAPI.build/Debug-watchos/SKWebAPI-t.build/Objects-normal/arm64_32/SKWebAPI.abi.json /Users/admin/builder/spi-builder-workspace/.derivedData/Build/Products/Debug-watchos/SKWebAPI.swiftmodule/arm64_32-apple-watchos.abi.json
Copy /Users/admin/builder/spi-builder-workspace/.derivedData/Build/Products/Debug-watchos/SKWebAPI.swiftmodule/Project/arm64_32-apple-watchos.swiftsourceinfo /Users/admin/builder/spi-builder-workspace/.derivedData/Build/Intermediates.noindex/SKWebAPI.build/Debug-watchos/SKWebAPI-t.build/Objects-normal/arm64_32/SKWebAPI.swiftsourceinfo (in target 'SKWebAPI' from project 'SKWebAPI')
cd /Users/admin/builder/spi-builder-workspace/.dependencies/checkouts/SKWebAPI
builtin-copy -exclude .DS_Store -exclude CVS -exclude .svn -exclude .git -exclude .hg -resolve-src-symlinks -rename /Users/admin/builder/spi-builder-workspace/.derivedData/Build/Intermediates.noindex/SKWebAPI.build/Debug-watchos/SKWebAPI-t.build/Objects-normal/arm64_32/SKWebAPI.swiftsourceinfo /Users/admin/builder/spi-builder-workspace/.derivedData/Build/Products/Debug-watchos/SKWebAPI.swiftmodule/Project/arm64_32-apple-watchos.swiftsourceinfo
SwiftDriver SKRTMAPI normal arm64_32 com.apple.xcode.tools.swift.compiler (in target 'SKRTMAPI' from project 'SKRTMAPI')
cd /Users/admin/builder/spi-builder-workspace/.swiftpm/xcode
builtin-SwiftDriver -- /Applications/Xcode-27.0.0-Release.Candidate.app/Contents/Developer/Toolchains/XcodeDefault.xctoolchain/usr/bin/swiftc -parse-as-library -module-name SKRTMAPI -Onone @/Users/admin/builder/spi-builder-workspace/.derivedData/Build/Intermediates.noindex/SKRTMAPI.build/Debug-watchos/SKRTMAPI-t.build/Objects-normal/arm64_32/SKRTMAPI.SwiftFileList -DSWIFT_PACKAGE -DDEBUG -DSWIFT_MODULE_RESOURCE_BUNDLE_UNAVAILABLE -DXcode -plugin-path /Applications/Xcode-27.0.0-Release.Candidate.app/Contents/Developer/Toolchains/XcodeDefault.xctoolchain/usr/lib/swift/host/plugins/testing -enable-experimental-feature DebugDescriptionMacro -sdk /Applications/Xcode-27.0.0-Release.Candidate.app/Contents/Developer/Platforms/WatchOS.platform/Developer/SDKs/WatchOS27.0.sdk -target arm64_32-apple-watchos9.0 -g -module-cache-path /Users/admin/builder/spi-builder-workspace/.derivedData/ModuleCache.noindex -Xfrontend -serialize-debugging-options -enable-testing -index-store-path /Users/admin/builder/spi-builder-workspace/.derivedData/Index.noindex/DataStore -Xcc -D_LIBCPP_HARDENING_MODE\=_LIBCPP_HARDENING_MODE_DEBUG -swift-version 4 -I /Users/admin/builder/spi-builder-workspace/.derivedData/Build/Products/Debug-watchos -Isystem /Applications/Xcode-27.0.0-Release.Candidate.app/Contents/Developer/Platforms/WatchOS.platform/Developer/usr/lib -F /Users/admin/builder/spi-builder-workspace/.derivedData/Build/Products/Debug-watchos/PackageFrameworks -F /Users/admin/builder/spi-builder-workspace/.derivedData/Build/Products/Debug-watchos -F /Applications/Xcode-27.0.0-Release.Candidate.app/Contents/Developer/Platforms/WatchOS.platform/Developer/Library/Frameworks -F /Applications/Xcode-27.0.0-Release.Candidate.app/Contents/Developer/Platforms/WatchOS.platform/Developer/SDKs/WatchOS27.0.sdk/Developer/Library/Frameworks -c -j10 -enable-batch-mode -incremental -Xcc -ivfsstatcache -Xcc /Users/admin/builder/spi-builder-workspace/.derivedData/SDKStatCaches.noindex/watchos27.0-24R360-e829b21a6f8c9b70876ba0858053c04477534ef55a1706bf4c1112bbb242f0a2.sdkstatcache -output-file-map /Users/admin/builder/spi-builder-workspace/.derivedData/Build/Intermediates.noindex/SKRTMAPI.build/Debug-watchos/SKRTMAPI-t.build/Objects-normal/arm64_32/SKRTMAPI-OutputFileMap.json -save-temps -no-color-diagnostics -emit-dependencies -emit-module -emit-module-path /Users/admin/builder/spi-builder-workspace/.derivedData/Build/Intermediates.noindex/SKRTMAPI.build/Debug-watchos/SKRTMAPI-t.build/Objects-normal/arm64_32/SKRTMAPI.swiftmodule -serialize-diagnostics -validate-clang-modules-once -clang-build-session-file /Users/admin/builder/spi-builder-workspace/.derivedData/ModuleCache.noindex/Session.modulevalidation -Xcc -fmodules-prune-interval\=86400 -Xcc -fmodules-prune-after\=345600 -emit-const-values -const-gather-protocols-list /Users/admin/builder/spi-builder-workspace/.derivedData/Build/Intermediates.noindex/SKRTMAPI.build/Debug-watchos/SKRTMAPI-t.build/Objects-normal/arm64_32/SKRTMAPI_const_extract_protocols.json -Xcc -I/Users/admin/builder/spi-builder-workspace/.derivedData/Build/Products/Debug-watchos/include -Xcc -I/Users/admin/builder/spi-builder-workspace/.derivedData/Build/Intermediates.noindex/SKRTMAPI.build/Debug-watchos/SKRTMAPI-t.build/DerivedSources-normal/arm64_32 -Xcc -I/Users/admin/builder/spi-builder-workspace/.derivedData/Build/Intermediates.noindex/SKRTMAPI.build/Debug-watchos/SKRTMAPI-t.build/DerivedSources/arm64_32 -Xcc -I/Users/admin/builder/spi-builder-workspace/.derivedData/Build/Intermediates.noindex/SKRTMAPI.build/Debug-watchos/SKRTMAPI-t.build/DerivedSources -Xcc -DSWIFT_PACKAGE -Xcc -DDEBUG\=1 -emit-objc-header -emit-objc-header-path /Users/admin/builder/spi-builder-workspace/.derivedData/Build/Intermediates.noindex/SKRTMAPI.build/Debug-watchos/SKRTMAPI-t.build/Objects-normal/arm64_32/SKRTMAPI-Swift.h -working-directory /Users/admin/builder/spi-builder-workspace/.swiftpm/xcode -experimental-emit-module-separately -disable-cmo
SwiftDriver SKRTMAPI normal arm64 com.apple.xcode.tools.swift.compiler (in target 'SKRTMAPI' from project 'SKRTMAPI')
cd /Users/admin/builder/spi-builder-workspace/.swiftpm/xcode
builtin-SwiftDriver -- /Applications/Xcode-27.0.0-Release.Candidate.app/Contents/Developer/Toolchains/XcodeDefault.xctoolchain/usr/bin/swiftc -parse-as-library -module-name SKRTMAPI -Onone @/Users/admin/builder/spi-builder-workspace/.derivedData/Build/Intermediates.noindex/SKRTMAPI.build/Debug-watchos/SKRTMAPI-t.build/Objects-normal/arm64/SKRTMAPI.SwiftFileList -DSWIFT_PACKAGE -DDEBUG -DSWIFT_MODULE_RESOURCE_BUNDLE_UNAVAILABLE -DXcode -plugin-path /Applications/Xcode-27.0.0-Release.Candidate.app/Contents/Developer/Toolchains/XcodeDefault.xctoolchain/usr/lib/swift/host/plugins/testing -enable-experimental-feature DebugDescriptionMacro -sdk /Applications/Xcode-27.0.0-Release.Candidate.app/Contents/Developer/Platforms/WatchOS.platform/Developer/SDKs/WatchOS27.0.sdk -target arm64-apple-watchos9.0 -g -module-cache-path /Users/admin/builder/spi-builder-workspace/.derivedData/ModuleCache.noindex -Xfrontend -serialize-debugging-options -enable-testing -index-store-path /Users/admin/builder/spi-builder-workspace/.derivedData/Index.noindex/DataStore -Xcc -D_LIBCPP_HARDENING_MODE\=_LIBCPP_HARDENING_MODE_DEBUG -swift-version 4 -I /Users/admin/builder/spi-builder-workspace/.derivedData/Build/Products/Debug-watchos -Isystem /Applications/Xcode-27.0.0-Release.Candidate.app/Contents/Developer/Platforms/WatchOS.platform/Developer/usr/lib -F /Users/admin/builder/spi-builder-workspace/.derivedData/Build/Products/Debug-watchos/PackageFrameworks -F /Users/admin/builder/spi-builder-workspace/.derivedData/Build/Products/Debug-watchos -F /Applications/Xcode-27.0.0-Release.Candidate.app/Contents/Developer/Platforms/WatchOS.platform/Developer/Library/Frameworks -F /Applications/Xcode-27.0.0-Release.Candidate.app/Contents/Developer/Platforms/WatchOS.platform/Developer/SDKs/WatchOS27.0.sdk/Developer/Library/Frameworks -c -j10 -enable-batch-mode -incremental -Xcc -ivfsstatcache -Xcc /Users/admin/builder/spi-builder-workspace/.derivedData/SDKStatCaches.noindex/watchos27.0-24R360-e829b21a6f8c9b70876ba0858053c04477534ef55a1706bf4c1112bbb242f0a2.sdkstatcache -output-file-map /Users/admin/builder/spi-builder-workspace/.derivedData/Build/Intermediates.noindex/SKRTMAPI.build/Debug-watchos/SKRTMAPI-t.build/Objects-normal/arm64/SKRTMAPI-OutputFileMap.json -save-temps -no-color-diagnostics -emit-dependencies -emit-module -emit-module-path /Users/admin/builder/spi-builder-workspace/.derivedData/Build/Intermediates.noindex/SKRTMAPI.build/Debug-watchos/SKRTMAPI-t.build/Objects-normal/arm64/SKRTMAPI.swiftmodule -serialize-diagnostics -validate-clang-modules-once -clang-build-session-file /Users/admin/builder/spi-builder-workspace/.derivedData/ModuleCache.noindex/Session.modulevalidation -Xcc -fmodules-prune-interval\=86400 -Xcc -fmodules-prune-after\=345600 -emit-const-values -const-gather-protocols-list /Users/admin/builder/spi-builder-workspace/.derivedData/Build/Intermediates.noindex/SKRTMAPI.build/Debug-watchos/SKRTMAPI-t.build/Objects-normal/arm64/SKRTMAPI_const_extract_protocols.json -Xcc -I/Users/admin/builder/spi-builder-workspace/.derivedData/Build/Products/Debug-watchos/include -Xcc -I/Users/admin/builder/spi-builder-workspace/.derivedData/Build/Intermediates.noindex/SKRTMAPI.build/Debug-watchos/SKRTMAPI-t.build/DerivedSources-normal/arm64 -Xcc -I/Users/admin/builder/spi-builder-workspace/.derivedData/Build/Intermediates.noindex/SKRTMAPI.build/Debug-watchos/SKRTMAPI-t.build/DerivedSources/arm64 -Xcc -I/Users/admin/builder/spi-builder-workspace/.derivedData/Build/Intermediates.noindex/SKRTMAPI.build/Debug-watchos/SKRTMAPI-t.build/DerivedSources -Xcc -DSWIFT_PACKAGE -Xcc -DDEBUG\=1 -emit-objc-header -emit-objc-header-path /Users/admin/builder/spi-builder-workspace/.derivedData/Build/Intermediates.noindex/SKRTMAPI.build/Debug-watchos/SKRTMAPI-t.build/Objects-normal/arm64/SKRTMAPI-Swift.h -working-directory /Users/admin/builder/spi-builder-workspace/.swiftpm/xcode -experimental-emit-module-separately -disable-cmo
SwiftEmitModule normal arm64_32 Emitting\ module\ for\ SKRTMAPI (in target 'SKRTMAPI' from project 'SKRTMAPI')
SwiftCompile normal arm64_32 (in target 'SKRTMAPI' from project 'SKRTMAPI')
cd /Users/admin/builder/spi-builder-workspace/.swiftpm/xcode
SwiftCompile normal arm64_32 Compiling\ SKRTMAPI.swift /Users/admin/builder/spi-builder-workspace/Sources/SKRTMAPI/SKRTMAPI.swift (in target 'SKRTMAPI' from project 'SKRTMAPI')
/Users/admin/builder/spi-builder-workspace/Sources/SKRTMAPI/SKRTMAPI.swift:71:28: error: cannot find 'StarscreamRTM' in scope
69 | self.rtm = VaporEngineRTM()
70 | #else
71 | self.rtm = StarscreamRTM()
| `- error: cannot find 'StarscreamRTM' in scope
72 | #endif
73 | }
Failed frontend command:
/Applications/Xcode-27.0.0-Release.Candidate.app/Contents/Developer/Toolchains/XcodeDefault.xctoolchain/usr/bin/swift-frontend -frontend -c /Users/admin/builder/spi-builder-workspace/Sources/SKRTMAPI/Conformers/StarscreamRTM.swift /Users/admin/builder/spi-builder-workspace/Sources/SKRTMAPI/Conformers/VaporEngineRTM.swift -primary-file /Users/admin/builder/spi-builder-workspace/Sources/SKRTMAPI/SKRTMAPI.swift -emit-dependencies-path /Users/admin/builder/spi-builder-workspace/.derivedData/Build/Intermediates.noindex/SKRTMAPI.build/Debug-watchos/SKRTMAPI-t.build/Objects-normal/arm64_32/SKRTMAPI.d -emit-const-values-path /Users/admin/builder/spi-builder-workspace/.derivedData/Build/Intermediates.noindex/SKRTMAPI.build/Debug-watchos/SKRTMAPI-t.build/Objects-normal/arm64_32/SKRTMAPI.swiftconstvalues -emit-reference-dependencies-path /Users/admin/builder/spi-builder-workspace/.derivedData/Build/Intermediates.noindex/SKRTMAPI.build/Debug-watchos/SKRTMAPI-t.build/Objects-normal/arm64_32/SKRTMAPI.swiftdeps -serialize-diagnostics-path /Users/admin/builder/spi-builder-workspace/.derivedData/Build/Intermediates.noindex/SKRTMAPI.build/Debug-watchos/SKRTMAPI-t.build/Objects-normal/arm64_32/SKRTMAPI.dia -target arm64_32-apple-watchos9.0 -enable-objc-interop -sdk /Applications/Xcode-27.0.0-Release.Candidate.app/Contents/Developer/Platforms/WatchOS.platform/Developer/SDKs/WatchOS27.0.sdk -I /Users/admin/builder/spi-builder-workspace/.derivedData/Build/Products/Debug-watchos -Isystem /Applications/Xcode-27.0.0-Release.Candidate.app/Contents/Developer/Platforms/WatchOS.platform/Developer/usr/lib -F /Users/admin/builder/spi-builder-workspace/.derivedData/Build/Products/Debug-watchos/PackageFrameworks -F /Users/admin/builder/spi-builder-workspace/.derivedData/Build/Products/Debug-watchos -F /Applications/Xcode-27.0.0-Release.Candidate.app/Contents/Developer/Platforms/WatchOS.platform/Developer/Library/Frameworks -F /Applications/Xcode-27.0.0-Release.Candidate.app/Contents/Developer/Platforms/WatchOS.platform/Developer/SDKs/WatchOS27.0.sdk/Developer/Library/Frameworks -module-cache-path /Users/admin/builder/spi-builder-workspace/.derivedData/ModuleCache.noindex -no-color-diagnostics -Xcc -fno-color-diagnostics -enable-testing -g -debug-info-format\=dwarf -dwarf-version\=4 -swift-version 4 -Onone -D SWIFT_PACKAGE -D DEBUG -D SWIFT_MODULE_RESOURCE_BUNDLE_UNAVAILABLE -D Xcode -serialize-debugging-options -enable-experimental-feature DebugDescriptionMacro -empty-abi-descriptor -plugin-path /Applications/Xcode-27.0.0-Release.Candidate.app/Contents/Developer/Toolchains/XcodeDefault.xctoolchain/usr/lib/swift/host/plugins/testing -validate-clang-modules-once -clang-build-session-file /Users/admin/builder/spi-builder-workspace/.derivedData/ModuleCache.noindex/Session.modulevalidation -Xcc -working-directory -Xcc /Users/admin/builder/spi-builder-workspace/.swiftpm/xcode -enable-anonymous-context-mangled-names -file-compilation-dir /Users/admin/builder/spi-builder-workspace/.swiftpm/xcode -Xcc -D_LIBCPP_HARDENING_MODE\=_LIBCPP_HARDENING_MODE_DEBUG -Xcc -ivfsstatcache -Xcc /Users/admin/builder/spi-builder-workspace/.derivedData/SDKStatCaches.noindex/watchos27.0-24R360-e829b21a6f8c9b70876ba0858053c04477534ef55a1706bf4c1112bbb242f0a2.sdkstatcache -Xcc -fmodules-prune-interval\=86400 -Xcc -fmodules-prune-after\=345600 -Xcc -I/Users/admin/builder/spi-builder-workspace/.derivedData/Build/Products/Debug-watchos/include -Xcc -I/Users/admin/builder/spi-builder-workspace/.derivedData/Build/Intermediates.noindex/SKRTMAPI.build/Debug-watchos/SKRTMAPI-t.build/DerivedSources-normal/arm64_32 -Xcc -I/Users/admin/builder/spi-builder-workspace/.derivedData/Build/Intermediates.noindex/SKRTMAPI.build/Debug-watchos/SKRTMAPI-t.build/DerivedSources/arm64_32 -Xcc -I/Users/admin/builder/spi-builder-workspace/.derivedData/Build/Intermediates.noindex/SKRTMAPI.build/Debug-watchos/SKRTMAPI-t.build/DerivedSources -Xcc -DSWIFT_PACKAGE -Xcc -DDEBUG\=1 -no-auto-bridging-header-chaining -module-name SKRTMAPI -const-gather-protocols-file /Users/admin/builder/spi-builder-workspace/.derivedData/Build/Intermediates.noindex/SKRTMAPI.build/Debug-watchos/SKRTMAPI-t.build/Objects-normal/arm64_32/SKRTMAPI_const_extract_protocols.json -disable-clang-spi -target-sdk-version 27.0 -target-sdk-name watchos27.0 -external-plugin-path /Applications/Xcode-27.0.0-Release.Candidate.app/Contents/Developer/Platforms/WatchOS.platform/Developer/usr/lib/swift/host/plugins\#/Applications/Xcode-27.0.0-Release.Candidate.app/Contents/Developer/Platforms/WatchOS.platform/Developer/usr/bin/swift-plugin-server -external-plugin-path /Applications/Xcode-27.0.0-Release.Candidate.app/Contents/Developer/Platforms/WatchOS.platform/Developer/usr/local/lib/swift/host/plugins\#/Applications/Xcode-27.0.0-Release.Candidate.app/Contents/Developer/Platforms/WatchOS.platform/Developer/usr/bin/swift-plugin-server -in-process-plugin-server-path /Applications/Xcode-27.0.0-Release.Candidate.app/Contents/Developer/Toolchains/XcodeDefault.xctoolchain/usr/lib/swift/host/libSwiftInProcPluginServer.dylib -plugin-path /Applications/Xcode-27.0.0-Release.Candidate.app/Contents/Developer/Toolchains/XcodeDefault.xctoolchain/usr/lib/swift/host/plugins -plugin-path /Applications/Xcode-27.0.0-Release.Candidate.app/Contents/Developer/Toolchains/XcodeDefault.xctoolchain/usr/local/lib/swift/host/plugins -parse-as-library -o /Users/admin/builder/spi-builder-workspace/.derivedData/Build/Intermediates.noindex/SKRTMAPI.build/Debug-watchos/SKRTMAPI-t.build/Objects-normal/arm64_32/SKRTMAPI.o -index-unit-output-path /SKRTMAPI.build/Debug-watchos/SKRTMAPI-t.build/Objects-normal/arm64_32/SKRTMAPI.o -index-store-path /Users/admin/builder/spi-builder-workspace/.derivedData/Index.noindex/DataStore -index-system-modules
SwiftCompile normal arm64_32 /Users/admin/builder/spi-builder-workspace/Sources/SKRTMAPI/SKRTMAPI.swift (in target 'SKRTMAPI' from project 'SKRTMAPI')
cd /Users/admin/builder/spi-builder-workspace/.swiftpm/xcode
builtin-SwiftPerFileCompile SKRTMAPI.swift
SwiftEmitModule normal arm64 Emitting\ module\ for\ SKRTMAPI (in target 'SKRTMAPI' from project 'SKRTMAPI')
SwiftCompile normal arm64 (in target 'SKRTMAPI' from project 'SKRTMAPI')
cd /Users/admin/builder/spi-builder-workspace/.swiftpm/xcode
SwiftCompile normal arm64 Compiling\ VaporEngineRTM.swift /Users/admin/builder/spi-builder-workspace/Sources/SKRTMAPI/Conformers/VaporEngineRTM.swift (in target 'SKRTMAPI' from project 'SKRTMAPI')
SwiftCompile normal arm64 /Users/admin/builder/spi-builder-workspace/Sources/SKRTMAPI/Conformers/VaporEngineRTM.swift (in target 'SKRTMAPI' from project 'SKRTMAPI')
cd /Users/admin/builder/spi-builder-workspace/.swiftpm/xcode
builtin-SwiftPerFileCompile VaporEngineRTM.swift
CreateUniversalBinary /Users/admin/builder/spi-builder-workspace/.derivedData/Build/Products/Debug-watchos/SKCore.o normal arm64\ arm64_32 (in target 'SKCore' from project 'SKCore')
cd /Users/admin/builder/spi-builder-workspace/.dependencies/checkouts/SKCore
/Applications/Xcode-27.0.0-Release.Candidate.app/Contents/Developer/Toolchains/XcodeDefault.xctoolchain/usr/bin/lipo -create /Users/admin/builder/spi-builder-workspace/.derivedData/Build/Intermediates.noindex/SKCore.build/Debug-watchos/SKCore-t.build/Objects-normal/arm64/Binary/SKCore.o /Users/admin/builder/spi-builder-workspace/.derivedData/Build/Intermediates.noindex/SKCore.build/Debug-watchos/SKCore-t.build/Objects-normal/arm64_32/Binary/SKCore.o -output /Users/admin/builder/spi-builder-workspace/.derivedData/Build/Products/Debug-watchos/SKCore.o
SwiftDriverJobDiscovery normal arm64 Compiling Endpoint.swift (in target 'SKWebAPI' from project 'SKWebAPI')
SwiftCompile normal arm64 Compiling\ SKRTMAPI.swift /Users/admin/builder/spi-builder-workspace/Sources/SKRTMAPI/SKRTMAPI.swift (in target 'SKRTMAPI' from project 'SKRTMAPI')
SwiftCompile normal arm64 /Users/admin/builder/spi-builder-workspace/Sources/SKRTMAPI/SKRTMAPI.swift (in target 'SKRTMAPI' from project 'SKRTMAPI')
cd /Users/admin/builder/spi-builder-workspace/.swiftpm/xcode
builtin-SwiftPerFileCompile SKRTMAPI.swift
SwiftCompile normal arm64_32 Compiling\ VaporEngineRTM.swift /Users/admin/builder/spi-builder-workspace/Sources/SKRTMAPI/Conformers/VaporEngineRTM.swift (in target 'SKRTMAPI' from project 'SKRTMAPI')
SwiftCompile normal arm64_32 /Users/admin/builder/spi-builder-workspace/Sources/SKRTMAPI/Conformers/VaporEngineRTM.swift (in target 'SKRTMAPI' from project 'SKRTMAPI')
cd /Users/admin/builder/spi-builder-workspace/.swiftpm/xcode
builtin-SwiftPerFileCompile VaporEngineRTM.swift
SwiftDriverJobDiscovery normal arm64_32 Compiling NetworkInterface.swift (in target 'SKWebAPI' from project 'SKWebAPI')
SwiftCompile normal arm64_32 Compiling\ StarscreamRTM.swift /Users/admin/builder/spi-builder-workspace/Sources/SKRTMAPI/Conformers/StarscreamRTM.swift (in target 'SKRTMAPI' from project 'SKRTMAPI')
SwiftCompile normal arm64_32 /Users/admin/builder/spi-builder-workspace/Sources/SKRTMAPI/Conformers/StarscreamRTM.swift (in target 'SKRTMAPI' from project 'SKRTMAPI')
cd /Users/admin/builder/spi-builder-workspace/.swiftpm/xcode
builtin-SwiftPerFileCompile StarscreamRTM.swift
SwiftCompile normal arm64 Compiling\ StarscreamRTM.swift /Users/admin/builder/spi-builder-workspace/Sources/SKRTMAPI/Conformers/StarscreamRTM.swift (in target 'SKRTMAPI' from project 'SKRTMAPI')
SwiftCompile normal arm64 /Users/admin/builder/spi-builder-workspace/Sources/SKRTMAPI/Conformers/StarscreamRTM.swift (in target 'SKRTMAPI' from project 'SKRTMAPI')
cd /Users/admin/builder/spi-builder-workspace/.swiftpm/xcode
builtin-SwiftPerFileCompile StarscreamRTM.swift
SwiftDriverJobDiscovery normal arm64 Compiling VaporEngineRTM.swift (in target 'SKRTMAPI' from project 'SKRTMAPI')
SwiftDriverJobDiscovery normal arm64 Emitting module for SKRTMAPI (in target 'SKRTMAPI' from project 'SKRTMAPI')
SwiftDriverJobDiscovery normal arm64_32 Emitting module for SKRTMAPI (in target 'SKRTMAPI' from project 'SKRTMAPI')
SwiftDriver\ Compilation\ Requirements SKRTMAPI normal arm64 com.apple.xcode.tools.swift.compiler (in target 'SKRTMAPI' from project 'SKRTMAPI')
cd /Users/admin/builder/spi-builder-workspace/.swiftpm/xcode
builtin-Swift-Compilation-Requirements -- /Applications/Xcode-27.0.0-Release.Candidate.app/Contents/Developer/Toolchains/XcodeDefault.xctoolchain/usr/bin/swiftc -parse-as-library -module-name SKRTMAPI -Onone @/Users/admin/builder/spi-builder-workspace/.derivedData/Build/Intermediates.noindex/SKRTMAPI.build/Debug-watchos/SKRTMAPI-t.build/Objects-normal/arm64/SKRTMAPI.SwiftFileList -DSWIFT_PACKAGE -DDEBUG -DSWIFT_MODULE_RESOURCE_BUNDLE_UNAVAILABLE -DXcode -plugin-path /Applications/Xcode-27.0.0-Release.Candidate.app/Contents/Developer/Toolchains/XcodeDefault.xctoolchain/usr/lib/swift/host/plugins/testing -enable-experimental-feature DebugDescriptionMacro -sdk /Applications/Xcode-27.0.0-Release.Candidate.app/Contents/Developer/Platforms/WatchOS.platform/Developer/SDKs/WatchOS27.0.sdk -target arm64-apple-watchos9.0 -g -module-cache-path /Users/admin/builder/spi-builder-workspace/.derivedData/ModuleCache.noindex -Xfrontend -serialize-debugging-options -enable-testing -index-store-path /Users/admin/builder/spi-builder-workspace/.derivedData/Index.noindex/DataStore -Xcc -D_LIBCPP_HARDENING_MODE\=_LIBCPP_HARDENING_MODE_DEBUG -swift-version 4 -I /Users/admin/builder/spi-builder-workspace/.derivedData/Build/Products/Debug-watchos -Isystem /Applications/Xcode-27.0.0-Release.Candidate.app/Contents/Developer/Platforms/WatchOS.platform/Developer/usr/lib -F /Users/admin/builder/spi-builder-workspace/.derivedData/Build/Products/Debug-watchos/PackageFrameworks -F /Users/admin/builder/spi-builder-workspace/.derivedData/Build/Products/Debug-watchos -F /Applications/Xcode-27.0.0-Release.Candidate.app/Contents/Developer/Platforms/WatchOS.platform/Developer/Library/Frameworks -F /Applications/Xcode-27.0.0-Release.Candidate.app/Contents/Developer/Platforms/WatchOS.platform/Developer/SDKs/WatchOS27.0.sdk/Developer/Library/Frameworks -c -j10 -enable-batch-mode -incremental -Xcc -ivfsstatcache -Xcc /Users/admin/builder/spi-builder-workspace/.derivedData/SDKStatCaches.noindex/watchos27.0-24R360-e829b21a6f8c9b70876ba0858053c04477534ef55a1706bf4c1112bbb242f0a2.sdkstatcache -output-file-map /Users/admin/builder/spi-builder-workspace/.derivedData/Build/Intermediates.noindex/SKRTMAPI.build/Debug-watchos/SKRTMAPI-t.build/Objects-normal/arm64/SKRTMAPI-OutputFileMap.json -save-temps -no-color-diagnostics -emit-dependencies -emit-module -emit-module-path /Users/admin/builder/spi-builder-workspace/.derivedData/Build/Intermediates.noindex/SKRTMAPI.build/Debug-watchos/SKRTMAPI-t.build/Objects-normal/arm64/SKRTMAPI.swiftmodule -serialize-diagnostics -validate-clang-modules-once -clang-build-session-file /Users/admin/builder/spi-builder-workspace/.derivedData/ModuleCache.noindex/Session.modulevalidation -Xcc -fmodules-prune-interval\=86400 -Xcc -fmodules-prune-after\=345600 -emit-const-values -const-gather-protocols-list /Users/admin/builder/spi-builder-workspace/.derivedData/Build/Intermediates.noindex/SKRTMAPI.build/Debug-watchos/SKRTMAPI-t.build/Objects-normal/arm64/SKRTMAPI_const_extract_protocols.json -Xcc -I/Users/admin/builder/spi-builder-workspace/.derivedData/Build/Products/Debug-watchos/include -Xcc -I/Users/admin/builder/spi-builder-workspace/.derivedData/Build/Intermediates.noindex/SKRTMAPI.build/Debug-watchos/SKRTMAPI-t.build/DerivedSources-normal/arm64 -Xcc -I/Users/admin/builder/spi-builder-workspace/.derivedData/Build/Intermediates.noindex/SKRTMAPI.build/Debug-watchos/SKRTMAPI-t.build/DerivedSources/arm64 -Xcc -I/Users/admin/builder/spi-builder-workspace/.derivedData/Build/Intermediates.noindex/SKRTMAPI.build/Debug-watchos/SKRTMAPI-t.build/DerivedSources -Xcc -DSWIFT_PACKAGE -Xcc -DDEBUG\=1 -emit-objc-header -emit-objc-header-path /Users/admin/builder/spi-builder-workspace/.derivedData/Build/Intermediates.noindex/SKRTMAPI.build/Debug-watchos/SKRTMAPI-t.build/Objects-normal/arm64/SKRTMAPI-Swift.h -working-directory /Users/admin/builder/spi-builder-workspace/.swiftpm/xcode -experimental-emit-module-separately -disable-cmo
SwiftDriver\ Compilation\ Requirements SKRTMAPI normal arm64_32 com.apple.xcode.tools.swift.compiler (in target 'SKRTMAPI' from project 'SKRTMAPI')
cd /Users/admin/builder/spi-builder-workspace/.swiftpm/xcode
builtin-Swift-Compilation-Requirements -- /Applications/Xcode-27.0.0-Release.Candidate.app/Contents/Developer/Toolchains/XcodeDefault.xctoolchain/usr/bin/swiftc -parse-as-library -module-name SKRTMAPI -Onone @/Users/admin/builder/spi-builder-workspace/.derivedData/Build/Intermediates.noindex/SKRTMAPI.build/Debug-watchos/SKRTMAPI-t.build/Objects-normal/arm64_32/SKRTMAPI.SwiftFileList -DSWIFT_PACKAGE -DDEBUG -DSWIFT_MODULE_RESOURCE_BUNDLE_UNAVAILABLE -DXcode -plugin-path /Applications/Xcode-27.0.0-Release.Candidate.app/Contents/Developer/Toolchains/XcodeDefault.xctoolchain/usr/lib/swift/host/plugins/testing -enable-experimental-feature DebugDescriptionMacro -sdk /Applications/Xcode-27.0.0-Release.Candidate.app/Contents/Developer/Platforms/WatchOS.platform/Developer/SDKs/WatchOS27.0.sdk -target arm64_32-apple-watchos9.0 -g -module-cache-path /Users/admin/builder/spi-builder-workspace/.derivedData/ModuleCache.noindex -Xfrontend -serialize-debugging-options -enable-testing -index-store-path /Users/admin/builder/spi-builder-workspace/.derivedData/Index.noindex/DataStore -Xcc -D_LIBCPP_HARDENING_MODE\=_LIBCPP_HARDENING_MODE_DEBUG -swift-version 4 -I /Users/admin/builder/spi-builder-workspace/.derivedData/Build/Products/Debug-watchos -Isystem /Applications/Xcode-27.0.0-Release.Candidate.app/Contents/Developer/Platforms/WatchOS.platform/Developer/usr/lib -F /Users/admin/builder/spi-builder-workspace/.derivedData/Build/Products/Debug-watchos/PackageFrameworks -F /Users/admin/builder/spi-builder-workspace/.derivedData/Build/Products/Debug-watchos -F /Applications/Xcode-27.0.0-Release.Candidate.app/Contents/Developer/Platforms/WatchOS.platform/Developer/Library/Frameworks -F /Applications/Xcode-27.0.0-Release.Candidate.app/Contents/Developer/Platforms/WatchOS.platform/Developer/SDKs/WatchOS27.0.sdk/Developer/Library/Frameworks -c -j10 -enable-batch-mode -incremental -Xcc -ivfsstatcache -Xcc /Users/admin/builder/spi-builder-workspace/.derivedData/SDKStatCaches.noindex/watchos27.0-24R360-e829b21a6f8c9b70876ba0858053c04477534ef55a1706bf4c1112bbb242f0a2.sdkstatcache -output-file-map /Users/admin/builder/spi-builder-workspace/.derivedData/Build/Intermediates.noindex/SKRTMAPI.build/Debug-watchos/SKRTMAPI-t.build/Objects-normal/arm64_32/SKRTMAPI-OutputFileMap.json -save-temps -no-color-diagnostics -emit-dependencies -emit-module -emit-module-path /Users/admin/builder/spi-builder-workspace/.derivedData/Build/Intermediates.noindex/SKRTMAPI.build/Debug-watchos/SKRTMAPI-t.build/Objects-normal/arm64_32/SKRTMAPI.swiftmodule -serialize-diagnostics -validate-clang-modules-once -clang-build-session-file /Users/admin/builder/spi-builder-workspace/.derivedData/ModuleCache.noindex/Session.modulevalidation -Xcc -fmodules-prune-interval\=86400 -Xcc -fmodules-prune-after\=345600 -emit-const-values -const-gather-protocols-list /Users/admin/builder/spi-builder-workspace/.derivedData/Build/Intermediates.noindex/SKRTMAPI.build/Debug-watchos/SKRTMAPI-t.build/Objects-normal/arm64_32/SKRTMAPI_const_extract_protocols.json -Xcc -I/Users/admin/builder/spi-builder-workspace/.derivedData/Build/Products/Debug-watchos/include -Xcc -I/Users/admin/builder/spi-builder-workspace/.derivedData/Build/Intermediates.noindex/SKRTMAPI.build/Debug-watchos/SKRTMAPI-t.build/DerivedSources-normal/arm64_32 -Xcc -I/Users/admin/builder/spi-builder-workspace/.derivedData/Build/Intermediates.noindex/SKRTMAPI.build/Debug-watchos/SKRTMAPI-t.build/DerivedSources/arm64_32 -Xcc -I/Users/admin/builder/spi-builder-workspace/.derivedData/Build/Intermediates.noindex/SKRTMAPI.build/Debug-watchos/SKRTMAPI-t.build/DerivedSources -Xcc -DSWIFT_PACKAGE -Xcc -DDEBUG\=1 -emit-objc-header -emit-objc-header-path /Users/admin/builder/spi-builder-workspace/.derivedData/Build/Intermediates.noindex/SKRTMAPI.build/Debug-watchos/SKRTMAPI-t.build/Objects-normal/arm64_32/SKRTMAPI-Swift.h -working-directory /Users/admin/builder/spi-builder-workspace/.swiftpm/xcode -experimental-emit-module-separately -disable-cmo
ExtractAppIntentsMetadata (in target 'SKCore' from project 'SKCore')
cd /Users/admin/builder/spi-builder-workspace/.dependencies/checkouts/SKCore
/Applications/Xcode-27.0.0-Release.Candidate.app/Contents/Developer/Toolchains/XcodeDefault.xctoolchain/usr/bin/appintentsmetadataprocessor --toolchain-dir /var/run/com.apple.security.cryptexd/mnt/com.apple.MobileAsset.MetalToolchain-v27.1.266.1.Vic9or/Metal.xctoolchain --module-name SKCore --sdk-root /Applications/Xcode-27.0.0-Release.Candidate.app/Contents/Developer/Platforms/WatchOS.platform/Developer/SDKs/WatchOS27.0.sdk --xcode-version 27A266a --platform-family watchOS --deployment-target 9.0 --bundle-identifier skcore.SKCore --output /Users/admin/builder/spi-builder-workspace/.derivedData/Build/Products/Debug-watchos/SKCore.appintents --target-triple arm64-apple-watchos9.0 --target-triple arm64_32-apple-watchos9.0 --binary-file /Users/admin/builder/spi-builder-workspace/.derivedData/Build/Products/Debug-watchos/SKCore.o --dependency-file /Users/admin/builder/spi-builder-workspace/.derivedData/Build/Intermediates.noindex/SKCore.build/Debug-watchos/SKCore-t.build/Objects-normal/arm64/SKCore_dependency_info.dat --dependency-file /Users/admin/builder/spi-builder-workspace/.derivedData/Build/Intermediates.noindex/SKCore.build/Debug-watchos/SKCore-t.build/Objects-normal/arm64_32/SKCore_dependency_info.dat --stringsdata-file /Users/admin/builder/spi-builder-workspace/.derivedData/Build/Intermediates.noindex/SKCore.build/Debug-watchos/SKCore-t.build/Objects-normal/arm64/ExtractedAppShortcutsMetadata.stringsdata --stringsdata-file /Users/admin/builder/spi-builder-workspace/.derivedData/Build/Intermediates.noindex/SKCore.build/Debug-watchos/SKCore-t.build/Objects-normal/arm64_32/ExtractedAppShortcutsMetadata.stringsdata --source-file-list /Users/admin/builder/spi-builder-workspace/.derivedData/Build/Intermediates.noindex/SKCore.build/Debug-watchos/SKCore-t.build/Objects-normal/arm64/SKCore.SwiftFileList --source-file-list /Users/admin/builder/spi-builder-workspace/.derivedData/Build/Intermediates.noindex/SKCore.build/Debug-watchos/SKCore-t.build/Objects-normal/arm64_32/SKCore.SwiftFileList --metadata-file-list /Users/admin/builder/spi-builder-workspace/.derivedData/Build/Intermediates.noindex/SKCore.build/Debug-watchos/SKCore-t.build/SKCore.DependencyMetadataFileList --static-metadata-file-list /Users/admin/builder/spi-builder-workspace/.derivedData/Build/Intermediates.noindex/SKCore.build/Debug-watchos/SKCore-t.build/SKCore.DependencyStaticMetadataFileList --swift-const-vals-list /Users/admin/builder/spi-builder-workspace/.derivedData/Build/Intermediates.noindex/SKCore.build/Debug-watchos/SKCore-t.build/Objects-normal/arm64/SKCore.SwiftConstValuesFileList --swift-const-vals-list /Users/admin/builder/spi-builder-workspace/.derivedData/Build/Intermediates.noindex/SKCore.build/Debug-watchos/SKCore-t.build/Objects-normal/arm64_32/SKCore.SwiftConstValuesFileList --force --compile-time-extraction --deployment-aware-processing --no-app-shortcuts-localization
2026-09-16 21:54:33.311 appintentsmetadataprocessor[863:5304] Starting appintentsmetadataprocessor export
Copy /Users/admin/builder/spi-builder-workspace/.derivedData/Build/Products/Debug-watchos/SKRTMAPI.swiftmodule/arm64-apple-watchos.swiftmodule /Users/admin/builder/spi-builder-workspace/.derivedData/Build/Intermediates.noindex/SKRTMAPI.build/Debug-watchos/SKRTMAPI-t.build/Objects-normal/arm64/SKRTMAPI.swiftmodule (in target 'SKRTMAPI' from project 'SKRTMAPI')
cd /Users/admin/builder/spi-builder-workspace
builtin-copy -exclude .DS_Store -exclude CVS -exclude .svn -exclude .git -exclude .hg -resolve-src-symlinks -rename /Users/admin/builder/spi-builder-workspace/.derivedData/Build/Intermediates.noindex/SKRTMAPI.build/Debug-watchos/SKRTMAPI-t.build/Objects-normal/arm64/SKRTMAPI.swiftmodule /Users/admin/builder/spi-builder-workspace/.derivedData/Build/Products/Debug-watchos/SKRTMAPI.swiftmodule/arm64-apple-watchos.swiftmodule
SwiftMergeGeneratedHeaders /Users/admin/builder/spi-builder-workspace/.derivedData/Build/Intermediates.noindex/GeneratedModuleMaps-watchos/SKRTMAPI-Swift.h /Users/admin/builder/spi-builder-workspace/.derivedData/Build/Intermediates.noindex/SKRTMAPI.build/Debug-watchos/SKRTMAPI-t.build/Objects-normal/arm64/SKRTMAPI-Swift.h /Users/admin/builder/spi-builder-workspace/.derivedData/Build/Intermediates.noindex/SKRTMAPI.build/Debug-watchos/SKRTMAPI-t.build/Objects-normal/arm64_32/SKRTMAPI-Swift.h (in target 'SKRTMAPI' from project 'SKRTMAPI')
cd /Users/admin/builder/spi-builder-workspace
builtin-swiftHeaderTool -arch arm64 /Users/admin/builder/spi-builder-workspace/.derivedData/Build/Intermediates.noindex/SKRTMAPI.build/Debug-watchos/SKRTMAPI-t.build/Objects-normal/arm64/SKRTMAPI-Swift.h -arch arm64_32 /Users/admin/builder/spi-builder-workspace/.derivedData/Build/Intermediates.noindex/SKRTMAPI.build/Debug-watchos/SKRTMAPI-t.build/Objects-normal/arm64_32/SKRTMAPI-Swift.h -o /Users/admin/builder/spi-builder-workspace/.derivedData/Build/Intermediates.noindex/GeneratedModuleMaps-watchos/SKRTMAPI-Swift.h
Copy /Users/admin/builder/spi-builder-workspace/.derivedData/Build/Products/Debug-watchos/SKRTMAPI.swiftmodule/arm64_32-apple-watchos.swiftmodule /Users/admin/builder/spi-builder-workspace/.derivedData/Build/Intermediates.noindex/SKRTMAPI.build/Debug-watchos/SKRTMAPI-t.build/Objects-normal/arm64_32/SKRTMAPI.swiftmodule (in target 'SKRTMAPI' from project 'SKRTMAPI')
cd /Users/admin/builder/spi-builder-workspace
builtin-copy -exclude .DS_Store -exclude CVS -exclude .svn -exclude .git -exclude .hg -resolve-src-symlinks -rename /Users/admin/builder/spi-builder-workspace/.derivedData/Build/Intermediates.noindex/SKRTMAPI.build/Debug-watchos/SKRTMAPI-t.build/Objects-normal/arm64_32/SKRTMAPI.swiftmodule /Users/admin/builder/spi-builder-workspace/.derivedData/Build/Products/Debug-watchos/SKRTMAPI.swiftmodule/arm64_32-apple-watchos.swiftmodule
Copy /Users/admin/builder/spi-builder-workspace/.derivedData/Build/Products/Debug-watchos/SKRTMAPI.swiftmodule/arm64_32-apple-watchos.swiftdoc /Users/admin/builder/spi-builder-workspace/.derivedData/Build/Intermediates.noindex/SKRTMAPI.build/Debug-watchos/SKRTMAPI-t.build/Objects-normal/arm64_32/SKRTMAPI.swiftdoc (in target 'SKRTMAPI' from project 'SKRTMAPI')
cd /Users/admin/builder/spi-builder-workspace
builtin-copy -exclude .DS_Store -exclude CVS -exclude .svn -exclude .git -exclude .hg -resolve-src-symlinks -rename /Users/admin/builder/spi-builder-workspace/.derivedData/Build/Intermediates.noindex/SKRTMAPI.build/Debug-watchos/SKRTMAPI-t.build/Objects-normal/arm64_32/SKRTMAPI.swiftdoc /Users/admin/builder/spi-builder-workspace/.derivedData/Build/Products/Debug-watchos/SKRTMAPI.swiftmodule/arm64_32-apple-watchos.swiftdoc
Copy /Users/admin/builder/spi-builder-workspace/.derivedData/Build/Products/Debug-watchos/SKRTMAPI.swiftmodule/arm64_32-apple-watchos.abi.json /Users/admin/builder/spi-builder-workspace/.derivedData/Build/Intermediates.noindex/SKRTMAPI.build/Debug-watchos/SKRTMAPI-t.build/Objects-normal/arm64_32/SKRTMAPI.abi.json (in target 'SKRTMAPI' from project 'SKRTMAPI')
cd /Users/admin/builder/spi-builder-workspace
builtin-copy -exclude .DS_Store -exclude CVS -exclude .svn -exclude .git -exclude .hg -resolve-src-symlinks -rename /Users/admin/builder/spi-builder-workspace/.derivedData/Build/Intermediates.noindex/SKRTMAPI.build/Debug-watchos/SKRTMAPI-t.build/Objects-normal/arm64_32/SKRTMAPI.abi.json /Users/admin/builder/spi-builder-workspace/.derivedData/Build/Products/Debug-watchos/SKRTMAPI.swiftmodule/arm64_32-apple-watchos.abi.json
Copy /Users/admin/builder/spi-builder-workspace/.derivedData/Build/Products/Debug-watchos/SKRTMAPI.swiftmodule/arm64-apple-watchos.swiftdoc /Users/admin/builder/spi-builder-workspace/.derivedData/Build/Intermediates.noindex/SKRTMAPI.build/Debug-watchos/SKRTMAPI-t.build/Objects-normal/arm64/SKRTMAPI.swiftdoc (in target 'SKRTMAPI' from project 'SKRTMAPI')
cd /Users/admin/builder/spi-builder-workspace
builtin-copy -exclude .DS_Store -exclude CVS -exclude .svn -exclude .git -exclude .hg -resolve-src-symlinks -rename /Users/admin/builder/spi-builder-workspace/.derivedData/Build/Intermediates.noindex/SKRTMAPI.build/Debug-watchos/SKRTMAPI-t.build/Objects-normal/arm64/SKRTMAPI.swiftdoc /Users/admin/builder/spi-builder-workspace/.derivedData/Build/Products/Debug-watchos/SKRTMAPI.swiftmodule/arm64-apple-watchos.swiftdoc
Copy /Users/admin/builder/spi-builder-workspace/.derivedData/Build/Products/Debug-watchos/SKRTMAPI.swiftmodule/arm64-apple-watchos.abi.json /Users/admin/builder/spi-builder-workspace/.derivedData/Build/Intermediates.noindex/SKRTMAPI.build/Debug-watchos/SKRTMAPI-t.build/Objects-normal/arm64/SKRTMAPI.abi.json (in target 'SKRTMAPI' from project 'SKRTMAPI')
cd /Users/admin/builder/spi-builder-workspace
builtin-copy -exclude .DS_Store -exclude CVS -exclude .svn -exclude .git -exclude .hg -resolve-src-symlinks -rename /Users/admin/builder/spi-builder-workspace/.derivedData/Build/Intermediates.noindex/SKRTMAPI.build/Debug-watchos/SKRTMAPI-t.build/Objects-normal/arm64/SKRTMAPI.abi.json /Users/admin/builder/spi-builder-workspace/.derivedData/Build/Products/Debug-watchos/SKRTMAPI.swiftmodule/arm64-apple-watchos.abi.json
Copy /Users/admin/builder/spi-builder-workspace/.derivedData/Build/Products/Debug-watchos/SKRTMAPI.swiftmodule/Project/arm64_32-apple-watchos.swiftsourceinfo /Users/admin/builder/spi-builder-workspace/.derivedData/Build/Intermediates.noindex/SKRTMAPI.build/Debug-watchos/SKRTMAPI-t.build/Objects-normal/arm64_32/SKRTMAPI.swiftsourceinfo (in target 'SKRTMAPI' from project 'SKRTMAPI')
cd /Users/admin/builder/spi-builder-workspace
builtin-copy -exclude .DS_Store -exclude CVS -exclude .svn -exclude .git -exclude .hg -resolve-src-symlinks -rename /Users/admin/builder/spi-builder-workspace/.derivedData/Build/Intermediates.noindex/SKRTMAPI.build/Debug-watchos/SKRTMAPI-t.build/Objects-normal/arm64_32/SKRTMAPI.swiftsourceinfo /Users/admin/builder/spi-builder-workspace/.derivedData/Build/Products/Debug-watchos/SKRTMAPI.swiftmodule/Project/arm64_32-apple-watchos.swiftsourceinfo
SwiftDriverJobDiscovery normal arm64 Compiling NetworkInterface.swift (in target 'SKWebAPI' from project 'SKWebAPI')
Copy /Users/admin/builder/spi-builder-workspace/.derivedData/Build/Products/Debug-watchos/SKRTMAPI.swiftmodule/Project/arm64-apple-watchos.swiftsourceinfo /Users/admin/builder/spi-builder-workspace/.derivedData/Build/Intermediates.noindex/SKRTMAPI.build/Debug-watchos/SKRTMAPI-t.build/Objects-normal/arm64/SKRTMAPI.swiftsourceinfo (in target 'SKRTMAPI' from project 'SKRTMAPI')
cd /Users/admin/builder/spi-builder-workspace
builtin-copy -exclude .DS_Store -exclude CVS -exclude .svn -exclude .git -exclude .hg -resolve-src-symlinks -rename /Users/admin/builder/spi-builder-workspace/.derivedData/Build/Intermediates.noindex/SKRTMAPI.build/Debug-watchos/SKRTMAPI-t.build/Objects-normal/arm64/SKRTMAPI.swiftsourceinfo /Users/admin/builder/spi-builder-workspace/.derivedData/Build/Products/Debug-watchos/SKRTMAPI.swiftmodule/Project/arm64-apple-watchos.swiftsourceinfo
SwiftDriverJobDiscovery normal arm64_32 Compiling VaporEngineRTM.swift (in target 'SKRTMAPI' from project 'SKRTMAPI')
PruneExplicitPrecompiledModules /Users/admin/builder/spi-builder-workspace/.derivedData/Build/Intermediates.noindex/ExplicitPrecompiledModules
PruneExplicitPrecompiledModules /Users/admin/builder/spi-builder-workspace/.derivedData/Build/Intermediates.noindex/SwiftExplicitPrecompiledModules
PruneExplicitPrecompiledModules /Users/admin/builder/spi-builder-workspace/.derivedData/SDKExplicitPrecompiledModules
2026-09-16 21:54:27.750 xcodebuild[765:4735] [MT] IDERunDestination: Supported platforms for the buildables in the current scheme is empty.
** BUILD FAILED **
The following build commands failed:
SwiftCompile normal arm64_32 Compiling\ SKRTMAPI.swift /Users/admin/builder/spi-builder-workspace/Sources/SKRTMAPI/SKRTMAPI.swift (in target 'SKRTMAPI' from project 'SKRTMAPI')
SwiftCompile normal arm64_32 /Users/admin/builder/spi-builder-workspace/Sources/SKRTMAPI/SKRTMAPI.swift (in target 'SKRTMAPI' from project 'SKRTMAPI')
Building workspace SKRTMAPI with scheme SKRTMAPI
(3 failures)
Command line invocation:
/Applications/Xcode-27.0.0-Release.Candidate.app/Contents/Developer/usr/bin/xcodebuild -IDEClonedSourcePackagesDirPathOverride=/Users/admin/builder/spi-builder-workspace/.dependencies -resolvePackageDependencies
Resolve Package Graph
Conflicting identity for skcore: dependency 'github.com/slackkit/skcore' and dependency 'github.com/pvzig/skcore' both point to the same package identity 'skcore'. The dependencies are introduced through the following chains: (A) /users/admin/builder/spi-builder-workspace->github.com/pvzig/skwebapi->github.com/slackkit/skcore (B) /users/admin/builder/spi-builder-workspace->github.com/pvzig/skcore. If there are multiple chains that lead to the same dependency, only the first chain is shown here. To see all chains use debug output option. To resolve the conflict, coordinate with the maintainer of the package that introduces the conflicting dependency. This will be escalated to an error in future versions of SwiftPM.
Resolved source packages:
SKWebAPI: https://github.com/pvzig/SKWebAPI @ 4.1.3
Starscream: https://github.com/daltoniam/Starscream @ 3.1.2
SKRTMAPI: /Users/admin/builder/spi-builder-workspace
SKCore: https://github.com/pvzig/SKCore @ 4.1.3
resolved source packages: SKWebAPI, Starscream, SKRTMAPI, SKCore
2026-09-16 21:54:34.370 xcodebuild[864:5342] [MT] IDERunDestination: Supported platforms for the buildables in the current scheme is empty.
{
"dependencies" : [
{
"identity" : "skcore",
"requirement" : {
"range" : [
{
"lower_bound" : "4.0.0",
"upper_bound" : "5.0.0"
}
]
},
"type" : "sourceControl",
"url" : "https://github.com/pvzig/SKCore"
},
{
"identity" : "skwebapi",
"requirement" : {
"range" : [
{
"lower_bound" : "4.0.0",
"upper_bound" : "5.0.0"
}
]
},
"type" : "sourceControl",
"url" : "https://github.com/pvzig/SKWebAPI"
},
{
"identity" : "starscream",
"requirement" : {
"range" : [
{
"lower_bound" : "3.0.0",
"upper_bound" : "4.0.0"
}
]
},
"type" : "sourceControl",
"url" : "https://github.com/daltoniam/Starscream"
}
],
"manifest_display_name" : "SKRTMAPI",
"name" : "SKRTMAPI",
"path" : "/Users/admin/builder/spi-builder-workspace",
"platforms" : [
],
"products" : [
{
"name" : "SKRTMAPI",
"targets" : [
"SKRTMAPI"
],
"type" : {
"library" : [
"automatic"
]
}
}
],
"targets" : [
{
"c99name" : "SKRTMAPI",
"module_type" : "SwiftTarget",
"name" : "SKRTMAPI",
"path" : "Sources/SKRTMAPI",
"product_dependencies" : [
"SKCore",
"SKWebAPI",
"Starscream"
],
"product_memberships" : [
"SKRTMAPI"
],
"sources" : [
"Conformers/StarscreamRTM.swift",
"Conformers/VaporEngineRTM.swift",
"SKRTMAPI.swift"
],
"type" : "library"
}
],
"tools_version" : "4.0"
}
{
"workspace" : {
"name" : "SKRTMAPI",
"schemes" : [
"SKRTMAPI"
]
}
}
2026-09-16 21:54:35.606 xcodebuild[872:5408] [MT] IDERunDestination: Supported platforms for the buildables in the current scheme is empty.
Running build ...
env DEVELOPER_DIR=/Applications/Xcode-27.0.0-Release.Candidate.app xcrun xcodebuild -IDEClonedSourcePackagesDirPathOverride=$PWD/.dependencies -skipMacroValidation -skipPackagePluginValidation -derivedDataPath $PWD/.derivedData build -scheme SKRTMAPI -destination generic/platform=watchOS
Command line invocation:
/Applications/Xcode-27.0.0-Release.Candidate.app/Contents/Developer/usr/bin/xcodebuild -IDEClonedSourcePackagesDirPathOverride=/Users/admin/builder/spi-builder-workspace/.dependencies -skipMacroValidation -skipPackagePluginValidation -derivedDataPath /Users/admin/builder/spi-builder-workspace/.derivedData build -scheme SKRTMAPI -destination generic/platform=watchOS
Resolve Package Graph
Conflicting identity for skcore: dependency 'github.com/slackkit/skcore' and dependency 'github.com/pvzig/skcore' both point to the same package identity 'skcore'. The dependencies are introduced through the following chains: (A) /users/admin/builder/spi-builder-workspace->github.com/pvzig/skwebapi->github.com/slackkit/skcore (B) /users/admin/builder/spi-builder-workspace->github.com/pvzig/skcore. If there are multiple chains that lead to the same dependency, only the first chain is shown here. To see all chains use debug output option. To resolve the conflict, coordinate with the maintainer of the package that introduces the conflicting dependency. This will be escalated to an error in future versions of SwiftPM.
Resolved source packages:
SKCore: https://github.com/pvzig/SKCore @ 4.1.3
SKRTMAPI: /Users/admin/builder/spi-builder-workspace
SKWebAPI: https://github.com/pvzig/SKWebAPI @ 4.1.3
Starscream: https://github.com/daltoniam/Starscream @ 3.1.2
ComputePackagePrebuildTargetDependencyGraph
Prepare packages
CreateBuildRequest
SendProjectDescription
CreateBuildOperation
ComputeTargetDependencyGraph
note: Building targets in dependency order
note: Target dependency graph (8 targets)
Target 'SKRTMAPI-product' in project 'SKRTMAPI'
➜ Explicit dependency on target 'SKRTMAPI' in project 'SKRTMAPI'
➜ Explicit dependency on target 'SKCore-product' in project 'SKCore'
➜ Explicit dependency on target 'SKWebAPI-product' in project 'SKWebAPI'
➜ Explicit dependency on target 'Starscream-product' in project 'Starscream'
Target 'SKRTMAPI' in project 'SKRTMAPI'
➜ Explicit dependency on target 'SKCore-product' in project 'SKCore'
➜ Explicit dependency on target 'SKWebAPI-product' in project 'SKWebAPI'
➜ Explicit dependency on target 'Starscream-product' in project 'Starscream'
Target 'Starscream-product' in project 'Starscream'
➜ Explicit dependency on target 'Starscream' in project 'Starscream'
Target 'Starscream' in project 'Starscream' (no dependencies)
Target 'SKWebAPI-product' in project 'SKWebAPI'
➜ Explicit dependency on target 'SKWebAPI' in project 'SKWebAPI'
➜ Explicit dependency on target 'SKCore-product' in project 'SKCore'
Target 'SKWebAPI' in project 'SKWebAPI'
➜ Explicit dependency on target 'SKCore-product' in project 'SKCore'
Target 'SKCore-product' in project 'SKCore'
➜ Explicit dependency on target 'SKCore' in project 'SKCore'
Target 'SKCore' in project 'SKCore' (no dependencies)
GatherProvisioningInputs
CreateBuildDescription
ClangStatCache /Applications/Xcode-27.0.0-Release.Candidate.app/Contents/Developer/Toolchains/XcodeDefault.xctoolchain/usr/bin/clang-stat-cache /Applications/Xcode-27.0.0-Release.Candidate.app/Contents/Developer/Platforms/WatchOS.platform/Developer/SDKs/WatchOS27.0.sdk /Users/admin/builder/spi-builder-workspace/.derivedData/SDKStatCaches.noindex/watchos27.0-24R360-e829b21a6f8c9b70876ba0858053c04477534ef55a1706bf4c1112bbb242f0a2.sdkstatcache
cd /Users/admin/builder/spi-builder-workspace/.swiftpm/xcode
/Applications/Xcode-27.0.0-Release.Candidate.app/Contents/Developer/Toolchains/XcodeDefault.xctoolchain/usr/bin/clang-stat-cache /Applications/Xcode-27.0.0-Release.Candidate.app/Contents/Developer/Platforms/WatchOS.platform/Developer/SDKs/WatchOS27.0.sdk -o /Users/admin/builder/spi-builder-workspace/.derivedData/SDKStatCaches.noindex/watchos27.0-24R360-e829b21a6f8c9b70876ba0858053c04477534ef55a1706bf4c1112bbb242f0a2.sdkstatcache
ExtractAppIntentsMetadata (in target 'SKCore' from project 'SKCore')
cd /Users/admin/builder/spi-builder-workspace/.dependencies/checkouts/SKCore
/Applications/Xcode-27.0.0-Release.Candidate.app/Contents/Developer/Toolchains/XcodeDefault.xctoolchain/usr/bin/appintentsmetadataprocessor --toolchain-dir /var/run/com.apple.security.cryptexd/mnt/com.apple.MobileAsset.MetalToolchain-v27.1.266.1.Vic9or/Metal.xctoolchain --module-name SKCore --sdk-root /Applications/Xcode-27.0.0-Release.Candidate.app/Contents/Developer/Platforms/WatchOS.platform/Developer/SDKs/WatchOS27.0.sdk --xcode-version 27A266a --platform-family watchOS --deployment-target 9.0 --bundle-identifier skcore.SKCore --output /Users/admin/builder/spi-builder-workspace/.derivedData/Build/Products/Debug-watchos/SKCore.appintents --target-triple arm64-apple-watchos9.0 --target-triple arm64_32-apple-watchos9.0 --binary-file /Users/admin/builder/spi-builder-workspace/.derivedData/Build/Products/Debug-watchos/SKCore.o --dependency-file /Users/admin/builder/spi-builder-workspace/.derivedData/Build/Intermediates.noindex/SKCore.build/Debug-watchos/SKCore-t.build/Objects-normal/arm64/SKCore_dependency_info.dat --dependency-file /Users/admin/builder/spi-builder-workspace/.derivedData/Build/Intermediates.noindex/SKCore.build/Debug-watchos/SKCore-t.build/Objects-normal/arm64_32/SKCore_dependency_info.dat --stringsdata-file /Users/admin/builder/spi-builder-workspace/.derivedData/Build/Intermediates.noindex/SKCore.build/Debug-watchos/SKCore-t.build/Objects-normal/arm64/ExtractedAppShortcutsMetadata.stringsdata --stringsdata-file /Users/admin/builder/spi-builder-workspace/.derivedData/Build/Intermediates.noindex/SKCore.build/Debug-watchos/SKCore-t.build/Objects-normal/arm64_32/ExtractedAppShortcutsMetadata.stringsdata --source-file-list /Users/admin/builder/spi-builder-workspace/.derivedData/Build/Intermediates.noindex/SKCore.build/Debug-watchos/SKCore-t.build/Objects-normal/arm64/SKCore.SwiftFileList --source-file-list /Users/admin/builder/spi-builder-workspace/.derivedData/Build/Intermediates.noindex/SKCore.build/Debug-watchos/SKCore-t.build/Objects-normal/arm64_32/SKCore.SwiftFileList --metadata-file-list /Users/admin/builder/spi-builder-workspace/.derivedData/Build/Intermediates.noindex/SKCore.build/Debug-watchos/SKCore-t.build/SKCore.DependencyMetadataFileList --static-metadata-file-list /Users/admin/builder/spi-builder-workspace/.derivedData/Build/Intermediates.noindex/SKCore.build/Debug-watchos/SKCore-t.build/SKCore.DependencyStaticMetadataFileList --swift-const-vals-list /Users/admin/builder/spi-builder-workspace/.derivedData/Build/Intermediates.noindex/SKCore.build/Debug-watchos/SKCore-t.build/Objects-normal/arm64/SKCore.SwiftConstValuesFileList --swift-const-vals-list /Users/admin/builder/spi-builder-workspace/.derivedData/Build/Intermediates.noindex/SKCore.build/Debug-watchos/SKCore-t.build/Objects-normal/arm64_32/SKCore.SwiftConstValuesFileList --force --compile-time-extraction --deployment-aware-processing --no-app-shortcuts-localization
2026-09-16 21:54:37.179 appintentsmetadataprocessor[876:5476] Starting appintentsmetadataprocessor export
2026-09-16 21:54:37.241 appintentsmetadataprocessor[876:5476] Extracted no relevant App Intents symbols, skipping writing output
SwiftDriver SKWebAPI normal arm64_32 com.apple.xcode.tools.swift.compiler (in target 'SKWebAPI' from project 'SKWebAPI')
cd /Users/admin/builder/spi-builder-workspace/.swiftpm/xcode
builtin-SwiftDriver -- /Applications/Xcode-27.0.0-Release.Candidate.app/Contents/Developer/Toolchains/XcodeDefault.xctoolchain/usr/bin/swiftc -parse-as-library -module-name SKWebAPI -Onone @/Users/admin/builder/spi-builder-workspace/.derivedData/Build/Intermediates.noindex/SKWebAPI.build/Debug-watchos/SKWebAPI-t.build/Objects-normal/arm64_32/SKWebAPI.SwiftFileList -DSWIFT_PACKAGE -DDEBUG -DSWIFT_MODULE_RESOURCE_BUNDLE_UNAVAILABLE -DXcode -plugin-path /Applications/Xcode-27.0.0-Release.Candidate.app/Contents/Developer/Toolchains/XcodeDefault.xctoolchain/usr/lib/swift/host/plugins/testing -enable-experimental-feature DebugDescriptionMacro -sdk /Applications/Xcode-27.0.0-Release.Candidate.app/Contents/Developer/Platforms/WatchOS.platform/Developer/SDKs/WatchOS27.0.sdk -target arm64_32-apple-watchos9.0 -g -module-cache-path /Users/admin/builder/spi-builder-workspace/.derivedData/ModuleCache.noindex -Xfrontend -serialize-debugging-options -enable-testing -suppress-warnings -index-store-path /Users/admin/builder/spi-builder-workspace/.derivedData/Index.noindex/DataStore -Xcc -D_LIBCPP_HARDENING_MODE\=_LIBCPP_HARDENING_MODE_DEBUG -swift-version 4 -I /Users/admin/builder/spi-builder-workspace/.derivedData/Build/Products/Debug-watchos -Isystem /Applications/Xcode-27.0.0-Release.Candidate.app/Contents/Developer/Platforms/WatchOS.platform/Developer/usr/lib -F /Users/admin/builder/spi-builder-workspace/.derivedData/Build/Products/Debug-watchos/PackageFrameworks -F /Users/admin/builder/spi-builder-workspace/.derivedData/Build/Products/Debug-watchos -F /Applications/Xcode-27.0.0-Release.Candidate.app/Contents/Developer/Platforms/WatchOS.platform/Developer/Library/Frameworks -F /Applications/Xcode-27.0.0-Release.Candidate.app/Contents/Developer/Platforms/WatchOS.platform/Developer/SDKs/WatchOS27.0.sdk/Developer/Library/Frameworks -c -j10 -enable-batch-mode -incremental -Xcc -ivfsstatcache -Xcc /Users/admin/builder/spi-builder-workspace/.derivedData/SDKStatCaches.noindex/watchos27.0-24R360-e829b21a6f8c9b70876ba0858053c04477534ef55a1706bf4c1112bbb242f0a2.sdkstatcache -output-file-map /Users/admin/builder/spi-builder-workspace/.derivedData/Build/Intermediates.noindex/SKWebAPI.build/Debug-watchos/SKWebAPI-t.build/Objects-normal/arm64_32/SKWebAPI-OutputFileMap.json -save-temps -no-color-diagnostics -emit-dependencies -emit-module -emit-module-path /Users/admin/builder/spi-builder-workspace/.derivedData/Build/Intermediates.noindex/SKWebAPI.build/Debug-watchos/SKWebAPI-t.build/Objects-normal/arm64_32/SKWebAPI.swiftmodule -serialize-diagnostics -validate-clang-modules-once -clang-build-session-file /Users/admin/builder/spi-builder-workspace/.derivedData/ModuleCache.noindex/Session.modulevalidation -Xcc -fmodules-prune-interval\=86400 -Xcc -fmodules-prune-after\=345600 -emit-const-values -const-gather-protocols-list /Users/admin/builder/spi-builder-workspace/.derivedData/Build/Intermediates.noindex/SKWebAPI.build/Debug-watchos/SKWebAPI-t.build/Objects-normal/arm64_32/SKWebAPI_const_extract_protocols.json -Xcc -I/Users/admin/builder/spi-builder-workspace/.derivedData/Build/Products/Debug-watchos/include -Xcc -I/Users/admin/builder/spi-builder-workspace/.derivedData/Build/Intermediates.noindex/SKWebAPI.build/Debug-watchos/SKWebAPI-t.build/DerivedSources-normal/arm64_32 -Xcc -I/Users/admin/builder/spi-builder-workspace/.derivedData/Build/Intermediates.noindex/SKWebAPI.build/Debug-watchos/SKWebAPI-t.build/DerivedSources/arm64_32 -Xcc -I/Users/admin/builder/spi-builder-workspace/.derivedData/Build/Intermediates.noindex/SKWebAPI.build/Debug-watchos/SKWebAPI-t.build/DerivedSources -Xcc -DSWIFT_PACKAGE -Xcc -DDEBUG\=1 -emit-objc-header -emit-objc-header-path /Users/admin/builder/spi-builder-workspace/.derivedData/Build/Intermediates.noindex/SKWebAPI.build/Debug-watchos/SKWebAPI-t.build/Objects-normal/arm64_32/SKWebAPI-Swift.h -working-directory /Users/admin/builder/spi-builder-workspace/.swiftpm/xcode -experimental-emit-module-separately -disable-cmo
SwiftDriver SKRTMAPI normal arm64 com.apple.xcode.tools.swift.compiler (in target 'SKRTMAPI' from project 'SKRTMAPI')
cd /Users/admin/builder/spi-builder-workspace/.swiftpm/xcode
builtin-SwiftDriver -- /Applications/Xcode-27.0.0-Release.Candidate.app/Contents/Developer/Toolchains/XcodeDefault.xctoolchain/usr/bin/swiftc -parse-as-library -module-name SKRTMAPI -Onone @/Users/admin/builder/spi-builder-workspace/.derivedData/Build/Intermediates.noindex/SKRTMAPI.build/Debug-watchos/SKRTMAPI-t.build/Objects-normal/arm64/SKRTMAPI.SwiftFileList -DSWIFT_PACKAGE -DDEBUG -DSWIFT_MODULE_RESOURCE_BUNDLE_UNAVAILABLE -DXcode -plugin-path /Applications/Xcode-27.0.0-Release.Candidate.app/Contents/Developer/Toolchains/XcodeDefault.xctoolchain/usr/lib/swift/host/plugins/testing -enable-experimental-feature DebugDescriptionMacro -sdk /Applications/Xcode-27.0.0-Release.Candidate.app/Contents/Developer/Platforms/WatchOS.platform/Developer/SDKs/WatchOS27.0.sdk -target arm64-apple-watchos9.0 -g -module-cache-path /Users/admin/builder/spi-builder-workspace/.derivedData/ModuleCache.noindex -Xfrontend -serialize-debugging-options -enable-testing -index-store-path /Users/admin/builder/spi-builder-workspace/.derivedData/Index.noindex/DataStore -Xcc -D_LIBCPP_HARDENING_MODE\=_LIBCPP_HARDENING_MODE_DEBUG -swift-version 4 -I /Users/admin/builder/spi-builder-workspace/.derivedData/Build/Products/Debug-watchos -Isystem /Applications/Xcode-27.0.0-Release.Candidate.app/Contents/Developer/Platforms/WatchOS.platform/Developer/usr/lib -F /Users/admin/builder/spi-builder-workspace/.derivedData/Build/Products/Debug-watchos/PackageFrameworks -F /Users/admin/builder/spi-builder-workspace/.derivedData/Build/Products/Debug-watchos -F /Applications/Xcode-27.0.0-Release.Candidate.app/Contents/Developer/Platforms/WatchOS.platform/Developer/Library/Frameworks -F /Applications/Xcode-27.0.0-Release.Candidate.app/Contents/Developer/Platforms/WatchOS.platform/Developer/SDKs/WatchOS27.0.sdk/Developer/Library/Frameworks -c -j10 -enable-batch-mode -incremental -Xcc -ivfsstatcache -Xcc /Users/admin/builder/spi-builder-workspace/.derivedData/SDKStatCaches.noindex/watchos27.0-24R360-e829b21a6f8c9b70876ba0858053c04477534ef55a1706bf4c1112bbb242f0a2.sdkstatcache -output-file-map /Users/admin/builder/spi-builder-workspace/.derivedData/Build/Intermediates.noindex/SKRTMAPI.build/Debug-watchos/SKRTMAPI-t.build/Objects-normal/arm64/SKRTMAPI-OutputFileMap.json -save-temps -no-color-diagnostics -emit-dependencies -emit-module -emit-module-path /Users/admin/builder/spi-builder-workspace/.derivedData/Build/Intermediates.noindex/SKRTMAPI.build/Debug-watchos/SKRTMAPI-t.build/Objects-normal/arm64/SKRTMAPI.swiftmodule -serialize-diagnostics -validate-clang-modules-once -clang-build-session-file /Users/admin/builder/spi-builder-workspace/.derivedData/ModuleCache.noindex/Session.modulevalidation -Xcc -fmodules-prune-interval\=86400 -Xcc -fmodules-prune-after\=345600 -emit-const-values -const-gather-protocols-list /Users/admin/builder/spi-builder-workspace/.derivedData/Build/Intermediates.noindex/SKRTMAPI.build/Debug-watchos/SKRTMAPI-t.build/Objects-normal/arm64/SKRTMAPI_const_extract_protocols.json -Xcc -I/Users/admin/builder/spi-builder-workspace/.derivedData/Build/Products/Debug-watchos/include -Xcc -I/Users/admin/builder/spi-builder-workspace/.derivedData/Build/Intermediates.noindex/SKRTMAPI.build/Debug-watchos/SKRTMAPI-t.build/DerivedSources-normal/arm64 -Xcc -I/Users/admin/builder/spi-builder-workspace/.derivedData/Build/Intermediates.noindex/SKRTMAPI.build/Debug-watchos/SKRTMAPI-t.build/DerivedSources/arm64 -Xcc -I/Users/admin/builder/spi-builder-workspace/.derivedData/Build/Intermediates.noindex/SKRTMAPI.build/Debug-watchos/SKRTMAPI-t.build/DerivedSources -Xcc -DSWIFT_PACKAGE -Xcc -DDEBUG\=1 -emit-objc-header -emit-objc-header-path /Users/admin/builder/spi-builder-workspace/.derivedData/Build/Intermediates.noindex/SKRTMAPI.build/Debug-watchos/SKRTMAPI-t.build/Objects-normal/arm64/SKRTMAPI-Swift.h -working-directory /Users/admin/builder/spi-builder-workspace/.swiftpm/xcode -experimental-emit-module-separately -disable-cmo
SwiftDriver SKWebAPI normal arm64 com.apple.xcode.tools.swift.compiler (in target 'SKWebAPI' from project 'SKWebAPI')
cd /Users/admin/builder/spi-builder-workspace/.swiftpm/xcode
builtin-SwiftDriver -- /Applications/Xcode-27.0.0-Release.Candidate.app/Contents/Developer/Toolchains/XcodeDefault.xctoolchain/usr/bin/swiftc -parse-as-library -module-name SKWebAPI -Onone @/Users/admin/builder/spi-builder-workspace/.derivedData/Build/Intermediates.noindex/SKWebAPI.build/Debug-watchos/SKWebAPI-t.build/Objects-normal/arm64/SKWebAPI.SwiftFileList -DSWIFT_PACKAGE -DDEBUG -DSWIFT_MODULE_RESOURCE_BUNDLE_UNAVAILABLE -DXcode -plugin-path /Applications/Xcode-27.0.0-Release.Candidate.app/Contents/Developer/Toolchains/XcodeDefault.xctoolchain/usr/lib/swift/host/plugins/testing -enable-experimental-feature DebugDescriptionMacro -sdk /Applications/Xcode-27.0.0-Release.Candidate.app/Contents/Developer/Platforms/WatchOS.platform/Developer/SDKs/WatchOS27.0.sdk -target arm64-apple-watchos9.0 -g -module-cache-path /Users/admin/builder/spi-builder-workspace/.derivedData/ModuleCache.noindex -Xfrontend -serialize-debugging-options -enable-testing -suppress-warnings -index-store-path /Users/admin/builder/spi-builder-workspace/.derivedData/Index.noindex/DataStore -Xcc -D_LIBCPP_HARDENING_MODE\=_LIBCPP_HARDENING_MODE_DEBUG -swift-version 4 -I /Users/admin/builder/spi-builder-workspace/.derivedData/Build/Products/Debug-watchos -Isystem /Applications/Xcode-27.0.0-Release.Candidate.app/Contents/Developer/Platforms/WatchOS.platform/Developer/usr/lib -F /Users/admin/builder/spi-builder-workspace/.derivedData/Build/Products/Debug-watchos/PackageFrameworks -F /Users/admin/builder/spi-builder-workspace/.derivedData/Build/Products/Debug-watchos -F /Applications/Xcode-27.0.0-Release.Candidate.app/Contents/Developer/Platforms/WatchOS.platform/Developer/Library/Frameworks -F /Applications/Xcode-27.0.0-Release.Candidate.app/Contents/Developer/Platforms/WatchOS.platform/Developer/SDKs/WatchOS27.0.sdk/Developer/Library/Frameworks -c -j10 -enable-batch-mode -incremental -Xcc -ivfsstatcache -Xcc /Users/admin/builder/spi-builder-workspace/.derivedData/SDKStatCaches.noindex/watchos27.0-24R360-e829b21a6f8c9b70876ba0858053c04477534ef55a1706bf4c1112bbb242f0a2.sdkstatcache -output-file-map /Users/admin/builder/spi-builder-workspace/.derivedData/Build/Intermediates.noindex/SKWebAPI.build/Debug-watchos/SKWebAPI-t.build/Objects-normal/arm64/SKWebAPI-OutputFileMap.json -save-temps -no-color-diagnostics -emit-dependencies -emit-module -emit-module-path /Users/admin/builder/spi-builder-workspace/.derivedData/Build/Intermediates.noindex/SKWebAPI.build/Debug-watchos/SKWebAPI-t.build/Objects-normal/arm64/SKWebAPI.swiftmodule -serialize-diagnostics -validate-clang-modules-once -clang-build-session-file /Users/admin/builder/spi-builder-workspace/.derivedData/ModuleCache.noindex/Session.modulevalidation -Xcc -fmodules-prune-interval\=86400 -Xcc -fmodules-prune-after\=345600 -emit-const-values -const-gather-protocols-list /Users/admin/builder/spi-builder-workspace/.derivedData/Build/Intermediates.noindex/SKWebAPI.build/Debug-watchos/SKWebAPI-t.build/Objects-normal/arm64/SKWebAPI_const_extract_protocols.json -Xcc -I/Users/admin/builder/spi-builder-workspace/.derivedData/Build/Products/Debug-watchos/include -Xcc -I/Users/admin/builder/spi-builder-workspace/.derivedData/Build/Intermediates.noindex/SKWebAPI.build/Debug-watchos/SKWebAPI-t.build/DerivedSources-normal/arm64 -Xcc -I/Users/admin/builder/spi-builder-workspace/.derivedData/Build/Intermediates.noindex/SKWebAPI.build/Debug-watchos/SKWebAPI-t.build/DerivedSources/arm64 -Xcc -I/Users/admin/builder/spi-builder-workspace/.derivedData/Build/Intermediates.noindex/SKWebAPI.build/Debug-watchos/SKWebAPI-t.build/DerivedSources -Xcc -DSWIFT_PACKAGE -Xcc -DDEBUG\=1 -emit-objc-header -emit-objc-header-path /Users/admin/builder/spi-builder-workspace/.derivedData/Build/Intermediates.noindex/SKWebAPI.build/Debug-watchos/SKWebAPI-t.build/Objects-normal/arm64/SKWebAPI-Swift.h -working-directory /Users/admin/builder/spi-builder-workspace/.swiftpm/xcode -experimental-emit-module-separately -disable-cmo
SwiftDriver SKRTMAPI normal arm64_32 com.apple.xcode.tools.swift.compiler (in target 'SKRTMAPI' from project 'SKRTMAPI')
cd /Users/admin/builder/spi-builder-workspace/.swiftpm/xcode
builtin-SwiftDriver -- /Applications/Xcode-27.0.0-Release.Candidate.app/Contents/Developer/Toolchains/XcodeDefault.xctoolchain/usr/bin/swiftc -parse-as-library -module-name SKRTMAPI -Onone @/Users/admin/builder/spi-builder-workspace/.derivedData/Build/Intermediates.noindex/SKRTMAPI.build/Debug-watchos/SKRTMAPI-t.build/Objects-normal/arm64_32/SKRTMAPI.SwiftFileList -DSWIFT_PACKAGE -DDEBUG -DSWIFT_MODULE_RESOURCE_BUNDLE_UNAVAILABLE -DXcode -plugin-path /Applications/Xcode-27.0.0-Release.Candidate.app/Contents/Developer/Toolchains/XcodeDefault.xctoolchain/usr/lib/swift/host/plugins/testing -enable-experimental-feature DebugDescriptionMacro -sdk /Applications/Xcode-27.0.0-Release.Candidate.app/Contents/Developer/Platforms/WatchOS.platform/Developer/SDKs/WatchOS27.0.sdk -target arm64_32-apple-watchos9.0 -g -module-cache-path /Users/admin/builder/spi-builder-workspace/.derivedData/ModuleCache.noindex -Xfrontend -serialize-debugging-options -enable-testing -index-store-path /Users/admin/builder/spi-builder-workspace/.derivedData/Index.noindex/DataStore -Xcc -D_LIBCPP_HARDENING_MODE\=_LIBCPP_HARDENING_MODE_DEBUG -swift-version 4 -I /Users/admin/builder/spi-builder-workspace/.derivedData/Build/Products/Debug-watchos -Isystem /Applications/Xcode-27.0.0-Release.Candidate.app/Contents/Developer/Platforms/WatchOS.platform/Developer/usr/lib -F /Users/admin/builder/spi-builder-workspace/.derivedData/Build/Products/Debug-watchos/PackageFrameworks -F /Users/admin/builder/spi-builder-workspace/.derivedData/Build/Products/Debug-watchos -F /Applications/Xcode-27.0.0-Release.Candidate.app/Contents/Developer/Platforms/WatchOS.platform/Developer/Library/Frameworks -F /Applications/Xcode-27.0.0-Release.Candidate.app/Contents/Developer/Platforms/WatchOS.platform/Developer/SDKs/WatchOS27.0.sdk/Developer/Library/Frameworks -c -j10 -enable-batch-mode -incremental -Xcc -ivfsstatcache -Xcc /Users/admin/builder/spi-builder-workspace/.derivedData/SDKStatCaches.noindex/watchos27.0-24R360-e829b21a6f8c9b70876ba0858053c04477534ef55a1706bf4c1112bbb242f0a2.sdkstatcache -output-file-map /Users/admin/builder/spi-builder-workspace/.derivedData/Build/Intermediates.noindex/SKRTMAPI.build/Debug-watchos/SKRTMAPI-t.build/Objects-normal/arm64_32/SKRTMAPI-OutputFileMap.json -save-temps -no-color-diagnostics -emit-dependencies -emit-module -emit-module-path /Users/admin/builder/spi-builder-workspace/.derivedData/Build/Intermediates.noindex/SKRTMAPI.build/Debug-watchos/SKRTMAPI-t.build/Objects-normal/arm64_32/SKRTMAPI.swiftmodule -serialize-diagnostics -validate-clang-modules-once -clang-build-session-file /Users/admin/builder/spi-builder-workspace/.derivedData/ModuleCache.noindex/Session.modulevalidation -Xcc -fmodules-prune-interval\=86400 -Xcc -fmodules-prune-after\=345600 -emit-const-values -const-gather-protocols-list /Users/admin/builder/spi-builder-workspace/.derivedData/Build/Intermediates.noindex/SKRTMAPI.build/Debug-watchos/SKRTMAPI-t.build/Objects-normal/arm64_32/SKRTMAPI_const_extract_protocols.json -Xcc -I/Users/admin/builder/spi-builder-workspace/.derivedData/Build/Products/Debug-watchos/include -Xcc -I/Users/admin/builder/spi-builder-workspace/.derivedData/Build/Intermediates.noindex/SKRTMAPI.build/Debug-watchos/SKRTMAPI-t.build/DerivedSources-normal/arm64_32 -Xcc -I/Users/admin/builder/spi-builder-workspace/.derivedData/Build/Intermediates.noindex/SKRTMAPI.build/Debug-watchos/SKRTMAPI-t.build/DerivedSources/arm64_32 -Xcc -I/Users/admin/builder/spi-builder-workspace/.derivedData/Build/Intermediates.noindex/SKRTMAPI.build/Debug-watchos/SKRTMAPI-t.build/DerivedSources -Xcc -DSWIFT_PACKAGE -Xcc -DDEBUG\=1 -emit-objc-header -emit-objc-header-path /Users/admin/builder/spi-builder-workspace/.derivedData/Build/Intermediates.noindex/SKRTMAPI.build/Debug-watchos/SKRTMAPI-t.build/Objects-normal/arm64_32/SKRTMAPI-Swift.h -working-directory /Users/admin/builder/spi-builder-workspace/.swiftpm/xcode -experimental-emit-module-separately -disable-cmo
SwiftCompile normal arm64 Compiling\ SKRTMAPI.swift /Users/admin/builder/spi-builder-workspace/Sources/SKRTMAPI/SKRTMAPI.swift (in target 'SKRTMAPI' from project 'SKRTMAPI')
SwiftCompile normal arm64 /Users/admin/builder/spi-builder-workspace/Sources/SKRTMAPI/SKRTMAPI.swift (in target 'SKRTMAPI' from project 'SKRTMAPI')
cd /Users/admin/builder/spi-builder-workspace/.swiftpm/xcode
builtin-SwiftPerFileCompile SKRTMAPI.swift
/Users/admin/builder/spi-builder-workspace/Sources/SKRTMAPI/SKRTMAPI.swift:71:28: error: cannot find 'StarscreamRTM' in scope
69 | self.rtm = VaporEngineRTM()
70 | #else
71 | self.rtm = StarscreamRTM()
| `- error: cannot find 'StarscreamRTM' in scope
72 | #endif
73 | }
Failed frontend command:
/Applications/Xcode-27.0.0-Release.Candidate.app/Contents/Developer/Toolchains/XcodeDefault.xctoolchain/usr/bin/swift-frontend -frontend -c /Users/admin/builder/spi-builder-workspace/Sources/SKRTMAPI/Conformers/StarscreamRTM.swift /Users/admin/builder/spi-builder-workspace/Sources/SKRTMAPI/Conformers/VaporEngineRTM.swift -primary-file /Users/admin/builder/spi-builder-workspace/Sources/SKRTMAPI/SKRTMAPI.swift -emit-dependencies-path /Users/admin/builder/spi-builder-workspace/.derivedData/Build/Intermediates.noindex/SKRTMAPI.build/Debug-watchos/SKRTMAPI-t.build/Objects-normal/arm64/SKRTMAPI.d -emit-const-values-path /Users/admin/builder/spi-builder-workspace/.derivedData/Build/Intermediates.noindex/SKRTMAPI.build/Debug-watchos/SKRTMAPI-t.build/Objects-normal/arm64/SKRTMAPI.swiftconstvalues -emit-reference-dependencies-path /Users/admin/builder/spi-builder-workspace/.derivedData/Build/Intermediates.noindex/SKRTMAPI.build/Debug-watchos/SKRTMAPI-t.build/Objects-normal/arm64/SKRTMAPI.swiftdeps -serialize-diagnostics-path /Users/admin/builder/spi-builder-workspace/.derivedData/Build/Intermediates.noindex/SKRTMAPI.build/Debug-watchos/SKRTMAPI-t.build/Objects-normal/arm64/SKRTMAPI.dia -target arm64-apple-watchos9.0 -Xllvm -aarch64-use-tbi -enable-objc-interop -stack-check -sdk /Applications/Xcode-27.0.0-Release.Candidate.app/Contents/Developer/Platforms/WatchOS.platform/Developer/SDKs/WatchOS27.0.sdk -I /Users/admin/builder/spi-builder-workspace/.derivedData/Build/Products/Debug-watchos -Isystem /Applications/Xcode-27.0.0-Release.Candidate.app/Contents/Developer/Platforms/WatchOS.platform/Developer/usr/lib -F /Users/admin/builder/spi-builder-workspace/.derivedData/Build/Products/Debug-watchos/PackageFrameworks -F /Users/admin/builder/spi-builder-workspace/.derivedData/Build/Products/Debug-watchos -F /Applications/Xcode-27.0.0-Release.Candidate.app/Contents/Developer/Platforms/WatchOS.platform/Developer/Library/Frameworks -F /Applications/Xcode-27.0.0-Release.Candidate.app/Contents/Developer/Platforms/WatchOS.platform/Developer/SDKs/WatchOS27.0.sdk/Developer/Library/Frameworks -module-cache-path /Users/admin/builder/spi-builder-workspace/.derivedData/ModuleCache.noindex -no-color-diagnostics -Xcc -fno-color-diagnostics -enable-testing -g -debug-info-format\=dwarf -dwarf-version\=4 -swift-version 4 -Onone -D SWIFT_PACKAGE -D DEBUG -D SWIFT_MODULE_RESOURCE_BUNDLE_UNAVAILABLE -D Xcode -serialize-debugging-options -enable-experimental-feature DebugDescriptionMacro -empty-abi-descriptor -plugin-path /Applications/Xcode-27.0.0-Release.Candidate.app/Contents/Developer/Toolchains/XcodeDefault.xctoolchain/usr/lib/swift/host/plugins/testing -validate-clang-modules-once -clang-build-session-file /Users/admin/builder/spi-builder-workspace/.derivedData/ModuleCache.noindex/Session.modulevalidation -Xcc -working-directory -Xcc /Users/admin/builder/spi-builder-workspace/.swiftpm/xcode -enable-anonymous-context-mangled-names -file-compilation-dir /Users/admin/builder/spi-builder-workspace/.swiftpm/xcode -Xcc -D_LIBCPP_HARDENING_MODE\=_LIBCPP_HARDENING_MODE_DEBUG -Xcc -ivfsstatcache -Xcc /Users/admin/builder/spi-builder-workspace/.derivedData/SDKStatCaches.noindex/watchos27.0-24R360-e829b21a6f8c9b70876ba0858053c04477534ef55a1706bf4c1112bbb242f0a2.sdkstatcache -Xcc -fmodules-prune-interval\=86400 -Xcc -fmodules-prune-after\=345600 -Xcc -I/Users/admin/builder/spi-builder-workspace/.derivedData/Build/Products/Debug-watchos/include -Xcc -I/Users/admin/builder/spi-builder-workspace/.derivedData/Build/Intermediates.noindex/SKRTMAPI.build/Debug-watchos/SKRTMAPI-t.build/DerivedSources-normal/arm64 -Xcc -I/Users/admin/builder/spi-builder-workspace/.derivedData/Build/Intermediates.noindex/SKRTMAPI.build/Debug-watchos/SKRTMAPI-t.build/DerivedSources/arm64 -Xcc -I/Users/admin/builder/spi-builder-workspace/.derivedData/Build/Intermediates.noindex/SKRTMAPI.build/Debug-watchos/SKRTMAPI-t.build/DerivedSources -Xcc -DSWIFT_PACKAGE -Xcc -DDEBUG\=1 -no-auto-bridging-header-chaining -module-name SKRTMAPI -const-gather-protocols-file /Users/admin/builder/spi-builder-workspace/.derivedData/Build/Intermediates.noindex/SKRTMAPI.build/Debug-watchos/SKRTMAPI-t.build/Objects-normal/arm64/SKRTMAPI_const_extract_protocols.json -disable-clang-spi -target-sdk-version 27.0 -target-sdk-name watchos27.0 -external-plugin-path /Applications/Xcode-27.0.0-Release.Candidate.app/Contents/Developer/Platforms/WatchOS.platform/Developer/usr/lib/swift/host/plugins\#/Applications/Xcode-27.0.0-Release.Candidate.app/Contents/Developer/Platforms/WatchOS.platform/Developer/usr/bin/swift-plugin-server -external-plugin-path /Applications/Xcode-27.0.0-Release.Candidate.app/Contents/Developer/Platforms/WatchOS.platform/Developer/usr/local/lib/swift/host/plugins\#/Applications/Xcode-27.0.0-Release.Candidate.app/Contents/Developer/Platforms/WatchOS.platform/Developer/usr/bin/swift-plugin-server -in-process-plugin-server-path /Applications/Xcode-27.0.0-Release.Candidate.app/Contents/Developer/Toolchains/XcodeDefault.xctoolchain/usr/lib/swift/host/libSwiftInProcPluginServer.dylib -plugin-path /Applications/Xcode-27.0.0-Release.Candidate.app/Contents/Developer/Toolchains/XcodeDefault.xctoolchain/usr/lib/swift/host/plugins -plugin-path /Applications/Xcode-27.0.0-Release.Candidate.app/Contents/Developer/Toolchains/XcodeDefault.xctoolchain/usr/local/lib/swift/host/plugins -parse-as-library -o /Users/admin/builder/spi-builder-workspace/.derivedData/Build/Intermediates.noindex/SKRTMAPI.build/Debug-watchos/SKRTMAPI-t.build/Objects-normal/arm64/SKRTMAPI.o -index-unit-output-path /SKRTMAPI.build/Debug-watchos/SKRTMAPI-t.build/Objects-normal/arm64/SKRTMAPI.o -index-store-path /Users/admin/builder/spi-builder-workspace/.derivedData/Index.noindex/DataStore -index-system-modules
SwiftEmitModule normal arm64 Emitting\ module\ for\ SKRTMAPI (in target 'SKRTMAPI' from project 'SKRTMAPI')
SwiftCompile normal arm64 (in target 'SKRTMAPI' from project 'SKRTMAPI')
cd /Users/admin/builder/spi-builder-workspace/.swiftpm/xcode
SwiftCompile normal arm64 Compiling\ StarscreamRTM.swift /Users/admin/builder/spi-builder-workspace/Sources/SKRTMAPI/Conformers/StarscreamRTM.swift (in target 'SKRTMAPI' from project 'SKRTMAPI')
SwiftCompile normal arm64 /Users/admin/builder/spi-builder-workspace/Sources/SKRTMAPI/Conformers/StarscreamRTM.swift (in target 'SKRTMAPI' from project 'SKRTMAPI')
cd /Users/admin/builder/spi-builder-workspace/.swiftpm/xcode
builtin-SwiftPerFileCompile StarscreamRTM.swift
SwiftEmitModule normal arm64 Emitting\ module\ for\ SKWebAPI (in target 'SKWebAPI' from project 'SKWebAPI')
SwiftCompile normal arm64 (in target 'SKWebAPI' from project 'SKWebAPI')
cd /Users/admin/builder/spi-builder-workspace/.swiftpm/xcode
SwiftEmitModule normal arm64_32 Emitting\ module\ for\ SKRTMAPI (in target 'SKRTMAPI' from project 'SKRTMAPI')
SwiftCompile normal arm64_32 (in target 'SKRTMAPI' from project 'SKRTMAPI')
cd /Users/admin/builder/spi-builder-workspace/.swiftpm/xcode
SwiftEmitModule normal arm64_32 Emitting\ module\ for\ SKWebAPI (in target 'SKWebAPI' from project 'SKWebAPI')
SwiftCompile normal arm64_32 (in target 'SKWebAPI' from project 'SKWebAPI')
cd /Users/admin/builder/spi-builder-workspace/.swiftpm/xcode
SwiftCompile normal arm64 Compiling\ WebAPI.swift /Users/admin/builder/spi-builder-workspace/.dependencies/checkouts/SKWebAPI/Sources/WebAPI.swift (in target 'SKWebAPI' from project 'SKWebAPI')
SwiftCompile normal arm64 /Users/admin/builder/spi-builder-workspace/.dependencies/checkouts/SKWebAPI/Sources/WebAPI.swift (in target 'SKWebAPI' from project 'SKWebAPI')
cd /Users/admin/builder/spi-builder-workspace/.swiftpm/xcode
builtin-SwiftPerFileCompile WebAPI.swift
SwiftCompile normal arm64_32 Compiling\ SKRTMAPI.swift /Users/admin/builder/spi-builder-workspace/Sources/SKRTMAPI/SKRTMAPI.swift (in target 'SKRTMAPI' from project 'SKRTMAPI')
/Users/admin/builder/spi-builder-workspace/Sources/SKRTMAPI/SKRTMAPI.swift:71:28: error: cannot find 'StarscreamRTM' in scope
69 | self.rtm = VaporEngineRTM()
70 | #else
71 | self.rtm = StarscreamRTM()
| `- error: cannot find 'StarscreamRTM' in scope
72 | #endif
73 | }
Failed frontend command:
/Applications/Xcode-27.0.0-Release.Candidate.app/Contents/Developer/Toolchains/XcodeDefault.xctoolchain/usr/bin/swift-frontend -frontend -c /Users/admin/builder/spi-builder-workspace/Sources/SKRTMAPI/Conformers/StarscreamRTM.swift /Users/admin/builder/spi-builder-workspace/Sources/SKRTMAPI/Conformers/VaporEngineRTM.swift -primary-file /Users/admin/builder/spi-builder-workspace/Sources/SKRTMAPI/SKRTMAPI.swift -emit-dependencies-path /Users/admin/builder/spi-builder-workspace/.derivedData/Build/Intermediates.noindex/SKRTMAPI.build/Debug-watchos/SKRTMAPI-t.build/Objects-normal/arm64_32/SKRTMAPI.d -emit-const-values-path /Users/admin/builder/spi-builder-workspace/.derivedData/Build/Intermediates.noindex/SKRTMAPI.build/Debug-watchos/SKRTMAPI-t.build/Objects-normal/arm64_32/SKRTMAPI.swiftconstvalues -emit-reference-dependencies-path /Users/admin/builder/spi-builder-workspace/.derivedData/Build/Intermediates.noindex/SKRTMAPI.build/Debug-watchos/SKRTMAPI-t.build/Objects-normal/arm64_32/SKRTMAPI.swiftdeps -serialize-diagnostics-path /Users/admin/builder/spi-builder-workspace/.derivedData/Build/Intermediates.noindex/SKRTMAPI.build/Debug-watchos/SKRTMAPI-t.build/Objects-normal/arm64_32/SKRTMAPI.dia -target arm64_32-apple-watchos9.0 -enable-objc-interop -sdk /Applications/Xcode-27.0.0-Release.Candidate.app/Contents/Developer/Platforms/WatchOS.platform/Developer/SDKs/WatchOS27.0.sdk -I /Users/admin/builder/spi-builder-workspace/.derivedData/Build/Products/Debug-watchos -Isystem /Applications/Xcode-27.0.0-Release.Candidate.app/Contents/Developer/Platforms/WatchOS.platform/Developer/usr/lib -F /Users/admin/builder/spi-builder-workspace/.derivedData/Build/Products/Debug-watchos/PackageFrameworks -F /Users/admin/builder/spi-builder-workspace/.derivedData/Build/Products/Debug-watchos -F /Applications/Xcode-27.0.0-Release.Candidate.app/Contents/Developer/Platforms/WatchOS.platform/Developer/Library/Frameworks -F /Applications/Xcode-27.0.0-Release.Candidate.app/Contents/Developer/Platforms/WatchOS.platform/Developer/SDKs/WatchOS27.0.sdk/Developer/Library/Frameworks -module-cache-path /Users/admin/builder/spi-builder-workspace/.derivedData/ModuleCache.noindex -no-color-diagnostics -Xcc -fno-color-diagnostics -enable-testing -g -debug-info-format\=dwarf -dwarf-version\=4 -swift-version 4 -Onone -D SWIFT_PACKAGE -D DEBUG -D SWIFT_MODULE_RESOURCE_BUNDLE_UNAVAILABLE -D Xcode -serialize-debugging-options -enable-experimental-feature DebugDescriptionMacro -empty-abi-descriptor -plugin-path /Applications/Xcode-27.0.0-Release.Candidate.app/Contents/Developer/Toolchains/XcodeDefault.xctoolchain/usr/lib/swift/host/plugins/testing -validate-clang-modules-once -clang-build-session-file /Users/admin/builder/spi-builder-workspace/.derivedData/ModuleCache.noindex/Session.modulevalidation -Xcc -working-directory -Xcc /Users/admin/builder/spi-builder-workspace/.swiftpm/xcode -enable-anonymous-context-mangled-names -file-compilation-dir /Users/admin/builder/spi-builder-workspace/.swiftpm/xcode -Xcc -D_LIBCPP_HARDENING_MODE\=_LIBCPP_HARDENING_MODE_DEBUG -Xcc -ivfsstatcache -Xcc /Users/admin/builder/spi-builder-workspace/.derivedData/SDKStatCaches.noindex/watchos27.0-24R360-e829b21a6f8c9b70876ba0858053c04477534ef55a1706bf4c1112bbb242f0a2.sdkstatcache -Xcc -fmodules-prune-interval\=86400 -Xcc -fmodules-prune-after\=345600 -Xcc -I/Users/admin/builder/spi-builder-workspace/.derivedData/Build/Products/Debug-watchos/include -Xcc -I/Users/admin/builder/spi-builder-workspace/.derivedData/Build/Intermediates.noindex/SKRTMAPI.build/Debug-watchos/SKRTMAPI-t.build/DerivedSources-normal/arm64_32 -Xcc -I/Users/admin/builder/spi-builder-workspace/.derivedData/Build/Intermediates.noindex/SKRTMAPI.build/Debug-watchos/SKRTMAPI-t.build/DerivedSources/arm64_32 -Xcc -I/Users/admin/builder/spi-builder-workspace/.derivedData/Build/Intermediates.noindex/SKRTMAPI.build/Debug-watchos/SKRTMAPI-t.build/DerivedSources -Xcc -DSWIFT_PACKAGE -Xcc -DDEBUG\=1 -no-auto-bridging-header-chaining -module-name SKRTMAPI -const-gather-protocols-file /Users/admin/builder/spi-builder-workspace/.derivedData/Build/Intermediates.noindex/SKRTMAPI.build/Debug-watchos/SKRTMAPI-t.build/Objects-normal/arm64_32/SKRTMAPI_const_extract_protocols.json -disable-clang-spi -target-sdk-version 27.0 -target-sdk-name watchos27.0 -external-plugin-path /Applications/Xcode-27.0.0-Release.Candidate.app/Contents/Developer/Platforms/WatchOS.platform/Developer/usr/lib/swift/host/plugins\#/Applications/Xcode-27.0.0-Release.Candidate.app/Contents/Developer/Platforms/WatchOS.platform/Developer/usr/bin/swift-plugin-server -external-plugin-path /Applications/Xcode-27.0.0-Release.Candidate.app/Contents/Developer/Platforms/WatchOS.platform/Developer/usr/local/lib/swift/host/plugins\#/Applications/Xcode-27.0.0-Release.Candidate.app/Contents/Developer/Platforms/WatchOS.platform/Developer/usr/bin/swift-plugin-server -in-process-plugin-server-path /Applications/Xcode-27.0.0-Release.Candidate.app/Contents/Developer/Toolchains/XcodeDefault.xctoolchain/usr/lib/swift/host/libSwiftInProcPluginServer.dylib -plugin-path /Applications/Xcode-27.0.0-Release.Candidate.app/Contents/Developer/Toolchains/XcodeDefault.xctoolchain/usr/lib/swift/host/plugins -plugin-path /Applications/Xcode-27.0.0-Release.Candidate.app/Contents/Developer/Toolchains/XcodeDefault.xctoolchain/usr/local/lib/swift/host/plugins -parse-as-library -o /Users/admin/builder/spi-builder-workspace/.derivedData/Build/Intermediates.noindex/SKRTMAPI.build/Debug-watchos/SKRTMAPI-t.build/Objects-normal/arm64_32/SKRTMAPI.o -index-unit-output-path /SKRTMAPI.build/Debug-watchos/SKRTMAPI-t.build/Objects-normal/arm64_32/SKRTMAPI.o -index-store-path /Users/admin/builder/spi-builder-workspace/.derivedData/Index.noindex/DataStore -index-system-modules
SwiftCompile normal arm64_32 /Users/admin/builder/spi-builder-workspace/Sources/SKRTMAPI/SKRTMAPI.swift (in target 'SKRTMAPI' from project 'SKRTMAPI')
cd /Users/admin/builder/spi-builder-workspace/.swiftpm/xcode
builtin-SwiftPerFileCompile SKRTMAPI.swift
SwiftCompile normal arm64_32 Compiling\ WebAPI.swift /Users/admin/builder/spi-builder-workspace/.dependencies/checkouts/SKWebAPI/Sources/WebAPI.swift (in target 'SKWebAPI' from project 'SKWebAPI')
SwiftCompile normal arm64_32 /Users/admin/builder/spi-builder-workspace/.dependencies/checkouts/SKWebAPI/Sources/WebAPI.swift (in target 'SKWebAPI' from project 'SKWebAPI')
cd /Users/admin/builder/spi-builder-workspace/.swiftpm/xcode
builtin-SwiftPerFileCompile WebAPI.swift
SwiftCompile normal arm64_32 Compiling\ StarscreamRTM.swift /Users/admin/builder/spi-builder-workspace/Sources/SKRTMAPI/Conformers/StarscreamRTM.swift (in target 'SKRTMAPI' from project 'SKRTMAPI')
SwiftCompile normal arm64_32 /Users/admin/builder/spi-builder-workspace/Sources/SKRTMAPI/Conformers/StarscreamRTM.swift (in target 'SKRTMAPI' from project 'SKRTMAPI')
cd /Users/admin/builder/spi-builder-workspace/.swiftpm/xcode
builtin-SwiftPerFileCompile StarscreamRTM.swift
SwiftDriverJobDiscovery normal arm64 Compiling StarscreamRTM.swift (in target 'SKRTMAPI' from project 'SKRTMAPI')
SwiftDriverJobDiscovery normal arm64_32 Compiling StarscreamRTM.swift (in target 'SKRTMAPI' from project 'SKRTMAPI')
PruneExplicitPrecompiledModules /Users/admin/builder/spi-builder-workspace/.derivedData/Build/Intermediates.noindex/ExplicitPrecompiledModules
PruneExplicitPrecompiledModules /Users/admin/builder/spi-builder-workspace/.derivedData/Build/Intermediates.noindex/SwiftExplicitPrecompiledModules
PruneExplicitPrecompiledModules /Users/admin/builder/spi-builder-workspace/.derivedData/SDKExplicitPrecompiledModules
2026-09-16 21:54:36.577 xcodebuild[873:5434] [MT] IDERunDestination: Supported platforms for the buildables in the current scheme is empty.
** BUILD FAILED **
The following build commands failed:
SwiftCompile normal arm64 /Users/admin/builder/spi-builder-workspace/Sources/SKRTMAPI/SKRTMAPI.swift (in target 'SKRTMAPI' from project 'SKRTMAPI')
SwiftCompile normal arm64 Compiling\ SKRTMAPI.swift /Users/admin/builder/spi-builder-workspace/Sources/SKRTMAPI/SKRTMAPI.swift (in target 'SKRTMAPI' from project 'SKRTMAPI')
SwiftCompile normal arm64_32 Compiling\ SKRTMAPI.swift /Users/admin/builder/spi-builder-workspace/Sources/SKRTMAPI/SKRTMAPI.swift (in target 'SKRTMAPI' from project 'SKRTMAPI')
SwiftCompile normal arm64_32 /Users/admin/builder/spi-builder-workspace/Sources/SKRTMAPI/SKRTMAPI.swift (in target 'SKRTMAPI' from project 'SKRTMAPI')
Building workspace SKRTMAPI with scheme SKRTMAPI
(5 failures)
BUILD FAILURE 6.4 watchOS