Build Information
Failed to build Cryptor, reference master (8fc54c), with Swift 6.4 for visionOS using Xcode 27.0 on 18 Sep 2026 14:27:08 UTC.
Build Command
env DEVELOPER_DIR=/Applications/Xcode-27.0.0-Release.Candidate.app xcrun xcodebuild -IDEClonedSourcePackagesDirPathOverride=$PWD/.dependencies -skipMacroValidation -skipPackagePluginValidation -derivedDataPath $PWD/.derivedData build -scheme Cryptor -destination generic/platform=xrOSBuild Log
========================================
RunAll
========================================
Builder version: 5.1.0
Interrupt handler set up.
========================================
Checkout
========================================
Clone URL: https://github.com/Kitura/BlueCryptor.git
Reference: master
Initialized empty Git repository in /Users/admin/builder/spi-builder-workspace/.git/
From https://github.com/Kitura/BlueCryptor
* branch master -> FETCH_HEAD
* [new branch] master -> origin/master
HEAD is now at 8fc54cc README: Update shields to SwiftPackageIndex
Cloned https://github.com/Kitura/BlueCryptor.git
Revision (git rev-parse @):
8fc54cc4f71b8450938062d0a40fbc464c1ed181
SUCCESS checkout https://github.com/Kitura/BlueCryptor.git at master
========================================
Build
========================================
Selected platform: visionOS
Swift version: 6.4
Building package at path: $PWD
https://github.com/Kitura/BlueCryptor.git
Command line invocation:
/Applications/Xcode-27.0.0-Release.Candidate.app/Contents/Developer/usr/bin/xcodebuild -IDEClonedSourcePackagesDirPathOverride=/Users/admin/builder/spi-builder-workspace/.dependencies -resolvePackageDependencies
resolved source packages:
{
"dependencies" : [
],
"manifest_display_name" : "Cryptor",
"name" : "Cryptor",
"path" : "/Users/admin/builder/spi-builder-workspace",
"platforms" : [
],
"products" : [
{
"name" : "Cryptor",
"targets" : [
"Cryptor"
],
"type" : {
"library" : [
"automatic"
]
}
}
],
"targets" : [
{
"c99name" : "CryptorTests",
"module_type" : "SwiftTarget",
"name" : "CryptorTests",
"path" : "Tests/CryptorTests",
"sources" : [
"CryptorTests.swift"
],
"target_dependencies" : [
"Cryptor"
],
"type" : "test"
},
{
"c99name" : "Cryptor",
"module_type" : "SwiftTarget",
"name" : "Cryptor",
"path" : "Sources/Cryptor",
"product_memberships" : [
"Cryptor"
],
"sources" : [
"Crypto.swift",
"Cryptor.swift",
"Digest.swift",
"HMAC.swift",
"KeyDerivation.swift",
"Random.swift",
"SSLPointerTricks.swift",
"Status.swift",
"StreamCryptor.swift",
"Updatable.swift",
"Utilities.swift"
],
"type" : "library"
}
],
"tools_version" : "5.0"
}
{
"project" : {
"configurations" : [
"Debug",
"Release"
],
"name" : "Cryptor",
"schemes" : [
"Cryptor",
"Cryptor-iOS",
"CryptorTests"
],
"targets" : [
"Cryptor",
"CryptorTests",
"Cryptor-iOS"
]
}
}
{
"workspace" : {
"name" : "Cryptor",
"schemes" : [
"Cryptor"
]
}
}
2026-09-18 10:26:57.526 xcodebuild[620:3899] [MT] IDERunDestination: Supported platforms for the buildables in the current scheme is empty.
Running build ...
env DEVELOPER_DIR=/Applications/Xcode-27.0.0-Release.Candidate.app xcrun xcodebuild -IDEClonedSourcePackagesDirPathOverride=$PWD/.dependencies -skipMacroValidation -skipPackagePluginValidation -derivedDataPath $PWD/.derivedData build -scheme Cryptor -destination generic/platform=xrOS
Command line invocation:
/Applications/Xcode-27.0.0-Release.Candidate.app/Contents/Developer/usr/bin/xcodebuild -IDEClonedSourcePackagesDirPathOverride=/Users/admin/builder/spi-builder-workspace/.dependencies -skipMacroValidation -skipPackagePluginValidation -derivedDataPath /Users/admin/builder/spi-builder-workspace/.derivedData build -scheme Cryptor -destination generic/platform=xrOS
Resolve Package Graph
Resolved source packages:
Cryptor: /Users/admin/builder/spi-builder-workspace
ComputePackagePrebuildTargetDependencyGraph
Prepare packages
CreateBuildRequest
SendProjectDescription
CreateBuildOperation
ComputeTargetDependencyGraph
note: Building targets in dependency order
note: Target dependency graph (2 targets)
Target 'Cryptor-product' in project 'Cryptor'
➜ Explicit dependency on target 'Cryptor' in project 'Cryptor'
Target 'Cryptor' in project 'Cryptor' (no dependencies)
GatherProvisioningInputs
CreateBuildDescription
ExecuteExternalTool /Applications/Xcode-27.0.0-Release.Candidate.app/Contents/Developer/Toolchains/XcodeDefault.xctoolchain/usr/bin/clang -v -E -dM -isysroot /Applications/Xcode-27.0.0-Release.Candidate.app/Contents/Developer/Platforms/XROS.platform/Developer/SDKs/XROS27.0.sdk -x c -c /dev/null
ExecuteExternalTool /Applications/Xcode-27.0.0-Release.Candidate.app/Contents/Developer/Toolchains/XcodeDefault.xctoolchain/usr/bin/swiftc --version
ExecuteExternalTool /Applications/Xcode-27.0.0-Release.Candidate.app/Contents/Developer/Toolchains/XcodeDefault.xctoolchain/usr/bin/ld -version_details
Build description signature: e472f84633cd917db716dd21ad37463b
Build description path: /Users/admin/builder/spi-builder-workspace/.derivedData/Build/Intermediates.noindex/XCBuildData/e472f84633cd917db716dd21ad37463b.xcbuilddata
CreateBuildDirectory /Users/admin/builder/spi-builder-workspace/.derivedData/SDKExplicitPrecompiledModules
cd /Users/admin/builder/spi-builder-workspace/.swiftpm/xcode
builtin-create-build-directory /Users/admin/builder/spi-builder-workspace/.derivedData/SDKExplicitPrecompiledModules
CreateBuildDirectory /Users/admin/builder/spi-builder-workspace/.derivedData/ModuleCache.noindex
cd /Users/admin/builder/spi-builder-workspace/.swiftpm/xcode
builtin-create-build-directory /Users/admin/builder/spi-builder-workspace/.derivedData/ModuleCache.noindex
CreateBuildDirectory /Users/admin/builder/spi-builder-workspace/.derivedData/CompilationCache.noindex
cd /Users/admin/builder/spi-builder-workspace/.swiftpm/xcode
builtin-create-build-directory /Users/admin/builder/spi-builder-workspace/.derivedData/CompilationCache.noindex
CreateBuildDirectory /Users/admin/builder/spi-builder-workspace/.derivedData/Build/Products
cd /Users/admin/builder/spi-builder-workspace/.swiftpm/xcode
builtin-create-build-directory /Users/admin/builder/spi-builder-workspace/.derivedData/Build/Products
CreateBuildDirectory /Users/admin/builder/spi-builder-workspace/.derivedData/Build/Intermediates.noindex
cd /Users/admin/builder/spi-builder-workspace/.swiftpm/xcode
builtin-create-build-directory /Users/admin/builder/spi-builder-workspace/.derivedData/Build/Intermediates.noindex
ClangStatCache /Applications/Xcode-27.0.0-Release.Candidate.app/Contents/Developer/Toolchains/XcodeDefault.xctoolchain/usr/bin/clang-stat-cache /Applications/Xcode-27.0.0-Release.Candidate.app/Contents/Developer/Platforms/XROS.platform/Developer/SDKs/XROS27.0.sdk /Users/admin/builder/spi-builder-workspace/.derivedData/SDKStatCaches.noindex/xros27.0-24M361-e829b21a6f8c9b70876ba0858053c044735bd543db762f57723cac368afd1ce4.sdkstatcache
cd /Users/admin/builder/spi-builder-workspace/.swiftpm/xcode
/Applications/Xcode-27.0.0-Release.Candidate.app/Contents/Developer/Toolchains/XcodeDefault.xctoolchain/usr/bin/clang-stat-cache /Applications/Xcode-27.0.0-Release.Candidate.app/Contents/Developer/Platforms/XROS.platform/Developer/SDKs/XROS27.0.sdk -o /Users/admin/builder/spi-builder-workspace/.derivedData/SDKStatCaches.noindex/xros27.0-24M361-e829b21a6f8c9b70876ba0858053c044735bd543db762f57723cac368afd1ce4.sdkstatcache
CreateBuildDirectory /Users/admin/builder/spi-builder-workspace/.derivedData/Build/Intermediates.noindex/SwiftExplicitPrecompiledModules
cd /Users/admin/builder/spi-builder-workspace/.swiftpm/xcode
builtin-create-build-directory /Users/admin/builder/spi-builder-workspace/.derivedData/Build/Intermediates.noindex/SwiftExplicitPrecompiledModules
CreateBuildDirectory /Users/admin/builder/spi-builder-workspace/.derivedData/Build/Intermediates.noindex/PrecompiledHeaders
cd /Users/admin/builder/spi-builder-workspace/.swiftpm/xcode
builtin-create-build-directory /Users/admin/builder/spi-builder-workspace/.derivedData/Build/Intermediates.noindex/PrecompiledHeaders
CreateBuildDirectory /Users/admin/builder/spi-builder-workspace/.derivedData/Build/Intermediates.noindex/ExplicitPrecompiledModules
cd /Users/admin/builder/spi-builder-workspace/.swiftpm/xcode
builtin-create-build-directory /Users/admin/builder/spi-builder-workspace/.derivedData/Build/Intermediates.noindex/ExplicitPrecompiledModules
CreateBuildDirectory /Users/admin/builder/spi-builder-workspace/.derivedData/Build/Intermediates.noindex/EagerLinkingTBDs/Debug-xros
cd /Users/admin/builder/spi-builder-workspace/.swiftpm/xcode
builtin-create-build-directory /Users/admin/builder/spi-builder-workspace/.derivedData/Build/Intermediates.noindex/EagerLinkingTBDs/Debug-xros
CreateBuildDirectory /Users/admin/builder/spi-builder-workspace/.derivedData/Build/Products/Debug-xros
cd /Users/admin/builder/spi-builder-workspace/.swiftpm/xcode
builtin-create-build-directory /Users/admin/builder/spi-builder-workspace/.derivedData/Build/Products/Debug-xros
CreateBuildDirectory /Users/admin/builder/spi-builder-workspace/.derivedData/Build/Products/Debug-xros/PackageFrameworks
cd /Users/admin/builder/spi-builder-workspace/.swiftpm/xcode
builtin-create-build-directory /Users/admin/builder/spi-builder-workspace/.derivedData/Build/Products/Debug-xros/PackageFrameworks
WriteAuxiliaryFile /Users/admin/builder/spi-builder-workspace/.derivedData/Build/Intermediates.noindex/Cryptor.build/Debug-xros/Cryptor-t.build/Cryptor.DependencyStaticMetadataFileList (in target 'Cryptor' from project 'Cryptor')
cd /Users/admin/builder/spi-builder-workspace
write-file /Users/admin/builder/spi-builder-workspace/.derivedData/Build/Intermediates.noindex/Cryptor.build/Debug-xros/Cryptor-t.build/Cryptor.DependencyStaticMetadataFileList
WriteAuxiliaryFile /Users/admin/builder/spi-builder-workspace/.derivedData/Build/Intermediates.noindex/Cryptor.build/Debug-xros/Cryptor-t.build/Cryptor.DependencyMetadataFileList (in target 'Cryptor' from project 'Cryptor')
cd /Users/admin/builder/spi-builder-workspace
write-file /Users/admin/builder/spi-builder-workspace/.derivedData/Build/Intermediates.noindex/Cryptor.build/Debug-xros/Cryptor-t.build/Cryptor.DependencyMetadataFileList
WriteAuxiliaryFile /Users/admin/builder/spi-builder-workspace/.derivedData/Build/Intermediates.noindex/Cryptor.build/Debug-xros/Cryptor-t.build/Cryptor.modulemap (in target 'Cryptor' from project 'Cryptor')
cd /Users/admin/builder/spi-builder-workspace
write-file /Users/admin/builder/spi-builder-workspace/.derivedData/Build/Intermediates.noindex/Cryptor.build/Debug-xros/Cryptor-t.build/Cryptor.modulemap
WriteAuxiliaryFile /Users/admin/builder/spi-builder-workspace/.derivedData/Build/Intermediates.noindex/Cryptor.build/Debug-xros/Cryptor-t.build/Objects-normal/arm64/Cryptor.LinkFileList (in target 'Cryptor' from project 'Cryptor')
cd /Users/admin/builder/spi-builder-workspace
write-file /Users/admin/builder/spi-builder-workspace/.derivedData/Build/Intermediates.noindex/Cryptor.build/Debug-xros/Cryptor-t.build/Objects-normal/arm64/Cryptor.LinkFileList
WriteAuxiliaryFile /Users/admin/builder/spi-builder-workspace/.derivedData/Build/Intermediates.noindex/Cryptor.build/Debug-xros/Cryptor-t.build/Objects-normal/arm64/Cryptor_const_extract_protocols.json (in target 'Cryptor' from project 'Cryptor')
cd /Users/admin/builder/spi-builder-workspace
write-file /Users/admin/builder/spi-builder-workspace/.derivedData/Build/Intermediates.noindex/Cryptor.build/Debug-xros/Cryptor-t.build/Objects-normal/arm64/Cryptor_const_extract_protocols.json
WriteAuxiliaryFile /Users/admin/builder/spi-builder-workspace/.derivedData/Build/Intermediates.noindex/Cryptor.build/Debug-xros/Cryptor-t.build/Objects-normal/arm64/Cryptor.SwiftFileList (in target 'Cryptor' from project 'Cryptor')
cd /Users/admin/builder/spi-builder-workspace
write-file /Users/admin/builder/spi-builder-workspace/.derivedData/Build/Intermediates.noindex/Cryptor.build/Debug-xros/Cryptor-t.build/Objects-normal/arm64/Cryptor.SwiftFileList
WriteAuxiliaryFile /Users/admin/builder/spi-builder-workspace/.derivedData/Build/Intermediates.noindex/Cryptor.build/Debug-xros/Cryptor-t.build/Objects-normal/arm64/Cryptor.SwiftConstValuesFileList (in target 'Cryptor' from project 'Cryptor')
cd /Users/admin/builder/spi-builder-workspace
write-file /Users/admin/builder/spi-builder-workspace/.derivedData/Build/Intermediates.noindex/Cryptor.build/Debug-xros/Cryptor-t.build/Objects-normal/arm64/Cryptor.SwiftConstValuesFileList
WriteAuxiliaryFile /Users/admin/builder/spi-builder-workspace/.derivedData/Build/Intermediates.noindex/Cryptor.build/Debug-xros/Cryptor-t.build/Objects-normal/arm64/Cryptor-OutputFileMap.json (in target 'Cryptor' from project 'Cryptor')
cd /Users/admin/builder/spi-builder-workspace
write-file /Users/admin/builder/spi-builder-workspace/.derivedData/Build/Intermediates.noindex/Cryptor.build/Debug-xros/Cryptor-t.build/Objects-normal/arm64/Cryptor-OutputFileMap.json
Copy /Users/admin/builder/spi-builder-workspace/.derivedData/Build/Intermediates.noindex/GeneratedModuleMaps-xros/Cryptor.modulemap /Users/admin/builder/spi-builder-workspace/.derivedData/Build/Intermediates.noindex/Cryptor.build/Debug-xros/Cryptor-t.build/Cryptor.modulemap (in target 'Cryptor' from project 'Cryptor')
cd /Users/admin/builder/spi-builder-workspace
builtin-copy -exclude .DS_Store -exclude CVS -exclude .svn -exclude .git -exclude .hg -resolve-src-symlinks /Users/admin/builder/spi-builder-workspace/.derivedData/Build/Intermediates.noindex/Cryptor.build/Debug-xros/Cryptor-t.build/Cryptor.modulemap /Users/admin/builder/spi-builder-workspace/.derivedData/Build/Intermediates.noindex/GeneratedModuleMaps-xros
SwiftDriver Cryptor normal arm64 com.apple.xcode.tools.swift.compiler (in target 'Cryptor' from project 'Cryptor')
cd /Users/admin/builder/spi-builder-workspace/.swiftpm/xcode
builtin-SwiftDriver -- /Applications/Xcode-27.0.0-Release.Candidate.app/Contents/Developer/Toolchains/XcodeDefault.xctoolchain/usr/bin/swiftc -parse-as-library -module-name Cryptor -Onone @/Users/admin/builder/spi-builder-workspace/.derivedData/Build/Intermediates.noindex/Cryptor.build/Debug-xros/Cryptor-t.build/Objects-normal/arm64/Cryptor.SwiftFileList -DSWIFT_PACKAGE -DDEBUG -DSWIFT_MODULE_RESOURCE_BUNDLE_UNAVAILABLE -DXcode -plugin-path /Applications/Xcode-27.0.0-Release.Candidate.app/Contents/Developer/Toolchains/XcodeDefault.xctoolchain/usr/lib/swift/host/plugins/testing -enable-experimental-feature DebugDescriptionMacro -sdk /Applications/Xcode-27.0.0-Release.Candidate.app/Contents/Developer/Platforms/XROS.platform/Developer/SDKs/XROS27.0.sdk -target arm64-apple-xros1.0 -g -module-cache-path /Users/admin/builder/spi-builder-workspace/.derivedData/ModuleCache.noindex -Xfrontend -serialize-debugging-options -profile-coverage-mapping -profile-generate -enable-testing -index-store-path /Users/admin/builder/spi-builder-workspace/.derivedData/Index.noindex/DataStore -Xcc -D_LIBCPP_HARDENING_MODE\=_LIBCPP_HARDENING_MODE_DEBUG -swift-version 5 -I /Users/admin/builder/spi-builder-workspace/.derivedData/Build/Products/Debug-xros -Isystem /Applications/Xcode-27.0.0-Release.Candidate.app/Contents/Developer/Platforms/XROS.platform/Developer/usr/lib -F /Users/admin/builder/spi-builder-workspace/.derivedData/Build/Products/Debug-xros -F /Applications/Xcode-27.0.0-Release.Candidate.app/Contents/Developer/Platforms/XROS.platform/Developer/Library/Frameworks -F /Applications/Xcode-27.0.0-Release.Candidate.app/Contents/Developer/Platforms/XROS.platform/Developer/SDKs/XROS27.0.sdk/Developer/Library/Frameworks -c -j10 -enable-batch-mode -incremental -Xcc -ivfsstatcache -Xcc /Users/admin/builder/spi-builder-workspace/.derivedData/SDKStatCaches.noindex/xros27.0-24M361-e829b21a6f8c9b70876ba0858053c044735bd543db762f57723cac368afd1ce4.sdkstatcache -output-file-map /Users/admin/builder/spi-builder-workspace/.derivedData/Build/Intermediates.noindex/Cryptor.build/Debug-xros/Cryptor-t.build/Objects-normal/arm64/Cryptor-OutputFileMap.json -save-temps -no-color-diagnostics -explicit-module-build -module-cache-path /Users/admin/builder/spi-builder-workspace/.derivedData/Build/Intermediates.noindex/SwiftExplicitPrecompiledModules -clang-scanner-module-cache-path /Users/admin/builder/spi-builder-workspace/.derivedData/ModuleCache.noindex -sdk-module-cache-path /Users/admin/builder/spi-builder-workspace/.derivedData/SDKExplicitPrecompiledModules -emit-dependencies -emit-module -emit-module-path /Users/admin/builder/spi-builder-workspace/.derivedData/Build/Intermediates.noindex/Cryptor.build/Debug-xros/Cryptor-t.build/Objects-normal/arm64/Cryptor.swiftmodule -serialize-diagnostics -dependency-scan-serialize-diagnostics-path /Users/admin/builder/spi-builder-workspace/.derivedData/Build/Intermediates.noindex/Cryptor.build/Debug-xros/Cryptor-t.build/Objects-normal/arm64/Cryptor-dependency-scan.dia -validate-clang-modules-once -clang-build-session-file /Users/admin/builder/spi-builder-workspace/.derivedData/ModuleCache.noindex/Session.modulevalidation -Xcc -fmodules-prune-interval\=86400 -Xcc -fmodules-prune-after\=345600 -emit-const-values -const-gather-protocols-list /Users/admin/builder/spi-builder-workspace/.derivedData/Build/Intermediates.noindex/Cryptor.build/Debug-xros/Cryptor-t.build/Objects-normal/arm64/Cryptor_const_extract_protocols.json -Xcc -I/Users/admin/builder/spi-builder-workspace/.derivedData/Build/Products/Debug-xros/include -Xcc -I/Users/admin/builder/spi-builder-workspace/.derivedData/Build/Intermediates.noindex/Cryptor.build/Debug-xros/Cryptor-t.build/DerivedSources-normal/arm64 -Xcc -I/Users/admin/builder/spi-builder-workspace/.derivedData/Build/Intermediates.noindex/Cryptor.build/Debug-xros/Cryptor-t.build/DerivedSources/arm64 -Xcc -I/Users/admin/builder/spi-builder-workspace/.derivedData/Build/Intermediates.noindex/Cryptor.build/Debug-xros/Cryptor-t.build/DerivedSources -Xcc -DSWIFT_PACKAGE -Xcc -DDEBUG\=1 -emit-objc-header -emit-objc-header-path /Users/admin/builder/spi-builder-workspace/.derivedData/Build/Intermediates.noindex/Cryptor.build/Debug-xros/Cryptor-t.build/Objects-normal/arm64/Cryptor-Swift.h -working-directory /Users/admin/builder/spi-builder-workspace/.swiftpm/xcode -experimental-emit-module-separately -disable-cmo
SwiftExplicitDependencyGeneratePcm arm64 /Users/admin/builder/spi-builder-workspace/.derivedData/SDKExplicitPrecompiledModules/SwiftShims-CI4H5RO9IYFFWQ2COB512Q2S9.pcm
SwiftExplicitDependencyGeneratePcm arm64 /Users/admin/builder/spi-builder-workspace/.derivedData/SDKExplicitPrecompiledModules/ptrcheck-BXA97MNLI4BB0HF5I8MJE403D.pcm
SwiftExplicitDependencyGeneratePcm arm64 /Users/admin/builder/spi-builder-workspace/.derivedData/SDKExplicitPrecompiledModules/ptrauth-1WBA714DZSVUL5JQDJ08CLKZ.pcm
SwiftExplicitDependencyGeneratePcm arm64 /Users/admin/builder/spi-builder-workspace/.derivedData/SDKExplicitPrecompiledModules/_Builtin_stdbool-5BU2ADS7JXQMYENKQHW9X8XOU.pcm
SwiftExplicitDependencyGeneratePcm arm64 /Users/admin/builder/spi-builder-workspace/.derivedData/SDKExplicitPrecompiledModules/_AvailabilityInternal-1Q8IQP6M38UWSGZ95UCEY2M44.pcm
SwiftExplicitDependencyGeneratePcm arm64 /Users/admin/builder/spi-builder-workspace/.derivedData/SDKExplicitPrecompiledModules/_SwiftConcurrencyShims-C8XHKSHX96D5YYALNM4W70Z0O.pcm
SwiftExplicitDependencyGeneratePcm arm64 /Users/admin/builder/spi-builder-workspace/.derivedData/SDKExplicitPrecompiledModules/_Builtin_stdarg-CDA349K2K4US766844K8E0PVA.pcm
SwiftExplicitDependencyGeneratePcm arm64 /Users/admin/builder/spi-builder-workspace/.derivedData/SDKExplicitPrecompiledModules/_Builtin_stddef-5NQ9Z1GV07GBSRQGAQCGXGVRI.pcm
SwiftExplicitDependencyGeneratePcm arm64 /Users/admin/builder/spi-builder-workspace/.derivedData/SDKExplicitPrecompiledModules/_Builtin_float-6WKHNW5S40U2QGHXXGETUDIRA.pcm
SwiftExplicitDependencyGeneratePcm arm64 /Users/admin/builder/spi-builder-workspace/.derivedData/SDKExplicitPrecompiledModules/_DarwinFoundation1-5RGRVV2TZ6WC4WZW5IXF8NQ04.pcm
SwiftExplicitDependencyGeneratePcm arm64 /Users/admin/builder/spi-builder-workspace/.derivedData/SDKExplicitPrecompiledModules/_DarwinFoundation2-ENTECK156YEWITZRRBTOCE4KR.pcm
SwiftExplicitDependencyGeneratePcm arm64 /Users/admin/builder/spi-builder-workspace/.derivedData/SDKExplicitPrecompiledModules/_Builtin_limits-425JDMN5HPM3D0UEI8LEHP6NM.pcm
SwiftExplicitDependencyGeneratePcm arm64 /Users/admin/builder/spi-builder-workspace/.derivedData/SDKExplicitPrecompiledModules/string_h-2GT67HHHHK5CF1V1S31LH0PU2.pcm
SwiftExplicitDependencyGeneratePcm arm64 /Users/admin/builder/spi-builder-workspace/.derivedData/SDKExplicitPrecompiledModules/_Builtin_stdint-8OR6T47OOYJA90ZBO3N1USDE.pcm
SwiftExplicitDependencyGeneratePcm arm64 /Users/admin/builder/spi-builder-workspace/.derivedData/SDKExplicitPrecompiledModules/sys_types-AYM0BHR77VKMWZCO2T0XGV2HF.pcm
SwiftExplicitDependencyGeneratePcm arm64 /Users/admin/builder/spi-builder-workspace/.derivedData/SDKExplicitPrecompiledModules/_DarwinFoundation3-9ZHN6JKBS40BBA81RQMV8H0IC.pcm
SwiftExplicitDependencyGeneratePcm arm64 /Users/admin/builder/spi-builder-workspace/.derivedData/SDKExplicitPrecompiledModules/_Builtin_inttypes-11B64KJD36B3YOHBR1BBXBJY8.pcm
SwiftExplicitDependencyGeneratePcm arm64 /Users/admin/builder/spi-builder-workspace/.derivedData/SDKExplicitPrecompiledModules/Darwin-60P5LVNQO3ESRRM5DCJ05PFNK.pcm
SwiftExplicitDependencyGeneratePcm arm64 /Users/admin/builder/spi-builder-workspace/.derivedData/SDKExplicitPrecompiledModules/ObjectiveC-26TIBFYCEJZVP216ZZAU1X8KN.pcm
SwiftExplicitDependencyGeneratePcm arm64 /Users/admin/builder/spi-builder-workspace/.derivedData/SDKExplicitPrecompiledModules/os_object-692CJ8BG6RE5H04487EJJOVXW.pcm
SwiftExplicitDependencyGeneratePcm arm64 /Users/admin/builder/spi-builder-workspace/.derivedData/SDKExplicitPrecompiledModules/os_workgroup-4U1VXMWIZD80E7PRUQF2G7P9X.pcm
SwiftExplicitDependencyGeneratePcm arm64 /Users/admin/builder/spi-builder-workspace/.derivedData/SDKExplicitPrecompiledModules/Dispatch-CLT3466HKC22GCKAWSCNG0H7T.pcm
SwiftExplicitDependencyGeneratePcm arm64 /Users/admin/builder/spi-builder-workspace/.derivedData/SDKExplicitPrecompiledModules/XPC-EP5EU7FNGP4VOA3EDM18P1KHO.pcm
SwiftExplicitDependencyGeneratePcm arm64 /Users/admin/builder/spi-builder-workspace/.derivedData/SDKExplicitPrecompiledModules/CoreFoundation-AVLTZVCXBU2TO75JCN4AGU8XJ.pcm
SwiftExplicitDependencyGeneratePcm arm64 /Users/admin/builder/spi-builder-workspace/.derivedData/SDKExplicitPrecompiledModules/Security-8TH2M8WJIQMET4SADWX0N8372.pcm
SwiftExplicitDependencyGeneratePcm arm64 /Users/admin/builder/spi-builder-workspace/.derivedData/SDKExplicitPrecompiledModules/CFNetwork-5MI70N1VLDQSWTX4COWLMSIRO.pcm
SwiftExplicitDependencyGeneratePcm arm64 /Users/admin/builder/spi-builder-workspace/.derivedData/SDKExplicitPrecompiledModules/Foundation-8GON1KVEKRN3NOQI8RETBRWJP.pcm
SwiftEmitModule normal arm64 Emitting\ module\ for\ Cryptor (in target 'Cryptor' from project 'Cryptor')
/Users/admin/builder/spi-builder-workspace/Sources/Cryptor/Updatable.swift:26:17: error: cannot find type 'Status' in scope
24 |
25 | /// Status of the calculation.
26 | var status: Status { get }
| `- error: cannot find type 'Status' in scope
27 |
28 | ///
/Users/admin/builder/spi-builder-workspace/Sources/Cryptor/Digest.swift:46:25: error: cannot find 'Status' in scope
44 | /// It is here to provide for engines which can fail.
45 | ///
46 | public var status = Status.success
| `- error: cannot find 'Status' in scope
47 |
48 | ///
/Users/admin/builder/spi-builder-workspace/Sources/Cryptor/Digest.swift:189:54: error: cannot find type 'CC_LONG' in scope
187 | /// - byteCount: The length of the buffer.
188 | ///
189 | func update(buffer: UnsafeRawPointer, byteCount: CC_LONG)
| `- error: cannot find type 'CC_LONG' in scope
190 |
191 | ///
/Users/admin/builder/spi-builder-workspace/Sources/Cryptor/Digest.swift:211:43: error: cannot find type 'CC_LONG' in scope
209 | typealias Digest = UnsafeMutablePointer<UInt8>
210 | typealias Initializer = (Context) -> (Int32)
211 | typealias Updater = (Context, Buffer, CC_LONG) -> (Int32)
| `- error: cannot find type 'CC_LONG' in scope
212 | typealias Finalizer = (Digest, Context) -> (Int32)
213 |
/Users/admin/builder/spi-builder-workspace/Sources/Cryptor/Digest.swift:229:52: error: '@escaping' only applies to function types
227 | /// - length: The digest length.
228 | ///
229 | init(initializer: @escaping Initializer, updater: @escaping Updater, finalizer: @escaping Finalizer, length: Int32) {
| `- error: '@escaping' only applies to function types
230 |
231 | self.initializer = initializer
/Users/admin/builder/spi-builder-workspace/Sources/Cryptor/Digest.swift:257:41: error: cannot find type 'CC_LONG' in scope
255 | /// - byteCount: The length of the buffer.
256 | ///
257 | func update(buffer: Buffer, byteCount: CC_LONG) {
| `- error: cannot find type 'CC_LONG' in scope
258 |
259 | _ = updater(context, buffer, byteCount)
/Users/admin/builder/spi-builder-workspace/Sources/Cryptor/HMAC.swift:170:38: error: cannot find type 'Status' in scope
168 |
169 | /// Status of the calculation
170 | public internal(set) var status: Status = .success
| `- error: cannot find type 'Status' in scope
171 |
172 | #if os(Linux)
/Users/admin/builder/spi-builder-workspace/Sources/Cryptor/HMAC.swift:175:25: error: cannot find 'Context' in scope
173 | private let context = HMAC_CTX_new_wrapper()
174 | #else
175 | private let context = Context.allocate(capacity: 1)
| `- error: cannot find 'Context' in scope
176 | #endif
177 | private var algorithm: Algorithm
/Users/admin/builder/spi-builder-workspace/Sources/Cryptor/Random.swift:26:30: error: cannot find type 'Status' in scope
24 | #endif
25 |
26 | public typealias RNGStatus = Status
| `- error: cannot find type 'Status' in scope
27 |
28 | ///
/Users/admin/builder/spi-builder-workspace/Sources/Cryptor/StreamCryptor.swift:474:38: error: cannot find type 'Status' in scope
472 | /// Used to get additional information when optional chaining collapes.
473 | ///
474 | public internal(set) var status: Status = .success
| `- error: cannot find type 'Status' in scope
475 |
476 | ///
/Users/admin/builder/spi-builder-workspace/Sources/Cryptor/StreamCryptor.swift:694:73: error: cannot find type 'Status' in scope
692 | /// - Returns: A tuple containing the number of output bytes produced and the status (see Status)
693 | ///
694 | public func update(dataIn: Data, byteArrayOut: inout [UInt8]) -> (Int, Status) {
| `- error: cannot find type 'Status' in scope
695 |
696 | let dataOutAvailable = byteArrayOut.count
/Users/admin/builder/spi-builder-workspace/Sources/Cryptor/StreamCryptor.swift:719:75: error: cannot find type 'Status' in scope
717 | /// - Returns: A tuple containing the number of output bytes produced and the status (see Status)
718 | ///
719 | public func update(dataIn: NSData, byteArrayOut: inout [UInt8]) -> (Int, Status) {
| `- error: cannot find type 'Status' in scope
720 |
721 | let dataOutAvailable = byteArrayOut.count
/Users/admin/builder/spi-builder-workspace/Sources/Cryptor/StreamCryptor.swift:737:81: error: cannot find type 'Status' in scope
735 | /// - Returns: A tuple containing the number of output bytes produced and the status (see Status)
736 | ///
737 | public func update(byteArrayIn: [UInt8], byteArrayOut: inout [UInt8]) -> (Int, Status) {
| `- error: cannot find type 'Status' in scope
738 |
739 | let dataOutAvailable = byteArrayOut.count
/Users/admin/builder/spi-builder-workspace/Sources/Cryptor/StreamCryptor.swift:754:77: error: cannot find type 'Status' in scope
752 | /// - Returns: A tuple containing the number of output bytes produced and the status (see Status)
753 | ///
754 | public func update(stringIn: String, byteArrayOut: inout [UInt8]) -> (Int, Status) {
| `- error: cannot find type 'Status' in scope
755 |
756 | let dataOutAvailable = byteArrayOut.count
/Users/admin/builder/spi-builder-workspace/Sources/Cryptor/StreamCryptor.swift:775:58: error: cannot find type 'Status' in scope
773 | /// - Returns: a tuple containing the number of output bytes produced and the status (see Status)
774 | ///
775 | public func final(byteArrayOut: inout [UInt8]) -> (Int, Status) {
| `- error: cannot find type 'Status' in scope
776 |
777 | let dataOutAvailable = byteArrayOut.count
/Users/admin/builder/spi-builder-workspace/Sources/Cryptor/StreamCryptor.swift:797:157: error: cannot find type 'Status' in scope
795 | /// - Returns: Status of the update
796 | ///
797 | public func update(bufferIn: UnsafeRawPointer, byteCountIn: Int, bufferOut: UnsafeMutablePointer<UInt8>, byteCapacityOut: Int, byteCountOut: inout Int) -> Status {
| `- error: cannot find type 'Status' in scope
798 |
799 | if self.status == .success {
/Users/admin/builder/spi-builder-workspace/Sources/Cryptor/StreamCryptor.swift:863:110: error: cannot find type 'Status' in scope
861 | /// - Returns: Status of the update
862 | ///
863 | public func final(bufferOut: UnsafeMutablePointer<UInt8>, byteCapacityOut: Int, byteCountOut: inout Int) -> Status {
| `- error: cannot find type 'Status' in scope
864 |
865 | if self.status == Status.success {
Failed frontend command:
SwiftCompile normal arm64 (in target 'Cryptor' from project 'Cryptor')
cd /Users/admin/builder/spi-builder-workspace/.swiftpm/xcode
/Applications/Xcode-27.0.0-Release.Candidate.app/Contents/Developer/Toolchains/XcodeDefault.xctoolchain/usr/bin/swift-frontend -frontend -emit-module -experimental-skip-non-inlinable-function-bodies-without-types /Users/admin/builder/spi-builder-workspace/Sources/Cryptor/Crypto.swift /Users/admin/builder/spi-builder-workspace/Sources/Cryptor/Cryptor.swift /Users/admin/builder/spi-builder-workspace/Sources/Cryptor/Digest.swift /Users/admin/builder/spi-builder-workspace/Sources/Cryptor/HMAC.swift /Users/admin/builder/spi-builder-workspace/Sources/Cryptor/KeyDerivation.swift /Users/admin/builder/spi-builder-workspace/Sources/Cryptor/Random.swift /Users/admin/builder/spi-builder-workspace/Sources/Cryptor/SSLPointerTricks.swift /Users/admin/builder/spi-builder-workspace/Sources/Cryptor/Status.swift /Users/admin/builder/spi-builder-workspace/Sources/Cryptor/StreamCryptor.swift /Users/admin/builder/spi-builder-workspace/Sources/Cryptor/Updatable.swift /Users/admin/builder/spi-builder-workspace/Sources/Cryptor/Utilities.swift -target arm64-apple-xros1.0 -disable-cross-import-overlay-search -load-resolved-plugin /Applications/Xcode-27.0.0-Release.Candidate.app/Contents/Developer/Platforms/XROS.platform/Developer/usr/lib/swift/host/plugins/libFoundationMacros.dylib\#/Applications/Xcode-27.0.0-Release.Candidate.app/Contents/Developer/Platforms/XROS.platform/Developer/usr/bin/swift-plugin-server\#FoundationMacros -load-resolved-plugin /Applications/Xcode-27.0.0-Release.Candidate.app/Contents/Developer/Platforms/XROS.platform/Developer/usr/lib/swift/host/plugins/libObservationMacros.dylib\#/Applications/Xcode-27.0.0-Release.Candidate.app/Contents/Developer/Platforms/XROS.platform/Developer/usr/bin/swift-plugin-server\#ObservationMacros -load-resolved-plugin /Applications/Xcode-27.0.0-Release.Candidate.app/Contents/Developer/Platforms/XROS.platform/Developer/usr/lib/swift/host/plugins/libSwiftMacros.dylib\#/Applications/Xcode-27.0.0-Release.Candidate.app/Contents/Developer/Platforms/XROS.platform/Developer/usr/bin/swift-plugin-server\#SwiftMacros -disable-implicit-swift-modules -Xcc -fno-implicit-modules -Xcc -fno-implicit-module-maps -explicit-swift-module-map-file /Users/admin/builder/spi-builder-workspace/.derivedData/Build/Intermediates.noindex/Cryptor.build/Debug-xros/Cryptor-t.build/Objects-normal/arm64/Cryptor-dependencies-1.json -Xllvm -aarch64-use-tbi -enable-objc-interop -stack-check -sdk /Applications/Xcode-27.0.0-Release.Candidate.app/Contents/Developer/Platforms/XROS.platform/Developer/SDKs/XROS27.0.sdk -I /Users/admin/builder/spi-builder-workspace/.derivedData/Build/Products/Debug-xros -Isystem /Applications/Xcode-27.0.0-Release.Candidate.app/Contents/Developer/Platforms/XROS.platform/Developer/usr/lib -F /Users/admin/builder/spi-builder-workspace/.derivedData/Build/Products/Debug-xros -F /Applications/Xcode-27.0.0-Release.Candidate.app/Contents/Developer/Platforms/XROS.platform/Developer/Library/Frameworks -F /Applications/Xcode-27.0.0-Release.Candidate.app/Contents/Developer/Platforms/XROS.platform/Developer/SDKs/XROS27.0.sdk/Developer/Library/Frameworks -module-cache-path /Users/admin/builder/spi-builder-workspace/.derivedData/Build/Intermediates.noindex/SwiftExplicitPrecompiledModules -no-color-diagnostics -Xcc -fno-color-diagnostics -enable-testing -g -debug-info-format\=dwarf -dwarf-version\=4 -profile-generate -profile-coverage-mapping -swift-version 5 -Onone -D SWIFT_PACKAGE -D DEBUG -D SWIFT_MODULE_RESOURCE_BUNDLE_UNAVAILABLE -D Xcode -serialize-debugging-options -enable-experimental-feature DebugDescriptionMacro -empty-abi-descriptor -validate-clang-modules-once -clang-build-session-file /Users/admin/builder/spi-builder-workspace/.derivedData/ModuleCache.noindex/Session.modulevalidation -Xcc -working-directory -Xcc /Users/admin/builder/spi-builder-workspace/.swiftpm/xcode -enable-anonymous-context-mangled-names -file-compilation-dir /Users/admin/builder/spi-builder-workspace/.swiftpm/xcode -Xcc -D_LIBCPP_HARDENING_MODE\=_LIBCPP_HARDENING_MODE_DEBUG -Xcc -ivfsstatcache -Xcc /Users/admin/builder/spi-builder-workspace/.derivedData/SDKStatCaches.noindex/xros27.0-24M361-e829b21a6f8c9b70876ba0858053c044735bd543db762f57723cac368afd1ce4.sdkstatcache -Xcc -fmodules-prune-interval\=86400 -Xcc -fmodules-prune-after\=345600 -Xcc -I/Users/admin/builder/spi-builder-workspace/.derivedData/Build/Products/Debug-xros/include -Xcc -I/Users/admin/builder/spi-builder-workspace/.derivedData/Build/Intermediates.noindex/Cryptor.build/Debug-xros/Cryptor-t.build/DerivedSources-normal/arm64 -Xcc -I/Users/admin/builder/spi-builder-workspace/.derivedData/Build/Intermediates.noindex/Cryptor.build/Debug-xros/Cryptor-t.build/DerivedSources/arm64 -Xcc -I/Users/admin/builder/spi-builder-workspace/.derivedData/Build/Intermediates.noindex/Cryptor.build/Debug-xros/Cryptor-t.build/DerivedSources -Xcc -DSWIFT_PACKAGE -Xcc -DDEBUG\=1 -no-auto-bridging-header-chaining -module-name Cryptor -const-gather-protocols-file /Users/admin/builder/spi-builder-workspace/.derivedData/Build/Intermediates.noindex/Cryptor.build/Debug-xros/Cryptor-t.build/Objects-normal/arm64/Cryptor_const_extract_protocols.json -disable-clang-spi -clang-target arm64-apple-xros27.0 -target-sdk-version 27.0 -target-sdk-name xros27.0 -in-process-plugin-server-path /Applications/Xcode-27.0.0-Release.Candidate.app/Contents/Developer/Toolchains/XcodeDefault.xctoolchain/usr/lib/swift/host/libSwiftInProcPluginServer.dylib -emit-module-doc-path /Users/admin/builder/spi-builder-workspace/.derivedData/Build/Intermediates.noindex/Cryptor.build/Debug-xros/Cryptor-t.build/Objects-normal/arm64/Cryptor.swiftdoc -emit-module-source-info-path /Users/admin/builder/spi-builder-workspace/.derivedData/Build/Intermediates.noindex/Cryptor.build/Debug-xros/Cryptor-t.build/Objects-normal/arm64/Cryptor.swiftsourceinfo -emit-objc-header-path /Users/admin/builder/spi-builder-workspace/.derivedData/Build/Intermediates.noindex/Cryptor.build/Debug-xros/Cryptor-t.build/Objects-normal/arm64/Cryptor-Swift.h -serialize-diagnostics-path /Users/admin/builder/spi-builder-workspace/.derivedData/Build/Intermediates.noindex/Cryptor.build/Debug-xros/Cryptor-t.build/Objects-normal/arm64/Cryptor-primary-emit-module.dia -emit-dependencies-path /Users/admin/builder/spi-builder-workspace/.derivedData/Build/Intermediates.noindex/Cryptor.build/Debug-xros/Cryptor-t.build/Objects-normal/arm64/Cryptor-primary-emit-module.d -parse-as-library -o /Users/admin/builder/spi-builder-workspace/.derivedData/Build/Intermediates.noindex/Cryptor.build/Debug-xros/Cryptor-t.build/Objects-normal/arm64/Cryptor.swiftmodule -emit-abi-descriptor-path /Users/admin/builder/spi-builder-workspace/.derivedData/Build/Intermediates.noindex/Cryptor.build/Debug-xros/Cryptor-t.build/Objects-normal/arm64/Cryptor.abi.json
SwiftCompile normal arm64 Compiling\ StreamCryptor.swift /Users/admin/builder/spi-builder-workspace/Sources/Cryptor/StreamCryptor.swift (in target 'Cryptor' from project 'Cryptor')
SwiftCompile normal arm64 /Users/admin/builder/spi-builder-workspace/Sources/Cryptor/StreamCryptor.swift (in target 'Cryptor' from project 'Cryptor')
cd /Users/admin/builder/spi-builder-workspace/.swiftpm/xcode
builtin-SwiftPerFileCompile StreamCryptor.swift
/Users/admin/builder/spi-builder-workspace/Sources/Cryptor/StreamCryptor.swift:474:38: error: cannot find type 'Status' in scope
472 | /// Used to get additional information when optional chaining collapes.
473 | ///
474 | public internal(set) var status: Status = .success
| `- error: cannot find type 'Status' in scope
475 |
476 | ///
/Users/admin/builder/spi-builder-workspace/Sources/Cryptor/StreamCryptor.swift:694:73: error: cannot find type 'Status' in scope
692 | /// - Returns: A tuple containing the number of output bytes produced and the status (see Status)
693 | ///
694 | public func update(dataIn: Data, byteArrayOut: inout [UInt8]) -> (Int, Status) {
| `- error: cannot find type 'Status' in scope
695 |
696 | let dataOutAvailable = byteArrayOut.count
/Users/admin/builder/spi-builder-workspace/Sources/Cryptor/StreamCryptor.swift:719:75: error: cannot find type 'Status' in scope
717 | /// - Returns: A tuple containing the number of output bytes produced and the status (see Status)
718 | ///
719 | public func update(dataIn: NSData, byteArrayOut: inout [UInt8]) -> (Int, Status) {
| `- error: cannot find type 'Status' in scope
720 |
721 | let dataOutAvailable = byteArrayOut.count
/Users/admin/builder/spi-builder-workspace/Sources/Cryptor/StreamCryptor.swift:737:81: error: cannot find type 'Status' in scope
735 | /// - Returns: A tuple containing the number of output bytes produced and the status (see Status)
736 | ///
737 | public func update(byteArrayIn: [UInt8], byteArrayOut: inout [UInt8]) -> (Int, Status) {
| `- error: cannot find type 'Status' in scope
738 |
739 | let dataOutAvailable = byteArrayOut.count
/Users/admin/builder/spi-builder-workspace/Sources/Cryptor/StreamCryptor.swift:754:77: error: cannot find type 'Status' in scope
752 | /// - Returns: A tuple containing the number of output bytes produced and the status (see Status)
753 | ///
754 | public func update(stringIn: String, byteArrayOut: inout [UInt8]) -> (Int, Status) {
| `- error: cannot find type 'Status' in scope
755 |
756 | let dataOutAvailable = byteArrayOut.count
/Users/admin/builder/spi-builder-workspace/Sources/Cryptor/StreamCryptor.swift:775:58: error: cannot find type 'Status' in scope
773 | /// - Returns: a tuple containing the number of output bytes produced and the status (see Status)
774 | ///
775 | public func final(byteArrayOut: inout [UInt8]) -> (Int, Status) {
| `- error: cannot find type 'Status' in scope
776 |
777 | let dataOutAvailable = byteArrayOut.count
/Users/admin/builder/spi-builder-workspace/Sources/Cryptor/StreamCryptor.swift:797:157: error: cannot find type 'Status' in scope
795 | /// - Returns: Status of the update
796 | ///
797 | public func update(bufferIn: UnsafeRawPointer, byteCountIn: Int, bufferOut: UnsafeMutablePointer<UInt8>, byteCapacityOut: Int, byteCountOut: inout Int) -> Status {
| `- error: cannot find type 'Status' in scope
798 |
799 | if self.status == .success {
/Users/admin/builder/spi-builder-workspace/Sources/Cryptor/StreamCryptor.swift:863:110: error: cannot find type 'Status' in scope
861 | /// - Returns: Status of the update
862 | ///
863 | public func final(bufferOut: UnsafeMutablePointer<UInt8>, byteCapacityOut: Int, byteCountOut: inout Int) -> Status {
| `- error: cannot find type 'Status' in scope
864 |
865 | if self.status == Status.success {
/Users/admin/builder/spi-builder-workspace/Sources/Cryptor/StreamCryptor.swift:239:12: error: cannot find 'kCCBlockSizeAES128' in scope
237 |
238 | case .aes, .aes128, .aes192, .aes256:
239 | return kCCBlockSizeAES128
| `- error: cannot find 'kCCBlockSizeAES128' in scope
240 |
241 | case .des:
/Users/admin/builder/spi-builder-workspace/Sources/Cryptor/StreamCryptor.swift:242:12: error: cannot find 'kCCBlockSizeDES' in scope
240 |
241 | case .des:
242 | return kCCBlockSizeDES
| `- error: cannot find 'kCCBlockSizeDES' in scope
243 |
244 | case .tripleDes:
/Users/admin/builder/spi-builder-workspace/Sources/Cryptor/StreamCryptor.swift:245:12: error: cannot find 'kCCBlockSize3DES' in scope
243 |
244 | case .tripleDes:
245 | return kCCBlockSize3DES
| `- error: cannot find 'kCCBlockSize3DES' in scope
246 |
247 | case .cast:
/Users/admin/builder/spi-builder-workspace/Sources/Cryptor/StreamCryptor.swift:248:12: error: cannot find 'kCCBlockSizeCAST' in scope
246 |
247 | case .cast:
248 | return kCCBlockSizeCAST
| `- error: cannot find 'kCCBlockSizeCAST' in scope
249 |
250 | case .rc2:
/Users/admin/builder/spi-builder-workspace/Sources/Cryptor/StreamCryptor.swift:251:12: error: cannot find 'kCCBlockSizeRC2' in scope
249 |
250 | case .rc2:
251 | return kCCBlockSizeRC2
| `- error: cannot find 'kCCBlockSizeRC2' in scope
252 |
253 | case .blowfish:
/Users/admin/builder/spi-builder-workspace/Sources/Cryptor/StreamCryptor.swift:254:12: error: cannot find 'kCCBlockSizeBlowfish' in scope
252 |
253 | case .blowfish:
254 | return kCCBlockSizeBlowfish
| `- error: cannot find 'kCCBlockSizeBlowfish' in scope
255 | }
256 | }
/Users/admin/builder/spi-builder-workspace/Sources/Cryptor/StreamCryptor.swift:263:12: error: cannot find 'kCCKeySizeAES128' in scope
261 |
262 | case .aes, .aes128:
263 | return kCCKeySizeAES128
| `- error: cannot find 'kCCKeySizeAES128' in scope
264 |
265 | case .aes192:
/Users/admin/builder/spi-builder-workspace/Sources/Cryptor/StreamCryptor.swift:266:12: error: cannot find 'kCCKeySizeAES192' in scope
264 |
265 | case .aes192:
266 | return kCCKeySizeAES192
| `- error: cannot find 'kCCKeySizeAES192' in scope
267 |
268 | case .aes256:
/Users/admin/builder/spi-builder-workspace/Sources/Cryptor/StreamCryptor.swift:269:12: error: cannot find 'kCCKeySizeAES256' in scope
267 |
268 | case .aes256:
269 | return kCCKeySizeAES256
| `- error: cannot find 'kCCKeySizeAES256' in scope
270 |
271 | case .des:
/Users/admin/builder/spi-builder-workspace/Sources/Cryptor/StreamCryptor.swift:272:12: error: cannot find 'kCCKeySizeDES' in scope
270 |
271 | case .des:
272 | return kCCKeySizeDES
| `- error: cannot find 'kCCKeySizeDES' in scope
273 |
274 | case .tripleDes:
/Users/admin/builder/spi-builder-workspace/Sources/Cryptor/StreamCryptor.swift:275:12: error: cannot find 'kCCKeySize3DES' in scope
273 |
274 | case .tripleDes:
275 | return kCCKeySize3DES
| `- error: cannot find 'kCCKeySize3DES' in scope
276 |
277 | case .cast:
/Users/admin/builder/spi-builder-workspace/Sources/Cryptor/StreamCryptor.swift:278:12: error: cannot find 'kCCKeySizeMinCAST' in scope
276 |
277 | case .cast:
278 | return kCCKeySizeMinCAST
| `- error: cannot find 'kCCKeySizeMinCAST' in scope
279 |
280 | case .rc2:
/Users/admin/builder/spi-builder-workspace/Sources/Cryptor/StreamCryptor.swift:281:12: error: cannot find 'kCCKeySizeMinRC2' in scope
279 |
280 | case .rc2:
281 | return kCCKeySizeMinRC2
| `- error: cannot find 'kCCKeySizeMinRC2' in scope
282 |
283 | case .blowfish:
/Users/admin/builder/spi-builder-workspace/Sources/Cryptor/StreamCryptor.swift:284:12: error: cannot find 'kCCKeySizeMinBlowfish' in scope
282 |
283 | case .blowfish:
284 | return kCCKeySizeMinBlowfish
| `- error: cannot find 'kCCKeySizeMinBlowfish' in scope
285 | }
286 | }
SwiftCompile normal arm64 Compiling\ Utilities.swift /Users/admin/builder/spi-builder-workspace/Sources/Cryptor/Utilities.swift (in target 'Cryptor' from project 'Cryptor')
SwiftCompile normal arm64 /Users/admin/builder/spi-builder-workspace/Sources/Cryptor/Utilities.swift (in target 'Cryptor' from project 'Cryptor')
cd /Users/admin/builder/spi-builder-workspace/.swiftpm/xcode
builtin-SwiftPerFileCompile Utilities.swift
SwiftCompile normal arm64 Compiling\ Updatable.swift /Users/admin/builder/spi-builder-workspace/Sources/Cryptor/Updatable.swift (in target 'Cryptor' from project 'Cryptor')
SwiftCompile normal arm64 /Users/admin/builder/spi-builder-workspace/Sources/Cryptor/Updatable.swift (in target 'Cryptor' from project 'Cryptor')
cd /Users/admin/builder/spi-builder-workspace/.swiftpm/xcode
builtin-SwiftPerFileCompile Updatable.swift
SwiftCompile normal arm64 Compiling\ Status.swift /Users/admin/builder/spi-builder-workspace/Sources/Cryptor/Status.swift (in target 'Cryptor' from project 'Cryptor')
SwiftCompile normal arm64 /Users/admin/builder/spi-builder-workspace/Sources/Cryptor/Status.swift (in target 'Cryptor' from project 'Cryptor')
cd /Users/admin/builder/spi-builder-workspace/.swiftpm/xcode
builtin-SwiftPerFileCompile Status.swift
SwiftCompile normal arm64 Compiling\ KeyDerivation.swift /Users/admin/builder/spi-builder-workspace/Sources/Cryptor/KeyDerivation.swift (in target 'Cryptor' from project 'Cryptor')
SwiftCompile normal arm64 /Users/admin/builder/spi-builder-workspace/Sources/Cryptor/KeyDerivation.swift (in target 'Cryptor' from project 'Cryptor')
cd /Users/admin/builder/spi-builder-workspace/.swiftpm/xcode
builtin-SwiftPerFileCompile KeyDerivation.swift
SwiftCompile normal arm64 Compiling\ HMAC.swift /Users/admin/builder/spi-builder-workspace/Sources/Cryptor/HMAC.swift (in target 'Cryptor' from project 'Cryptor')
/Users/admin/builder/spi-builder-workspace/Sources/Cryptor/HMAC.swift:170:38: error: cannot find type 'Status' in scope
168 |
169 | /// Status of the calculation
170 | public internal(set) var status: Status = .success
| `- error: cannot find type 'Status' in scope
171 |
172 | #if os(Linux)
/Users/admin/builder/spi-builder-workspace/Sources/Cryptor/HMAC.swift:175:25: error: cannot find 'Context' in scope
173 | private let context = HMAC_CTX_new_wrapper()
174 | #else
175 | private let context = Context.allocate(capacity: 1)
| `- error: cannot find 'Context' in scope
176 | #endif
177 | private var algorithm: Algorithm
SwiftCompile normal arm64 /Users/admin/builder/spi-builder-workspace/Sources/Cryptor/HMAC.swift (in target 'Cryptor' from project 'Cryptor')
cd /Users/admin/builder/spi-builder-workspace/.swiftpm/xcode
builtin-SwiftPerFileCompile HMAC.swift
SwiftCompile normal arm64 Compiling\ SSLPointerTricks.swift /Users/admin/builder/spi-builder-workspace/Sources/Cryptor/SSLPointerTricks.swift (in target 'Cryptor' from project 'Cryptor')
SwiftCompile normal arm64 /Users/admin/builder/spi-builder-workspace/Sources/Cryptor/SSLPointerTricks.swift (in target 'Cryptor' from project 'Cryptor')
cd /Users/admin/builder/spi-builder-workspace/.swiftpm/xcode
builtin-SwiftPerFileCompile SSLPointerTricks.swift
SwiftCompile normal arm64 Compiling\ Random.swift /Users/admin/builder/spi-builder-workspace/Sources/Cryptor/Random.swift (in target 'Cryptor' from project 'Cryptor')
/Users/admin/builder/spi-builder-workspace/Sources/Cryptor/Random.swift:26:30: error: cannot find type 'Status' in scope
24 | #endif
25 |
26 | public typealias RNGStatus = Status
| `- error: cannot find type 'Status' in scope
27 |
28 | ///
/Users/admin/builder/spi-builder-workspace/Sources/Cryptor/Random.swift:77:38: error: extra argument 'bytes' in call
75 |
76 | var bytes = Array(repeating: UInt8(0), count:byteCount)
77 | let status = generate(bytes: &bytes, byteCount: byteCount)
| `- error: extra argument 'bytes' in call
78 |
79 | if status != .success {
/Users/admin/builder/spi-builder-workspace/Sources/Cryptor/Random.swift:79:17: error: cannot infer contextual base in reference to member 'success'
77 | let status = generate(bytes: &bytes, byteCount: byteCount)
78 |
79 | if status != .success {
| `- error: cannot infer contextual base in reference to member 'success'
80 | throw status
81 | }
SwiftCompile normal arm64 /Users/admin/builder/spi-builder-workspace/Sources/Cryptor/Random.swift (in target 'Cryptor' from project 'Cryptor')
cd /Users/admin/builder/spi-builder-workspace/.swiftpm/xcode
builtin-SwiftPerFileCompile Random.swift
SwiftCompile normal arm64 Compiling\ Crypto.swift,\ Cryptor.swift /Users/admin/builder/spi-builder-workspace/Sources/Cryptor/Crypto.swift /Users/admin/builder/spi-builder-workspace/Sources/Cryptor/Cryptor.swift (in target 'Cryptor' from project 'Cryptor')
/Users/admin/builder/spi-builder-workspace/Sources/Cryptor/Updatable.swift:26:17: error: cannot find type 'Status' in scope
24 |
25 | /// Status of the calculation.
26 | var status: Status { get }
| `- error: cannot find type 'Status' in scope
27 |
28 | ///
/Users/admin/builder/spi-builder-workspace/Sources/Cryptor/StreamCryptor.swift:474:38: error: cannot find type 'Status' in scope
472 | /// Used to get additional information when optional chaining collapes.
473 | ///
474 | public internal(set) var status: Status = .success
| `- error: cannot find type 'Status' in scope
475 |
476 | ///
/Users/admin/builder/spi-builder-workspace/Sources/Cryptor/StreamCryptor.swift:775:58: error: cannot find type 'Status' in scope
773 | /// - Returns: a tuple containing the number of output bytes produced and the status (see Status)
774 | ///
775 | public func final(byteArrayOut: inout [UInt8]) -> (Int, Status) {
| `- error: cannot find type 'Status' in scope
776 |
777 | let dataOutAvailable = byteArrayOut.count
/Users/admin/builder/spi-builder-workspace/Sources/Cryptor/StreamCryptor.swift:863:110: error: cannot find type 'Status' in scope
861 | /// - Returns: Status of the update
862 | ///
863 | public func final(bufferOut: UnsafeMutablePointer<UInt8>, byteCapacityOut: Int, byteCountOut: inout Int) -> Status {
| `- error: cannot find type 'Status' in scope
864 |
865 | if self.status == Status.success {
/Users/admin/builder/spi-builder-workspace/Sources/Cryptor/Cryptor.swift:42:39: error: cannot assign value of type '[UInt8]?' to type '(Int, _)'
40 | var dataOut = Array<UInt8>(repeating: 0, count:byteCount)
41 | var dataOutMoved = 0
42 | (dataOutMoved, self.status) = final(byteArrayOut: &dataOut)
| `- error: cannot assign value of type '[UInt8]?' to type '(Int, _)'
43 | if self.status != .success {
44 | return nil
/Users/admin/builder/spi-builder-workspace/Sources/Cryptor/Cryptor.swift:42:59: error: argument passed to call that takes no arguments
40 | var dataOut = Array<UInt8>(repeating: 0, count:byteCount)
41 | var dataOutMoved = 0
42 | (dataOutMoved, self.status) = final(byteArrayOut: &dataOut)
| `- error: argument passed to call that takes no arguments
43 | if self.status != .success {
44 | return nil
/Users/admin/builder/spi-builder-workspace/Sources/Cryptor/Cryptor.swift:43:28: error: reference to member 'success' cannot be resolved without a contextual type
41 | var dataOutMoved = 0
42 | (dataOutMoved, self.status) = final(byteArrayOut: &dataOut)
43 | if self.status != .success {
| `- error: reference to member 'success' cannot be resolved without a contextual type
44 | return nil
45 | }
/Users/admin/builder/spi-builder-workspace/Sources/Cryptor/StreamCryptor.swift:694:73: error: cannot find type 'Status' in scope
692 | /// - Returns: A tuple containing the number of output bytes produced and the status (see Status)
693 | ///
694 | public func update(dataIn: Data, byteArrayOut: inout [UInt8]) -> (Int, Status) {
| `- error: cannot find type 'Status' in scope
695 |
696 | let dataOutAvailable = byteArrayOut.count
/Users/admin/builder/spi-builder-workspace/Sources/Cryptor/StreamCryptor.swift:719:75: error: cannot find type 'Status' in scope
717 | /// - Returns: A tuple containing the number of output bytes produced and the status (see Status)
718 | ///
719 | public func update(dataIn: NSData, byteArrayOut: inout [UInt8]) -> (Int, Status) {
| `- error: cannot find type 'Status' in scope
720 |
721 | let dataOutAvailable = byteArrayOut.count
/Users/admin/builder/spi-builder-workspace/Sources/Cryptor/StreamCryptor.swift:737:81: error: cannot find type 'Status' in scope
735 | /// - Returns: A tuple containing the number of output bytes produced and the status (see Status)
736 | ///
737 | public func update(byteArrayIn: [UInt8], byteArrayOut: inout [UInt8]) -> (Int, Status) {
| `- error: cannot find type 'Status' in scope
738 |
739 | let dataOutAvailable = byteArrayOut.count
/Users/admin/builder/spi-builder-workspace/Sources/Cryptor/StreamCryptor.swift:754:77: error: cannot find type 'Status' in scope
752 | /// - Returns: A tuple containing the number of output bytes produced and the status (see Status)
753 | ///
754 | public func update(stringIn: String, byteArrayOut: inout [UInt8]) -> (Int, Status) {
| `- error: cannot find type 'Status' in scope
755 |
756 | let dataOutAvailable = byteArrayOut.count
/Users/admin/builder/spi-builder-workspace/Sources/Cryptor/StreamCryptor.swift:797:157: error: cannot find type 'Status' in scope
795 | /// - Returns: Status of the update
796 | ///
797 | public func update(bufferIn: UnsafeRawPointer, byteCountIn: Int, bufferOut: UnsafeMutablePointer<UInt8>, byteCapacityOut: Int, byteCountOut: inout Int) -> Status {
| `- error: cannot find type 'Status' in scope
798 |
799 | if self.status == .success {
/Users/admin/builder/spi-builder-workspace/Sources/Cryptor/Cryptor.swift:63:19: error: extra arguments at positions #1, #3, #4, #5 in call
56 | /// - Returns: this Cryptor object or nil if an error occurs (for optional chaining)
57 | ///
58 | public func update(from buffer: UnsafeRawPointer, byteCount: Int) -> Self? {
| `- note: 'update(from:byteCount:)' declared here
59 |
60 | let outputLength = Int(self.getOutputLength(inputByteCount: byteCount, isFinal: false))
61 | var dataOut = Array<UInt8>(repeating: 0, count:outputLength)
62 | var dataOutMoved = 0
63 | _ = update(bufferIn: buffer, byteCountIn: byteCount, bufferOut: &dataOut, byteCapacityOut: dataOut.count, byteCountOut: &dataOutMoved)
| `- error: extra arguments at positions #1, #3, #4, #5 in call
64 | if self.status != .success {
65 | return nil
/Users/admin/builder/spi-builder-workspace/Sources/Cryptor/Cryptor.swift:63:20: error: missing argument for parameter 'from' in call
56 | /// - Returns: this Cryptor object or nil if an error occurs (for optional chaining)
57 | ///
58 | public func update(from buffer: UnsafeRawPointer, byteCount: Int) -> Self? {
| `- note: 'update(from:byteCount:)' declared here
59 |
60 | let outputLength = Int(self.getOutputLength(inputByteCount: byteCount, isFinal: false))
61 | var dataOut = Array<UInt8>(repeating: 0, count:outputLength)
62 | var dataOutMoved = 0
63 | _ = update(bufferIn: buffer, byteCountIn: byteCount, bufferOut: &dataOut, byteCapacityOut: dataOut.count, byteCountOut: &dataOutMoved)
| `- error: missing argument for parameter 'from' in call
64 | if self.status != .success {
65 | return nil
SwiftCompile normal arm64 /Users/admin/builder/spi-builder-workspace/Sources/Cryptor/Crypto.swift (in target 'Cryptor' from project 'Cryptor')
cd /Users/admin/builder/spi-builder-workspace/.swiftpm/xcode
builtin-SwiftPerFileCompile Crypto.swift
SwiftCompile normal arm64 /Users/admin/builder/spi-builder-workspace/Sources/Cryptor/Cryptor.swift (in target 'Cryptor' from project 'Cryptor')
cd /Users/admin/builder/spi-builder-workspace/.swiftpm/xcode
builtin-SwiftPerFileCompile Cryptor.swift
SwiftCompile normal arm64 Compiling\ Digest.swift /Users/admin/builder/spi-builder-workspace/Sources/Cryptor/Digest.swift (in target 'Cryptor' from project 'Cryptor')
SwiftCompile normal arm64 /Users/admin/builder/spi-builder-workspace/Sources/Cryptor/Digest.swift (in target 'Cryptor' from project 'Cryptor')
cd /Users/admin/builder/spi-builder-workspace/.swiftpm/xcode
builtin-SwiftPerFileCompile Digest.swift
PruneExplicitPrecompiledModules /Users/admin/builder/spi-builder-workspace/.derivedData/Build/Intermediates.noindex/ExplicitPrecompiledModules
PruneExplicitPrecompiledModules /Users/admin/builder/spi-builder-workspace/.derivedData/Build/Intermediates.noindex/SwiftExplicitPrecompiledModules
PruneExplicitPrecompiledModules /Users/admin/builder/spi-builder-workspace/.derivedData/SDKExplicitPrecompiledModules
2026-09-18 10:26:59.127 xcodebuild[650:4230] [MT] IDERunDestination: Supported platforms for the buildables in the current scheme is empty.
** BUILD FAILED **
The following build commands failed:
SwiftCompile normal arm64 (in target 'Cryptor' from project 'Cryptor')
SwiftEmitModule normal arm64 Emitting\ module\ for\ Cryptor (in target 'Cryptor' from project 'Cryptor')
Building workspace Cryptor with scheme Cryptor
(3 failures)
Command line invocation:
/Applications/Xcode-27.0.0-Release.Candidate.app/Contents/Developer/usr/bin/xcodebuild -IDEClonedSourcePackagesDirPathOverride=/Users/admin/builder/spi-builder-workspace/.dependencies -resolvePackageDependencies
Resolve Package Graph
Resolved source packages:
Cryptor: /Users/admin/builder/spi-builder-workspace
resolved source packages: Cryptor
2026-09-18 10:27:05.155 xcodebuild[711:4509] [MT] IDERunDestination: Supported platforms for the buildables in the current scheme is empty.
{
"dependencies" : [
],
"manifest_display_name" : "Cryptor",
"name" : "Cryptor",
"path" : "/Users/admin/builder/spi-builder-workspace",
"platforms" : [
],
"products" : [
{
"name" : "Cryptor",
"targets" : [
"Cryptor"
],
"type" : {
"library" : [
"automatic"
]
}
}
],
"targets" : [
{
"c99name" : "CryptorTests",
"module_type" : "SwiftTarget",
"name" : "CryptorTests",
"path" : "Tests/CryptorTests",
"sources" : [
"CryptorTests.swift"
],
"target_dependencies" : [
"Cryptor"
],
"type" : "test"
},
{
"c99name" : "Cryptor",
"module_type" : "SwiftTarget",
"name" : "Cryptor",
"path" : "Sources/Cryptor",
"product_memberships" : [
"Cryptor"
],
"sources" : [
"Crypto.swift",
"Cryptor.swift",
"Digest.swift",
"HMAC.swift",
"KeyDerivation.swift",
"Random.swift",
"SSLPointerTricks.swift",
"Status.swift",
"StreamCryptor.swift",
"Updatable.swift",
"Utilities.swift"
],
"type" : "library"
}
],
"tools_version" : "5.0"
}
{
"workspace" : {
"name" : "Cryptor",
"schemes" : [
"Cryptor"
]
}
}
2026-09-18 10:27:06.384 xcodebuild[719:4579] [MT] IDERunDestination: Supported platforms for the buildables in the current scheme is empty.
Running build ...
env DEVELOPER_DIR=/Applications/Xcode-27.0.0-Release.Candidate.app xcrun xcodebuild -IDEClonedSourcePackagesDirPathOverride=$PWD/.dependencies -skipMacroValidation -skipPackagePluginValidation -derivedDataPath $PWD/.derivedData build -scheme Cryptor -destination generic/platform=xrOS
Command line invocation:
/Applications/Xcode-27.0.0-Release.Candidate.app/Contents/Developer/usr/bin/xcodebuild -IDEClonedSourcePackagesDirPathOverride=/Users/admin/builder/spi-builder-workspace/.dependencies -skipMacroValidation -skipPackagePluginValidation -derivedDataPath /Users/admin/builder/spi-builder-workspace/.derivedData build -scheme Cryptor -destination generic/platform=xrOS
Resolve Package Graph
Resolved source packages:
Cryptor: /Users/admin/builder/spi-builder-workspace
ComputePackagePrebuildTargetDependencyGraph
Prepare packages
CreateBuildRequest
SendProjectDescription
CreateBuildOperation
ComputeTargetDependencyGraph
note: Building targets in dependency order
note: Target dependency graph (2 targets)
Target 'Cryptor-product' in project 'Cryptor'
➜ Explicit dependency on target 'Cryptor' in project 'Cryptor'
Target 'Cryptor' in project 'Cryptor' (no dependencies)
GatherProvisioningInputs
CreateBuildDescription
ClangStatCache /Applications/Xcode-27.0.0-Release.Candidate.app/Contents/Developer/Toolchains/XcodeDefault.xctoolchain/usr/bin/clang-stat-cache /Applications/Xcode-27.0.0-Release.Candidate.app/Contents/Developer/Platforms/XROS.platform/Developer/SDKs/XROS27.0.sdk /Users/admin/builder/spi-builder-workspace/.derivedData/SDKStatCaches.noindex/xros27.0-24M361-e829b21a6f8c9b70876ba0858053c044735bd543db762f57723cac368afd1ce4.sdkstatcache
cd /Users/admin/builder/spi-builder-workspace/.swiftpm/xcode
/Applications/Xcode-27.0.0-Release.Candidate.app/Contents/Developer/Toolchains/XcodeDefault.xctoolchain/usr/bin/clang-stat-cache /Applications/Xcode-27.0.0-Release.Candidate.app/Contents/Developer/Platforms/XROS.platform/Developer/SDKs/XROS27.0.sdk -o /Users/admin/builder/spi-builder-workspace/.derivedData/SDKStatCaches.noindex/xros27.0-24M361-e829b21a6f8c9b70876ba0858053c044735bd543db762f57723cac368afd1ce4.sdkstatcache
SwiftDriver Cryptor normal arm64 com.apple.xcode.tools.swift.compiler (in target 'Cryptor' from project 'Cryptor')
cd /Users/admin/builder/spi-builder-workspace/.swiftpm/xcode
builtin-SwiftDriver -- /Applications/Xcode-27.0.0-Release.Candidate.app/Contents/Developer/Toolchains/XcodeDefault.xctoolchain/usr/bin/swiftc -parse-as-library -module-name Cryptor -Onone @/Users/admin/builder/spi-builder-workspace/.derivedData/Build/Intermediates.noindex/Cryptor.build/Debug-xros/Cryptor-t.build/Objects-normal/arm64/Cryptor.SwiftFileList -DSWIFT_PACKAGE -DDEBUG -DSWIFT_MODULE_RESOURCE_BUNDLE_UNAVAILABLE -DXcode -plugin-path /Applications/Xcode-27.0.0-Release.Candidate.app/Contents/Developer/Toolchains/XcodeDefault.xctoolchain/usr/lib/swift/host/plugins/testing -enable-experimental-feature DebugDescriptionMacro -sdk /Applications/Xcode-27.0.0-Release.Candidate.app/Contents/Developer/Platforms/XROS.platform/Developer/SDKs/XROS27.0.sdk -target arm64-apple-xros1.0 -g -module-cache-path /Users/admin/builder/spi-builder-workspace/.derivedData/ModuleCache.noindex -Xfrontend -serialize-debugging-options -profile-coverage-mapping -profile-generate -enable-testing -index-store-path /Users/admin/builder/spi-builder-workspace/.derivedData/Index.noindex/DataStore -Xcc -D_LIBCPP_HARDENING_MODE\=_LIBCPP_HARDENING_MODE_DEBUG -swift-version 5 -I /Users/admin/builder/spi-builder-workspace/.derivedData/Build/Products/Debug-xros -Isystem /Applications/Xcode-27.0.0-Release.Candidate.app/Contents/Developer/Platforms/XROS.platform/Developer/usr/lib -F /Users/admin/builder/spi-builder-workspace/.derivedData/Build/Products/Debug-xros -F /Applications/Xcode-27.0.0-Release.Candidate.app/Contents/Developer/Platforms/XROS.platform/Developer/Library/Frameworks -F /Applications/Xcode-27.0.0-Release.Candidate.app/Contents/Developer/Platforms/XROS.platform/Developer/SDKs/XROS27.0.sdk/Developer/Library/Frameworks -c -j10 -enable-batch-mode -incremental -Xcc -ivfsstatcache -Xcc /Users/admin/builder/spi-builder-workspace/.derivedData/SDKStatCaches.noindex/xros27.0-24M361-e829b21a6f8c9b70876ba0858053c044735bd543db762f57723cac368afd1ce4.sdkstatcache -output-file-map /Users/admin/builder/spi-builder-workspace/.derivedData/Build/Intermediates.noindex/Cryptor.build/Debug-xros/Cryptor-t.build/Objects-normal/arm64/Cryptor-OutputFileMap.json -save-temps -no-color-diagnostics -explicit-module-build -module-cache-path /Users/admin/builder/spi-builder-workspace/.derivedData/Build/Intermediates.noindex/SwiftExplicitPrecompiledModules -clang-scanner-module-cache-path /Users/admin/builder/spi-builder-workspace/.derivedData/ModuleCache.noindex -sdk-module-cache-path /Users/admin/builder/spi-builder-workspace/.derivedData/SDKExplicitPrecompiledModules -emit-dependencies -emit-module -emit-module-path /Users/admin/builder/spi-builder-workspace/.derivedData/Build/Intermediates.noindex/Cryptor.build/Debug-xros/Cryptor-t.build/Objects-normal/arm64/Cryptor.swiftmodule -serialize-diagnostics -dependency-scan-serialize-diagnostics-path /Users/admin/builder/spi-builder-workspace/.derivedData/Build/Intermediates.noindex/Cryptor.build/Debug-xros/Cryptor-t.build/Objects-normal/arm64/Cryptor-dependency-scan.dia -validate-clang-modules-once -clang-build-session-file /Users/admin/builder/spi-builder-workspace/.derivedData/ModuleCache.noindex/Session.modulevalidation -Xcc -fmodules-prune-interval\=86400 -Xcc -fmodules-prune-after\=345600 -emit-const-values -const-gather-protocols-list /Users/admin/builder/spi-builder-workspace/.derivedData/Build/Intermediates.noindex/Cryptor.build/Debug-xros/Cryptor-t.build/Objects-normal/arm64/Cryptor_const_extract_protocols.json -Xcc -I/Users/admin/builder/spi-builder-workspace/.derivedData/Build/Products/Debug-xros/include -Xcc -I/Users/admin/builder/spi-builder-workspace/.derivedData/Build/Intermediates.noindex/Cryptor.build/Debug-xros/Cryptor-t.build/DerivedSources-normal/arm64 -Xcc -I/Users/admin/builder/spi-builder-workspace/.derivedData/Build/Intermediates.noindex/Cryptor.build/Debug-xros/Cryptor-t.build/DerivedSources/arm64 -Xcc -I/Users/admin/builder/spi-builder-workspace/.derivedData/Build/Intermediates.noindex/Cryptor.build/Debug-xros/Cryptor-t.build/DerivedSources -Xcc -DSWIFT_PACKAGE -Xcc -DDEBUG\=1 -emit-objc-header -emit-objc-header-path /Users/admin/builder/spi-builder-workspace/.derivedData/Build/Intermediates.noindex/Cryptor.build/Debug-xros/Cryptor-t.build/Objects-normal/arm64/Cryptor-Swift.h -working-directory /Users/admin/builder/spi-builder-workspace/.swiftpm/xcode -experimental-emit-module-separately -disable-cmo
SwiftCompile normal arm64 Compiling\ HMAC.swift /Users/admin/builder/spi-builder-workspace/Sources/Cryptor/HMAC.swift (in target 'Cryptor' from project 'Cryptor')
SwiftCompile normal arm64 /Users/admin/builder/spi-builder-workspace/Sources/Cryptor/HMAC.swift (in target 'Cryptor' from project 'Cryptor')
cd /Users/admin/builder/spi-builder-workspace/.swiftpm/xcode
builtin-SwiftPerFileCompile HMAC.swift
/Users/admin/builder/spi-builder-workspace/Sources/Cryptor/HMAC.swift:170:38: error: cannot find type 'Status' in scope
168 |
169 | /// Status of the calculation
170 | public internal(set) var status: Status = .success
| `- error: cannot find type 'Status' in scope
171 |
172 | #if os(Linux)
/Users/admin/builder/spi-builder-workspace/Sources/Cryptor/HMAC.swift:175:25: error: cannot find 'Context' in scope
173 | private let context = HMAC_CTX_new_wrapper()
174 | #else
175 | private let context = Context.allocate(capacity: 1)
| `- error: cannot find 'Context' in scope
176 | #endif
177 | private var algorithm: Algorithm
SwiftCompile normal arm64 Compiling\ SSLPointerTricks.swift /Users/admin/builder/spi-builder-workspace/Sources/Cryptor/SSLPointerTricks.swift (in target 'Cryptor' from project 'Cryptor')
SwiftCompile normal arm64 /Users/admin/builder/spi-builder-workspace/Sources/Cryptor/SSLPointerTricks.swift (in target 'Cryptor' from project 'Cryptor')
cd /Users/admin/builder/spi-builder-workspace/.swiftpm/xcode
builtin-SwiftPerFileCompile SSLPointerTricks.swift
SwiftCompile normal arm64 Compiling\ Status.swift /Users/admin/builder/spi-builder-workspace/Sources/Cryptor/Status.swift (in target 'Cryptor' from project 'Cryptor')
SwiftCompile normal arm64 /Users/admin/builder/spi-builder-workspace/Sources/Cryptor/Status.swift (in target 'Cryptor' from project 'Cryptor')
cd /Users/admin/builder/spi-builder-workspace/.swiftpm/xcode
builtin-SwiftPerFileCompile Status.swift
SwiftCompile normal arm64 Compiling\ Random.swift /Users/admin/builder/spi-builder-workspace/Sources/Cryptor/Random.swift (in target 'Cryptor' from project 'Cryptor')
/Users/admin/builder/spi-builder-workspace/Sources/Cryptor/Random.swift:26:30: error: cannot find type 'Status' in scope
24 | #endif
25 |
26 | public typealias RNGStatus = Status
| `- error: cannot find type 'Status' in scope
27 |
28 | ///
/Users/admin/builder/spi-builder-workspace/Sources/Cryptor/Random.swift:77:38: error: extra argument 'bytes' in call
75 |
76 | var bytes = Array(repeating: UInt8(0), count:byteCount)
77 | let status = generate(bytes: &bytes, byteCount: byteCount)
| `- error: extra argument 'bytes' in call
78 |
79 | if status != .success {
/Users/admin/builder/spi-builder-workspace/Sources/Cryptor/Random.swift:79:17: error: cannot infer contextual base in reference to member 'success'
77 | let status = generate(bytes: &bytes, byteCount: byteCount)
78 |
79 | if status != .success {
| `- error: cannot infer contextual base in reference to member 'success'
80 | throw status
81 | }
SwiftCompile normal arm64 /Users/admin/builder/spi-builder-workspace/Sources/Cryptor/Random.swift (in target 'Cryptor' from project 'Cryptor')
cd /Users/admin/builder/spi-builder-workspace/.swiftpm/xcode
builtin-SwiftPerFileCompile Random.swift
SwiftCompile normal arm64 Compiling\ StreamCryptor.swift /Users/admin/builder/spi-builder-workspace/Sources/Cryptor/StreamCryptor.swift (in target 'Cryptor' from project 'Cryptor')
/Users/admin/builder/spi-builder-workspace/Sources/Cryptor/StreamCryptor.swift:474:38: error: cannot find type 'Status' in scope
472 | /// Used to get additional information when optional chaining collapes.
473 | ///
474 | public internal(set) var status: Status = .success
| `- error: cannot find type 'Status' in scope
475 |
476 | ///
/Users/admin/builder/spi-builder-workspace/Sources/Cryptor/StreamCryptor.swift:694:73: error: cannot find type 'Status' in scope
692 | /// - Returns: A tuple containing the number of output bytes produced and the status (see Status)
693 | ///
694 | public func update(dataIn: Data, byteArrayOut: inout [UInt8]) -> (Int, Status) {
| `- error: cannot find type 'Status' in scope
695 |
696 | let dataOutAvailable = byteArrayOut.count
/Users/admin/builder/spi-builder-workspace/Sources/Cryptor/StreamCryptor.swift:719:75: error: cannot find type 'Status' in scope
717 | /// - Returns: A tuple containing the number of output bytes produced and the status (see Status)
718 | ///
719 | public func update(dataIn: NSData, byteArrayOut: inout [UInt8]) -> (Int, Status) {
| `- error: cannot find type 'Status' in scope
720 |
721 | let dataOutAvailable = byteArrayOut.count
/Users/admin/builder/spi-builder-workspace/Sources/Cryptor/StreamCryptor.swift:737:81: error: cannot find type 'Status' in scope
735 | /// - Returns: A tuple containing the number of output bytes produced and the status (see Status)
736 | ///
737 | public func update(byteArrayIn: [UInt8], byteArrayOut: inout [UInt8]) -> (Int, Status) {
| `- error: cannot find type 'Status' in scope
738 |
739 | let dataOutAvailable = byteArrayOut.count
/Users/admin/builder/spi-builder-workspace/Sources/Cryptor/StreamCryptor.swift:754:77: error: cannot find type 'Status' in scope
752 | /// - Returns: A tuple containing the number of output bytes produced and the status (see Status)
753 | ///
754 | public func update(stringIn: String, byteArrayOut: inout [UInt8]) -> (Int, Status) {
| `- error: cannot find type 'Status' in scope
755 |
756 | let dataOutAvailable = byteArrayOut.count
/Users/admin/builder/spi-builder-workspace/Sources/Cryptor/StreamCryptor.swift:775:58: error: cannot find type 'Status' in scope
773 | /// - Returns: a tuple containing the number of output bytes produced and the status (see Status)
774 | ///
775 | public func final(byteArrayOut: inout [UInt8]) -> (Int, Status) {
| `- error: cannot find type 'Status' in scope
776 |
777 | let dataOutAvailable = byteArrayOut.count
/Users/admin/builder/spi-builder-workspace/Sources/Cryptor/StreamCryptor.swift:797:157: error: cannot find type 'Status' in scope
795 | /// - Returns: Status of the update
796 | ///
797 | public func update(bufferIn: UnsafeRawPointer, byteCountIn: Int, bufferOut: UnsafeMutablePointer<UInt8>, byteCapacityOut: Int, byteCountOut: inout Int) -> Status {
| `- error: cannot find type 'Status' in scope
798 |
799 | if self.status == .success {
/Users/admin/builder/spi-builder-workspace/Sources/Cryptor/StreamCryptor.swift:863:110: error: cannot find type 'Status' in scope
861 | /// - Returns: Status of the update
862 | ///
863 | public func final(bufferOut: UnsafeMutablePointer<UInt8>, byteCapacityOut: Int, byteCountOut: inout Int) -> Status {
| `- error: cannot find type 'Status' in scope
864 |
865 | if self.status == Status.success {
/Users/admin/builder/spi-builder-workspace/Sources/Cryptor/StreamCryptor.swift:239:12: error: cannot find 'kCCBlockSizeAES128' in scope
237 |
238 | case .aes, .aes128, .aes192, .aes256:
239 | return kCCBlockSizeAES128
| `- error: cannot find 'kCCBlockSizeAES128' in scope
240 |
241 | case .des:
/Users/admin/builder/spi-builder-workspace/Sources/Cryptor/StreamCryptor.swift:242:12: error: cannot find 'kCCBlockSizeDES' in scope
240 |
241 | case .des:
242 | return kCCBlockSizeDES
| `- error: cannot find 'kCCBlockSizeDES' in scope
243 |
244 | case .tripleDes:
/Users/admin/builder/spi-builder-workspace/Sources/Cryptor/StreamCryptor.swift:245:12: error: cannot find 'kCCBlockSize3DES' in scope
243 |
244 | case .tripleDes:
245 | return kCCBlockSize3DES
| `- error: cannot find 'kCCBlockSize3DES' in scope
246 |
247 | case .cast:
/Users/admin/builder/spi-builder-workspace/Sources/Cryptor/StreamCryptor.swift:248:12: error: cannot find 'kCCBlockSizeCAST' in scope
246 |
247 | case .cast:
248 | return kCCBlockSizeCAST
| `- error: cannot find 'kCCBlockSizeCAST' in scope
249 |
250 | case .rc2:
/Users/admin/builder/spi-builder-workspace/Sources/Cryptor/StreamCryptor.swift:251:12: error: cannot find 'kCCBlockSizeRC2' in scope
249 |
250 | case .rc2:
251 | return kCCBlockSizeRC2
| `- error: cannot find 'kCCBlockSizeRC2' in scope
252 |
253 | case .blowfish:
/Users/admin/builder/spi-builder-workspace/Sources/Cryptor/StreamCryptor.swift:254:12: error: cannot find 'kCCBlockSizeBlowfish' in scope
252 |
253 | case .blowfish:
254 | return kCCBlockSizeBlowfish
| `- error: cannot find 'kCCBlockSizeBlowfish' in scope
255 | }
256 | }
/Users/admin/builder/spi-builder-workspace/Sources/Cryptor/StreamCryptor.swift:263:12: error: cannot find 'kCCKeySizeAES128' in scope
261 |
262 | case .aes, .aes128:
263 | return kCCKeySizeAES128
| `- error: cannot find 'kCCKeySizeAES128' in scope
264 |
265 | case .aes192:
/Users/admin/builder/spi-builder-workspace/Sources/Cryptor/StreamCryptor.swift:266:12: error: cannot find 'kCCKeySizeAES192' in scope
264 |
265 | case .aes192:
266 | return kCCKeySizeAES192
| `- error: cannot find 'kCCKeySizeAES192' in scope
267 |
268 | case .aes256:
/Users/admin/builder/spi-builder-workspace/Sources/Cryptor/StreamCryptor.swift:269:12: error: cannot find 'kCCKeySizeAES256' in scope
267 |
268 | case .aes256:
269 | return kCCKeySizeAES256
| `- error: cannot find 'kCCKeySizeAES256' in scope
270 |
271 | case .des:
/Users/admin/builder/spi-builder-workspace/Sources/Cryptor/StreamCryptor.swift:272:12: error: cannot find 'kCCKeySizeDES' in scope
270 |
271 | case .des:
272 | return kCCKeySizeDES
| `- error: cannot find 'kCCKeySizeDES' in scope
273 |
274 | case .tripleDes:
/Users/admin/builder/spi-builder-workspace/Sources/Cryptor/StreamCryptor.swift:275:12: error: cannot find 'kCCKeySize3DES' in scope
273 |
274 | case .tripleDes:
275 | return kCCKeySize3DES
| `- error: cannot find 'kCCKeySize3DES' in scope
276 |
277 | case .cast:
/Users/admin/builder/spi-builder-workspace/Sources/Cryptor/StreamCryptor.swift:278:12: error: cannot find 'kCCKeySizeMinCAST' in scope
276 |
277 | case .cast:
278 | return kCCKeySizeMinCAST
| `- error: cannot find 'kCCKeySizeMinCAST' in scope
279 |
280 | case .rc2:
/Users/admin/builder/spi-builder-workspace/Sources/Cryptor/StreamCryptor.swift:281:12: error: cannot find 'kCCKeySizeMinRC2' in scope
279 |
280 | case .rc2:
281 | return kCCKeySizeMinRC2
| `- error: cannot find 'kCCKeySizeMinRC2' in scope
282 |
283 | case .blowfish:
/Users/admin/builder/spi-builder-workspace/Sources/Cryptor/StreamCryptor.swift:284:12: error: cannot find 'kCCKeySizeMinBlowfish' in scope
282 |
283 | case .blowfish:
284 | return kCCKeySizeMinBlowfish
| `- error: cannot find 'kCCKeySizeMinBlowfish' in scope
285 | }
286 | }
SwiftCompile normal arm64 /Users/admin/builder/spi-builder-workspace/Sources/Cryptor/StreamCryptor.swift (in target 'Cryptor' from project 'Cryptor')
cd /Users/admin/builder/spi-builder-workspace/.swiftpm/xcode
builtin-SwiftPerFileCompile StreamCryptor.swift
SwiftCompile normal arm64 Compiling\ Crypto.swift,\ Cryptor.swift /Users/admin/builder/spi-builder-workspace/Sources/Cryptor/Crypto.swift /Users/admin/builder/spi-builder-workspace/Sources/Cryptor/Cryptor.swift (in target 'Cryptor' from project 'Cryptor')
/Users/admin/builder/spi-builder-workspace/Sources/Cryptor/Updatable.swift:26:17: error: cannot find type 'Status' in scope
24 |
25 | /// Status of the calculation.
26 | var status: Status { get }
| `- error: cannot find type 'Status' in scope
27 |
28 | ///
/Users/admin/builder/spi-builder-workspace/Sources/Cryptor/StreamCryptor.swift:474:38: error: cannot find type 'Status' in scope
472 | /// Used to get additional information when optional chaining collapes.
473 | ///
474 | public internal(set) var status: Status = .success
| `- error: cannot find type 'Status' in scope
475 |
476 | ///
/Users/admin/builder/spi-builder-workspace/Sources/Cryptor/StreamCryptor.swift:775:58: error: cannot find type 'Status' in scope
773 | /// - Returns: a tuple containing the number of output bytes produced and the status (see Status)
774 | ///
775 | public func final(byteArrayOut: inout [UInt8]) -> (Int, Status) {
| `- error: cannot find type 'Status' in scope
776 |
777 | let dataOutAvailable = byteArrayOut.count
/Users/admin/builder/spi-builder-workspace/Sources/Cryptor/StreamCryptor.swift:863:110: error: cannot find type 'Status' in scope
861 | /// - Returns: Status of the update
862 | ///
863 | public func final(bufferOut: UnsafeMutablePointer<UInt8>, byteCapacityOut: Int, byteCountOut: inout Int) -> Status {
| `- error: cannot find type 'Status' in scope
864 |
865 | if self.status == Status.success {
/Users/admin/builder/spi-builder-workspace/Sources/Cryptor/Cryptor.swift:42:39: error: cannot assign value of type '[UInt8]?' to type '(Int, _)'
40 | var dataOut = Array<UInt8>(repeating: 0, count:byteCount)
41 | var dataOutMoved = 0
42 | (dataOutMoved, self.status) = final(byteArrayOut: &dataOut)
| `- error: cannot assign value of type '[UInt8]?' to type '(Int, _)'
43 | if self.status != .success {
44 | return nil
/Users/admin/builder/spi-builder-workspace/Sources/Cryptor/Cryptor.swift:42:59: error: argument passed to call that takes no arguments
40 | var dataOut = Array<UInt8>(repeating: 0, count:byteCount)
41 | var dataOutMoved = 0
42 | (dataOutMoved, self.status) = final(byteArrayOut: &dataOut)
| `- error: argument passed to call that takes no arguments
43 | if self.status != .success {
44 | return nil
/Users/admin/builder/spi-builder-workspace/Sources/Cryptor/Cryptor.swift:43:28: error: reference to member 'success' cannot be resolved without a contextual type
41 | var dataOutMoved = 0
42 | (dataOutMoved, self.status) = final(byteArrayOut: &dataOut)
43 | if self.status != .success {
| `- error: reference to member 'success' cannot be resolved without a contextual type
44 | return nil
45 | }
/Users/admin/builder/spi-builder-workspace/Sources/Cryptor/StreamCryptor.swift:694:73: error: cannot find type 'Status' in scope
692 | /// - Returns: A tuple containing the number of output bytes produced and the status (see Status)
693 | ///
694 | public func update(dataIn: Data, byteArrayOut: inout [UInt8]) -> (Int, Status) {
| `- error: cannot find type 'Status' in scope
695 |
696 | let dataOutAvailable = byteArrayOut.count
/Users/admin/builder/spi-builder-workspace/Sources/Cryptor/StreamCryptor.swift:719:75: error: cannot find type 'Status' in scope
717 | /// - Returns: A tuple containing the number of output bytes produced and the status (see Status)
718 | ///
719 | public func update(dataIn: NSData, byteArrayOut: inout [UInt8]) -> (Int, Status) {
| `- error: cannot find type 'Status' in scope
720 |
721 | let dataOutAvailable = byteArrayOut.count
/Users/admin/builder/spi-builder-workspace/Sources/Cryptor/StreamCryptor.swift:737:81: error: cannot find type 'Status' in scope
735 | /// - Returns: A tuple containing the number of output bytes produced and the status (see Status)
736 | ///
737 | public func update(byteArrayIn: [UInt8], byteArrayOut: inout [UInt8]) -> (Int, Status) {
| `- error: cannot find type 'Status' in scope
738 |
739 | let dataOutAvailable = byteArrayOut.count
/Users/admin/builder/spi-builder-workspace/Sources/Cryptor/StreamCryptor.swift:754:77: error: cannot find type 'Status' in scope
752 | /// - Returns: A tuple containing the number of output bytes produced and the status (see Status)
753 | ///
754 | public func update(stringIn: String, byteArrayOut: inout [UInt8]) -> (Int, Status) {
| `- error: cannot find type 'Status' in scope
755 |
756 | let dataOutAvailable = byteArrayOut.count
/Users/admin/builder/spi-builder-workspace/Sources/Cryptor/StreamCryptor.swift:797:157: error: cannot find type 'Status' in scope
795 | /// - Returns: Status of the update
796 | ///
797 | public func update(bufferIn: UnsafeRawPointer, byteCountIn: Int, bufferOut: UnsafeMutablePointer<UInt8>, byteCapacityOut: Int, byteCountOut: inout Int) -> Status {
| `- error: cannot find type 'Status' in scope
798 |
799 | if self.status == .success {
/Users/admin/builder/spi-builder-workspace/Sources/Cryptor/Cryptor.swift:63:19: error: extra arguments at positions #1, #3, #4, #5 in call
56 | /// - Returns: this Cryptor object or nil if an error occurs (for optional chaining)
57 | ///
58 | public func update(from buffer: UnsafeRawPointer, byteCount: Int) -> Self? {
| `- note: 'update(from:byteCount:)' declared here
59 |
60 | let outputLength = Int(self.getOutputLength(inputByteCount: byteCount, isFinal: false))
61 | var dataOut = Array<UInt8>(repeating: 0, count:outputLength)
62 | var dataOutMoved = 0
63 | _ = update(bufferIn: buffer, byteCountIn: byteCount, bufferOut: &dataOut, byteCapacityOut: dataOut.count, byteCountOut: &dataOutMoved)
| `- error: extra arguments at positions #1, #3, #4, #5 in call
64 | if self.status != .success {
65 | return nil
/Users/admin/builder/spi-builder-workspace/Sources/Cryptor/Cryptor.swift:63:20: error: missing argument for parameter 'from' in call
56 | /// - Returns: this Cryptor object or nil if an error occurs (for optional chaining)
57 | ///
58 | public func update(from buffer: UnsafeRawPointer, byteCount: Int) -> Self? {
| `- note: 'update(from:byteCount:)' declared here
59 |
60 | let outputLength = Int(self.getOutputLength(inputByteCount: byteCount, isFinal: false))
61 | var dataOut = Array<UInt8>(repeating: 0, count:outputLength)
62 | var dataOutMoved = 0
63 | _ = update(bufferIn: buffer, byteCountIn: byteCount, bufferOut: &dataOut, byteCapacityOut: dataOut.count, byteCountOut: &dataOutMoved)
| `- error: missing argument for parameter 'from' in call
64 | if self.status != .success {
65 | return nil
SwiftCompile normal arm64 /Users/admin/builder/spi-builder-workspace/Sources/Cryptor/Crypto.swift (in target 'Cryptor' from project 'Cryptor')
cd /Users/admin/builder/spi-builder-workspace/.swiftpm/xcode
builtin-SwiftPerFileCompile Crypto.swift
SwiftCompile normal arm64 /Users/admin/builder/spi-builder-workspace/Sources/Cryptor/Cryptor.swift (in target 'Cryptor' from project 'Cryptor')
cd /Users/admin/builder/spi-builder-workspace/.swiftpm/xcode
builtin-SwiftPerFileCompile Cryptor.swift
SwiftCompile normal arm64 Compiling\ Digest.swift /Users/admin/builder/spi-builder-workspace/Sources/Cryptor/Digest.swift (in target 'Cryptor' from project 'Cryptor')
/Users/admin/builder/spi-builder-workspace/Sources/Cryptor/Digest.swift:46:25: error: cannot find 'Status' in scope
44 | /// It is here to provide for engines which can fail.
45 | ///
46 | public var status = Status.success
| `- error: cannot find 'Status' in scope
47 |
48 | ///
/Users/admin/builder/spi-builder-workspace/Sources/Cryptor/Digest.swift:189:54: error: cannot find type 'CC_LONG' in scope
187 | /// - byteCount: The length of the buffer.
188 | ///
189 | func update(buffer: UnsafeRawPointer, byteCount: CC_LONG)
| `- error: cannot find type 'CC_LONG' in scope
190 |
191 | ///
/Users/admin/builder/spi-builder-workspace/Sources/Cryptor/Updatable.swift:26:17: error: cannot find type 'Status' in scope
24 |
25 | /// Status of the calculation.
26 | var status: Status { get }
| `- error: cannot find type 'Status' in scope
27 |
28 | ///
/Users/admin/builder/spi-builder-workspace/Sources/Cryptor/Digest.swift:211:43: error: cannot find type 'CC_LONG' in scope
209 | typealias Digest = UnsafeMutablePointer<UInt8>
210 | typealias Initializer = (Context) -> (Int32)
211 | typealias Updater = (Context, Buffer, CC_LONG) -> (Int32)
| `- error: cannot find type 'CC_LONG' in scope
212 | typealias Finalizer = (Digest, Context) -> (Int32)
213 |
/Users/admin/builder/spi-builder-workspace/Sources/Cryptor/Digest.swift:229:52: error: '@escaping' only applies to function types
227 | /// - length: The digest length.
228 | ///
229 | init(initializer: @escaping Initializer, updater: @escaping Updater, finalizer: @escaping Finalizer, length: Int32) {
| `- error: '@escaping' only applies to function types
230 |
231 | self.initializer = initializer
/Users/admin/builder/spi-builder-workspace/Sources/Cryptor/Digest.swift:257:41: error: cannot find type 'CC_LONG' in scope
255 | /// - byteCount: The length of the buffer.
256 | ///
257 | func update(buffer: Buffer, byteCount: CC_LONG) {
| `- error: cannot find type 'CC_LONG' in scope
258 |
259 | _ = updater(context, buffer, byteCount)
SwiftCompile normal arm64 /Users/admin/builder/spi-builder-workspace/Sources/Cryptor/Digest.swift (in target 'Cryptor' from project 'Cryptor')
cd /Users/admin/builder/spi-builder-workspace/.swiftpm/xcode
builtin-SwiftPerFileCompile Digest.swift
SwiftEmitModule normal arm64 Emitting\ module\ for\ Cryptor (in target 'Cryptor' from project 'Cryptor')
/Users/admin/builder/spi-builder-workspace/Sources/Cryptor/Updatable.swift:26:17: error: cannot find type 'Status' in scope
24 |
25 | /// Status of the calculation.
26 | var status: Status { get }
| `- error: cannot find type 'Status' in scope
27 |
28 | ///
/Users/admin/builder/spi-builder-workspace/Sources/Cryptor/Digest.swift:46:25: error: cannot find 'Status' in scope
44 | /// It is here to provide for engines which can fail.
45 | ///
46 | public var status = Status.success
| `- error: cannot find 'Status' in scope
47 |
48 | ///
/Users/admin/builder/spi-builder-workspace/Sources/Cryptor/Digest.swift:189:54: error: cannot find type 'CC_LONG' in scope
187 | /// - byteCount: The length of the buffer.
188 | ///
189 | func update(buffer: UnsafeRawPointer, byteCount: CC_LONG)
| `- error: cannot find type 'CC_LONG' in scope
190 |
191 | ///
/Users/admin/builder/spi-builder-workspace/Sources/Cryptor/Digest.swift:211:43: error: cannot find type 'CC_LONG' in scope
209 | typealias Digest = UnsafeMutablePointer<UInt8>
210 | typealias Initializer = (Context) -> (Int32)
211 | typealias Updater = (Context, Buffer, CC_LONG) -> (Int32)
| `- error: cannot find type 'CC_LONG' in scope
212 | typealias Finalizer = (Digest, Context) -> (Int32)
213 |
/Users/admin/builder/spi-builder-workspace/Sources/Cryptor/Digest.swift:229:52: error: '@escaping' only applies to function types
227 | /// - length: The digest length.
228 | ///
229 | init(initializer: @escaping Initializer, updater: @escaping Updater, finalizer: @escaping Finalizer, length: Int32) {
| `- error: '@escaping' only applies to function types
230 |
231 | self.initializer = initializer
/Users/admin/builder/spi-builder-workspace/Sources/Cryptor/Digest.swift:257:41: error: cannot find type 'CC_LONG' in scope
255 | /// - byteCount: The length of the buffer.
256 | ///
257 | func update(buffer: Buffer, byteCount: CC_LONG) {
| `- error: cannot find type 'CC_LONG' in scope
258 |
259 | _ = updater(context, buffer, byteCount)
/Users/admin/builder/spi-builder-workspace/Sources/Cryptor/HMAC.swift:170:38: error: cannot find type 'Status' in scope
168 |
169 | /// Status of the calculation
170 | public internal(set) var status: Status = .success
| `- error: cannot find type 'Status' in scope
171 |
172 | #if os(Linux)
/Users/admin/builder/spi-builder-workspace/Sources/Cryptor/HMAC.swift:175:25: error: cannot find 'Context' in scope
173 | private let context = HMAC_CTX_new_wrapper()
174 | #else
175 | private let context = Context.allocate(capacity: 1)
| `- error: cannot find 'Context' in scope
176 | #endif
177 | private var algorithm: Algorithm
/Users/admin/builder/spi-builder-workspace/Sources/Cryptor/Random.swift:26:30: error: cannot find type 'Status' in scope
24 | #endif
25 |
26 | public typealias RNGStatus = Status
| `- error: cannot find type 'Status' in scope
27 |
28 | ///
/Users/admin/builder/spi-builder-workspace/Sources/Cryptor/StreamCryptor.swift:474:38: error: cannot find type 'Status' in scope
472 | /// Used to get additional information when optional chaining collapes.
473 | ///
474 | public internal(set) var status: Status = .success
| `- error: cannot find type 'Status' in scope
475 |
476 | ///
/Users/admin/builder/spi-builder-workspace/Sources/Cryptor/StreamCryptor.swift:694:73: error: cannot find type 'Status' in scope
692 | /// - Returns: A tuple containing the number of output bytes produced and the status (see Status)
693 | ///
694 | public func update(dataIn: Data, byteArrayOut: inout [UInt8]) -> (Int, Status) {
| `- error: cannot find type 'Status' in scope
695 |
696 | let dataOutAvailable = byteArrayOut.count
/Users/admin/builder/spi-builder-workspace/Sources/Cryptor/StreamCryptor.swift:719:75: error: cannot find type 'Status' in scope
717 | /// - Returns: A tuple containing the number of output bytes produced and the status (see Status)
718 | ///
719 | public func update(dataIn: NSData, byteArrayOut: inout [UInt8]) -> (Int, Status) {
| `- error: cannot find type 'Status' in scope
720 |
721 | let dataOutAvailable = byteArrayOut.count
/Users/admin/builder/spi-builder-workspace/Sources/Cryptor/StreamCryptor.swift:737:81: error: cannot find type 'Status' in scope
735 | /// - Returns: A tuple containing the number of output bytes produced and the status (see Status)
736 | ///
737 | public func update(byteArrayIn: [UInt8], byteArrayOut: inout [UInt8]) -> (Int, Status) {
| `- error: cannot find type 'Status' in scope
738 |
739 | let dataOutAvailable = byteArrayOut.count
/Users/admin/builder/spi-builder-workspace/Sources/Cryptor/StreamCryptor.swift:754:77: error: cannot find type 'Status' in scope
752 | /// - Returns: A tuple containing the number of output bytes produced and the status (see Status)
753 | ///
754 | public func update(stringIn: String, byteArrayOut: inout [UInt8]) -> (Int, Status) {
| `- error: cannot find type 'Status' in scope
755 |
756 | let dataOutAvailable = byteArrayOut.count
/Users/admin/builder/spi-builder-workspace/Sources/Cryptor/StreamCryptor.swift:775:58: error: cannot find type 'Status' in scope
773 | /// - Returns: a tuple containing the number of output bytes produced and the status (see Status)
774 | ///
775 | public func final(byteArrayOut: inout [UInt8]) -> (Int, Status) {
| `- error: cannot find type 'Status' in scope
776 |
777 | let dataOutAvailable = byteArrayOut.count
/Users/admin/builder/spi-builder-workspace/Sources/Cryptor/StreamCryptor.swift:797:157: error: cannot find type 'Status' in scope
795 | /// - Returns: Status of the update
796 | ///
797 | public func update(bufferIn: UnsafeRawPointer, byteCountIn: Int, bufferOut: UnsafeMutablePointer<UInt8>, byteCapacityOut: Int, byteCountOut: inout Int) -> Status {
| `- error: cannot find type 'Status' in scope
798 |
799 | if self.status == .success {
/Users/admin/builder/spi-builder-workspace/Sources/Cryptor/StreamCryptor.swift:863:110: error: cannot find type 'Status' in scope
861 | /// - Returns: Status of the update
862 | ///
863 | public func final(bufferOut: UnsafeMutablePointer<UInt8>, byteCapacityOut: Int, byteCountOut: inout Int) -> Status {
| `- error: cannot find type 'Status' in scope
864 |
865 | if self.status == Status.success {
Failed frontend command:
/Applications/Xcode-27.0.0-Release.Candidate.app/Contents/Developer/Toolchains/XcodeDefault.xctoolchain/usr/bin/swift-frontend -frontend -emit-module -experimental-skip-non-inlinable-function-bodies-without-types /Users/admin/builder/spi-builder-workspace/Sources/Cryptor/Crypto.swift /Users/admin/builder/spi-builder-workspace/Sources/Cryptor/Cryptor.swift /Users/admin/builder/spi-builder-workspace/Sources/Cryptor/Digest.swift /Users/admin/builder/spi-builder-workspace/Sources/Cryptor/HMAC.swift /Users/admin/builder/spi-builder-workspace/Sources/Cryptor/KeyDerivation.swift /Users/admin/builder/spi-builder-workspace/Sources/Cryptor/Random.swift /Users/admin/builder/spi-builder-workspace/Sources/Cryptor/SSLPointerTricks.swift /Users/admin/builder/spi-builder-workspace/Sources/Cryptor/Status.swift /Users/admin/builder/spi-builder-workspace/Sources/Cryptor/StreamCryptor.swift /Users/admin/builder/spi-builder-workspace/Sources/Cryptor/Updatable.swift /Users/admin/builder/spi-builder-workspace/Sources/Cryptor/Utilities.swift -target arm64-apple-xros1.0 -disable-cross-import-overlay-search -load-resolved-plugin /Applications/Xcode-27.0.0-Release.Candidate.app/Contents/Developer/Platforms/XROS.platform/Developer/usr/lib/swift/host/plugins/libFoundationMacros.dylib\#/Applications/Xcode-27.0.0-Release.Candidate.app/Contents/Developer/Platforms/XROS.platform/Developer/usr/bin/swift-plugin-server\#FoundationMacros -load-resolved-plugin /Applications/Xcode-27.0.0-Release.Candidate.app/Contents/Developer/Platforms/XROS.platform/Developer/usr/lib/swift/host/plugins/libObservationMacros.dylib\#/Applications/Xcode-27.0.0-Release.Candidate.app/Contents/Developer/Platforms/XROS.platform/Developer/usr/bin/swift-plugin-server\#ObservationMacros -load-resolved-plugin /Applications/Xcode-27.0.0-Release.Candidate.app/Contents/Developer/Platforms/XROS.platform/Developer/usr/lib/swift/host/plugins/libSwiftMacros.dylib\#/Applications/Xcode-27.0.0-Release.Candidate.app/Contents/Developer/Platforms/XROS.platform/Developer/usr/bin/swift-plugin-server\#SwiftMacros -disable-implicit-swift-modules -Xcc -fno-implicit-modules -Xcc -fno-implicit-module-maps -explicit-swift-module-map-file /Users/admin/builder/spi-builder-workspace/.derivedData/Build/Intermediates.noindex/Cryptor.build/Debug-xros/Cryptor-t.build/Objects-normal/arm64/Cryptor-dependencies-1.json -Xllvm -aarch64-use-tbi -enable-objc-interop -stack-check -sdk /Applications/Xcode-27.0.0-Release.Candidate.app/Contents/Developer/Platforms/XROS.platform/Developer/SDKs/XROS27.0.sdk -I /Users/admin/builder/spi-builder-workspace/.derivedData/Build/Products/Debug-xros -Isystem /Applications/Xcode-27.0.0-Release.Candidate.app/Contents/Developer/Platforms/XROS.platform/Developer/usr/lib -F /Users/admin/builder/spi-builder-workspace/.derivedData/Build/Products/Debug-xros -F /Applications/Xcode-27.0.0-Release.Candidate.app/Contents/Developer/Platforms/XROS.platform/Developer/Library/Frameworks -F /Applications/Xcode-27.0.0-Release.Candidate.app/Contents/Developer/Platforms/XROS.platform/Developer/SDKs/XROS27.0.sdk/Developer/Library/Frameworks -module-cache-path /Users/admin/builder/spi-builder-workspace/.derivedData/Build/Intermediates.noindex/SwiftExplicitPrecompiledModules -no-color-diagnostics -Xcc -fno-color-diagnostics -enable-testing -g -debug-info-format\=dwarf -dwarf-version\=4 -profile-generate -profile-coverage-mapping -swift-version 5 -Onone -D SWIFT_PACKAGE -D DEBUG -D SWIFT_MODULE_RESOURCE_BUNDLE_UNAVAILABLE -D Xcode -serialize-debugging-options -enable-experimental-feature DebugDescriptionMacro -empty-abi-descriptor -validate-clang-modules-once -clang-build-session-file /Users/admin/builder/spi-builder-workspace/.derivedData/ModuleCache.noindex/Session.modulevalidation -Xcc -working-directory -Xcc /Users/admin/builder/spi-builder-workspace/.swiftpm/xcode -enable-anonymous-context-mangled-names -file-compilation-dir /Users/admin/builder/spi-builder-workspace/.swiftpm/xcode -Xcc -D_LIBCPP_HARDENING_MODE\=_LIBCPP_HARDENING_MODE_DEBUG -Xcc -ivfsstatcache -Xcc /Users/admin/builder/spi-builder-workspace/.derivedData/SDKStatCaches.noindex/xros27.0-24M361-e829b21a6f8c9b70876ba0858053c044735bd543db762f57723cac368afd1ce4.sdkstatcache -Xcc -fmodules-prune-interval\=86400 -Xcc -fmodules-prune-after\=345600 -Xcc -I/Users/admin/builder/spi-builder-workspace/.derivedData/Build/Products/Debug-xros/include -Xcc -I/Users/admin/builder/spi-builder-workspace/.derivedData/Build/Intermediates.noindex/Cryptor.build/Debug-xros/Cryptor-t.build/DerivedSources-normal/arm64 -Xcc -I/Users/admin/builder/spi-builder-workspace/.derivedData/Build/Intermediates.noindex/Cryptor.build/Debug-xros/Cryptor-t.build/DerivedSources/arm64 -Xcc -I/Users/admin/builder/spi-builder-workspace/.derivedData/Build/Intermediates.noindex/Cryptor.build/Debug-xros/Cryptor-t.build/DerivedSources -Xcc -DSWIFT_PACKAGE -Xcc -DDEBUG\=1 -no-auto-bridging-header-chaining -module-name Cryptor -const-gather-protocols-file /Users/admin/builder/spi-builder-workspace/.derivedData/Build/Intermediates.noindex/Cryptor.build/Debug-xros/Cryptor-t.build/Objects-normal/arm64/Cryptor_const_extract_protocols.json -disable-clang-spi -clang-target arm64-apple-xros27.0 -target-sdk-version 27.0 -target-sdk-name xros27.0 -in-process-plugin-server-path /Applications/Xcode-27.0.0-Release.Candidate.app/Contents/Developer/Toolchains/XcodeDefault.xctoolchain/usr/lib/swift/host/libSwiftInProcPluginServer.dylib -emit-module-doc-path /Users/admin/builder/spi-builder-workspace/.derivedData/Build/Intermediates.noindex/Cryptor.build/Debug-xros/Cryptor-t.build/Objects-normal/arm64/Cryptor.swiftdoc -emit-module-source-info-path /Users/admin/builder/spi-builder-workspace/.derivedData/Build/Intermediates.noindex/Cryptor.build/Debug-xros/Cryptor-t.build/Objects-normal/arm64/Cryptor.swiftsourceinfo -emit-objc-header-path /Users/admin/builder/spi-builder-workspace/.derivedData/Build/Intermediates.noindex/Cryptor.build/Debug-xros/Cryptor-t.build/Objects-normal/arm64/Cryptor-Swift.h -serialize-diagnostics-path /Users/admin/builder/spi-builder-workspace/.derivedData/Build/Intermediates.noindex/Cryptor.build/Debug-xros/Cryptor-t.build/Objects-normal/arm64/Cryptor-primary-emit-module.dia -emit-dependencies-path /Users/admin/builder/spi-builder-workspace/.derivedData/Build/Intermediates.noindex/Cryptor.build/Debug-xros/Cryptor-t.build/Objects-normal/arm64/Cryptor-primary-emit-module.d -parse-as-library -o /Users/admin/builder/spi-builder-workspace/.derivedData/Build/Intermediates.noindex/Cryptor.build/Debug-xros/Cryptor-t.build/Objects-normal/arm64/Cryptor.swiftmodule -emit-abi-descriptor-path /Users/admin/builder/spi-builder-workspace/.derivedData/Build/Intermediates.noindex/Cryptor.build/Debug-xros/Cryptor-t.build/Objects-normal/arm64/Cryptor.abi.json
SwiftCompile normal arm64 (in target 'Cryptor' from project 'Cryptor')
cd /Users/admin/builder/spi-builder-workspace/.swiftpm/xcode
SwiftCompile normal arm64 Compiling\ Updatable.swift /Users/admin/builder/spi-builder-workspace/Sources/Cryptor/Updatable.swift (in target 'Cryptor' from project 'Cryptor')
SwiftCompile normal arm64 /Users/admin/builder/spi-builder-workspace/Sources/Cryptor/Updatable.swift (in target 'Cryptor' from project 'Cryptor')
cd /Users/admin/builder/spi-builder-workspace/.swiftpm/xcode
builtin-SwiftPerFileCompile Updatable.swift
SwiftCompile normal arm64 Compiling\ Utilities.swift /Users/admin/builder/spi-builder-workspace/Sources/Cryptor/Utilities.swift (in target 'Cryptor' from project 'Cryptor')
SwiftCompile normal arm64 /Users/admin/builder/spi-builder-workspace/Sources/Cryptor/Utilities.swift (in target 'Cryptor' from project 'Cryptor')
cd /Users/admin/builder/spi-builder-workspace/.swiftpm/xcode
builtin-SwiftPerFileCompile Utilities.swift
SwiftCompile normal arm64 Compiling\ KeyDerivation.swift /Users/admin/builder/spi-builder-workspace/Sources/Cryptor/KeyDerivation.swift (in target 'Cryptor' from project 'Cryptor')
SwiftCompile normal arm64 /Users/admin/builder/spi-builder-workspace/Sources/Cryptor/KeyDerivation.swift (in target 'Cryptor' from project 'Cryptor')
cd /Users/admin/builder/spi-builder-workspace/.swiftpm/xcode
builtin-SwiftPerFileCompile KeyDerivation.swift
PruneExplicitPrecompiledModules /Users/admin/builder/spi-builder-workspace/.derivedData/Build/Intermediates.noindex/ExplicitPrecompiledModules
PruneExplicitPrecompiledModules /Users/admin/builder/spi-builder-workspace/.derivedData/Build/Intermediates.noindex/SwiftExplicitPrecompiledModules
PruneExplicitPrecompiledModules /Users/admin/builder/spi-builder-workspace/.derivedData/SDKExplicitPrecompiledModules
2026-09-18 10:27:07.357 xcodebuild[720:4606] [MT] IDERunDestination: Supported platforms for the buildables in the current scheme is empty.
** BUILD FAILED **
The following build commands failed:
SwiftEmitModule normal arm64 Emitting\ module\ for\ Cryptor (in target 'Cryptor' from project 'Cryptor')
SwiftCompile normal arm64 (in target 'Cryptor' from project 'Cryptor')
Building workspace Cryptor with scheme Cryptor
(3 failures)
BUILD FAILURE 6.4 visionOS