Build Information
Failed to build nef, reference master (517340), with Swift 6.4 for watchOS using Xcode 27.0 on 18 Sep 2026 02:56:29 UTC.
Build Command
env DEVELOPER_DIR=/Applications/Xcode-27.0.0-Release.Candidate.app xcrun xcodebuild -IDEClonedSourcePackagesDirPathOverride=$PWD/.dependencies -skipMacroValidation -skipPackagePluginValidation -derivedDataPath $PWD/.derivedData build -scheme nef-Package -destination generic/platform=watchOSBuild Log
cd /Users/admin/builder/spi-builder-workspace/.swiftpm/xcode
builtin-SwiftPerFileCompile StringStyleColorizer.swift
SwiftCompile normal arm64_32 /Users/admin/builder/spi-builder-workspace/.dependencies/checkouts/Swiftline/Sources/TaskPipe.swift (in target 'Swiftline' from project 'Swiftline')
cd /Users/admin/builder/spi-builder-workspace/.swiftpm/xcode
builtin-SwiftPerFileCompile TaskPipe.swift
SwiftCompile normal arm64 Compiling\ Ask.swift,\ AskSettings.swift,\ AskerValidator.swift /Users/admin/builder/spi-builder-workspace/.dependencies/checkouts/Swiftline/Sources/Ask.swift /Users/admin/builder/spi-builder-workspace/.dependencies/checkouts/Swiftline/Sources/AskSettings.swift /Users/admin/builder/spi-builder-workspace/.dependencies/checkouts/Swiftline/Sources/AskerValidator.swift (in target 'Swiftline' from project 'Swiftline')
SwiftCompile normal arm64 /Users/admin/builder/spi-builder-workspace/.dependencies/checkouts/Swiftline/Sources/Ask.swift (in target 'Swiftline' from project 'Swiftline')
cd /Users/admin/builder/spi-builder-workspace/.swiftpm/xcode
builtin-SwiftPerFileCompile Ask.swift
SwiftCompile normal arm64 /Users/admin/builder/spi-builder-workspace/.dependencies/checkouts/Swiftline/Sources/AskSettings.swift (in target 'Swiftline' from project 'Swiftline')
cd /Users/admin/builder/spi-builder-workspace/.swiftpm/xcode
builtin-SwiftPerFileCompile AskSettings.swift
SwiftCompile normal arm64 /Users/admin/builder/spi-builder-workspace/.dependencies/checkouts/Swiftline/Sources/AskerValidator.swift (in target 'Swiftline' from project 'Swiftline')
cd /Users/admin/builder/spi-builder-workspace/.swiftpm/xcode
builtin-SwiftPerFileCompile AskerValidator.swift
SwiftDriverJobDiscovery normal arm64 Compiling Agree.swift, AgreeSettings.swift, ArgConvertible.swift (in target 'Swiftline' from project 'Swiftline')
SwiftCompile normal arm64_32 Compiling\ Agree.swift,\ AgreeSettings.swift,\ ArgConvertible.swift /Users/admin/builder/spi-builder-workspace/.dependencies/checkouts/Swiftline/Sources/Agree.swift /Users/admin/builder/spi-builder-workspace/.dependencies/checkouts/Swiftline/Sources/AgreeSettings.swift /Users/admin/builder/spi-builder-workspace/.dependencies/checkouts/Swiftline/Sources/ArgConvertible.swift (in target 'Swiftline' from project 'Swiftline')
SwiftCompile normal arm64_32 /Users/admin/builder/spi-builder-workspace/.dependencies/checkouts/Swiftline/Sources/Agree.swift (in target 'Swiftline' from project 'Swiftline')
cd /Users/admin/builder/spi-builder-workspace/.swiftpm/xcode
builtin-SwiftPerFileCompile Agree.swift
SwiftCompile normal arm64_32 /Users/admin/builder/spi-builder-workspace/.dependencies/checkouts/Swiftline/Sources/AgreeSettings.swift (in target 'Swiftline' from project 'Swiftline')
cd /Users/admin/builder/spi-builder-workspace/.swiftpm/xcode
builtin-SwiftPerFileCompile AgreeSettings.swift
SwiftCompile normal arm64_32 /Users/admin/builder/spi-builder-workspace/.dependencies/checkouts/Swiftline/Sources/ArgConvertible.swift (in target 'Swiftline' from project 'Swiftline')
cd /Users/admin/builder/spi-builder-workspace/.swiftpm/xcode
builtin-SwiftPerFileCompile ArgConvertible.swift
SwiftDriverJobDiscovery normal arm64 Compiling ShortHandRunner.swift, StringBackgroundColorizer.swift (in target 'Swiftline' from project 'Swiftline')
SwiftCompile normal arm64_32 Compiling\ Args.swift,\ ArgsParser.swift,\ Argument.swift /Users/admin/builder/spi-builder-workspace/.dependencies/checkouts/Swiftline/Sources/Args.swift /Users/admin/builder/spi-builder-workspace/.dependencies/checkouts/Swiftline/Sources/ArgsParser.swift /Users/admin/builder/spi-builder-workspace/.dependencies/checkouts/Swiftline/Sources/Argument.swift (in target 'Swiftline' from project 'Swiftline')
SwiftCompile normal arm64_32 /Users/admin/builder/spi-builder-workspace/.dependencies/checkouts/Swiftline/Sources/Args.swift (in target 'Swiftline' from project 'Swiftline')
cd /Users/admin/builder/spi-builder-workspace/.swiftpm/xcode
builtin-SwiftPerFileCompile Args.swift
SwiftCompile normal arm64_32 /Users/admin/builder/spi-builder-workspace/.dependencies/checkouts/Swiftline/Sources/ArgsParser.swift (in target 'Swiftline' from project 'Swiftline')
cd /Users/admin/builder/spi-builder-workspace/.swiftpm/xcode
builtin-SwiftPerFileCompile ArgsParser.swift
SwiftCompile normal arm64_32 /Users/admin/builder/spi-builder-workspace/.dependencies/checkouts/Swiftline/Sources/Argument.swift (in target 'Swiftline' from project 'Swiftline')
cd /Users/admin/builder/spi-builder-workspace/.swiftpm/xcode
builtin-SwiftPerFileCompile Argument.swift
PruneExplicitPrecompiledModules /Users/admin/builder/spi-builder-workspace/.derivedData/SDKExplicitPrecompiledModules
PruneExplicitPrecompiledModules /Users/admin/builder/spi-builder-workspace/.derivedData/Build/Intermediates.noindex/ExplicitPrecompiledModules
PruneExplicitPrecompiledModules /Users/admin/builder/spi-builder-workspace/.derivedData/Build/Intermediates.noindex/SwiftExplicitPrecompiledModules
2026-09-17 22:56:10.946 xcodebuild[1165:6463] [MT] IDERunDestination: Supported platforms for the buildables in the current scheme is empty.
** BUILD FAILED **
The following build commands failed:
SwiftCompile normal arm64_32 Compiling\ CommandExecutor.swift,\ Env.swift,\ ProcessInfo.swift /Users/admin/builder/spi-builder-workspace/.dependencies/checkouts/Swiftline/Sources/CommandExecutor.swift /Users/admin/builder/spi-builder-workspace/.dependencies/checkouts/Swiftline/Sources/Env.swift /Users/admin/builder/spi-builder-workspace/.dependencies/checkouts/Swiftline/Sources/ProcessInfo.swift (in target 'Swiftline' from project 'Swiftline')
SwiftCompile normal arm64_32 /Users/admin/builder/spi-builder-workspace/.dependencies/checkouts/Swiftline/Sources/CommandExecutor.swift (in target 'Swiftline' from project 'Swiftline')
Building workspace nef with scheme nef-Package
(3 failures)
Command line invocation:
/Applications/Xcode-27.0.0-Release.Candidate.app/Contents/Developer/usr/bin/xcodebuild -IDEClonedSourcePackagesDirPathOverride=/Users/admin/builder/spi-builder-workspace/.dependencies -resolvePackageDependencies
Resolve Package Graph
Resolved source packages:
Bow: https://github.com/bow-swift/bow.git @ 0.8.0
Swiftline: https://github.com/bow-swift/Swiftline.git @ 0.5.6
swift-argument-parser: https://github.com/apple/swift-argument-parser @ 0.2.1
SwiftCheck: https://github.com/bow-swift/SwiftCheck.git @ 0.12.1
CwlPreconditionTesting: https://github.com/mattgallagher/CwlPreconditionTesting.git @ 2.2.2
Nimble: https://github.com/Quick/Nimble.git @ 9.2.1
RxSwift: https://github.com/ReactiveX/RxSwift.git @ 5.1.3
nef: /Users/admin/builder/spi-builder-workspace
CwlCatchException: https://github.com/mattgallagher/CwlCatchException.git @ 2.2.1
Quick: https://github.com/Quick/Quick.git @ 4.0.0
resolved source packages: Bow, Swiftline, swift-argument-parser, SwiftCheck, CwlPreconditionTesting, Nimble, RxSwift, nef, CwlCatchException, Quick
2026-09-17 22:56:21.521 xcodebuild[1336:7477] [MT] IDERunDestination: Supported platforms for the buildables in the current scheme is empty.
{
"dependencies" : [
{
"identity" : "bow",
"requirement" : {
"exact" : [
"0.8.0"
]
},
"type" : "sourceControl",
"url" : "https://github.com/bow-swift/bow.git"
},
{
"identity" : "swiftline",
"requirement" : {
"exact" : [
"0.5.6"
]
},
"type" : "sourceControl",
"url" : "https://github.com/bow-swift/Swiftline.git"
},
{
"identity" : "swift-argument-parser",
"requirement" : {
"exact" : [
"0.2.1"
]
},
"type" : "sourceControl",
"url" : "https://github.com/apple/swift-argument-parser"
}
],
"manifest_display_name" : "nef",
"name" : "nef",
"path" : "/Users/admin/builder/spi-builder-workspace",
"platforms" : [
{
"name" : "macos",
"version" : "10.14"
}
],
"products" : [
{
"name" : "nef",
"targets" : [
"nef",
"NefModels"
],
"type" : {
"library" : [
"automatic"
]
}
},
{
"name" : "nef-menu",
"targets" : [
"NefMenu"
],
"type" : {
"executable" : null
}
},
{
"name" : "nefc",
"targets" : [
"Compiler"
],
"type" : {
"executable" : null
}
},
{
"name" : "nef-clean",
"targets" : [
"Clean"
],
"type" : {
"executable" : null
}
},
{
"name" : "nef-markdown",
"targets" : [
"Markdown"
],
"type" : {
"executable" : null
}
},
{
"name" : "nef-markdown-page",
"targets" : [
"MarkdownPage"
],
"type" : {
"executable" : null
}
},
{
"name" : "nef-jekyll",
"targets" : [
"Jekyll"
],
"type" : {
"executable" : null
}
},
{
"name" : "nef-jekyll-page",
"targets" : [
"JekyllPage"
],
"type" : {
"executable" : null
}
},
{
"name" : "nef-carbon",
"targets" : [
"Carbon"
],
"type" : {
"executable" : null
}
},
{
"name" : "nef-carbon-page",
"targets" : [
"CarbonPage"
],
"type" : {
"executable" : null
}
},
{
"name" : "nef-playground",
"targets" : [
"Playground"
],
"type" : {
"executable" : null
}
},
{
"name" : "nef-playground-book",
"targets" : [
"PlaygroundBook"
],
"type" : {
"executable" : null
}
}
],
"targets" : [
{
"c99name" : "nef",
"module_type" : "SwiftTarget",
"name" : "nef",
"path" : "project/Component/nef",
"product_dependencies" : [
"Swiftline"
],
"product_memberships" : [
"nef",
"nef-menu",
"nefc",
"nef-clean",
"nef-markdown",
"nef-markdown-page",
"nef-jekyll",
"nef-jekyll-page",
"nef-carbon",
"nef-carbon-page",
"nef-playground",
"nef-playground-book"
],
"sources" : [
"CarbonAPI.swift",
"CleanAPI.swift",
"CompilerAPI.swift",
"Instances/MacCompilerShell.swift",
"Instances/MacNefPlaygroundSystem.swift",
"Instances/UnixFileSystem.swift",
"Instances/UnixPackageShell.swift",
"Instances/UnixPlaygroundSystem.swift",
"Instances/UnixRenderSystem.swift",
"JekyllAPI.swift",
"MarkdownAPI.swift",
"Models/Error.swift",
"PlaygroundAPI.swift",
"SwiftPlaygroundAPI.swift",
"Utils/BuildConfiguration.swift",
"Utils/URL+PlaygroundPage.swift",
"VersionAPI.swift"
],
"target_dependencies" : [
"NefModels",
"NefCommon",
"NefCore",
"NefRender",
"NefMarkdown",
"NefJekyll",
"NefCarbon",
"NefCompiler",
"NefClean",
"NefPlayground",
"NefSwiftPlayground"
],
"type" : "library"
},
{
"c99name" : "PlaygroundBook",
"module_type" : "SwiftTarget",
"name" : "PlaygroundBook",
"path" : "project/UI/PlaygroundBook",
"product_memberships" : [
"nef-playground-book"
],
"sources" : [
"main.swift"
],
"target_dependencies" : [
"CLIKit",
"nef"
],
"type" : "executable"
},
{
"c99name" : "Playground",
"module_type" : "SwiftTarget",
"name" : "Playground",
"path" : "project/UI/Playground",
"product_memberships" : [
"nef-playground"
],
"sources" : [
"main.swift"
],
"target_dependencies" : [
"CLIKit",
"nef"
],
"type" : "executable"
},
{
"c99name" : "NefSwiftPlayground",
"module_type" : "SwiftTarget",
"name" : "NefSwiftPlayground",
"path" : "project/Component/NefSwiftPlayground",
"product_memberships" : [
"nef",
"nef-menu",
"nefc",
"nef-clean",
"nef-markdown",
"nef-markdown-page",
"nef-jekyll",
"nef-jekyll-page",
"nef-carbon",
"nef-carbon-page",
"nef-playground",
"nef-playground-book"
],
"sources" : [
"Algebras/PackageShell.swift",
"Assets.swift",
"Assets/ImageReference.swift",
"Errors/PackageShellError.swift",
"Errors/PlaygroundBookError.swift",
"Errors/SwiftPlaygroundError.swift",
"Models/Module.swift",
"Models/Package.swift",
"Models/PlaygroundBookEvent.swift",
"Models/PlaygroundBookResolutionPath.swift",
"Models/PlaygroundBookTemplate.swift",
"Models/PlaygroundEnvironment.swift",
"Models/PlaygroundResolutionPath.swift",
"Models/SwiftPackage.swift",
"Models/SwiftPackageProduct.swift",
"PlaygroundBook.swift",
"SwiftPlayground.swift"
],
"target_dependencies" : [
"NefCommon"
],
"type" : "library"
},
{
"c99name" : "NefRender",
"module_type" : "SwiftTarget",
"name" : "NefRender",
"path" : "project/Component/NefRender",
"product_memberships" : [
"nef",
"nef-menu",
"nefc",
"nef-clean",
"nef-markdown",
"nef-markdown-page",
"nef-jekyll",
"nef-jekyll-page",
"nef-carbon",
"nef-carbon-page",
"nef-playground",
"nef-playground-book"
],
"sources" : [
"Errors/MarkdownError.swift",
"Models/RenderEnvironment.swift",
"Models/RenderEvent.swift",
"Render.swift"
],
"target_dependencies" : [
"NefCore"
],
"type" : "library"
},
{
"c99name" : "NefPlayground",
"module_type" : "SwiftTarget",
"name" : "NefPlayground",
"path" : "project/Component/NefPlayground",
"product_memberships" : [
"nef",
"nef-menu",
"nefc",
"nef-clean",
"nef-markdown",
"nef-markdown-page",
"nef-jekyll",
"nef-jekyll-page",
"nef-carbon",
"nef-carbon-page",
"nef-playground",
"nef-playground-book"
],
"sources" : [
"Errors/PlaygroundError.swift",
"Models/PlaygroundEnvironment.swift",
"Models/PlaygroundEvent.swift",
"Playground.swift"
],
"target_dependencies" : [
"NefCommon"
],
"type" : "library"
},
{
"c99name" : "NefModels",
"module_type" : "SwiftTarget",
"name" : "NefModels",
"path" : "project/Component/NefModels",
"product_dependencies" : [
"Bow",
"BowEffects",
"BowOptics"
],
"product_memberships" : [
"nef",
"nef-menu",
"nefc",
"nef-clean",
"nef-markdown",
"nef-markdown-page",
"nef-jekyll",
"nef-jekyll-page",
"nef-carbon",
"nef-carbon-page",
"nef-playground",
"nef-playground-book"
],
"sources" : [
"CarbonModel.swift",
"CarbonView.swift",
"CompilerOptions.swift",
"PlaygroundDependencies.swift",
"PlaygroundExcludeItem.swift",
"PlaygroundPlatform.swift",
"ProgressReport.swift",
"RenderedPage.swift",
"SwiftModule.swift",
"WorkspaceInfo.swift"
],
"type" : "library"
},
{
"c99name" : "NefMenu",
"module_type" : "SwiftTarget",
"name" : "NefMenu",
"path" : "project/UI/Nef",
"product_memberships" : [
"nef-menu"
],
"sources" : [
"main.swift"
],
"target_dependencies" : [
"CLIKit",
"nef"
],
"type" : "executable"
},
{
"c99name" : "NefMarkdown",
"module_type" : "SwiftTarget",
"name" : "NefMarkdown",
"path" : "project/Component/NefMarkdown",
"product_memberships" : [
"nef",
"nef-menu",
"nefc",
"nef-clean",
"nef-markdown",
"nef-markdown-page",
"nef-jekyll",
"nef-jekyll-page",
"nef-carbon",
"nef-carbon-page",
"nef-playground",
"nef-playground-book"
],
"sources" : [
"Models/RenderMarkdownEnvironment.swift",
"NefMarkdown.swift"
],
"target_dependencies" : [
"NefRender"
],
"type" : "library"
},
{
"c99name" : "NefJekyll",
"module_type" : "SwiftTarget",
"name" : "NefJekyll",
"path" : "project/Component/NefJekyll",
"product_memberships" : [
"nef",
"nef-menu",
"nefc",
"nef-clean",
"nef-markdown",
"nef-markdown-page",
"nef-jekyll",
"nef-jekyll-page",
"nef-carbon",
"nef-carbon-page",
"nef-playground",
"nef-playground-book"
],
"sources" : [
"Models/JekyllEvent.swift",
"Models/RenderJekyllEnvironment.swift",
"NefJekyll.swift"
],
"target_dependencies" : [
"NefRender"
],
"type" : "library"
},
{
"c99name" : "NefCore",
"module_type" : "SwiftTarget",
"name" : "NefCore",
"path" : "project/Core",
"product_memberships" : [
"nef",
"nef-menu",
"nefc",
"nef-clean",
"nef-markdown",
"nef-markdown-page",
"nef-jekyll",
"nef-jekyll-page",
"nef-carbon",
"nef-carbon-page",
"nef-playground",
"nef-playground-book"
],
"sources" : [
"Models/CoreEnvironments.swift",
"Models/CoreRenderError.swift",
"Models/Image.swift",
"Models/MarkupNode.swift",
"Parser/Lexical.swift",
"Parser/Syntax.swift",
"Render/CoreCarbon.swift",
"Render/CoreCode.swift",
"Render/CoreJekyll.swift",
"Render/CoreMarkdown.swift",
"Render/CoreRender.swift",
"Utils/Node+Render.swift",
"Utils/String+Format.swift"
],
"target_dependencies" : [
"NefCommon"
],
"type" : "library"
},
{
"c99name" : "NefCompiler",
"module_type" : "SwiftTarget",
"name" : "NefCompiler",
"path" : "project/Component/NefCompiler",
"product_memberships" : [
"nef",
"nef-menu",
"nefc",
"nef-clean",
"nef-markdown",
"nef-markdown-page",
"nef-jekyll",
"nef-jekyll-page",
"nef-carbon",
"nef-carbon-page",
"nef-playground",
"nef-playground-book"
],
"sources" : [
"Algebras/CompilerShell.swift",
"Algebras/CompilerSystem.swift",
"Errors/CompilerShellError.swift",
"Errors/CompilerSystemError.swift",
"Extensions/SwiftModule+IO.swift",
"Instances/NefCompilerSystem.swift",
"Models/CompilerEvent.swift",
"Models/CompilerSystemEnvironment.swift",
"Models/RenderCompilerEnvironment.swift",
"NefCompiler.swift"
],
"target_dependencies" : [
"NefRender"
],
"type" : "library"
},
{
"c99name" : "NefCommon",
"module_type" : "SwiftTarget",
"name" : "NefCommon",
"path" : "project/Component/NefCommon",
"product_memberships" : [
"nef",
"nef-menu",
"nefc",
"nef-clean",
"nef-markdown",
"nef-markdown-page",
"nef-jekyll",
"nef-jekyll-page",
"nef-carbon",
"nef-carbon-page",
"nef-playground",
"nef-playground-book"
],
"sources" : [
"Algebras/FileSystem.swift",
"Algebras/NefPlaygroundSystem.swift",
"Algebras/RenderingPersistence.swift",
"Algebras/XcodePlaygroundSystem.swift",
"Errors/FileSystemError.swift",
"Errors/PlaygroundShellError.swift",
"Errors/RenderingOutput.swift",
"Errors/RenderingPersistenceError.swift",
"Errors/XcodePlaygroundSystemError.swift",
"Models/HasProgressReport.swift",
"Models/NefPlaygroundURL.swift",
"Models/RenderingURL.swift",
"Utils/Array+Utils.swift",
"Utils/Effects+Extensions.swift",
"Utils/EnumeratedSequence+Extension.swift",
"Utils/Platform+Utils.swift",
"Utils/String+Path.swift",
"Utils/String+Utils.swift"
],
"target_dependencies" : [
"NefModels"
],
"type" : "library"
},
{
"c99name" : "NefClean",
"module_type" : "SwiftTarget",
"name" : "NefClean",
"path" : "project/Component/NefClean",
"product_memberships" : [
"nef",
"nef-menu",
"nefc",
"nef-clean",
"nef-markdown",
"nef-markdown-page",
"nef-jekyll",
"nef-jekyll-page",
"nef-carbon",
"nef-carbon-page",
"nef-playground",
"nef-playground-book"
],
"sources" : [
"Clean.swift",
"Errors/CleanError.swift",
"Models/CleanEnvironment.swift",
"Models/CleanEvent.swift"
],
"target_dependencies" : [
"NefCommon"
],
"type" : "library"
},
{
"c99name" : "NefCarbon",
"module_type" : "SwiftTarget",
"name" : "NefCarbon",
"path" : "project/Component/NefCarbon",
"product_memberships" : [
"nef",
"nef-menu",
"nefc",
"nef-clean",
"nef-markdown",
"nef-markdown-page",
"nef-jekyll",
"nef-jekyll-page",
"nef-carbon",
"nef-carbon-page",
"nef-playground",
"nef-playground-book"
],
"sources" : [
"App/Assets.swift",
"App/CarbonAppDelegate.swift",
"App/CarbonApplication.swift",
"App/CarbonAssembler.swift",
"App/CarbonSyncDownloader.swift",
"App/CarbonViewer.swift",
"App/CarbonWKWebView.swift",
"Models/RenderCarbonEnvironment.swift",
"NefCarbon.swift",
"Utils/NSImage+Store.swift",
"Utils/URLQuery.swift",
"Views/CarbonWebView.swift"
],
"target_dependencies" : [
"NefRender"
],
"type" : "library"
},
{
"c99name" : "MarkdownPage",
"module_type" : "SwiftTarget",
"name" : "MarkdownPage",
"path" : "project/UI/MarkdownPage",
"product_memberships" : [
"nef-markdown-page"
],
"sources" : [
"main.swift"
],
"target_dependencies" : [
"CLIKit",
"nef"
],
"type" : "executable"
},
{
"c99name" : "Markdown",
"module_type" : "SwiftTarget",
"name" : "Markdown",
"path" : "project/UI/Markdown",
"product_memberships" : [
"nef-markdown"
],
"sources" : [
"main.swift"
],
"target_dependencies" : [
"CLIKit",
"nef"
],
"type" : "executable"
},
{
"c99name" : "JekyllPage",
"module_type" : "SwiftTarget",
"name" : "JekyllPage",
"path" : "project/UI/JekyllPage",
"product_memberships" : [
"nef-jekyll-page"
],
"sources" : [
"main.swift"
],
"target_dependencies" : [
"CLIKit",
"nef"
],
"type" : "executable"
},
{
"c99name" : "Jekyll",
"module_type" : "SwiftTarget",
"name" : "Jekyll",
"path" : "project/UI/Jekyll",
"product_memberships" : [
"nef-jekyll"
],
"sources" : [
"main.swift"
],
"target_dependencies" : [
"CLIKit",
"nef"
],
"type" : "executable"
},
{
"c99name" : "CoreTests",
"module_type" : "SwiftTarget",
"name" : "CoreTests",
"path" : "project/Tests/CoreTests",
"sources" : [
"JekyllTests.swift",
"MarkdownTests.swift",
"SyntaxTests.swift",
"Utils/CoreRender+Test.swift"
],
"target_dependencies" : [
"NefCore"
],
"type" : "test"
},
{
"c99name" : "Compiler",
"module_type" : "SwiftTarget",
"name" : "Compiler",
"path" : "project/UI/Compiler",
"product_memberships" : [
"nefc"
],
"sources" : [
"main.swift"
],
"target_dependencies" : [
"CLIKit",
"nef"
],
"type" : "executable"
},
{
"c99name" : "Clean",
"module_type" : "SwiftTarget",
"name" : "Clean",
"path" : "project/UI/Clean",
"product_memberships" : [
"nef-clean"
],
"sources" : [
"main.swift"
],
"target_dependencies" : [
"CLIKit",
"nef"
],
"type" : "executable"
},
{
"c99name" : "CarbonPage",
"module_type" : "SwiftTarget",
"name" : "CarbonPage",
"path" : "project/UI/CarbonPage",
"product_memberships" : [
"nef-carbon-page"
],
"sources" : [
"main.swift"
],
"target_dependencies" : [
"CLIKit",
"nef"
],
"type" : "executable"
},
{
"c99name" : "Carbon",
"module_type" : "SwiftTarget",
"name" : "Carbon",
"path" : "project/UI/Carbon",
"product_memberships" : [
"nef-carbon"
],
"sources" : [
"main.swift"
],
"target_dependencies" : [
"CLIKit",
"nef"
],
"type" : "executable"
},
{
"c99name" : "CLIKit",
"module_type" : "SwiftTarget",
"name" : "CLIKit",
"path" : "project/UI",
"product_dependencies" : [
"ArgumentParser"
],
"product_memberships" : [
"nef-menu",
"nefc",
"nef-clean",
"nef-markdown",
"nef-markdown-page",
"nef-jekyll",
"nef-jekyll-page",
"nef-carbon",
"nef-carbon-page",
"nef-playground",
"nef-playground-book"
],
"sources" : [
"CLIKit/Array+Utils.swift",
"CLIKit/Collection+Utils.swift",
"CLIKit/CommandLineTool.swift",
"CLIKit/CommandOutcome.swift",
"CLIKit/ConsoleReport.swift",
"CLIKit/DispatchTimeInterval+Utils.swift",
"CLIKit/ExpressibleByArgument+Extension.swift",
"CLIKit/Kleisli+Extensions.swift",
"CLIKit/OutcomeReport.swift",
"CLIKit/PlaygroundUtils.swift",
"CLIKit/String+Colorize.swift",
"Carbon/Carbon.swift",
"CarbonPage/CarbonPage.swift",
"Clean/Clean.swift",
"Compiler/Compiler.swift",
"Jekyll/Jekyll.swift",
"JekyllPage/JekyllPage.swift",
"Markdown/Markdown.swift",
"MarkdownPage/MarkdownPage.swift",
"Nef/Version.swift",
"Playground/Playground.swift",
"Playground/PlaygroundDependenciesError.swift",
"PlaygroundBook/PlaygroundBook.swift"
],
"target_dependencies" : [
"nef"
],
"type" : "library"
}
],
"tools_version" : "5.2"
}
{
"workspace" : {
"name" : "nef",
"schemes" : [
"nef",
"nef-carbon",
"nef-carbon-page",
"nef-clean",
"nef-jekyll",
"nef-jekyll-page",
"nef-markdown",
"nef-markdown-page",
"nef-menu",
"nef-Package",
"nef-playground",
"nef-playground-book",
"nefc"
]
}
}
2026-09-17 22:56:23.442 xcodebuild[1344:7542] [MT] IDERunDestination: Supported platforms for the buildables in the current scheme is empty.
Running build ...
env DEVELOPER_DIR=/Applications/Xcode-27.0.0-Release.Candidate.app xcrun xcodebuild -IDEClonedSourcePackagesDirPathOverride=$PWD/.dependencies -skipMacroValidation -skipPackagePluginValidation -derivedDataPath $PWD/.derivedData build -scheme nef-Package -destination generic/platform=watchOS
Command line invocation:
/Applications/Xcode-27.0.0-Release.Candidate.app/Contents/Developer/usr/bin/xcodebuild -IDEClonedSourcePackagesDirPathOverride=/Users/admin/builder/spi-builder-workspace/.dependencies -skipMacroValidation -skipPackagePluginValidation -derivedDataPath /Users/admin/builder/spi-builder-workspace/.derivedData build -scheme nef-Package -destination generic/platform=watchOS
Resolve Package Graph
Resolved source packages:
swift-argument-parser: https://github.com/apple/swift-argument-parser @ 0.2.1
nef: /Users/admin/builder/spi-builder-workspace
Nimble: https://github.com/Quick/Nimble.git @ 9.2.1
Bow: https://github.com/bow-swift/bow.git @ 0.8.0
Swiftline: https://github.com/bow-swift/Swiftline.git @ 0.5.6
CwlPreconditionTesting: https://github.com/mattgallagher/CwlPreconditionTesting.git @ 2.2.2
RxSwift: https://github.com/ReactiveX/RxSwift.git @ 5.1.3
Quick: https://github.com/Quick/Quick.git @ 4.0.0
CwlCatchException: https://github.com/mattgallagher/CwlCatchException.git @ 2.2.1
SwiftCheck: https://github.com/bow-swift/SwiftCheck.git @ 0.12.1
ComputePackagePrebuildTargetDependencyGraph
Prepare packages
CreateBuildRequest
SendProjectDescription
CreateBuildOperation
ComputeTargetDependencyGraph
note: Building targets in dependency order
note: Target dependency graph (35 targets)
Target 'nef-playground-book-product' in project 'nef'
➜ Explicit dependency on target 'NefModels' in project 'nef'
➜ Explicit dependency on target 'NefCommon' in project 'nef'
➜ Explicit dependency on target 'NefCore' in project 'nef'
➜ Explicit dependency on target 'NefRender' in project 'nef'
➜ Explicit dependency on target 'NefMarkdown' in project 'nef'
➜ Explicit dependency on target 'NefJekyll' in project 'nef'
➜ Explicit dependency on target 'NefCarbon' in project 'nef'
➜ Explicit dependency on target 'NefCompiler' in project 'nef'
➜ Explicit dependency on target 'NefClean' in project 'nef'
➜ Explicit dependency on target 'NefPlayground' in project 'nef'
➜ Explicit dependency on target 'NefSwiftPlayground' in project 'nef'
➜ Explicit dependency on target 'nef' in project 'nef'
➜ Explicit dependency on target 'CLIKit' in project 'nef'
➜ Explicit dependency on target 'Bow-product' in project 'Bow'
➜ Explicit dependency on target 'BowEffects-product' in project 'Bow'
➜ Explicit dependency on target 'BowOptics-product' in project 'Bow'
➜ Explicit dependency on target 'Swiftline-product' in project 'Swiftline'
➜ Explicit dependency on target 'ArgumentParser-product' in project 'swift-argument-parser'
Target 'nef-playground-product' in project 'nef'
➜ Explicit dependency on target 'NefModels' in project 'nef'
➜ Explicit dependency on target 'NefCommon' in project 'nef'
➜ Explicit dependency on target 'NefCore' in project 'nef'
➜ Explicit dependency on target 'NefRender' in project 'nef'
➜ Explicit dependency on target 'NefMarkdown' in project 'nef'
➜ Explicit dependency on target 'NefJekyll' in project 'nef'
➜ Explicit dependency on target 'NefCarbon' in project 'nef'
➜ Explicit dependency on target 'NefCompiler' in project 'nef'
➜ Explicit dependency on target 'NefClean' in project 'nef'
➜ Explicit dependency on target 'NefPlayground' in project 'nef'
➜ Explicit dependency on target 'NefSwiftPlayground' in project 'nef'
➜ Explicit dependency on target 'nef' in project 'nef'
➜ Explicit dependency on target 'CLIKit' in project 'nef'
➜ Explicit dependency on target 'Bow-product' in project 'Bow'
➜ Explicit dependency on target 'BowEffects-product' in project 'Bow'
➜ Explicit dependency on target 'BowOptics-product' in project 'Bow'
➜ Explicit dependency on target 'Swiftline-product' in project 'Swiftline'
➜ Explicit dependency on target 'ArgumentParser-product' in project 'swift-argument-parser'
Target 'nef-carbon-page-product' in project 'nef'
➜ Explicit dependency on target 'NefModels' in project 'nef'
➜ Explicit dependency on target 'NefCommon' in project 'nef'
➜ Explicit dependency on target 'NefCore' in project 'nef'
➜ Explicit dependency on target 'NefRender' in project 'nef'
➜ Explicit dependency on target 'NefMarkdown' in project 'nef'
➜ Explicit dependency on target 'NefJekyll' in project 'nef'
➜ Explicit dependency on target 'NefCarbon' in project 'nef'
➜ Explicit dependency on target 'NefCompiler' in project 'nef'
➜ Explicit dependency on target 'NefClean' in project 'nef'
➜ Explicit dependency on target 'NefPlayground' in project 'nef'
➜ Explicit dependency on target 'NefSwiftPlayground' in project 'nef'
➜ Explicit dependency on target 'nef' in project 'nef'
➜ Explicit dependency on target 'CLIKit' in project 'nef'
➜ Explicit dependency on target 'Bow-product' in project 'Bow'
➜ Explicit dependency on target 'BowEffects-product' in project 'Bow'
➜ Explicit dependency on target 'BowOptics-product' in project 'Bow'
➜ Explicit dependency on target 'Swiftline-product' in project 'Swiftline'
➜ Explicit dependency on target 'ArgumentParser-product' in project 'swift-argument-parser'
Target 'nef-carbon-product' in project 'nef'
➜ Explicit dependency on target 'NefModels' in project 'nef'
➜ Explicit dependency on target 'NefCommon' in project 'nef'
➜ Explicit dependency on target 'NefCore' in project 'nef'
➜ Explicit dependency on target 'NefRender' in project 'nef'
➜ Explicit dependency on target 'NefMarkdown' in project 'nef'
➜ Explicit dependency on target 'NefJekyll' in project 'nef'
➜ Explicit dependency on target 'NefCarbon' in project 'nef'
➜ Explicit dependency on target 'NefCompiler' in project 'nef'
➜ Explicit dependency on target 'NefClean' in project 'nef'
➜ Explicit dependency on target 'NefPlayground' in project 'nef'
➜ Explicit dependency on target 'NefSwiftPlayground' in project 'nef'
➜ Explicit dependency on target 'nef' in project 'nef'
➜ Explicit dependency on target 'CLIKit' in project 'nef'
➜ Explicit dependency on target 'Bow-product' in project 'Bow'
➜ Explicit dependency on target 'BowEffects-product' in project 'Bow'
➜ Explicit dependency on target 'BowOptics-product' in project 'Bow'
➜ Explicit dependency on target 'Swiftline-product' in project 'Swiftline'
➜ Explicit dependency on target 'ArgumentParser-product' in project 'swift-argument-parser'
Target 'nef-jekyll-page-product' in project 'nef'
➜ Explicit dependency on target 'NefModels' in project 'nef'
➜ Explicit dependency on target 'NefCommon' in project 'nef'
➜ Explicit dependency on target 'NefCore' in project 'nef'
➜ Explicit dependency on target 'NefRender' in project 'nef'
➜ Explicit dependency on target 'NefMarkdown' in project 'nef'
➜ Explicit dependency on target 'NefJekyll' in project 'nef'
➜ Explicit dependency on target 'NefCarbon' in project 'nef'
➜ Explicit dependency on target 'NefCompiler' in project 'nef'
➜ Explicit dependency on target 'NefClean' in project 'nef'
➜ Explicit dependency on target 'NefPlayground' in project 'nef'
➜ Explicit dependency on target 'NefSwiftPlayground' in project 'nef'
➜ Explicit dependency on target 'nef' in project 'nef'
➜ Explicit dependency on target 'CLIKit' in project 'nef'
➜ Explicit dependency on target 'Bow-product' in project 'Bow'
➜ Explicit dependency on target 'BowEffects-product' in project 'Bow'
➜ Explicit dependency on target 'BowOptics-product' in project 'Bow'
➜ Explicit dependency on target 'Swiftline-product' in project 'Swiftline'
➜ Explicit dependency on target 'ArgumentParser-product' in project 'swift-argument-parser'
Target 'nef-jekyll-product' in project 'nef'
➜ Explicit dependency on target 'NefModels' in project 'nef'
➜ Explicit dependency on target 'NefCommon' in project 'nef'
➜ Explicit dependency on target 'NefCore' in project 'nef'
➜ Explicit dependency on target 'NefRender' in project 'nef'
➜ Explicit dependency on target 'NefMarkdown' in project 'nef'
➜ Explicit dependency on target 'NefJekyll' in project 'nef'
➜ Explicit dependency on target 'NefCarbon' in project 'nef'
➜ Explicit dependency on target 'NefCompiler' in project 'nef'
➜ Explicit dependency on target 'NefClean' in project 'nef'
➜ Explicit dependency on target 'NefPlayground' in project 'nef'
➜ Explicit dependency on target 'NefSwiftPlayground' in project 'nef'
➜ Explicit dependency on target 'nef' in project 'nef'
➜ Explicit dependency on target 'CLIKit' in project 'nef'
➜ Explicit dependency on target 'Bow-product' in project 'Bow'
➜ Explicit dependency on target 'BowEffects-product' in project 'Bow'
➜ Explicit dependency on target 'BowOptics-product' in project 'Bow'
➜ Explicit dependency on target 'Swiftline-product' in project 'Swiftline'
➜ Explicit dependency on target 'ArgumentParser-product' in project 'swift-argument-parser'
Target 'nef-markdown-page-product' in project 'nef'
➜ Explicit dependency on target 'NefModels' in project 'nef'
➜ Explicit dependency on target 'NefCommon' in project 'nef'
➜ Explicit dependency on target 'NefCore' in project 'nef'
➜ Explicit dependency on target 'NefRender' in project 'nef'
➜ Explicit dependency on target 'NefMarkdown' in project 'nef'
➜ Explicit dependency on target 'NefJekyll' in project 'nef'
➜ Explicit dependency on target 'NefCarbon' in project 'nef'
➜ Explicit dependency on target 'NefCompiler' in project 'nef'
➜ Explicit dependency on target 'NefClean' in project 'nef'
➜ Explicit dependency on target 'NefPlayground' in project 'nef'
➜ Explicit dependency on target 'NefSwiftPlayground' in project 'nef'
➜ Explicit dependency on target 'nef' in project 'nef'
➜ Explicit dependency on target 'CLIKit' in project 'nef'
➜ Explicit dependency on target 'Bow-product' in project 'Bow'
➜ Explicit dependency on target 'BowEffects-product' in project 'Bow'
➜ Explicit dependency on target 'BowOptics-product' in project 'Bow'
➜ Explicit dependency on target 'Swiftline-product' in project 'Swiftline'
➜ Explicit dependency on target 'ArgumentParser-product' in project 'swift-argument-parser'
Target 'nef-markdown-product' in project 'nef'
➜ Explicit dependency on target 'NefModels' in project 'nef'
➜ Explicit dependency on target 'NefCommon' in project 'nef'
➜ Explicit dependency on target 'NefCore' in project 'nef'
➜ Explicit dependency on target 'NefRender' in project 'nef'
➜ Explicit dependency on target 'NefMarkdown' in project 'nef'
➜ Explicit dependency on target 'NefJekyll' in project 'nef'
➜ Explicit dependency on target 'NefCarbon' in project 'nef'
➜ Explicit dependency on target 'NefCompiler' in project 'nef'
➜ Explicit dependency on target 'NefClean' in project 'nef'
➜ Explicit dependency on target 'NefPlayground' in project 'nef'
➜ Explicit dependency on target 'NefSwiftPlayground' in project 'nef'
➜ Explicit dependency on target 'nef' in project 'nef'
➜ Explicit dependency on target 'CLIKit' in project 'nef'
➜ Explicit dependency on target 'Bow-product' in project 'Bow'
➜ Explicit dependency on target 'BowEffects-product' in project 'Bow'
➜ Explicit dependency on target 'BowOptics-product' in project 'Bow'
➜ Explicit dependency on target 'Swiftline-product' in project 'Swiftline'
➜ Explicit dependency on target 'ArgumentParser-product' in project 'swift-argument-parser'
Target 'nef-clean-product' in project 'nef'
➜ Explicit dependency on target 'NefModels' in project 'nef'
➜ Explicit dependency on target 'NefCommon' in project 'nef'
➜ Explicit dependency on target 'NefCore' in project 'nef'
➜ Explicit dependency on target 'NefRender' in project 'nef'
➜ Explicit dependency on target 'NefMarkdown' in project 'nef'
➜ Explicit dependency on target 'NefJekyll' in project 'nef'
➜ Explicit dependency on target 'NefCarbon' in project 'nef'
➜ Explicit dependency on target 'NefCompiler' in project 'nef'
➜ Explicit dependency on target 'NefClean' in project 'nef'
➜ Explicit dependency on target 'NefPlayground' in project 'nef'
➜ Explicit dependency on target 'NefSwiftPlayground' in project 'nef'
➜ Explicit dependency on target 'nef' in project 'nef'
➜ Explicit dependency on target 'CLIKit' in project 'nef'
➜ Explicit dependency on target 'Bow-product' in project 'Bow'
➜ Explicit dependency on target 'BowEffects-product' in project 'Bow'
➜ Explicit dependency on target 'BowOptics-product' in project 'Bow'
➜ Explicit dependency on target 'Swiftline-product' in project 'Swiftline'
➜ Explicit dependency on target 'ArgumentParser-product' in project 'swift-argument-parser'
Target 'nefc-product' in project 'nef'
➜ Explicit dependency on target 'NefModels' in project 'nef'
➜ Explicit dependency on target 'NefCommon' in project 'nef'
➜ Explicit dependency on target 'NefCore' in project 'nef'
➜ Explicit dependency on target 'NefRender' in project 'nef'
➜ Explicit dependency on target 'NefMarkdown' in project 'nef'
➜ Explicit dependency on target 'NefJekyll' in project 'nef'
➜ Explicit dependency on target 'NefCarbon' in project 'nef'
➜ Explicit dependency on target 'NefCompiler' in project 'nef'
➜ Explicit dependency on target 'NefClean' in project 'nef'
➜ Explicit dependency on target 'NefPlayground' in project 'nef'
➜ Explicit dependency on target 'NefSwiftPlayground' in project 'nef'
➜ Explicit dependency on target 'nef' in project 'nef'
➜ Explicit dependency on target 'CLIKit' in project 'nef'
➜ Explicit dependency on target 'Bow-product' in project 'Bow'
➜ Explicit dependency on target 'BowEffects-product' in project 'Bow'
➜ Explicit dependency on target 'BowOptics-product' in project 'Bow'
➜ Explicit dependency on target 'Swiftline-product' in project 'Swiftline'
➜ Explicit dependency on target 'ArgumentParser-product' in project 'swift-argument-parser'
Target 'nef-menu-product' in project 'nef'
➜ Explicit dependency on target 'NefModels' in project 'nef'
➜ Explicit dependency on target 'NefCommon' in project 'nef'
➜ Explicit dependency on target 'NefCore' in project 'nef'
➜ Explicit dependency on target 'NefRender' in project 'nef'
➜ Explicit dependency on target 'NefMarkdown' in project 'nef'
➜ Explicit dependency on target 'NefJekyll' in project 'nef'
➜ Explicit dependency on target 'NefCarbon' in project 'nef'
➜ Explicit dependency on target 'NefCompiler' in project 'nef'
➜ Explicit dependency on target 'NefClean' in project 'nef'
➜ Explicit dependency on target 'NefPlayground' in project 'nef'
➜ Explicit dependency on target 'NefSwiftPlayground' in project 'nef'
➜ Explicit dependency on target 'nef' in project 'nef'
➜ Explicit dependency on target 'CLIKit' in project 'nef'
➜ Explicit dependency on target 'Bow-product' in project 'Bow'
➜ Explicit dependency on target 'BowEffects-product' in project 'Bow'
➜ Explicit dependency on target 'BowOptics-product' in project 'Bow'
➜ Explicit dependency on target 'Swiftline-product' in project 'Swiftline'
➜ Explicit dependency on target 'ArgumentParser-product' in project 'swift-argument-parser'
Target 'CLIKit' in project 'nef'
➜ Explicit dependency on target 'NefModels' in project 'nef'
➜ Explicit dependency on target 'NefCommon' in project 'nef'
➜ Explicit dependency on target 'NefCore' in project 'nef'
➜ Explicit dependency on target 'NefRender' in project 'nef'
➜ Explicit dependency on target 'NefMarkdown' in project 'nef'
➜ Explicit dependency on target 'NefJekyll' in project 'nef'
➜ Explicit dependency on target 'NefCarbon' in project 'nef'
➜ Explicit dependency on target 'NefCompiler' in project 'nef'
➜ Explicit dependency on target 'NefClean' in project 'nef'
➜ Explicit dependency on target 'NefPlayground' in project 'nef'
➜ Explicit dependency on target 'NefSwiftPlayground' in project 'nef'
➜ Explicit dependency on target 'nef' in project 'nef'
➜ Explicit dependency on target 'Bow-product' in project 'Bow'
➜ Explicit dependency on target 'BowEffects-product' in project 'Bow'
➜ Explicit dependency on target 'BowOptics-product' in project 'Bow'
➜ Explicit dependency on target 'Swiftline-product' in project 'Swiftline'
➜ Explicit dependency on target 'ArgumentParser-product' in project 'swift-argument-parser'
Target 'ArgumentParser-product' in project 'swift-argument-parser'
➜ Explicit dependency on target 'ArgumentParser' in project 'swift-argument-parser'
Target 'ArgumentParser' in project 'swift-argument-parser' (no dependencies)
Target 'nef-product' in project 'nef'
➜ Explicit dependency on target 'nef' in project 'nef'
➜ Explicit dependency on target 'NefModels' in project 'nef'
➜ Explicit dependency on target 'NefCommon' in project 'nef'
➜ Explicit dependency on target 'NefCore' in project 'nef'
➜ Explicit dependency on target 'NefRender' in project 'nef'
➜ Explicit dependency on target 'NefMarkdown' in project 'nef'
➜ Explicit dependency on target 'NefJekyll' in project 'nef'
➜ Explicit dependency on target 'NefCarbon' in project 'nef'
➜ Explicit dependency on target 'NefCompiler' in project 'nef'
➜ Explicit dependency on target 'NefClean' in project 'nef'
➜ Explicit dependency on target 'NefPlayground' in project 'nef'
➜ Explicit dependency on target 'NefSwiftPlayground' in project 'nef'
➜ Explicit dependency on target 'Bow-product' in project 'Bow'
➜ Explicit dependency on target 'BowEffects-product' in project 'Bow'
➜ Explicit dependency on target 'BowOptics-product' in project 'Bow'
➜ Explicit dependency on target 'Swiftline-product' in project 'Swiftline'
Target 'nef' in project 'nef'
➜ Explicit dependency on target 'NefModels' in project 'nef'
➜ Explicit dependency on target 'NefCommon' in project 'nef'
➜ Explicit dependency on target 'NefCore' in project 'nef'
➜ Explicit dependency on target 'NefRender' in project 'nef'
➜ Explicit dependency on target 'NefMarkdown' in project 'nef'
➜ Explicit dependency on target 'NefJekyll' in project 'nef'
➜ Explicit dependency on target 'NefCarbon' in project 'nef'
➜ Explicit dependency on target 'NefCompiler' in project 'nef'
➜ Explicit dependency on target 'NefClean' in project 'nef'
➜ Explicit dependency on target 'NefPlayground' in project 'nef'
➜ Explicit dependency on target 'NefSwiftPlayground' in project 'nef'
➜ Explicit dependency on target 'Bow-product' in project 'Bow'
➜ Explicit dependency on target 'BowEffects-product' in project 'Bow'
➜ Explicit dependency on target 'BowOptics-product' in project 'Bow'
➜ Explicit dependency on target 'Swiftline-product' in project 'Swiftline'
Target 'Swiftline-product' in project 'Swiftline'
➜ Explicit dependency on target 'Swiftline' in project 'Swiftline'
Target 'Swiftline' in project 'Swiftline' (no dependencies)
Target 'NefSwiftPlayground' in project 'nef'
➜ Explicit dependency on target 'NefModels' in project 'nef'
➜ Explicit dependency on target 'NefCommon' in project 'nef'
➜ Explicit dependency on target 'Bow-product' in project 'Bow'
➜ Explicit dependency on target 'BowEffects-product' in project 'Bow'
➜ Explicit dependency on target 'BowOptics-product' in project 'Bow'
Target 'NefPlayground' in project 'nef'
➜ Explicit dependency on target 'NefModels' in project 'nef'
➜ Explicit dependency on target 'NefCommon' in project 'nef'
➜ Explicit dependency on target 'Bow-product' in project 'Bow'
➜ Explicit dependency on target 'BowEffects-product' in project 'Bow'
➜ Explicit dependency on target 'BowOptics-product' in project 'Bow'
Target 'NefClean' in project 'nef'
➜ Explicit dependency on target 'NefModels' in project 'nef'
➜ Explicit dependency on target 'NefCommon' in project 'nef'
➜ Explicit dependency on target 'Bow-product' in project 'Bow'
➜ Explicit dependency on target 'BowEffects-product' in project 'Bow'
➜ Explicit dependency on target 'BowOptics-product' in project 'Bow'
Target 'NefCompiler' in project 'nef'
➜ Explicit dependency on target 'NefModels' in project 'nef'
➜ Explicit dependency on target 'NefCommon' in project 'nef'
➜ Explicit dependency on target 'NefCore' in project 'nef'
➜ Explicit dependency on target 'NefRender' in project 'nef'
➜ Explicit dependency on target 'Bow-product' in project 'Bow'
➜ Explicit dependency on target 'BowEffects-product' in project 'Bow'
➜ Explicit dependency on target 'BowOptics-product' in project 'Bow'
Target 'NefCarbon' in project 'nef'
➜ Explicit dependency on target 'NefModels' in project 'nef'
➜ Explicit dependency on target 'NefCommon' in project 'nef'
➜ Explicit dependency on target 'NefCore' in project 'nef'
➜ Explicit dependency on target 'NefRender' in project 'nef'
➜ Explicit dependency on target 'Bow-product' in project 'Bow'
➜ Explicit dependency on target 'BowEffects-product' in project 'Bow'
➜ Explicit dependency on target 'BowOptics-product' in project 'Bow'
Target 'NefJekyll' in project 'nef'
➜ Explicit dependency on target 'NefModels' in project 'nef'
➜ Explicit dependency on target 'NefCommon' in project 'nef'
➜ Explicit dependency on target 'NefCore' in project 'nef'
➜ Explicit dependency on target 'NefRender' in project 'nef'
➜ Explicit dependency on target 'Bow-product' in project 'Bow'
➜ Explicit dependency on target 'BowEffects-product' in project 'Bow'
➜ Explicit dependency on target 'BowOptics-product' in project 'Bow'
Target 'NefMarkdown' in project 'nef'
➜ Explicit dependency on target 'NefModels' in project 'nef'
➜ Explicit dependency on target 'NefCommon' in project 'nef'
➜ Explicit dependency on target 'NefCore' in project 'nef'
➜ Explicit dependency on target 'NefRender' in project 'nef'
➜ Explicit dependency on target 'Bow-product' in project 'Bow'
➜ Explicit dependency on target 'BowEffects-product' in project 'Bow'
➜ Explicit dependency on target 'BowOptics-product' in project 'Bow'
Target 'NefRender' in project 'nef'
➜ Explicit dependency on target 'NefModels' in project 'nef'
➜ Explicit dependency on target 'NefCommon' in project 'nef'
➜ Explicit dependency on target 'NefCore' in project 'nef'
➜ Explicit dependency on target 'Bow-product' in project 'Bow'
➜ Explicit dependency on target 'BowEffects-product' in project 'Bow'
➜ Explicit dependency on target 'BowOptics-product' in project 'Bow'
Target 'NefCore' in project 'nef'
➜ Explicit dependency on target 'NefModels' in project 'nef'
➜ Explicit dependency on target 'NefCommon' in project 'nef'
➜ Explicit dependency on target 'Bow-product' in project 'Bow'
➜ Explicit dependency on target 'BowEffects-product' in project 'Bow'
➜ Explicit dependency on target 'BowOptics-product' in project 'Bow'
Target 'NefCommon' in project 'nef'
➜ Explicit dependency on target 'NefModels' in project 'nef'
➜ Explicit dependency on target 'Bow-product' in project 'Bow'
➜ Explicit dependency on target 'BowEffects-product' in project 'Bow'
➜ Explicit dependency on target 'BowOptics-product' in project 'Bow'
Target 'NefModels' in project 'nef'
➜ Explicit dependency on target 'Bow-product' in project 'Bow'
➜ Explicit dependency on target 'BowEffects-product' in project 'Bow'
➜ Explicit dependency on target 'BowOptics-product' in project 'Bow'
Target 'BowOptics-product' in project 'Bow'
➜ Explicit dependency on target 'BowOptics' in project 'Bow'
➜ Explicit dependency on target 'Bow' in project 'Bow'
Target 'BowOptics' in project 'Bow'
➜ Explicit dependency on target 'Bow' in project 'Bow'
Target 'BowEffects-product' in project 'Bow'
➜ Explicit dependency on target 'BowEffects' in project 'Bow'
➜ Explicit dependency on target 'Bow' in project 'Bow'
Target 'BowEffects' in project 'Bow'
➜ Explicit dependency on target 'Bow' in project 'Bow'
Target 'Bow-product' in project 'Bow'
➜ Explicit dependency on target 'Bow' in project 'Bow'
Target 'Bow' in project 'Bow' (no dependencies)
GatherProvisioningInputs
CreateBuildDescription
ClangStatCache /Applications/Xcode-27.0.0-Release.Candidate.app/Contents/Developer/Toolchains/XcodeDefault.xctoolchain/usr/bin/clang-stat-cache /Applications/Xcode-27.0.0-Release.Candidate.app/Contents/Developer/Platforms/WatchOS.platform/Developer/SDKs/WatchOS27.0.sdk /Users/admin/builder/spi-builder-workspace/.derivedData/SDKStatCaches.noindex/watchos27.0-24R360-e829b21a6f8c9b70876ba0858053c04477534ef55a1706bf4c1112bbb242f0a2.sdkstatcache
cd /Users/admin/builder/spi-builder-workspace/.swiftpm/xcode
/Applications/Xcode-27.0.0-Release.Candidate.app/Contents/Developer/Toolchains/XcodeDefault.xctoolchain/usr/bin/clang-stat-cache /Applications/Xcode-27.0.0-Release.Candidate.app/Contents/Developer/Platforms/WatchOS.platform/Developer/SDKs/WatchOS27.0.sdk -o /Users/admin/builder/spi-builder-workspace/.derivedData/SDKStatCaches.noindex/watchos27.0-24R360-e829b21a6f8c9b70876ba0858053c04477534ef55a1706bf4c1112bbb242f0a2.sdkstatcache
SwiftDriver Swiftline normal arm64_32 com.apple.xcode.tools.swift.compiler (in target 'Swiftline' from project 'Swiftline')
cd /Users/admin/builder/spi-builder-workspace/.swiftpm/xcode
builtin-SwiftDriver -- /Applications/Xcode-27.0.0-Release.Candidate.app/Contents/Developer/Toolchains/XcodeDefault.xctoolchain/usr/bin/swiftc -parse-as-library -module-name Swiftline -Onone @/Users/admin/builder/spi-builder-workspace/.derivedData/Build/Intermediates.noindex/Swiftline.build/Debug-watchos/Swiftline-t.build/Objects-normal/arm64_32/Swiftline.SwiftFileList -DSWIFT_PACKAGE -DDEBUG -DSWIFT_MODULE_RESOURCE_BUNDLE_UNAVAILABLE -DXcode -plugin-path /Applications/Xcode-27.0.0-Release.Candidate.app/Contents/Developer/Toolchains/XcodeDefault.xctoolchain/usr/lib/swift/host/plugins/testing -enable-experimental-feature DebugDescriptionMacro -sdk /Applications/Xcode-27.0.0-Release.Candidate.app/Contents/Developer/Platforms/WatchOS.platform/Developer/SDKs/WatchOS27.0.sdk -target arm64_32-apple-watchos9.0 -g -module-cache-path /Users/admin/builder/spi-builder-workspace/.derivedData/ModuleCache.noindex -Xfrontend -serialize-debugging-options -profile-coverage-mapping -profile-generate -enable-testing -suppress-warnings -index-store-path /Users/admin/builder/spi-builder-workspace/.derivedData/Index.noindex/DataStore -Xcc -D_LIBCPP_HARDENING_MODE\=_LIBCPP_HARDENING_MODE_DEBUG -swift-version 5 -I /Users/admin/builder/spi-builder-workspace/.derivedData/Build/Products/Debug-watchos -Isystem /Applications/Xcode-27.0.0-Release.Candidate.app/Contents/Developer/Platforms/WatchOS.platform/Developer/usr/lib -F /Users/admin/builder/spi-builder-workspace/.derivedData/Build/Products/Debug-watchos -F /Applications/Xcode-27.0.0-Release.Candidate.app/Contents/Developer/Platforms/WatchOS.platform/Developer/Library/Frameworks -F /Applications/Xcode-27.0.0-Release.Candidate.app/Contents/Developer/Platforms/WatchOS.platform/Developer/SDKs/WatchOS27.0.sdk/Developer/Library/Frameworks -c -j10 -enable-batch-mode -incremental -Xcc -ivfsstatcache -Xcc /Users/admin/builder/spi-builder-workspace/.derivedData/SDKStatCaches.noindex/watchos27.0-24R360-e829b21a6f8c9b70876ba0858053c04477534ef55a1706bf4c1112bbb242f0a2.sdkstatcache -output-file-map /Users/admin/builder/spi-builder-workspace/.derivedData/Build/Intermediates.noindex/Swiftline.build/Debug-watchos/Swiftline-t.build/Objects-normal/arm64_32/Swiftline-OutputFileMap.json -save-temps -no-color-diagnostics -explicit-module-build -module-cache-path /Users/admin/builder/spi-builder-workspace/.derivedData/Build/Intermediates.noindex/SwiftExplicitPrecompiledModules -clang-scanner-module-cache-path /Users/admin/builder/spi-builder-workspace/.derivedData/ModuleCache.noindex -sdk-module-cache-path /Users/admin/builder/spi-builder-workspace/.derivedData/SDKExplicitPrecompiledModules -emit-dependencies -emit-module -emit-module-path /Users/admin/builder/spi-builder-workspace/.derivedData/Build/Intermediates.noindex/Swiftline.build/Debug-watchos/Swiftline-t.build/Objects-normal/arm64_32/Swiftline.swiftmodule -serialize-diagnostics -dependency-scan-serialize-diagnostics-path /Users/admin/builder/spi-builder-workspace/.derivedData/Build/Intermediates.noindex/Swiftline.build/Debug-watchos/Swiftline-t.build/Objects-normal/arm64_32/Swiftline-dependency-scan.dia -validate-clang-modules-once -clang-build-session-file /Users/admin/builder/spi-builder-workspace/.derivedData/ModuleCache.noindex/Session.modulevalidation -Xcc -fmodules-prune-interval\=86400 -Xcc -fmodules-prune-after\=345600 -emit-const-values -const-gather-protocols-list /Users/admin/builder/spi-builder-workspace/.derivedData/Build/Intermediates.noindex/Swiftline.build/Debug-watchos/Swiftline-t.build/Objects-normal/arm64_32/Swiftline_const_extract_protocols.json -Xcc -I/Users/admin/builder/spi-builder-workspace/.derivedData/Build/Products/Debug-watchos/include -Xcc -I/Users/admin/builder/spi-builder-workspace/.derivedData/Build/Intermediates.noindex/Swiftline.build/Debug-watchos/Swiftline-t.build/DerivedSources-normal/arm64_32 -Xcc -I/Users/admin/builder/spi-builder-workspace/.derivedData/Build/Intermediates.noindex/Swiftline.build/Debug-watchos/Swiftline-t.build/DerivedSources/arm64_32 -Xcc -I/Users/admin/builder/spi-builder-workspace/.derivedData/Build/Intermediates.noindex/Swiftline.build/Debug-watchos/Swiftline-t.build/DerivedSources -Xcc -DSWIFT_PACKAGE -Xcc -DDEBUG\=1 -emit-objc-header -emit-objc-header-path /Users/admin/builder/spi-builder-workspace/.derivedData/Build/Intermediates.noindex/Swiftline.build/Debug-watchos/Swiftline-t.build/Objects-normal/arm64_32/Swiftline-Swift.h -working-directory /Users/admin/builder/spi-builder-workspace/.swiftpm/xcode -experimental-emit-module-separately -disable-cmo
SwiftDriver Swiftline normal arm64 com.apple.xcode.tools.swift.compiler (in target 'Swiftline' from project 'Swiftline')
cd /Users/admin/builder/spi-builder-workspace/.swiftpm/xcode
builtin-SwiftDriver -- /Applications/Xcode-27.0.0-Release.Candidate.app/Contents/Developer/Toolchains/XcodeDefault.xctoolchain/usr/bin/swiftc -parse-as-library -module-name Swiftline -Onone @/Users/admin/builder/spi-builder-workspace/.derivedData/Build/Intermediates.noindex/Swiftline.build/Debug-watchos/Swiftline-t.build/Objects-normal/arm64/Swiftline.SwiftFileList -DSWIFT_PACKAGE -DDEBUG -DSWIFT_MODULE_RESOURCE_BUNDLE_UNAVAILABLE -DXcode -plugin-path /Applications/Xcode-27.0.0-Release.Candidate.app/Contents/Developer/Toolchains/XcodeDefault.xctoolchain/usr/lib/swift/host/plugins/testing -enable-experimental-feature DebugDescriptionMacro -sdk /Applications/Xcode-27.0.0-Release.Candidate.app/Contents/Developer/Platforms/WatchOS.platform/Developer/SDKs/WatchOS27.0.sdk -target arm64-apple-watchos9.0 -g -module-cache-path /Users/admin/builder/spi-builder-workspace/.derivedData/ModuleCache.noindex -Xfrontend -serialize-debugging-options -profile-coverage-mapping -profile-generate -enable-testing -suppress-warnings -index-store-path /Users/admin/builder/spi-builder-workspace/.derivedData/Index.noindex/DataStore -Xcc -D_LIBCPP_HARDENING_MODE\=_LIBCPP_HARDENING_MODE_DEBUG -swift-version 5 -I /Users/admin/builder/spi-builder-workspace/.derivedData/Build/Products/Debug-watchos -Isystem /Applications/Xcode-27.0.0-Release.Candidate.app/Contents/Developer/Platforms/WatchOS.platform/Developer/usr/lib -F /Users/admin/builder/spi-builder-workspace/.derivedData/Build/Products/Debug-watchos -F /Applications/Xcode-27.0.0-Release.Candidate.app/Contents/Developer/Platforms/WatchOS.platform/Developer/Library/Frameworks -F /Applications/Xcode-27.0.0-Release.Candidate.app/Contents/Developer/Platforms/WatchOS.platform/Developer/SDKs/WatchOS27.0.sdk/Developer/Library/Frameworks -c -j10 -enable-batch-mode -incremental -Xcc -ivfsstatcache -Xcc /Users/admin/builder/spi-builder-workspace/.derivedData/SDKStatCaches.noindex/watchos27.0-24R360-e829b21a6f8c9b70876ba0858053c04477534ef55a1706bf4c1112bbb242f0a2.sdkstatcache -output-file-map /Users/admin/builder/spi-builder-workspace/.derivedData/Build/Intermediates.noindex/Swiftline.build/Debug-watchos/Swiftline-t.build/Objects-normal/arm64/Swiftline-OutputFileMap.json -save-temps -no-color-diagnostics -explicit-module-build -module-cache-path /Users/admin/builder/spi-builder-workspace/.derivedData/Build/Intermediates.noindex/SwiftExplicitPrecompiledModules -clang-scanner-module-cache-path /Users/admin/builder/spi-builder-workspace/.derivedData/ModuleCache.noindex -sdk-module-cache-path /Users/admin/builder/spi-builder-workspace/.derivedData/SDKExplicitPrecompiledModules -emit-dependencies -emit-module -emit-module-path /Users/admin/builder/spi-builder-workspace/.derivedData/Build/Intermediates.noindex/Swiftline.build/Debug-watchos/Swiftline-t.build/Objects-normal/arm64/Swiftline.swiftmodule -serialize-diagnostics -dependency-scan-serialize-diagnostics-path /Users/admin/builder/spi-builder-workspace/.derivedData/Build/Intermediates.noindex/Swiftline.build/Debug-watchos/Swiftline-t.build/Objects-normal/arm64/Swiftline-dependency-scan.dia -validate-clang-modules-once -clang-build-session-file /Users/admin/builder/spi-builder-workspace/.derivedData/ModuleCache.noindex/Session.modulevalidation -Xcc -fmodules-prune-interval\=86400 -Xcc -fmodules-prune-after\=345600 -emit-const-values -const-gather-protocols-list /Users/admin/builder/spi-builder-workspace/.derivedData/Build/Intermediates.noindex/Swiftline.build/Debug-watchos/Swiftline-t.build/Objects-normal/arm64/Swiftline_const_extract_protocols.json -Xcc -I/Users/admin/builder/spi-builder-workspace/.derivedData/Build/Products/Debug-watchos/include -Xcc -I/Users/admin/builder/spi-builder-workspace/.derivedData/Build/Intermediates.noindex/Swiftline.build/Debug-watchos/Swiftline-t.build/DerivedSources-normal/arm64 -Xcc -I/Users/admin/builder/spi-builder-workspace/.derivedData/Build/Intermediates.noindex/Swiftline.build/Debug-watchos/Swiftline-t.build/DerivedSources/arm64 -Xcc -I/Users/admin/builder/spi-builder-workspace/.derivedData/Build/Intermediates.noindex/Swiftline.build/Debug-watchos/Swiftline-t.build/DerivedSources -Xcc -DSWIFT_PACKAGE -Xcc -DDEBUG\=1 -emit-objc-header -emit-objc-header-path /Users/admin/builder/spi-builder-workspace/.derivedData/Build/Intermediates.noindex/Swiftline.build/Debug-watchos/Swiftline-t.build/Objects-normal/arm64/Swiftline-Swift.h -working-directory /Users/admin/builder/spi-builder-workspace/.swiftpm/xcode -experimental-emit-module-separately -disable-cmo
SwiftDriver Bow normal arm64_32 com.apple.xcode.tools.swift.compiler (in target 'Bow' from project 'Bow')
cd /Users/admin/builder/spi-builder-workspace/.swiftpm/xcode
builtin-SwiftDriver -- /Applications/Xcode-27.0.0-Release.Candidate.app/Contents/Developer/Toolchains/XcodeDefault.xctoolchain/usr/bin/swiftc -parse-as-library -module-name Bow -Onone @/Users/admin/builder/spi-builder-workspace/.derivedData/Build/Intermediates.noindex/Bow.build/Debug-watchos/Bow-t.build/Objects-normal/arm64_32/Bow.SwiftFileList -DSWIFT_PACKAGE -DDEBUG -DSWIFT_MODULE_RESOURCE_BUNDLE_UNAVAILABLE -DXcode -plugin-path /Applications/Xcode-27.0.0-Release.Candidate.app/Contents/Developer/Toolchains/XcodeDefault.xctoolchain/usr/lib/swift/host/plugins/testing -enable-experimental-feature DebugDescriptionMacro -sdk /Applications/Xcode-27.0.0-Release.Candidate.app/Contents/Developer/Platforms/WatchOS.platform/Developer/SDKs/WatchOS27.0.sdk -target arm64_32-apple-watchos9.0 -g -module-cache-path /Users/admin/builder/spi-builder-workspace/.derivedData/ModuleCache.noindex -Xfrontend -serialize-debugging-options -profile-coverage-mapping -profile-generate -enable-testing -suppress-warnings -index-store-path /Users/admin/builder/spi-builder-workspace/.derivedData/Index.noindex/DataStore -Xcc -D_LIBCPP_HARDENING_MODE\=_LIBCPP_HARDENING_MODE_DEBUG -swift-version 5 -I /Users/admin/builder/spi-builder-workspace/.derivedData/Build/Products/Debug-watchos -Isystem /Applications/Xcode-27.0.0-Release.Candidate.app/Contents/Developer/Platforms/WatchOS.platform/Developer/usr/lib -F /Users/admin/builder/spi-builder-workspace/.derivedData/Build/Products/Debug-watchos -F /Applications/Xcode-27.0.0-Release.Candidate.app/Contents/Developer/Platforms/WatchOS.platform/Developer/Library/Frameworks -F /Applications/Xcode-27.0.0-Release.Candidate.app/Contents/Developer/Platforms/WatchOS.platform/Developer/SDKs/WatchOS27.0.sdk/Developer/Library/Frameworks -c -j10 -enable-batch-mode -incremental -Xcc -ivfsstatcache -Xcc /Users/admin/builder/spi-builder-workspace/.derivedData/SDKStatCaches.noindex/watchos27.0-24R360-e829b21a6f8c9b70876ba0858053c04477534ef55a1706bf4c1112bbb242f0a2.sdkstatcache -output-file-map /Users/admin/builder/spi-builder-workspace/.derivedData/Build/Intermediates.noindex/Bow.build/Debug-watchos/Bow-t.build/Objects-normal/arm64_32/Bow-OutputFileMap.json -save-temps -no-color-diagnostics -explicit-module-build -module-cache-path /Users/admin/builder/spi-builder-workspace/.derivedData/Build/Intermediates.noindex/SwiftExplicitPrecompiledModules -clang-scanner-module-cache-path /Users/admin/builder/spi-builder-workspace/.derivedData/ModuleCache.noindex -sdk-module-cache-path /Users/admin/builder/spi-builder-workspace/.derivedData/SDKExplicitPrecompiledModules -emit-dependencies -emit-module -emit-module-path /Users/admin/builder/spi-builder-workspace/.derivedData/Build/Intermediates.noindex/Bow.build/Debug-watchos/Bow-t.build/Objects-normal/arm64_32/Bow.swiftmodule -serialize-diagnostics -dependency-scan-serialize-diagnostics-path /Users/admin/builder/spi-builder-workspace/.derivedData/Build/Intermediates.noindex/Bow.build/Debug-watchos/Bow-t.build/Objects-normal/arm64_32/Bow-dependency-scan.dia -validate-clang-modules-once -clang-build-session-file /Users/admin/builder/spi-builder-workspace/.derivedData/ModuleCache.noindex/Session.modulevalidation -Xcc -fmodules-prune-interval\=86400 -Xcc -fmodules-prune-after\=345600 -emit-const-values -const-gather-protocols-list /Users/admin/builder/spi-builder-workspace/.derivedData/Build/Intermediates.noindex/Bow.build/Debug-watchos/Bow-t.build/Objects-normal/arm64_32/Bow_const_extract_protocols.json -Xcc -I/Users/admin/builder/spi-builder-workspace/.derivedData/Build/Products/Debug-watchos/include -Xcc -I/Users/admin/builder/spi-builder-workspace/.derivedData/Build/Intermediates.noindex/Bow.build/Debug-watchos/Bow-t.build/DerivedSources-normal/arm64_32 -Xcc -I/Users/admin/builder/spi-builder-workspace/.derivedData/Build/Intermediates.noindex/Bow.build/Debug-watchos/Bow-t.build/DerivedSources/arm64_32 -Xcc -I/Users/admin/builder/spi-builder-workspace/.derivedData/Build/Intermediates.noindex/Bow.build/Debug-watchos/Bow-t.build/DerivedSources -Xcc -DSWIFT_PACKAGE -Xcc -DDEBUG\=1 -emit-objc-header -emit-objc-header-path /Users/admin/builder/spi-builder-workspace/.derivedData/Build/Intermediates.noindex/Bow.build/Debug-watchos/Bow-t.build/Objects-normal/arm64_32/Bow-Swift.h -working-directory /Users/admin/builder/spi-builder-workspace/.swiftpm/xcode -experimental-emit-module-separately -disable-cmo
SwiftDriver ArgumentParser normal arm64 com.apple.xcode.tools.swift.compiler (in target 'ArgumentParser' from project 'swift-argument-parser')
cd /Users/admin/builder/spi-builder-workspace/.swiftpm/xcode
builtin-SwiftDriver -- /Applications/Xcode-27.0.0-Release.Candidate.app/Contents/Developer/Toolchains/XcodeDefault.xctoolchain/usr/bin/swiftc -parse-as-library -module-name ArgumentParser -Onone @/Users/admin/builder/spi-builder-workspace/.derivedData/Build/Intermediates.noindex/swift-argument-parser.build/Debug-watchos/ArgumentParser-t.build/Objects-normal/arm64/ArgumentParser.SwiftFileList -DSWIFT_PACKAGE -DDEBUG -DSWIFT_MODULE_RESOURCE_BUNDLE_UNAVAILABLE -DXcode -plugin-path /Applications/Xcode-27.0.0-Release.Candidate.app/Contents/Developer/Toolchains/XcodeDefault.xctoolchain/usr/lib/swift/host/plugins/testing -enable-experimental-feature DebugDescriptionMacro -sdk /Applications/Xcode-27.0.0-Release.Candidate.app/Contents/Developer/Platforms/WatchOS.platform/Developer/SDKs/WatchOS27.0.sdk -target arm64-apple-watchos9.0 -g -module-cache-path /Users/admin/builder/spi-builder-workspace/.derivedData/ModuleCache.noindex -Xfrontend -serialize-debugging-options -profile-coverage-mapping -profile-generate -enable-testing -suppress-warnings -index-store-path /Users/admin/builder/spi-builder-workspace/.derivedData/Index.noindex/DataStore -Xcc -D_LIBCPP_HARDENING_MODE\=_LIBCPP_HARDENING_MODE_DEBUG -swift-version 5 -I /Users/admin/builder/spi-builder-workspace/.derivedData/Build/Products/Debug-watchos -Isystem /Applications/Xcode-27.0.0-Release.Candidate.app/Contents/Developer/Platforms/WatchOS.platform/Developer/usr/lib -F /Users/admin/builder/spi-builder-workspace/.derivedData/Build/Products/Debug-watchos -F /Applications/Xcode-27.0.0-Release.Candidate.app/Contents/Developer/Platforms/WatchOS.platform/Developer/Library/Frameworks -F /Applications/Xcode-27.0.0-Release.Candidate.app/Contents/Developer/Platforms/WatchOS.platform/Developer/SDKs/WatchOS27.0.sdk/Developer/Library/Frameworks -c -j10 -enable-batch-mode -incremental -Xcc -ivfsstatcache -Xcc /Users/admin/builder/spi-builder-workspace/.derivedData/SDKStatCaches.noindex/watchos27.0-24R360-e829b21a6f8c9b70876ba0858053c04477534ef55a1706bf4c1112bbb242f0a2.sdkstatcache -output-file-map /Users/admin/builder/spi-builder-workspace/.derivedData/Build/Intermediates.noindex/swift-argument-parser.build/Debug-watchos/ArgumentParser-t.build/Objects-normal/arm64/ArgumentParser-OutputFileMap.json -save-temps -no-color-diagnostics -explicit-module-build -module-cache-path /Users/admin/builder/spi-builder-workspace/.derivedData/Build/Intermediates.noindex/SwiftExplicitPrecompiledModules -clang-scanner-module-cache-path /Users/admin/builder/spi-builder-workspace/.derivedData/ModuleCache.noindex -sdk-module-cache-path /Users/admin/builder/spi-builder-workspace/.derivedData/SDKExplicitPrecompiledModules -emit-dependencies -emit-module -emit-module-path /Users/admin/builder/spi-builder-workspace/.derivedData/Build/Intermediates.noindex/swift-argument-parser.build/Debug-watchos/ArgumentParser-t.build/Objects-normal/arm64/ArgumentParser.swiftmodule -serialize-diagnostics -dependency-scan-serialize-diagnostics-path /Users/admin/builder/spi-builder-workspace/.derivedData/Build/Intermediates.noindex/swift-argument-parser.build/Debug-watchos/ArgumentParser-t.build/Objects-normal/arm64/ArgumentParser-dependency-scan.dia -validate-clang-modules-once -clang-build-session-file /Users/admin/builder/spi-builder-workspace/.derivedData/ModuleCache.noindex/Session.modulevalidation -Xcc -fmodules-prune-interval\=86400 -Xcc -fmodules-prune-after\=345600 -emit-const-values -const-gather-protocols-list /Users/admin/builder/spi-builder-workspace/.derivedData/Build/Intermediates.noindex/swift-argument-parser.build/Debug-watchos/ArgumentParser-t.build/Objects-normal/arm64/ArgumentParser_const_extract_protocols.json -Xcc -I/Users/admin/builder/spi-builder-workspace/.derivedData/Build/Products/Debug-watchos/include -Xcc -I/Users/admin/builder/spi-builder-workspace/.derivedData/Build/Intermediates.noindex/swift-argument-parser.build/Debug-watchos/ArgumentParser-t.build/DerivedSources-normal/arm64 -Xcc -I/Users/admin/builder/spi-builder-workspace/.derivedData/Build/Intermediates.noindex/swift-argument-parser.build/Debug-watchos/ArgumentParser-t.build/DerivedSources/arm64 -Xcc -I/Users/admin/builder/spi-builder-workspace/.derivedData/Build/Intermediates.noindex/swift-argument-parser.build/Debug-watchos/ArgumentParser-t.build/DerivedSources -Xcc -DSWIFT_PACKAGE -Xcc -DDEBUG\=1 -emit-objc-header -emit-objc-header-path /Users/admin/builder/spi-builder-workspace/.derivedData/Build/Intermediates.noindex/swift-argument-parser.build/Debug-watchos/ArgumentParser-t.build/Objects-normal/arm64/ArgumentParser-Swift.h -working-directory /Users/admin/builder/spi-builder-workspace/.swiftpm/xcode -experimental-emit-module-separately -disable-cmo
SwiftDriver Bow normal arm64 com.apple.xcode.tools.swift.compiler (in target 'Bow' from project 'Bow')
cd /Users/admin/builder/spi-builder-workspace/.swiftpm/xcode
builtin-SwiftDriver -- /Applications/Xcode-27.0.0-Release.Candidate.app/Contents/Developer/Toolchains/XcodeDefault.xctoolchain/usr/bin/swiftc -parse-as-library -module-name Bow -Onone @/Users/admin/builder/spi-builder-workspace/.derivedData/Build/Intermediates.noindex/Bow.build/Debug-watchos/Bow-t.build/Objects-normal/arm64/Bow.SwiftFileList -DSWIFT_PACKAGE -DDEBUG -DSWIFT_MODULE_RESOURCE_BUNDLE_UNAVAILABLE -DXcode -plugin-path /Applications/Xcode-27.0.0-Release.Candidate.app/Contents/Developer/Toolchains/XcodeDefault.xctoolchain/usr/lib/swift/host/plugins/testing -enable-experimental-feature DebugDescriptionMacro -sdk /Applications/Xcode-27.0.0-Release.Candidate.app/Contents/Developer/Platforms/WatchOS.platform/Developer/SDKs/WatchOS27.0.sdk -target arm64-apple-watchos9.0 -g -module-cache-path /Users/admin/builder/spi-builder-workspace/.derivedData/ModuleCache.noindex -Xfrontend -serialize-debugging-options -profile-coverage-mapping -profile-generate -enable-testing -suppress-warnings -index-store-path /Users/admin/builder/spi-builder-workspace/.derivedData/Index.noindex/DataStore -Xcc -D_LIBCPP_HARDENING_MODE\=_LIBCPP_HARDENING_MODE_DEBUG -swift-version 5 -I /Users/admin/builder/spi-builder-workspace/.derivedData/Build/Products/Debug-watchos -Isystem /Applications/Xcode-27.0.0-Release.Candidate.app/Contents/Developer/Platforms/WatchOS.platform/Developer/usr/lib -F /Users/admin/builder/spi-builder-workspace/.derivedData/Build/Products/Debug-watchos -F /Applications/Xcode-27.0.0-Release.Candidate.app/Contents/Developer/Platforms/WatchOS.platform/Developer/Library/Frameworks -F /Applications/Xcode-27.0.0-Release.Candidate.app/Contents/Developer/Platforms/WatchOS.platform/Developer/SDKs/WatchOS27.0.sdk/Developer/Library/Frameworks -c -j10 -enable-batch-mode -incremental -Xcc -ivfsstatcache -Xcc /Users/admin/builder/spi-builder-workspace/.derivedData/SDKStatCaches.noindex/watchos27.0-24R360-e829b21a6f8c9b70876ba0858053c04477534ef55a1706bf4c1112bbb242f0a2.sdkstatcache -output-file-map /Users/admin/builder/spi-builder-workspace/.derivedData/Build/Intermediates.noindex/Bow.build/Debug-watchos/Bow-t.build/Objects-normal/arm64/Bow-OutputFileMap.json -save-temps -no-color-diagnostics -explicit-module-build -module-cache-path /Users/admin/builder/spi-builder-workspace/.derivedData/Build/Intermediates.noindex/SwiftExplicitPrecompiledModules -clang-scanner-module-cache-path /Users/admin/builder/spi-builder-workspace/.derivedData/ModuleCache.noindex -sdk-module-cache-path /Users/admin/builder/spi-builder-workspace/.derivedData/SDKExplicitPrecompiledModules -emit-dependencies -emit-module -emit-module-path /Users/admin/builder/spi-builder-workspace/.derivedData/Build/Intermediates.noindex/Bow.build/Debug-watchos/Bow-t.build/Objects-normal/arm64/Bow.swiftmodule -serialize-diagnostics -dependency-scan-serialize-diagnostics-path /Users/admin/builder/spi-builder-workspace/.derivedData/Build/Intermediates.noindex/Bow.build/Debug-watchos/Bow-t.build/Objects-normal/arm64/Bow-dependency-scan.dia -validate-clang-modules-once -clang-build-session-file /Users/admin/builder/spi-builder-workspace/.derivedData/ModuleCache.noindex/Session.modulevalidation -Xcc -fmodules-prune-interval\=86400 -Xcc -fmodules-prune-after\=345600 -emit-const-values -const-gather-protocols-list /Users/admin/builder/spi-builder-workspace/.derivedData/Build/Intermediates.noindex/Bow.build/Debug-watchos/Bow-t.build/Objects-normal/arm64/Bow_const_extract_protocols.json -Xcc -I/Users/admin/builder/spi-builder-workspace/.derivedData/Build/Products/Debug-watchos/include -Xcc -I/Users/admin/builder/spi-builder-workspace/.derivedData/Build/Intermediates.noindex/Bow.build/Debug-watchos/Bow-t.build/DerivedSources-normal/arm64 -Xcc -I/Users/admin/builder/spi-builder-workspace/.derivedData/Build/Intermediates.noindex/Bow.build/Debug-watchos/Bow-t.build/DerivedSources/arm64 -Xcc -I/Users/admin/builder/spi-builder-workspace/.derivedData/Build/Intermediates.noindex/Bow.build/Debug-watchos/Bow-t.build/DerivedSources -Xcc -DSWIFT_PACKAGE -Xcc -DDEBUG\=1 -emit-objc-header -emit-objc-header-path /Users/admin/builder/spi-builder-workspace/.derivedData/Build/Intermediates.noindex/Bow.build/Debug-watchos/Bow-t.build/Objects-normal/arm64/Bow-Swift.h -working-directory /Users/admin/builder/spi-builder-workspace/.swiftpm/xcode -experimental-emit-module-separately -disable-cmo
SwiftDriver ArgumentParser normal arm64_32 com.apple.xcode.tools.swift.compiler (in target 'ArgumentParser' from project 'swift-argument-parser')
cd /Users/admin/builder/spi-builder-workspace/.swiftpm/xcode
builtin-SwiftDriver -- /Applications/Xcode-27.0.0-Release.Candidate.app/Contents/Developer/Toolchains/XcodeDefault.xctoolchain/usr/bin/swiftc -parse-as-library -module-name ArgumentParser -Onone @/Users/admin/builder/spi-builder-workspace/.derivedData/Build/Intermediates.noindex/swift-argument-parser.build/Debug-watchos/ArgumentParser-t.build/Objects-normal/arm64_32/ArgumentParser.SwiftFileList -DSWIFT_PACKAGE -DDEBUG -DSWIFT_MODULE_RESOURCE_BUNDLE_UNAVAILABLE -DXcode -plugin-path /Applications/Xcode-27.0.0-Release.Candidate.app/Contents/Developer/Toolchains/XcodeDefault.xctoolchain/usr/lib/swift/host/plugins/testing -enable-experimental-feature DebugDescriptionMacro -sdk /Applications/Xcode-27.0.0-Release.Candidate.app/Contents/Developer/Platforms/WatchOS.platform/Developer/SDKs/WatchOS27.0.sdk -target arm64_32-apple-watchos9.0 -g -module-cache-path /Users/admin/builder/spi-builder-workspace/.derivedData/ModuleCache.noindex -Xfrontend -serialize-debugging-options -profile-coverage-mapping -profile-generate -enable-testing -suppress-warnings -index-store-path /Users/admin/builder/spi-builder-workspace/.derivedData/Index.noindex/DataStore -Xcc -D_LIBCPP_HARDENING_MODE\=_LIBCPP_HARDENING_MODE_DEBUG -swift-version 5 -I /Users/admin/builder/spi-builder-workspace/.derivedData/Build/Products/Debug-watchos -Isystem /Applications/Xcode-27.0.0-Release.Candidate.app/Contents/Developer/Platforms/WatchOS.platform/Developer/usr/lib -F /Users/admin/builder/spi-builder-workspace/.derivedData/Build/Products/Debug-watchos -F /Applications/Xcode-27.0.0-Release.Candidate.app/Contents/Developer/Platforms/WatchOS.platform/Developer/Library/Frameworks -F /Applications/Xcode-27.0.0-Release.Candidate.app/Contents/Developer/Platforms/WatchOS.platform/Developer/SDKs/WatchOS27.0.sdk/Developer/Library/Frameworks -c -j10 -enable-batch-mode -incremental -Xcc -ivfsstatcache -Xcc /Users/admin/builder/spi-builder-workspace/.derivedData/SDKStatCaches.noindex/watchos27.0-24R360-e829b21a6f8c9b70876ba0858053c04477534ef55a1706bf4c1112bbb242f0a2.sdkstatcache -output-file-map /Users/admin/builder/spi-builder-workspace/.derivedData/Build/Intermediates.noindex/swift-argument-parser.build/Debug-watchos/ArgumentParser-t.build/Objects-normal/arm64_32/ArgumentParser-OutputFileMap.json -save-temps -no-color-diagnostics -explicit-module-build -module-cache-path /Users/admin/builder/spi-builder-workspace/.derivedData/Build/Intermediates.noindex/SwiftExplicitPrecompiledModules -clang-scanner-module-cache-path /Users/admin/builder/spi-builder-workspace/.derivedData/ModuleCache.noindex -sdk-module-cache-path /Users/admin/builder/spi-builder-workspace/.derivedData/SDKExplicitPrecompiledModules -emit-dependencies -emit-module -emit-module-path /Users/admin/builder/spi-builder-workspace/.derivedData/Build/Intermediates.noindex/swift-argument-parser.build/Debug-watchos/ArgumentParser-t.build/Objects-normal/arm64_32/ArgumentParser.swiftmodule -serialize-diagnostics -dependency-scan-serialize-diagnostics-path /Users/admin/builder/spi-builder-workspace/.derivedData/Build/Intermediates.noindex/swift-argument-parser.build/Debug-watchos/ArgumentParser-t.build/Objects-normal/arm64_32/ArgumentParser-dependency-scan.dia -validate-clang-modules-once -clang-build-session-file /Users/admin/builder/spi-builder-workspace/.derivedData/ModuleCache.noindex/Session.modulevalidation -Xcc -fmodules-prune-interval\=86400 -Xcc -fmodules-prune-after\=345600 -emit-const-values -const-gather-protocols-list /Users/admin/builder/spi-builder-workspace/.derivedData/Build/Intermediates.noindex/swift-argument-parser.build/Debug-watchos/ArgumentParser-t.build/Objects-normal/arm64_32/ArgumentParser_const_extract_protocols.json -Xcc -I/Users/admin/builder/spi-builder-workspace/.derivedData/Build/Products/Debug-watchos/include -Xcc -I/Users/admin/builder/spi-builder-workspace/.derivedData/Build/Intermediates.noindex/swift-argument-parser.build/Debug-watchos/ArgumentParser-t.build/DerivedSources-normal/arm64_32 -Xcc -I/Users/admin/builder/spi-builder-workspace/.derivedData/Build/Intermediates.noindex/swift-argument-parser.build/Debug-watchos/ArgumentParser-t.build/DerivedSources/arm64_32 -Xcc -I/Users/admin/builder/spi-builder-workspace/.derivedData/Build/Intermediates.noindex/swift-argument-parser.build/Debug-watchos/ArgumentParser-t.build/DerivedSources -Xcc -DSWIFT_PACKAGE -Xcc -DDEBUG\=1 -emit-objc-header -emit-objc-header-path /Users/admin/builder/spi-builder-workspace/.derivedData/Build/Intermediates.noindex/swift-argument-parser.build/Debug-watchos/ArgumentParser-t.build/Objects-normal/arm64_32/ArgumentParser-Swift.h -working-directory /Users/admin/builder/spi-builder-workspace/.swiftpm/xcode -experimental-emit-module-separately -disable-cmo
SwiftDriver BowOptics normal arm64_32 com.apple.xcode.tools.swift.compiler (in target 'BowOptics' from project 'Bow')
cd /Users/admin/builder/spi-builder-workspace/.swiftpm/xcode
builtin-SwiftDriver -- /Applications/Xcode-27.0.0-Release.Candidate.app/Contents/Developer/Toolchains/XcodeDefault.xctoolchain/usr/bin/swiftc -parse-as-library -module-name BowOptics -Onone @/Users/admin/builder/spi-builder-workspace/.derivedData/Build/Intermediates.noindex/Bow.build/Debug-watchos/BowOptics-t.build/Objects-normal/arm64_32/BowOptics.SwiftFileList -DSWIFT_PACKAGE -DDEBUG -DSWIFT_MODULE_RESOURCE_BUNDLE_UNAVAILABLE -DXcode -plugin-path /Applications/Xcode-27.0.0-Release.Candidate.app/Contents/Developer/Toolchains/XcodeDefault.xctoolchain/usr/lib/swift/host/plugins/testing -enable-experimental-feature DebugDescriptionMacro -sdk /Applications/Xcode-27.0.0-Release.Candidate.app/Contents/Developer/Platforms/WatchOS.platform/Developer/SDKs/WatchOS27.0.sdk -target arm64_32-apple-watchos9.0 -g -module-cache-path /Users/admin/builder/spi-builder-workspace/.derivedData/ModuleCache.noindex -Xfrontend -serialize-debugging-options -profile-coverage-mapping -profile-generate -enable-testing -suppress-warnings -index-store-path /Users/admin/builder/spi-builder-workspace/.derivedData/Index.noindex/DataStore -Xcc -D_LIBCPP_HARDENING_MODE\=_LIBCPP_HARDENING_MODE_DEBUG -swift-version 5 -I /Users/admin/builder/spi-builder-workspace/.derivedData/Build/Products/Debug-watchos -Isystem /Applications/Xcode-27.0.0-Release.Candidate.app/Contents/Developer/Platforms/WatchOS.platform/Developer/usr/lib -F /Users/admin/builder/spi-builder-workspace/.derivedData/Build/Products/Debug-watchos/PackageFrameworks -F /Users/admin/builder/spi-builder-workspace/.derivedData/Build/Products/Debug-watchos -F /Applications/Xcode-27.0.0-Release.Candidate.app/Contents/Developer/Platforms/WatchOS.platform/Developer/Library/Frameworks -F /Applications/Xcode-27.0.0-Release.Candidate.app/Contents/Developer/Platforms/WatchOS.platform/Developer/SDKs/WatchOS27.0.sdk/Developer/Library/Frameworks -c -j10 -enable-batch-mode -incremental -Xcc -ivfsstatcache -Xcc /Users/admin/builder/spi-builder-workspace/.derivedData/SDKStatCaches.noindex/watchos27.0-24R360-e829b21a6f8c9b70876ba0858053c04477534ef55a1706bf4c1112bbb242f0a2.sdkstatcache -output-file-map /Users/admin/builder/spi-builder-workspace/.derivedData/Build/Intermediates.noindex/Bow.build/Debug-watchos/BowOptics-t.build/Objects-normal/arm64_32/BowOptics-OutputFileMap.json -save-temps -no-color-diagnostics -explicit-module-build -module-cache-path /Users/admin/builder/spi-builder-workspace/.derivedData/Build/Intermediates.noindex/SwiftExplicitPrecompiledModules -clang-scanner-module-cache-path /Users/admin/builder/spi-builder-workspace/.derivedData/ModuleCache.noindex -sdk-module-cache-path /Users/admin/builder/spi-builder-workspace/.derivedData/SDKExplicitPrecompiledModules -emit-dependencies -emit-module -emit-module-path /Users/admin/builder/spi-builder-workspace/.derivedData/Build/Intermediates.noindex/Bow.build/Debug-watchos/BowOptics-t.build/Objects-normal/arm64_32/BowOptics.swiftmodule -serialize-diagnostics -dependency-scan-serialize-diagnostics-path /Users/admin/builder/spi-builder-workspace/.derivedData/Build/Intermediates.noindex/Bow.build/Debug-watchos/BowOptics-t.build/Objects-normal/arm64_32/BowOptics-dependency-scan.dia -validate-clang-modules-once -clang-build-session-file /Users/admin/builder/spi-builder-workspace/.derivedData/ModuleCache.noindex/Session.modulevalidation -Xcc -fmodules-prune-interval\=86400 -Xcc -fmodules-prune-after\=345600 -emit-const-values -const-gather-protocols-list /Users/admin/builder/spi-builder-workspace/.derivedData/Build/Intermediates.noindex/Bow.build/Debug-watchos/BowOptics-t.build/Objects-normal/arm64_32/BowOptics_const_extract_protocols.json -Xcc -I/Users/admin/builder/spi-builder-workspace/.derivedData/Build/Products/Debug-watchos/include -Xcc -I/Users/admin/builder/spi-builder-workspace/.derivedData/Build/Intermediates.noindex/Bow.build/Debug-watchos/BowOptics-t.build/DerivedSources-normal/arm64_32 -Xcc -I/Users/admin/builder/spi-builder-workspace/.derivedData/Build/Intermediates.noindex/Bow.build/Debug-watchos/BowOptics-t.build/DerivedSources/arm64_32 -Xcc -I/Users/admin/builder/spi-builder-workspace/.derivedData/Build/Intermediates.noindex/Bow.build/Debug-watchos/BowOptics-t.build/DerivedSources -Xcc -DSWIFT_PACKAGE -Xcc -DDEBUG\=1 -emit-objc-header -emit-objc-header-path /Users/admin/builder/spi-builder-workspace/.derivedData/Build/Intermediates.noindex/Bow.build/Debug-watchos/BowOptics-t.build/Objects-normal/arm64_32/BowOptics-Swift.h -working-directory /Users/admin/builder/spi-builder-workspace/.swiftpm/xcode -experimental-emit-module-separately -disable-cmo
SwiftDriver BowOptics normal arm64 com.apple.xcode.tools.swift.compiler (in target 'BowOptics' from project 'Bow')
cd /Users/admin/builder/spi-builder-workspace/.swiftpm/xcode
builtin-SwiftDriver -- /Applications/Xcode-27.0.0-Release.Candidate.app/Contents/Developer/Toolchains/XcodeDefault.xctoolchain/usr/bin/swiftc -parse-as-library -module-name BowOptics -Onone @/Users/admin/builder/spi-builder-workspace/.derivedData/Build/Intermediates.noindex/Bow.build/Debug-watchos/BowOptics-t.build/Objects-normal/arm64/BowOptics.SwiftFileList -DSWIFT_PACKAGE -DDEBUG -DSWIFT_MODULE_RESOURCE_BUNDLE_UNAVAILABLE -DXcode -plugin-path /Applications/Xcode-27.0.0-Release.Candidate.app/Contents/Developer/Toolchains/XcodeDefault.xctoolchain/usr/lib/swift/host/plugins/testing -enable-experimental-feature DebugDescriptionMacro -sdk /Applications/Xcode-27.0.0-Release.Candidate.app/Contents/Developer/Platforms/WatchOS.platform/Developer/SDKs/WatchOS27.0.sdk -target arm64-apple-watchos9.0 -g -module-cache-path /Users/admin/builder/spi-builder-workspace/.derivedData/ModuleCache.noindex -Xfrontend -serialize-debugging-options -profile-coverage-mapping -profile-generate -enable-testing -suppress-warnings -index-store-path /Users/admin/builder/spi-builder-workspace/.derivedData/Index.noindex/DataStore -Xcc -D_LIBCPP_HARDENING_MODE\=_LIBCPP_HARDENING_MODE_DEBUG -swift-version 5 -I /Users/admin/builder/spi-builder-workspace/.derivedData/Build/Products/Debug-watchos -Isystem /Applications/Xcode-27.0.0-Release.Candidate.app/Contents/Developer/Platforms/WatchOS.platform/Developer/usr/lib -F /Users/admin/builder/spi-builder-workspace/.derivedData/Build/Products/Debug-watchos/PackageFrameworks -F /Users/admin/builder/spi-builder-workspace/.derivedData/Build/Products/Debug-watchos -F /Applications/Xcode-27.0.0-Release.Candidate.app/Contents/Developer/Platforms/WatchOS.platform/Developer/Library/Frameworks -F /Applications/Xcode-27.0.0-Release.Candidate.app/Contents/Developer/Platforms/WatchOS.platform/Developer/SDKs/WatchOS27.0.sdk/Developer/Library/Frameworks -c -j10 -enable-batch-mode -incremental -Xcc -ivfsstatcache -Xcc /Users/admin/builder/spi-builder-workspace/.derivedData/SDKStatCaches.noindex/watchos27.0-24R360-e829b21a6f8c9b70876ba0858053c04477534ef55a1706bf4c1112bbb242f0a2.sdkstatcache -output-file-map /Users/admin/builder/spi-builder-workspace/.derivedData/Build/Intermediates.noindex/Bow.build/Debug-watchos/BowOptics-t.build/Objects-normal/arm64/BowOptics-OutputFileMap.json -save-temps -no-color-diagnostics -explicit-module-build -module-cache-path /Users/admin/builder/spi-builder-workspace/.derivedData/Build/Intermediates.noindex/SwiftExplicitPrecompiledModules -clang-scanner-module-cache-path /Users/admin/builder/spi-builder-workspace/.derivedData/ModuleCache.noindex -sdk-module-cache-path /Users/admin/builder/spi-builder-workspace/.derivedData/SDKExplicitPrecompiledModules -emit-dependencies -emit-module -emit-module-path /Users/admin/builder/spi-builder-workspace/.derivedData/Build/Intermediates.noindex/Bow.build/Debug-watchos/BowOptics-t.build/Objects-normal/arm64/BowOptics.swiftmodule -serialize-diagnostics -dependency-scan-serialize-diagnostics-path /Users/admin/builder/spi-builder-workspace/.derivedData/Build/Intermediates.noindex/Bow.build/Debug-watchos/BowOptics-t.build/Objects-normal/arm64/BowOptics-dependency-scan.dia -validate-clang-modules-once -clang-build-session-file /Users/admin/builder/spi-builder-workspace/.derivedData/ModuleCache.noindex/Session.modulevalidation -Xcc -fmodules-prune-interval\=86400 -Xcc -fmodules-prune-after\=345600 -emit-const-values -const-gather-protocols-list /Users/admin/builder/spi-builder-workspace/.derivedData/Build/Intermediates.noindex/Bow.build/Debug-watchos/BowOptics-t.build/Objects-normal/arm64/BowOptics_const_extract_protocols.json -Xcc -I/Users/admin/builder/spi-builder-workspace/.derivedData/Build/Products/Debug-watchos/include -Xcc -I/Users/admin/builder/spi-builder-workspace/.derivedData/Build/Intermediates.noindex/Bow.build/Debug-watchos/BowOptics-t.build/DerivedSources-normal/arm64 -Xcc -I/Users/admin/builder/spi-builder-workspace/.derivedData/Build/Intermediates.noindex/Bow.build/Debug-watchos/BowOptics-t.build/DerivedSources/arm64 -Xcc -I/Users/admin/builder/spi-builder-workspace/.derivedData/Build/Intermediates.noindex/Bow.build/Debug-watchos/BowOptics-t.build/DerivedSources -Xcc -DSWIFT_PACKAGE -Xcc -DDEBUG\=1 -emit-objc-header -emit-objc-header-path /Users/admin/builder/spi-builder-workspace/.derivedData/Build/Intermediates.noindex/Bow.build/Debug-watchos/BowOptics-t.build/Objects-normal/arm64/BowOptics-Swift.h -working-directory /Users/admin/builder/spi-builder-workspace/.swiftpm/xcode -experimental-emit-module-separately -disable-cmo
SwiftDriver BowEffects normal arm64 com.apple.xcode.tools.swift.compiler (in target 'BowEffects' from project 'Bow')
cd /Users/admin/builder/spi-builder-workspace/.swiftpm/xcode
builtin-SwiftDriver -- /Applications/Xcode-27.0.0-Release.Candidate.app/Contents/Developer/Toolchains/XcodeDefault.xctoolchain/usr/bin/swiftc -parse-as-library -module-name BowEffects -Onone @/Users/admin/builder/spi-builder-workspace/.derivedData/Build/Intermediates.noindex/Bow.build/Debug-watchos/BowEffects-t.build/Objects-normal/arm64/BowEffects.SwiftFileList -DSWIFT_PACKAGE -DDEBUG -DSWIFT_MODULE_RESOURCE_BUNDLE_UNAVAILABLE -DXcode -plugin-path /Applications/Xcode-27.0.0-Release.Candidate.app/Contents/Developer/Toolchains/XcodeDefault.xctoolchain/usr/lib/swift/host/plugins/testing -enable-experimental-feature DebugDescriptionMacro -sdk /Applications/Xcode-27.0.0-Release.Candidate.app/Contents/Developer/Platforms/WatchOS.platform/Developer/SDKs/WatchOS27.0.sdk -target arm64-apple-watchos9.0 -g -module-cache-path /Users/admin/builder/spi-builder-workspace/.derivedData/ModuleCache.noindex -Xfrontend -serialize-debugging-options -profile-coverage-mapping -profile-generate -enable-testing -suppress-warnings -index-store-path /Users/admin/builder/spi-builder-workspace/.derivedData/Index.noindex/DataStore -Xcc -D_LIBCPP_HARDENING_MODE\=_LIBCPP_HARDENING_MODE_DEBUG -swift-version 5 -I /Users/admin/builder/spi-builder-workspace/.derivedData/Build/Products/Debug-watchos -Isystem /Applications/Xcode-27.0.0-Release.Candidate.app/Contents/Developer/Platforms/WatchOS.platform/Developer/usr/lib -F /Users/admin/builder/spi-builder-workspace/.derivedData/Build/Products/Debug-watchos/PackageFrameworks -F /Users/admin/builder/spi-builder-workspace/.derivedData/Build/Products/Debug-watchos -F /Applications/Xcode-27.0.0-Release.Candidate.app/Contents/Developer/Platforms/WatchOS.platform/Developer/Library/Frameworks -F /Applications/Xcode-27.0.0-Release.Candidate.app/Contents/Developer/Platforms/WatchOS.platform/Developer/SDKs/WatchOS27.0.sdk/Developer/Library/Frameworks -c -j10 -enable-batch-mode -incremental -Xcc -ivfsstatcache -Xcc /Users/admin/builder/spi-builder-workspace/.derivedData/SDKStatCaches.noindex/watchos27.0-24R360-e829b21a6f8c9b70876ba0858053c04477534ef55a1706bf4c1112bbb242f0a2.sdkstatcache -output-file-map /Users/admin/builder/spi-builder-workspace/.derivedData/Build/Intermediates.noindex/Bow.build/Debug-watchos/BowEffects-t.build/Objects-normal/arm64/BowEffects-OutputFileMap.json -save-temps -no-color-diagnostics -explicit-module-build -module-cache-path /Users/admin/builder/spi-builder-workspace/.derivedData/Build/Intermediates.noindex/SwiftExplicitPrecompiledModules -clang-scanner-module-cache-path /Users/admin/builder/spi-builder-workspace/.derivedData/ModuleCache.noindex -sdk-module-cache-path /Users/admin/builder/spi-builder-workspace/.derivedData/SDKExplicitPrecompiledModules -emit-dependencies -emit-module -emit-module-path /Users/admin/builder/spi-builder-workspace/.derivedData/Build/Intermediates.noindex/Bow.build/Debug-watchos/BowEffects-t.build/Objects-normal/arm64/BowEffects.swiftmodule -serialize-diagnostics -dependency-scan-serialize-diagnostics-path /Users/admin/builder/spi-builder-workspace/.derivedData/Build/Intermediates.noindex/Bow.build/Debug-watchos/BowEffects-t.build/Objects-normal/arm64/BowEffects-dependency-scan.dia -validate-clang-modules-once -clang-build-session-file /Users/admin/builder/spi-builder-workspace/.derivedData/ModuleCache.noindex/Session.modulevalidation -Xcc -fmodules-prune-interval\=86400 -Xcc -fmodules-prune-after\=345600 -emit-const-values -const-gather-protocols-list /Users/admin/builder/spi-builder-workspace/.derivedData/Build/Intermediates.noindex/Bow.build/Debug-watchos/BowEffects-t.build/Objects-normal/arm64/BowEffects_const_extract_protocols.json -Xcc -I/Users/admin/builder/spi-builder-workspace/.derivedData/Build/Products/Debug-watchos/include -Xcc -I/Users/admin/builder/spi-builder-workspace/.derivedData/Build/Intermediates.noindex/Bow.build/Debug-watchos/BowEffects-t.build/DerivedSources-normal/arm64 -Xcc -I/Users/admin/builder/spi-builder-workspace/.derivedData/Build/Intermediates.noindex/Bow.build/Debug-watchos/BowEffects-t.build/DerivedSources/arm64 -Xcc -I/Users/admin/builder/spi-builder-workspace/.derivedData/Build/Intermediates.noindex/Bow.build/Debug-watchos/BowEffects-t.build/DerivedSources -Xcc -DSWIFT_PACKAGE -Xcc -DDEBUG\=1 -emit-objc-header -emit-objc-header-path /Users/admin/builder/spi-builder-workspace/.derivedData/Build/Intermediates.noindex/Bow.build/Debug-watchos/BowEffects-t.build/Objects-normal/arm64/BowEffects-Swift.h -working-directory /Users/admin/builder/spi-builder-workspace/.swiftpm/xcode -experimental-emit-module-separately -disable-cmo
SwiftDriver BowEffects normal arm64_32 com.apple.xcode.tools.swift.compiler (in target 'BowEffects' from project 'Bow')
cd /Users/admin/builder/spi-builder-workspace/.swiftpm/xcode
builtin-SwiftDriver -- /Applications/Xcode-27.0.0-Release.Candidate.app/Contents/Developer/Toolchains/XcodeDefault.xctoolchain/usr/bin/swiftc -parse-as-library -module-name BowEffects -Onone @/Users/admin/builder/spi-builder-workspace/.derivedData/Build/Intermediates.noindex/Bow.build/Debug-watchos/BowEffects-t.build/Objects-normal/arm64_32/BowEffects.SwiftFileList -DSWIFT_PACKAGE -DDEBUG -DSWIFT_MODULE_RESOURCE_BUNDLE_UNAVAILABLE -DXcode -plugin-path /Applications/Xcode-27.0.0-Release.Candidate.app/Contents/Developer/Toolchains/XcodeDefault.xctoolchain/usr/lib/swift/host/plugins/testing -enable-experimental-feature DebugDescriptionMacro -sdk /Applications/Xcode-27.0.0-Release.Candidate.app/Contents/Developer/Platforms/WatchOS.platform/Developer/SDKs/WatchOS27.0.sdk -target arm64_32-apple-watchos9.0 -g -module-cache-path /Users/admin/builder/spi-builder-workspace/.derivedData/ModuleCache.noindex -Xfrontend -serialize-debugging-options -profile-coverage-mapping -profile-generate -enable-testing -suppress-warnings -index-store-path /Users/admin/builder/spi-builder-workspace/.derivedData/Index.noindex/DataStore -Xcc -D_LIBCPP_HARDENING_MODE\=_LIBCPP_HARDENING_MODE_DEBUG -swift-version 5 -I /Users/admin/builder/spi-builder-workspace/.derivedData/Build/Products/Debug-watchos -Isystem /Applications/Xcode-27.0.0-Release.Candidate.app/Contents/Developer/Platforms/WatchOS.platform/Developer/usr/lib -F /Users/admin/builder/spi-builder-workspace/.derivedData/Build/Products/Debug-watchos/PackageFrameworks -F /Users/admin/builder/spi-builder-workspace/.derivedData/Build/Products/Debug-watchos -F /Applications/Xcode-27.0.0-Release.Candidate.app/Contents/Developer/Platforms/WatchOS.platform/Developer/Library/Frameworks -F /Applications/Xcode-27.0.0-Release.Candidate.app/Contents/Developer/Platforms/WatchOS.platform/Developer/SDKs/WatchOS27.0.sdk/Developer/Library/Frameworks -c -j10 -enable-batch-mode -incremental -Xcc -ivfsstatcache -Xcc /Users/admin/builder/spi-builder-workspace/.derivedData/SDKStatCaches.noindex/watchos27.0-24R360-e829b21a6f8c9b70876ba0858053c04477534ef55a1706bf4c1112bbb242f0a2.sdkstatcache -output-file-map /Users/admin/builder/spi-builder-workspace/.derivedData/Build/Intermediates.noindex/Bow.build/Debug-watchos/BowEffects-t.build/Objects-normal/arm64_32/BowEffects-OutputFileMap.json -save-temps -no-color-diagnostics -explicit-module-build -module-cache-path /Users/admin/builder/spi-builder-workspace/.derivedData/Build/Intermediates.noindex/SwiftExplicitPrecompiledModules -clang-scanner-module-cache-path /Users/admin/builder/spi-builder-workspace/.derivedData/ModuleCache.noindex -sdk-module-cache-path /Users/admin/builder/spi-builder-workspace/.derivedData/SDKExplicitPrecompiledModules -emit-dependencies -emit-module -emit-module-path /Users/admin/builder/spi-builder-workspace/.derivedData/Build/Intermediates.noindex/Bow.build/Debug-watchos/BowEffects-t.build/Objects-normal/arm64_32/BowEffects.swiftmodule -serialize-diagnostics -dependency-scan-serialize-diagnostics-path /Users/admin/builder/spi-builder-workspace/.derivedData/Build/Intermediates.noindex/Bow.build/Debug-watchos/BowEffects-t.build/Objects-normal/arm64_32/BowEffects-dependency-scan.dia -validate-clang-modules-once -clang-build-session-file /Users/admin/builder/spi-builder-workspace/.derivedData/ModuleCache.noindex/Session.modulevalidation -Xcc -fmodules-prune-interval\=86400 -Xcc -fmodules-prune-after\=345600 -emit-const-values -const-gather-protocols-list /Users/admin/builder/spi-builder-workspace/.derivedData/Build/Intermediates.noindex/Bow.build/Debug-watchos/BowEffects-t.build/Objects-normal/arm64_32/BowEffects_const_extract_protocols.json -Xcc -I/Users/admin/builder/spi-builder-workspace/.derivedData/Build/Products/Debug-watchos/include -Xcc -I/Users/admin/builder/spi-builder-workspace/.derivedData/Build/Intermediates.noindex/Bow.build/Debug-watchos/BowEffects-t.build/DerivedSources-normal/arm64_32 -Xcc -I/Users/admin/builder/spi-builder-workspace/.derivedData/Build/Intermediates.noindex/Bow.build/Debug-watchos/BowEffects-t.build/DerivedSources/arm64_32 -Xcc -I/Users/admin/builder/spi-builder-workspace/.derivedData/Build/Intermediates.noindex/Bow.build/Debug-watchos/BowEffects-t.build/DerivedSources -Xcc -DSWIFT_PACKAGE -Xcc -DDEBUG\=1 -emit-objc-header -emit-objc-header-path /Users/admin/builder/spi-builder-workspace/.derivedData/Build/Intermediates.noindex/Bow.build/Debug-watchos/BowEffects-t.build/Objects-normal/arm64_32/BowEffects-Swift.h -working-directory /Users/admin/builder/spi-builder-workspace/.swiftpm/xcode -experimental-emit-module-separately -disable-cmo
SwiftEmitModule normal arm64 Emitting\ module\ for\ Swiftline (in target 'Swiftline' from project 'Swiftline')
SwiftCompile normal arm64 (in target 'Swiftline' from project 'Swiftline')
cd /Users/admin/builder/spi-builder-workspace/.swiftpm/xcode
SwiftCompile normal arm64 Compiling\ Env.swift,\ ProcessInfo.swift /Users/admin/builder/spi-builder-workspace/.dependencies/checkouts/Swiftline/Sources/Env.swift /Users/admin/builder/spi-builder-workspace/.dependencies/checkouts/Swiftline/Sources/ProcessInfo.swift (in target 'Swiftline' from project 'Swiftline')
SwiftCompile normal arm64 /Users/admin/builder/spi-builder-workspace/.dependencies/checkouts/Swiftline/Sources/Env.swift (in target 'Swiftline' from project 'Swiftline')
cd /Users/admin/builder/spi-builder-workspace/.swiftpm/xcode
builtin-SwiftPerFileCompile Env.swift
SwiftCompile normal arm64 /Users/admin/builder/spi-builder-workspace/.dependencies/checkouts/Swiftline/Sources/ProcessInfo.swift (in target 'Swiftline' from project 'Swiftline')
cd /Users/admin/builder/spi-builder-workspace/.swiftpm/xcode
builtin-SwiftPerFileCompile ProcessInfo.swift
SwiftEmitModule normal arm64_32 Emitting\ module\ for\ ArgumentParser (in target 'ArgumentParser' from project 'swift-argument-parser')
SwiftCompile normal arm64_32 (in target 'ArgumentParser' from project 'swift-argument-parser')
cd /Users/admin/builder/spi-builder-workspace/.swiftpm/xcode
SwiftCompile normal arm64 Compiling\ Runner.swift,\ RunnerSettings.swift /Users/admin/builder/spi-builder-workspace/.dependencies/checkouts/Swiftline/Sources/Runner.swift /Users/admin/builder/spi-builder-workspace/.dependencies/checkouts/Swiftline/Sources/RunnerSettings.swift (in target 'Swiftline' from project 'Swiftline')
SwiftCompile normal arm64 /Users/admin/builder/spi-builder-workspace/.dependencies/checkouts/Swiftline/Sources/Runner.swift (in target 'Swiftline' from project 'Swiftline')
cd /Users/admin/builder/spi-builder-workspace/.swiftpm/xcode
builtin-SwiftPerFileCompile Runner.swift
SwiftCompile normal arm64 /Users/admin/builder/spi-builder-workspace/.dependencies/checkouts/Swiftline/Sources/RunnerSettings.swift (in target 'Swiftline' from project 'Swiftline')
cd /Users/admin/builder/spi-builder-workspace/.swiftpm/xcode
builtin-SwiftPerFileCompile RunnerSettings.swift
SwiftEmitModule normal arm64_32 Emitting\ module\ for\ Swiftline (in target 'Swiftline' from project 'Swiftline')
SwiftCompile normal arm64_32 (in target 'Swiftline' from project 'Swiftline')
cd /Users/admin/builder/spi-builder-workspace/.swiftpm/xcode
SwiftEmitModule normal arm64 Emitting\ module\ for\ ArgumentParser (in target 'ArgumentParser' from project 'swift-argument-parser')
SwiftCompile normal arm64 (in target 'ArgumentParser' from project 'swift-argument-parser')
cd /Users/admin/builder/spi-builder-workspace/.swiftpm/xcode
SwiftEmitModule normal arm64_32 Emitting\ module\ for\ BowEffects (in target 'BowEffects' from project 'Bow')
SwiftCompile normal arm64_32 (in target 'BowEffects' from project 'Bow')
cd /Users/admin/builder/spi-builder-workspace/.swiftpm/xcode
SwiftEmitModule normal arm64 Emitting\ module\ for\ BowEffects (in target 'BowEffects' from project 'Bow')
SwiftCompile normal arm64 (in target 'BowEffects' from project 'Bow')
cd /Users/admin/builder/spi-builder-workspace/.swiftpm/xcode
SwiftEmitModule normal arm64_32 Emitting\ module\ for\ BowOptics (in target 'BowOptics' from project 'Bow')
SwiftCompile normal arm64_32 (in target 'BowOptics' from project 'Bow')
cd /Users/admin/builder/spi-builder-workspace/.swiftpm/xcode
SwiftEmitModule normal arm64 Emitting\ module\ for\ BowOptics (in target 'BowOptics' from project 'Bow')
SwiftCompile normal arm64 (in target 'BowOptics' from project 'Bow')
cd /Users/admin/builder/spi-builder-workspace/.swiftpm/xcode
SwiftEmitModule normal arm64_32 Emitting\ module\ for\ Bow (in target 'Bow' from project 'Bow')
SwiftCompile normal arm64_32 (in target 'Bow' from project 'Bow')
cd /Users/admin/builder/spi-builder-workspace/.swiftpm/xcode
SwiftEmitModule normal arm64 Emitting\ module\ for\ Bow (in target 'Bow' from project 'Bow')
SwiftCompile normal arm64 (in target 'Bow' from project 'Bow')
cd /Users/admin/builder/spi-builder-workspace/.swiftpm/xcode
SwiftCompile normal arm64_32 Compiling\ ArgsParser.swift,\ Argument.swift /Users/admin/builder/spi-builder-workspace/.dependencies/checkouts/Swiftline/Sources/ArgsParser.swift /Users/admin/builder/spi-builder-workspace/.dependencies/checkouts/Swiftline/Sources/Argument.swift (in target 'Swiftline' from project 'Swiftline')
SwiftCompile normal arm64_32 /Users/admin/builder/spi-builder-workspace/.dependencies/checkouts/Swiftline/Sources/ArgsParser.swift (in target 'Swiftline' from project 'Swiftline')
cd /Users/admin/builder/spi-builder-workspace/.swiftpm/xcode
builtin-SwiftPerFileCompile ArgsParser.swift
SwiftCompile normal arm64_32 /Users/admin/builder/spi-builder-workspace/.dependencies/checkouts/Swiftline/Sources/Argument.swift (in target 'Swiftline' from project 'Swiftline')
cd /Users/admin/builder/spi-builder-workspace/.swiftpm/xcode
builtin-SwiftPerFileCompile Argument.swift
SwiftCompile normal arm64_32 Compiling\ ProcessInfo.swift /Users/admin/builder/spi-builder-workspace/.dependencies/checkouts/Swiftline/Sources/ProcessInfo.swift (in target 'Swiftline' from project 'Swiftline')
SwiftCompile normal arm64_32 /Users/admin/builder/spi-builder-workspace/.dependencies/checkouts/Swiftline/Sources/ProcessInfo.swift (in target 'Swiftline' from project 'Swiftline')
cd /Users/admin/builder/spi-builder-workspace/.swiftpm/xcode
builtin-SwiftPerFileCompile ProcessInfo.swift
SwiftCompile normal arm64 Compiling\ StringStyleColorizer.swift,\ TaskPipe.swift /Users/admin/builder/spi-builder-workspace/.dependencies/checkouts/Swiftline/Sources/StringStyleColorizer.swift /Users/admin/builder/spi-builder-workspace/.dependencies/checkouts/Swiftline/Sources/TaskPipe.swift (in target 'Swiftline' from project 'Swiftline')
SwiftCompile normal arm64 /Users/admin/builder/spi-builder-workspace/.dependencies/checkouts/Swiftline/Sources/StringStyleColorizer.swift (in target 'Swiftline' from project 'Swiftline')
cd /Users/admin/builder/spi-builder-workspace/.swiftpm/xcode
builtin-SwiftPerFileCompile StringStyleColorizer.swift
SwiftCompile normal arm64 /Users/admin/builder/spi-builder-workspace/.dependencies/checkouts/Swiftline/Sources/TaskPipe.swift (in target 'Swiftline' from project 'Swiftline')
cd /Users/admin/builder/spi-builder-workspace/.swiftpm/xcode
builtin-SwiftPerFileCompile TaskPipe.swift
SwiftDriverJobDiscovery normal arm64_32 Emitting module for BowOptics (in target 'BowOptics' from project 'Bow')
SwiftDriver\ Compilation\ Requirements BowOptics normal arm64_32 com.apple.xcode.tools.swift.compiler (in target 'BowOptics' from project 'Bow')
cd /Users/admin/builder/spi-builder-workspace/.swiftpm/xcode
builtin-Swift-Compilation-Requirements -- /Applications/Xcode-27.0.0-Release.Candidate.app/Contents/Developer/Toolchains/XcodeDefault.xctoolchain/usr/bin/swiftc -parse-as-library -module-name BowOptics -Onone @/Users/admin/builder/spi-builder-workspace/.derivedData/Build/Intermediates.noindex/Bow.build/Debug-watchos/BowOptics-t.build/Objects-normal/arm64_32/BowOptics.SwiftFileList -DSWIFT_PACKAGE -DDEBUG -DSWIFT_MODULE_RESOURCE_BUNDLE_UNAVAILABLE -DXcode -plugin-path /Applications/Xcode-27.0.0-Release.Candidate.app/Contents/Developer/Toolchains/XcodeDefault.xctoolchain/usr/lib/swift/host/plugins/testing -enable-experimental-feature DebugDescriptionMacro -sdk /Applications/Xcode-27.0.0-Release.Candidate.app/Contents/Developer/Platforms/WatchOS.platform/Developer/SDKs/WatchOS27.0.sdk -target arm64_32-apple-watchos9.0 -g -module-cache-path /Users/admin/builder/spi-builder-workspace/.derivedData/ModuleCache.noindex -Xfrontend -serialize-debugging-options -profile-coverage-mapping -profile-generate -enable-testing -suppress-warnings -index-store-path /Users/admin/builder/spi-builder-workspace/.derivedData/Index.noindex/DataStore -Xcc -D_LIBCPP_HARDENING_MODE\=_LIBCPP_HARDENING_MODE_DEBUG -swift-version 5 -I /Users/admin/builder/spi-builder-workspace/.derivedData/Build/Products/Debug-watchos -Isystem /Applications/Xcode-27.0.0-Release.Candidate.app/Contents/Developer/Platforms/WatchOS.platform/Developer/usr/lib -F /Users/admin/builder/spi-builder-workspace/.derivedData/Build/Products/Debug-watchos/PackageFrameworks -F /Users/admin/builder/spi-builder-workspace/.derivedData/Build/Products/Debug-watchos -F /Applications/Xcode-27.0.0-Release.Candidate.app/Contents/Developer/Platforms/WatchOS.platform/Developer/Library/Frameworks -F /Applications/Xcode-27.0.0-Release.Candidate.app/Contents/Developer/Platforms/WatchOS.platform/Developer/SDKs/WatchOS27.0.sdk/Developer/Library/Frameworks -c -j10 -enable-batch-mode -incremental -Xcc -ivfsstatcache -Xcc /Users/admin/builder/spi-builder-workspace/.derivedData/SDKStatCaches.noindex/watchos27.0-24R360-e829b21a6f8c9b70876ba0858053c04477534ef55a1706bf4c1112bbb242f0a2.sdkstatcache -output-file-map /Users/admin/builder/spi-builder-workspace/.derivedData/Build/Intermediates.noindex/Bow.build/Debug-watchos/BowOptics-t.build/Objects-normal/arm64_32/BowOptics-OutputFileMap.json -save-temps -no-color-diagnostics -explicit-module-build -module-cache-path /Users/admin/builder/spi-builder-workspace/.derivedData/Build/Intermediates.noindex/SwiftExplicitPrecompiledModules -clang-scanner-module-cache-path /Users/admin/builder/spi-builder-workspace/.derivedData/ModuleCache.noindex -sdk-module-cache-path /Users/admin/builder/spi-builder-workspace/.derivedData/SDKExplicitPrecompiledModules -emit-dependencies -emit-module -emit-module-path /Users/admin/builder/spi-builder-workspace/.derivedData/Build/Intermediates.noindex/Bow.build/Debug-watchos/BowOptics-t.build/Objects-normal/arm64_32/BowOptics.swiftmodule -serialize-diagnostics -dependency-scan-serialize-diagnostics-path /Users/admin/builder/spi-builder-workspace/.derivedData/Build/Intermediates.noindex/Bow.build/Debug-watchos/BowOptics-t.build/Objects-normal/arm64_32/BowOptics-dependency-scan.dia -validate-clang-modules-once -clang-build-session-file /Users/admin/builder/spi-builder-workspace/.derivedData/ModuleCache.noindex/Session.modulevalidation -Xcc -fmodules-prune-interval\=86400 -Xcc -fmodules-prune-after\=345600 -emit-const-values -const-gather-protocols-list /Users/admin/builder/spi-builder-workspace/.derivedData/Build/Intermediates.noindex/Bow.build/Debug-watchos/BowOptics-t.build/Objects-normal/arm64_32/BowOptics_const_extract_protocols.json -Xcc -I/Users/admin/builder/spi-builder-workspace/.derivedData/Build/Products/Debug-watchos/include -Xcc -I/Users/admin/builder/spi-builder-workspace/.derivedData/Build/Intermediates.noindex/Bow.build/Debug-watchos/BowOptics-t.build/DerivedSources-normal/arm64_32 -Xcc -I/Users/admin/builder/spi-builder-workspace/.derivedData/Build/Intermediates.noindex/Bow.build/Debug-watchos/BowOptics-t.build/DerivedSources/arm64_32 -Xcc -I/Users/admin/builder/spi-builder-workspace/.derivedData/Build/Intermediates.noindex/Bow.build/Debug-watchos/BowOptics-t.build/DerivedSources -Xcc -DSWIFT_PACKAGE -Xcc -DDEBUG\=1 -emit-objc-header -emit-objc-header-path /Users/admin/builder/spi-builder-workspace/.derivedData/Build/Intermediates.noindex/Bow.build/Debug-watchos/BowOptics-t.build/Objects-normal/arm64_32/BowOptics-Swift.h -working-directory /Users/admin/builder/spi-builder-workspace/.swiftpm/xcode -experimental-emit-module-separately -disable-cmo
SwiftDriverJobDiscovery normal arm64_32 Emitting module for BowEffects (in target 'BowEffects' from project 'Bow')
SwiftDriver\ Compilation\ Requirements BowEffects normal arm64_32 com.apple.xcode.tools.swift.compiler (in target 'BowEffects' from project 'Bow')
cd /Users/admin/builder/spi-builder-workspace/.swiftpm/xcode
builtin-Swift-Compilation-Requirements -- /Applications/Xcode-27.0.0-Release.Candidate.app/Contents/Developer/Toolchains/XcodeDefault.xctoolchain/usr/bin/swiftc -parse-as-library -module-name BowEffects -Onone @/Users/admin/builder/spi-builder-workspace/.derivedData/Build/Intermediates.noindex/Bow.build/Debug-watchos/BowEffects-t.build/Objects-normal/arm64_32/BowEffects.SwiftFileList -DSWIFT_PACKAGE -DDEBUG -DSWIFT_MODULE_RESOURCE_BUNDLE_UNAVAILABLE -DXcode -plugin-path /Applications/Xcode-27.0.0-Release.Candidate.app/Contents/Developer/Toolchains/XcodeDefault.xctoolchain/usr/lib/swift/host/plugins/testing -enable-experimental-feature DebugDescriptionMacro -sdk /Applications/Xcode-27.0.0-Release.Candidate.app/Contents/Developer/Platforms/WatchOS.platform/Developer/SDKs/WatchOS27.0.sdk -target arm64_32-apple-watchos9.0 -g -module-cache-path /Users/admin/builder/spi-builder-workspace/.derivedData/ModuleCache.noindex -Xfrontend -serialize-debugging-options -profile-coverage-mapping -profile-generate -enable-testing -suppress-warnings -index-store-path /Users/admin/builder/spi-builder-workspace/.derivedData/Index.noindex/DataStore -Xcc -D_LIBCPP_HARDENING_MODE\=_LIBCPP_HARDENING_MODE_DEBUG -swift-version 5 -I /Users/admin/builder/spi-builder-workspace/.derivedData/Build/Products/Debug-watchos -Isystem /Applications/Xcode-27.0.0-Release.Candidate.app/Contents/Developer/Platforms/WatchOS.platform/Developer/usr/lib -F /Users/admin/builder/spi-builder-workspace/.derivedData/Build/Products/Debug-watchos/PackageFrameworks -F /Users/admin/builder/spi-builder-workspace/.derivedData/Build/Products/Debug-watchos -F /Applications/Xcode-27.0.0-Release.Candidate.app/Contents/Developer/Platforms/WatchOS.platform/Developer/Library/Frameworks -F /Applications/Xcode-27.0.0-Release.Candidate.app/Contents/Developer/Platforms/WatchOS.platform/Developer/SDKs/WatchOS27.0.sdk/Developer/Library/Frameworks -c -j10 -enable-batch-mode -incremental -Xcc -ivfsstatcache -Xcc /Users/admin/builder/spi-builder-workspace/.derivedData/SDKStatCaches.noindex/watchos27.0-24R360-e829b21a6f8c9b70876ba0858053c04477534ef55a1706bf4c1112bbb242f0a2.sdkstatcache -output-file-map /Users/admin/builder/spi-builder-workspace/.derivedData/Build/Intermediates.noindex/Bow.build/Debug-watchos/BowEffects-t.build/Objects-normal/arm64_32/BowEffects-OutputFileMap.json -save-temps -no-color-diagnostics -explicit-module-build -module-cache-path /Users/admin/builder/spi-builder-workspace/.derivedData/Build/Intermediates.noindex/SwiftExplicitPrecompiledModules -clang-scanner-module-cache-path /Users/admin/builder/spi-builder-workspace/.derivedData/ModuleCache.noindex -sdk-module-cache-path /Users/admin/builder/spi-builder-workspace/.derivedData/SDKExplicitPrecompiledModules -emit-dependencies -emit-module -emit-module-path /Users/admin/builder/spi-builder-workspace/.derivedData/Build/Intermediates.noindex/Bow.build/Debug-watchos/BowEffects-t.build/Objects-normal/arm64_32/BowEffects.swiftmodule -serialize-diagnostics -dependency-scan-serialize-diagnostics-path /Users/admin/builder/spi-builder-workspace/.derivedData/Build/Intermediates.noindex/Bow.build/Debug-watchos/BowEffects-t.build/Objects-normal/arm64_32/BowEffects-dependency-scan.dia -validate-clang-modules-once -clang-build-session-file /Users/admin/builder/spi-builder-workspace/.derivedData/ModuleCache.noindex/Session.modulevalidation -Xcc -fmodules-prune-interval\=86400 -Xcc -fmodules-prune-after\=345600 -emit-const-values -const-gather-protocols-list /Users/admin/builder/spi-builder-workspace/.derivedData/Build/Intermediates.noindex/Bow.build/Debug-watchos/BowEffects-t.build/Objects-normal/arm64_32/BowEffects_const_extract_protocols.json -Xcc -I/Users/admin/builder/spi-builder-workspace/.derivedData/Build/Products/Debug-watchos/include -Xcc -I/Users/admin/builder/spi-builder-workspace/.derivedData/Build/Intermediates.noindex/Bow.build/Debug-watchos/BowEffects-t.build/DerivedSources-normal/arm64_32 -Xcc -I/Users/admin/builder/spi-builder-workspace/.derivedData/Build/Intermediates.noindex/Bow.build/Debug-watchos/BowEffects-t.build/DerivedSources/arm64_32 -Xcc -I/Users/admin/builder/spi-builder-workspace/.derivedData/Build/Intermediates.noindex/Bow.build/Debug-watchos/BowEffects-t.build/DerivedSources -Xcc -DSWIFT_PACKAGE -Xcc -DDEBUG\=1 -emit-objc-header -emit-objc-header-path /Users/admin/builder/spi-builder-workspace/.derivedData/Build/Intermediates.noindex/Bow.build/Debug-watchos/BowEffects-t.build/Objects-normal/arm64_32/BowEffects-Swift.h -working-directory /Users/admin/builder/spi-builder-workspace/.swiftpm/xcode -experimental-emit-module-separately -disable-cmo
SwiftDriverJobDiscovery normal arm64 Emitting module for BowOptics (in target 'BowOptics' from project 'Bow')
SwiftCompile normal arm64 Compiling\ Args.swift,\ ArgsParser.swift,\ Argument.swift /Users/admin/builder/spi-builder-workspace/.dependencies/checkouts/Swiftline/Sources/Args.swift /Users/admin/builder/spi-builder-workspace/.dependencies/checkouts/Swiftline/Sources/ArgsParser.swift /Users/admin/builder/spi-builder-workspace/.dependencies/checkouts/Swiftline/Sources/Argument.swift (in target 'Swiftline' from project 'Swiftline')
SwiftCompile normal arm64 /Users/admin/builder/spi-builder-workspace/.dependencies/checkouts/Swiftline/Sources/Args.swift (in target 'Swiftline' from project 'Swiftline')
cd /Users/admin/builder/spi-builder-workspace/.swiftpm/xcode
builtin-SwiftPerFileCompile Args.swift
SwiftCompile normal arm64 /Users/admin/builder/spi-builder-workspace/.dependencies/checkouts/Swiftline/Sources/ArgsParser.swift (in target 'Swiftline' from project 'Swiftline')
cd /Users/admin/builder/spi-builder-workspace/.swiftpm/xcode
builtin-SwiftPerFileCompile ArgsParser.swift
SwiftCompile normal arm64 /Users/admin/builder/spi-builder-workspace/.dependencies/checkouts/Swiftline/Sources/Argument.swift (in target 'Swiftline' from project 'Swiftline')
cd /Users/admin/builder/spi-builder-workspace/.swiftpm/xcode
builtin-SwiftPerFileCompile Argument.swift
SwiftDriver\ Compilation\ Requirements BowOptics normal arm64 com.apple.xcode.tools.swift.compiler (in target 'BowOptics' from project 'Bow')
cd /Users/admin/builder/spi-builder-workspace/.swiftpm/xcode
builtin-Swift-Compilation-Requirements -- /Applications/Xcode-27.0.0-Release.Candidate.app/Contents/Developer/Toolchains/XcodeDefault.xctoolchain/usr/bin/swiftc -parse-as-library -module-name BowOptics -Onone @/Users/admin/builder/spi-builder-workspace/.derivedData/Build/Intermediates.noindex/Bow.build/Debug-watchos/BowOptics-t.build/Objects-normal/arm64/BowOptics.SwiftFileList -DSWIFT_PACKAGE -DDEBUG -DSWIFT_MODULE_RESOURCE_BUNDLE_UNAVAILABLE -DXcode -plugin-path /Applications/Xcode-27.0.0-Release.Candidate.app/Contents/Developer/Toolchains/XcodeDefault.xctoolchain/usr/lib/swift/host/plugins/testing -enable-experimental-feature DebugDescriptionMacro -sdk /Applications/Xcode-27.0.0-Release.Candidate.app/Contents/Developer/Platforms/WatchOS.platform/Developer/SDKs/WatchOS27.0.sdk -target arm64-apple-watchos9.0 -g -module-cache-path /Users/admin/builder/spi-builder-workspace/.derivedData/ModuleCache.noindex -Xfrontend -serialize-debugging-options -profile-coverage-mapping -profile-generate -enable-testing -suppress-warnings -index-store-path /Users/admin/builder/spi-builder-workspace/.derivedData/Index.noindex/DataStore -Xcc -D_LIBCPP_HARDENING_MODE\=_LIBCPP_HARDENING_MODE_DEBUG -swift-version 5 -I /Users/admin/builder/spi-builder-workspace/.derivedData/Build/Products/Debug-watchos -Isystem /Applications/Xcode-27.0.0-Release.Candidate.app/Contents/Developer/Platforms/WatchOS.platform/Developer/usr/lib -F /Users/admin/builder/spi-builder-workspace/.derivedData/Build/Products/Debug-watchos/PackageFrameworks -F /Users/admin/builder/spi-builder-workspace/.derivedData/Build/Products/Debug-watchos -F /Applications/Xcode-27.0.0-Release.Candidate.app/Contents/Developer/Platforms/WatchOS.platform/Developer/Library/Frameworks -F /Applications/Xcode-27.0.0-Release.Candidate.app/Contents/Developer/Platforms/WatchOS.platform/Developer/SDKs/WatchOS27.0.sdk/Developer/Library/Frameworks -c -j10 -enable-batch-mode -incremental -Xcc -ivfsstatcache -Xcc /Users/admin/builder/spi-builder-workspace/.derivedData/SDKStatCaches.noindex/watchos27.0-24R360-e829b21a6f8c9b70876ba0858053c04477534ef55a1706bf4c1112bbb242f0a2.sdkstatcache -output-file-map /Users/admin/builder/spi-builder-workspace/.derivedData/Build/Intermediates.noindex/Bow.build/Debug-watchos/BowOptics-t.build/Objects-normal/arm64/BowOptics-OutputFileMap.json -save-temps -no-color-diagnostics -explicit-module-build -module-cache-path /Users/admin/builder/spi-builder-workspace/.derivedData/Build/Intermediates.noindex/SwiftExplicitPrecompiledModules -clang-scanner-module-cache-path /Users/admin/builder/spi-builder-workspace/.derivedData/ModuleCache.noindex -sdk-module-cache-path /Users/admin/builder/spi-builder-workspace/.derivedData/SDKExplicitPrecompiledModules -emit-dependencies -emit-module -emit-module-path /Users/admin/builder/spi-builder-workspace/.derivedData/Build/Intermediates.noindex/Bow.build/Debug-watchos/BowOptics-t.build/Objects-normal/arm64/BowOptics.swiftmodule -serialize-diagnostics -dependency-scan-serialize-diagnostics-path /Users/admin/builder/spi-builder-workspace/.derivedData/Build/Intermediates.noindex/Bow.build/Debug-watchos/BowOptics-t.build/Objects-normal/arm64/BowOptics-dependency-scan.dia -validate-clang-modules-once -clang-build-session-file /Users/admin/builder/spi-builder-workspace/.derivedData/ModuleCache.noindex/Session.modulevalidation -Xcc -fmodules-prune-interval\=86400 -Xcc -fmodules-prune-after\=345600 -emit-const-values -const-gather-protocols-list /Users/admin/builder/spi-builder-workspace/.derivedData/Build/Intermediates.noindex/Bow.build/Debug-watchos/BowOptics-t.build/Objects-normal/arm64/BowOptics_const_extract_protocols.json -Xcc -I/Users/admin/builder/spi-builder-workspace/.derivedData/Build/Products/Debug-watchos/include -Xcc -I/Users/admin/builder/spi-builder-workspace/.derivedData/Build/Intermediates.noindex/Bow.build/Debug-watchos/BowOptics-t.build/DerivedSources-normal/arm64 -Xcc -I/Users/admin/builder/spi-builder-workspace/.derivedData/Build/Intermediates.noindex/Bow.build/Debug-watchos/BowOptics-t.build/DerivedSources/arm64 -Xcc -I/Users/admin/builder/spi-builder-workspace/.derivedData/Build/Intermediates.noindex/Bow.build/Debug-watchos/BowOptics-t.build/DerivedSources -Xcc -DSWIFT_PACKAGE -Xcc -DDEBUG\=1 -emit-objc-header -emit-objc-header-path /Users/admin/builder/spi-builder-workspace/.derivedData/Build/Intermediates.noindex/Bow.build/Debug-watchos/BowOptics-t.build/Objects-normal/arm64/BowOptics-Swift.h -working-directory /Users/admin/builder/spi-builder-workspace/.swiftpm/xcode -experimental-emit-module-separately -disable-cmo
Copy /Users/admin/builder/spi-builder-workspace/.derivedData/Build/Products/Debug-watchos/BowOptics.swiftmodule/arm64_32-apple-watchos.swiftmodule /Users/admin/builder/spi-builder-workspace/.derivedData/Build/Intermediates.noindex/Bow.build/Debug-watchos/BowOptics-t.build/Objects-normal/arm64_32/BowOptics.swiftmodule (in target 'BowOptics' from project 'Bow')
cd /Users/admin/builder/spi-builder-workspace/.dependencies/checkouts/bow
builtin-copy -exclude .DS_Store -exclude CVS -exclude .svn -exclude .git -exclude .hg -resolve-src-symlinks -rename /Users/admin/builder/spi-builder-workspace/.derivedData/Build/Intermediates.noindex/Bow.build/Debug-watchos/BowOptics-t.build/Objects-normal/arm64_32/BowOptics.swiftmodule /Users/admin/builder/spi-builder-workspace/.derivedData/Build/Products/Debug-watchos/BowOptics.swiftmodule/arm64_32-apple-watchos.swiftmodule
SwiftMergeGeneratedHeaders /Users/admin/builder/spi-builder-workspace/.derivedData/Build/Intermediates.noindex/GeneratedModuleMaps-watchos/BowOptics-Swift.h /Users/admin/builder/spi-builder-workspace/.derivedData/Build/Intermediates.noindex/Bow.build/Debug-watchos/BowOptics-t.build/Objects-normal/arm64/BowOptics-Swift.h /Users/admin/builder/spi-builder-workspace/.derivedData/Build/Intermediates.noindex/Bow.build/Debug-watchos/BowOptics-t.build/Objects-normal/arm64_32/BowOptics-Swift.h (in target 'BowOptics' from project 'Bow')
cd /Users/admin/builder/spi-builder-workspace/.dependencies/checkouts/bow
builtin-swiftHeaderTool -arch arm64 /Users/admin/builder/spi-builder-workspace/.derivedData/Build/Intermediates.noindex/Bow.build/Debug-watchos/BowOptics-t.build/Objects-normal/arm64/BowOptics-Swift.h -arch arm64_32 /Users/admin/builder/spi-builder-workspace/.derivedData/Build/Intermediates.noindex/Bow.build/Debug-watchos/BowOptics-t.build/Objects-normal/arm64_32/BowOptics-Swift.h -o /Users/admin/builder/spi-builder-workspace/.derivedData/Build/Intermediates.noindex/GeneratedModuleMaps-watchos/BowOptics-Swift.h
Copy /Users/admin/builder/spi-builder-workspace/.derivedData/Build/Products/Debug-watchos/BowOptics.swiftmodule/arm64_32-apple-watchos.swiftdoc /Users/admin/builder/spi-builder-workspace/.derivedData/Build/Intermediates.noindex/Bow.build/Debug-watchos/BowOptics-t.build/Objects-normal/arm64_32/BowOptics.swiftdoc (in target 'BowOptics' from project 'Bow')
cd /Users/admin/builder/spi-builder-workspace/.dependencies/checkouts/bow
builtin-copy -exclude .DS_Store -exclude CVS -exclude .svn -exclude .git -exclude .hg -resolve-src-symlinks -rename /Users/admin/builder/spi-builder-workspace/.derivedData/Build/Intermediates.noindex/Bow.build/Debug-watchos/BowOptics-t.build/Objects-normal/arm64_32/BowOptics.swiftdoc /Users/admin/builder/spi-builder-workspace/.derivedData/Build/Products/Debug-watchos/BowOptics.swiftmodule/arm64_32-apple-watchos.swiftdoc
Copy /Users/admin/builder/spi-builder-workspace/.derivedData/Build/Products/Debug-watchos/BowOptics.swiftmodule/arm64_32-apple-watchos.abi.json /Users/admin/builder/spi-builder-workspace/.derivedData/Build/Intermediates.noindex/Bow.build/Debug-watchos/BowOptics-t.build/Objects-normal/arm64_32/BowOptics.abi.json (in target 'BowOptics' from project 'Bow')
cd /Users/admin/builder/spi-builder-workspace/.dependencies/checkouts/bow
builtin-copy -exclude .DS_Store -exclude CVS -exclude .svn -exclude .git -exclude .hg -resolve-src-symlinks -rename /Users/admin/builder/spi-builder-workspace/.derivedData/Build/Intermediates.noindex/Bow.build/Debug-watchos/BowOptics-t.build/Objects-normal/arm64_32/BowOptics.abi.json /Users/admin/builder/spi-builder-workspace/.derivedData/Build/Products/Debug-watchos/BowOptics.swiftmodule/arm64_32-apple-watchos.abi.json
SwiftDriverJobDiscovery normal arm64 Emitting module for BowEffects (in target 'BowEffects' from project 'Bow')
Copy /Users/admin/builder/spi-builder-workspace/.derivedData/Build/Products/Debug-watchos/BowOptics.swiftmodule/arm64-apple-watchos.swiftmodule /Users/admin/builder/spi-builder-workspace/.derivedData/Build/Intermediates.noindex/Bow.build/Debug-watchos/BowOptics-t.build/Objects-normal/arm64/BowOptics.swiftmodule (in target 'BowOptics' from project 'Bow')
cd /Users/admin/builder/spi-builder-workspace/.dependencies/checkouts/bow
builtin-copy -exclude .DS_Store -exclude CVS -exclude .svn -exclude .git -exclude .hg -resolve-src-symlinks -rename /Users/admin/builder/spi-builder-workspace/.derivedData/Build/Intermediates.noindex/Bow.build/Debug-watchos/BowOptics-t.build/Objects-normal/arm64/BowOptics.swiftmodule /Users/admin/builder/spi-builder-workspace/.derivedData/Build/Products/Debug-watchos/BowOptics.swiftmodule/arm64-apple-watchos.swiftmodule
Copy /Users/admin/builder/spi-builder-workspace/.derivedData/Build/Products/Debug-watchos/BowOptics.swiftmodule/arm64-apple-watchos.swiftdoc /Users/admin/builder/spi-builder-workspace/.derivedData/Build/Intermediates.noindex/Bow.build/Debug-watchos/BowOptics-t.build/Objects-normal/arm64/BowOptics.swiftdoc (in target 'BowOptics' from project 'Bow')
cd /Users/admin/builder/spi-builder-workspace/.dependencies/checkouts/bow
builtin-copy -exclude .DS_Store -exclude CVS -exclude .svn -exclude .git -exclude .hg -resolve-src-symlinks -rename /Users/admin/builder/spi-builder-workspace/.derivedData/Build/Intermediates.noindex/Bow.build/Debug-watchos/BowOptics-t.build/Objects-normal/arm64/BowOptics.swiftdoc /Users/admin/builder/spi-builder-workspace/.derivedData/Build/Products/Debug-watchos/BowOptics.swiftmodule/arm64-apple-watchos.swiftdoc
Copy /Users/admin/builder/spi-builder-workspace/.derivedData/Build/Products/Debug-watchos/BowOptics.swiftmodule/arm64-apple-watchos.abi.json /Users/admin/builder/spi-builder-workspace/.derivedData/Build/Intermediates.noindex/Bow.build/Debug-watchos/BowOptics-t.build/Objects-normal/arm64/BowOptics.abi.json (in target 'BowOptics' from project 'Bow')
cd /Users/admin/builder/spi-builder-workspace/.dependencies/checkouts/bow
builtin-copy -exclude .DS_Store -exclude CVS -exclude .svn -exclude .git -exclude .hg -resolve-src-symlinks -rename /Users/admin/builder/spi-builder-workspace/.derivedData/Build/Intermediates.noindex/Bow.build/Debug-watchos/BowOptics-t.build/Objects-normal/arm64/BowOptics.abi.json /Users/admin/builder/spi-builder-workspace/.derivedData/Build/Products/Debug-watchos/BowOptics.swiftmodule/arm64-apple-watchos.abi.json
Copy /Users/admin/builder/spi-builder-workspace/.derivedData/Build/Products/Debug-watchos/BowOptics.swiftmodule/Project/arm64_32-apple-watchos.swiftsourceinfo /Users/admin/builder/spi-builder-workspace/.derivedData/Build/Intermediates.noindex/Bow.build/Debug-watchos/BowOptics-t.build/Objects-normal/arm64_32/BowOptics.swiftsourceinfo (in target 'BowOptics' from project 'Bow')
cd /Users/admin/builder/spi-builder-workspace/.dependencies/checkouts/bow
builtin-copy -exclude .DS_Store -exclude CVS -exclude .svn -exclude .git -exclude .hg -resolve-src-symlinks -rename /Users/admin/builder/spi-builder-workspace/.derivedData/Build/Intermediates.noindex/Bow.build/Debug-watchos/BowOptics-t.build/Objects-normal/arm64_32/BowOptics.swiftsourceinfo /Users/admin/builder/spi-builder-workspace/.derivedData/Build/Products/Debug-watchos/BowOptics.swiftmodule/Project/arm64_32-apple-watchos.swiftsourceinfo
Copy /Users/admin/builder/spi-builder-workspace/.derivedData/Build/Products/Debug-watchos/BowOptics.swiftmodule/Project/arm64-apple-watchos.swiftsourceinfo /Users/admin/builder/spi-builder-workspace/.derivedData/Build/Intermediates.noindex/Bow.build/Debug-watchos/BowOptics-t.build/Objects-normal/arm64/BowOptics.swiftsourceinfo (in target 'BowOptics' from project 'Bow')
cd /Users/admin/builder/spi-builder-workspace/.dependencies/checkouts/bow
builtin-copy -exclude .DS_Store -exclude CVS -exclude .svn -exclude .git -exclude .hg -resolve-src-symlinks -rename /Users/admin/builder/spi-builder-workspace/.derivedData/Build/Intermediates.noindex/Bow.build/Debug-watchos/BowOptics-t.build/Objects-normal/arm64/BowOptics.swiftsourceinfo /Users/admin/builder/spi-builder-workspace/.derivedData/Build/Products/Debug-watchos/BowOptics.swiftmodule/Project/arm64-apple-watchos.swiftsourceinfo
SwiftDriver\ Compilation\ Requirements BowEffects normal arm64 com.apple.xcode.tools.swift.compiler (in target 'BowEffects' from project 'Bow')
cd /Users/admin/builder/spi-builder-workspace/.swiftpm/xcode
builtin-Swift-Compilation-Requirements -- /Applications/Xcode-27.0.0-Release.Candidate.app/Contents/Developer/Toolchains/XcodeDefault.xctoolchain/usr/bin/swiftc -parse-as-library -module-name BowEffects -Onone @/Users/admin/builder/spi-builder-workspace/.derivedData/Build/Intermediates.noindex/Bow.build/Debug-watchos/BowEffects-t.build/Objects-normal/arm64/BowEffects.SwiftFileList -DSWIFT_PACKAGE -DDEBUG -DSWIFT_MODULE_RESOURCE_BUNDLE_UNAVAILABLE -DXcode -plugin-path /Applications/Xcode-27.0.0-Release.Candidate.app/Contents/Developer/Toolchains/XcodeDefault.xctoolchain/usr/lib/swift/host/plugins/testing -enable-experimental-feature DebugDescriptionMacro -sdk /Applications/Xcode-27.0.0-Release.Candidate.app/Contents/Developer/Platforms/WatchOS.platform/Developer/SDKs/WatchOS27.0.sdk -target arm64-apple-watchos9.0 -g -module-cache-path /Users/admin/builder/spi-builder-workspace/.derivedData/ModuleCache.noindex -Xfrontend -serialize-debugging-options -profile-coverage-mapping -profile-generate -enable-testing -suppress-warnings -index-store-path /Users/admin/builder/spi-builder-workspace/.derivedData/Index.noindex/DataStore -Xcc -D_LIBCPP_HARDENING_MODE\=_LIBCPP_HARDENING_MODE_DEBUG -swift-version 5 -I /Users/admin/builder/spi-builder-workspace/.derivedData/Build/Products/Debug-watchos -Isystem /Applications/Xcode-27.0.0-Release.Candidate.app/Contents/Developer/Platforms/WatchOS.platform/Developer/usr/lib -F /Users/admin/builder/spi-builder-workspace/.derivedData/Build/Products/Debug-watchos/PackageFrameworks -F /Users/admin/builder/spi-builder-workspace/.derivedData/Build/Products/Debug-watchos -F /Applications/Xcode-27.0.0-Release.Candidate.app/Contents/Developer/Platforms/WatchOS.platform/Developer/Library/Frameworks -F /Applications/Xcode-27.0.0-Release.Candidate.app/Contents/Developer/Platforms/WatchOS.platform/Developer/SDKs/WatchOS27.0.sdk/Developer/Library/Frameworks -c -j10 -enable-batch-mode -incremental -Xcc -ivfsstatcache -Xcc /Users/admin/builder/spi-builder-workspace/.derivedData/SDKStatCaches.noindex/watchos27.0-24R360-e829b21a6f8c9b70876ba0858053c04477534ef55a1706bf4c1112bbb242f0a2.sdkstatcache -output-file-map /Users/admin/builder/spi-builder-workspace/.derivedData/Build/Intermediates.noindex/Bow.build/Debug-watchos/BowEffects-t.build/Objects-normal/arm64/BowEffects-OutputFileMap.json -save-temps -no-color-diagnostics -explicit-module-build -module-cache-path /Users/admin/builder/spi-builder-workspace/.derivedData/Build/Intermediates.noindex/SwiftExplicitPrecompiledModules -clang-scanner-module-cache-path /Users/admin/builder/spi-builder-workspace/.derivedData/ModuleCache.noindex -sdk-module-cache-path /Users/admin/builder/spi-builder-workspace/.derivedData/SDKExplicitPrecompiledModules -emit-dependencies -emit-module -emit-module-path /Users/admin/builder/spi-builder-workspace/.derivedData/Build/Intermediates.noindex/Bow.build/Debug-watchos/BowEffects-t.build/Objects-normal/arm64/BowEffects.swiftmodule -serialize-diagnostics -dependency-scan-serialize-diagnostics-path /Users/admin/builder/spi-builder-workspace/.derivedData/Build/Intermediates.noindex/Bow.build/Debug-watchos/BowEffects-t.build/Objects-normal/arm64/BowEffects-dependency-scan.dia -validate-clang-modules-once -clang-build-session-file /Users/admin/builder/spi-builder-workspace/.derivedData/ModuleCache.noindex/Session.modulevalidation -Xcc -fmodules-prune-interval\=86400 -Xcc -fmodules-prune-after\=345600 -emit-const-values -const-gather-protocols-list /Users/admin/builder/spi-builder-workspace/.derivedData/Build/Intermediates.noindex/Bow.build/Debug-watchos/BowEffects-t.build/Objects-normal/arm64/BowEffects_const_extract_protocols.json -Xcc -I/Users/admin/builder/spi-builder-workspace/.derivedData/Build/Products/Debug-watchos/include -Xcc -I/Users/admin/builder/spi-builder-workspace/.derivedData/Build/Intermediates.noindex/Bow.build/Debug-watchos/BowEffects-t.build/DerivedSources-normal/arm64 -Xcc -I/Users/admin/builder/spi-builder-workspace/.derivedData/Build/Intermediates.noindex/Bow.build/Debug-watchos/BowEffects-t.build/DerivedSources/arm64 -Xcc -I/Users/admin/builder/spi-builder-workspace/.derivedData/Build/Intermediates.noindex/Bow.build/Debug-watchos/BowEffects-t.build/DerivedSources -Xcc -DSWIFT_PACKAGE -Xcc -DDEBUG\=1 -emit-objc-header -emit-objc-header-path /Users/admin/builder/spi-builder-workspace/.derivedData/Build/Intermediates.noindex/Bow.build/Debug-watchos/BowEffects-t.build/Objects-normal/arm64/BowEffects-Swift.h -working-directory /Users/admin/builder/spi-builder-workspace/.swiftpm/xcode -experimental-emit-module-separately -disable-cmo
Copy /Users/admin/builder/spi-builder-workspace/.derivedData/Build/Products/Debug-watchos/BowEffects.swiftmodule/arm64_32-apple-watchos.swiftmodule /Users/admin/builder/spi-builder-workspace/.derivedData/Build/Intermediates.noindex/Bow.build/Debug-watchos/BowEffects-t.build/Objects-normal/arm64_32/BowEffects.swiftmodule (in target 'BowEffects' from project 'Bow')
cd /Users/admin/builder/spi-builder-workspace/.dependencies/checkouts/bow
builtin-copy -exclude .DS_Store -exclude CVS -exclude .svn -exclude .git -exclude .hg -resolve-src-symlinks -rename /Users/admin/builder/spi-builder-workspace/.derivedData/Build/Intermediates.noindex/Bow.build/Debug-watchos/BowEffects-t.build/Objects-normal/arm64_32/BowEffects.swiftmodule /Users/admin/builder/spi-builder-workspace/.derivedData/Build/Products/Debug-watchos/BowEffects.swiftmodule/arm64_32-apple-watchos.swiftmodule
Copy /Users/admin/builder/spi-builder-workspace/.derivedData/Build/Products/Debug-watchos/BowEffects.swiftmodule/arm64_32-apple-watchos.swiftdoc /Users/admin/builder/spi-builder-workspace/.derivedData/Build/Intermediates.noindex/Bow.build/Debug-watchos/BowEffects-t.build/Objects-normal/arm64_32/BowEffects.swiftdoc (in target 'BowEffects' from project 'Bow')
cd /Users/admin/builder/spi-builder-workspace/.dependencies/checkouts/bow
builtin-copy -exclude .DS_Store -exclude CVS -exclude .svn -exclude .git -exclude .hg -resolve-src-symlinks -rename /Users/admin/builder/spi-builder-workspace/.derivedData/Build/Intermediates.noindex/Bow.build/Debug-watchos/BowEffects-t.build/Objects-normal/arm64_32/BowEffects.swiftdoc /Users/admin/builder/spi-builder-workspace/.derivedData/Build/Products/Debug-watchos/BowEffects.swiftmodule/arm64_32-apple-watchos.swiftdoc
SwiftMergeGeneratedHeaders /Users/admin/builder/spi-builder-workspace/.derivedData/Build/Intermediates.noindex/GeneratedModuleMaps-watchos/BowEffects-Swift.h /Users/admin/builder/spi-builder-workspace/.derivedData/Build/Intermediates.noindex/Bow.build/Debug-watchos/BowEffects-t.build/Objects-normal/arm64/BowEffects-Swift.h /Users/admin/builder/spi-builder-workspace/.derivedData/Build/Intermediates.noindex/Bow.build/Debug-watchos/BowEffects-t.build/Objects-normal/arm64_32/BowEffects-Swift.h (in target 'BowEffects' from project 'Bow')
cd /Users/admin/builder/spi-builder-workspace/.dependencies/checkouts/bow
builtin-swiftHeaderTool -arch arm64 /Users/admin/builder/spi-builder-workspace/.derivedData/Build/Intermediates.noindex/Bow.build/Debug-watchos/BowEffects-t.build/Objects-normal/arm64/BowEffects-Swift.h -arch arm64_32 /Users/admin/builder/spi-builder-workspace/.derivedData/Build/Intermediates.noindex/Bow.build/Debug-watchos/BowEffects-t.build/Objects-normal/arm64_32/BowEffects-Swift.h -o /Users/admin/builder/spi-builder-workspace/.derivedData/Build/Intermediates.noindex/GeneratedModuleMaps-watchos/BowEffects-Swift.h
Copy /Users/admin/builder/spi-builder-workspace/.derivedData/Build/Products/Debug-watchos/BowEffects.swiftmodule/arm64_32-apple-watchos.abi.json /Users/admin/builder/spi-builder-workspace/.derivedData/Build/Intermediates.noindex/Bow.build/Debug-watchos/BowEffects-t.build/Objects-normal/arm64_32/BowEffects.abi.json (in target 'BowEffects' from project 'Bow')
cd /Users/admin/builder/spi-builder-workspace/.dependencies/checkouts/bow
builtin-copy -exclude .DS_Store -exclude CVS -exclude .svn -exclude .git -exclude .hg -resolve-src-symlinks -rename /Users/admin/builder/spi-builder-workspace/.derivedData/Build/Intermediates.noindex/Bow.build/Debug-watchos/BowEffects-t.build/Objects-normal/arm64_32/BowEffects.abi.json /Users/admin/builder/spi-builder-workspace/.derivedData/Build/Products/Debug-watchos/BowEffects.swiftmodule/arm64_32-apple-watchos.abi.json
Copy /Users/admin/builder/spi-builder-workspace/.derivedData/Build/Products/Debug-watchos/BowEffects.swiftmodule/arm64-apple-watchos.swiftmodule /Users/admin/builder/spi-builder-workspace/.derivedData/Build/Intermediates.noindex/Bow.build/Debug-watchos/BowEffects-t.build/Objects-normal/arm64/BowEffects.swiftmodule (in target 'BowEffects' from project 'Bow')
cd /Users/admin/builder/spi-builder-workspace/.dependencies/checkouts/bow
builtin-copy -exclude .DS_Store -exclude CVS -exclude .svn -exclude .git -exclude .hg -resolve-src-symlinks -rename /Users/admin/builder/spi-builder-workspace/.derivedData/Build/Intermediates.noindex/Bow.build/Debug-watchos/BowEffects-t.build/Objects-normal/arm64/BowEffects.swiftmodule /Users/admin/builder/spi-builder-workspace/.derivedData/Build/Products/Debug-watchos/BowEffects.swiftmodule/arm64-apple-watchos.swiftmodule
Copy /Users/admin/builder/spi-builder-workspace/.derivedData/Build/Products/Debug-watchos/BowEffects.swiftmodule/arm64-apple-watchos.swiftdoc /Users/admin/builder/spi-builder-workspace/.derivedData/Build/Intermediates.noindex/Bow.build/Debug-watchos/BowEffects-t.build/Objects-normal/arm64/BowEffects.swiftdoc (in target 'BowEffects' from project 'Bow')
cd /Users/admin/builder/spi-builder-workspace/.dependencies/checkouts/bow
builtin-copy -exclude .DS_Store -exclude CVS -exclude .svn -exclude .git -exclude .hg -resolve-src-symlinks -rename /Users/admin/builder/spi-builder-workspace/.derivedData/Build/Intermediates.noindex/Bow.build/Debug-watchos/BowEffects-t.build/Objects-normal/arm64/BowEffects.swiftdoc /Users/admin/builder/spi-builder-workspace/.derivedData/Build/Products/Debug-watchos/BowEffects.swiftmodule/arm64-apple-watchos.swiftdoc
Copy /Users/admin/builder/spi-builder-workspace/.derivedData/Build/Products/Debug-watchos/BowEffects.swiftmodule/arm64-apple-watchos.abi.json /Users/admin/builder/spi-builder-workspace/.derivedData/Build/Intermediates.noindex/Bow.build/Debug-watchos/BowEffects-t.build/Objects-normal/arm64/BowEffects.abi.json (in target 'BowEffects' from project 'Bow')
cd /Users/admin/builder/spi-builder-workspace/.dependencies/checkouts/bow
builtin-copy -exclude .DS_Store -exclude CVS -exclude .svn -exclude .git -exclude .hg -resolve-src-symlinks -rename /Users/admin/builder/spi-builder-workspace/.derivedData/Build/Intermediates.noindex/Bow.build/Debug-watchos/BowEffects-t.build/Objects-normal/arm64/BowEffects.abi.json /Users/admin/builder/spi-builder-workspace/.derivedData/Build/Products/Debug-watchos/BowEffects.swiftmodule/arm64-apple-watchos.abi.json
Copy /Users/admin/builder/spi-builder-workspace/.derivedData/Build/Products/Debug-watchos/BowEffects.swiftmodule/Project/arm64_32-apple-watchos.swiftsourceinfo /Users/admin/builder/spi-builder-workspace/.derivedData/Build/Intermediates.noindex/Bow.build/Debug-watchos/BowEffects-t.build/Objects-normal/arm64_32/BowEffects.swiftsourceinfo (in target 'BowEffects' from project 'Bow')
cd /Users/admin/builder/spi-builder-workspace/.dependencies/checkouts/bow
builtin-copy -exclude .DS_Store -exclude CVS -exclude .svn -exclude .git -exclude .hg -resolve-src-symlinks -rename /Users/admin/builder/spi-builder-workspace/.derivedData/Build/Intermediates.noindex/Bow.build/Debug-watchos/BowEffects-t.build/Objects-normal/arm64_32/BowEffects.swiftsourceinfo /Users/admin/builder/spi-builder-workspace/.derivedData/Build/Products/Debug-watchos/BowEffects.swiftmodule/Project/arm64_32-apple-watchos.swiftsourceinfo
Copy /Users/admin/builder/spi-builder-workspace/.derivedData/Build/Products/Debug-watchos/BowEffects.swiftmodule/Project/arm64-apple-watchos.swiftsourceinfo /Users/admin/builder/spi-builder-workspace/.derivedData/Build/Intermediates.noindex/Bow.build/Debug-watchos/BowEffects-t.build/Objects-normal/arm64/BowEffects.swiftsourceinfo (in target 'BowEffects' from project 'Bow')
cd /Users/admin/builder/spi-builder-workspace/.dependencies/checkouts/bow
builtin-copy -exclude .DS_Store -exclude CVS -exclude .svn -exclude .git -exclude .hg -resolve-src-symlinks -rename /Users/admin/builder/spi-builder-workspace/.derivedData/Build/Intermediates.noindex/Bow.build/Debug-watchos/BowEffects-t.build/Objects-normal/arm64/BowEffects.swiftsourceinfo /Users/admin/builder/spi-builder-workspace/.derivedData/Build/Products/Debug-watchos/BowEffects.swiftmodule/Project/arm64-apple-watchos.swiftsourceinfo
SwiftCompile normal arm64_32 Compiling\ ArgConvertible.swift,\ Args.swift /Users/admin/builder/spi-builder-workspace/.dependencies/checkouts/Swiftline/Sources/ArgConvertible.swift /Users/admin/builder/spi-builder-workspace/.dependencies/checkouts/Swiftline/Sources/Args.swift (in target 'Swiftline' from project 'Swiftline')
SwiftCompile normal arm64_32 /Users/admin/builder/spi-builder-workspace/.dependencies/checkouts/Swiftline/Sources/ArgConvertible.swift (in target 'Swiftline' from project 'Swiftline')
cd /Users/admin/builder/spi-builder-workspace/.swiftpm/xcode
builtin-SwiftPerFileCompile ArgConvertible.swift
SwiftCompile normal arm64_32 /Users/admin/builder/spi-builder-workspace/.dependencies/checkouts/Swiftline/Sources/Args.swift (in target 'Swiftline' from project 'Swiftline')
cd /Users/admin/builder/spi-builder-workspace/.swiftpm/xcode
builtin-SwiftPerFileCompile Args.swift
SwiftCompile normal arm64_32 Compiling\ TaskPipe.swift /Users/admin/builder/spi-builder-workspace/.dependencies/checkouts/Swiftline/Sources/TaskPipe.swift (in target 'Swiftline' from project 'Swiftline')
SwiftCompile normal arm64_32 /Users/admin/builder/spi-builder-workspace/.dependencies/checkouts/Swiftline/Sources/TaskPipe.swift (in target 'Swiftline' from project 'Swiftline')
cd /Users/admin/builder/spi-builder-workspace/.swiftpm/xcode
builtin-SwiftPerFileCompile TaskPipe.swift
SwiftCompile normal arm64_32 Compiling\ RunnerSettings.swift /Users/admin/builder/spi-builder-workspace/.dependencies/checkouts/Swiftline/Sources/RunnerSettings.swift (in target 'Swiftline' from project 'Swiftline')
SwiftCompile normal arm64_32 /Users/admin/builder/spi-builder-workspace/.dependencies/checkouts/Swiftline/Sources/RunnerSettings.swift (in target 'Swiftline' from project 'Swiftline')
cd /Users/admin/builder/spi-builder-workspace/.swiftpm/xcode
builtin-SwiftPerFileCompile RunnerSettings.swift
SwiftDriverJobDiscovery normal arm64_32 Compiling ProcessInfo.swift (in target 'Swiftline' from project 'Swiftline')
SwiftCompile normal arm64 Compiling\ Ask.swift,\ AskSettings.swift,\ AskerValidator.swift /Users/admin/builder/spi-builder-workspace/.dependencies/checkouts/Swiftline/Sources/Ask.swift /Users/admin/builder/spi-builder-workspace/.dependencies/checkouts/Swiftline/Sources/AskSettings.swift /Users/admin/builder/spi-builder-workspace/.dependencies/checkouts/Swiftline/Sources/AskerValidator.swift (in target 'Swiftline' from project 'Swiftline')
SwiftCompile normal arm64 /Users/admin/builder/spi-builder-workspace/.dependencies/checkouts/Swiftline/Sources/Ask.swift (in target 'Swiftline' from project 'Swiftline')
cd /Users/admin/builder/spi-builder-workspace/.swiftpm/xcode
builtin-SwiftPerFileCompile Ask.swift
SwiftCompile normal arm64 /Users/admin/builder/spi-builder-workspace/.dependencies/checkouts/Swiftline/Sources/AskSettings.swift (in target 'Swiftline' from project 'Swiftline')
cd /Users/admin/builder/spi-builder-workspace/.swiftpm/xcode
builtin-SwiftPerFileCompile AskSettings.swift
SwiftCompile normal arm64 /Users/admin/builder/spi-builder-workspace/.dependencies/checkouts/Swiftline/Sources/AskerValidator.swift (in target 'Swiftline' from project 'Swiftline')
cd /Users/admin/builder/spi-builder-workspace/.swiftpm/xcode
builtin-SwiftPerFileCompile AskerValidator.swift
SwiftDriverJobDiscovery normal arm64_32 Compiling ArgsParser.swift, Argument.swift (in target 'Swiftline' from project 'Swiftline')
SwiftCompile normal arm64_32 Compiling\ PromptSettings.swift /Users/admin/builder/spi-builder-workspace/.dependencies/checkouts/Swiftline/Sources/PromptSettings.swift (in target 'Swiftline' from project 'Swiftline')
SwiftCompile normal arm64_32 /Users/admin/builder/spi-builder-workspace/.dependencies/checkouts/Swiftline/Sources/PromptSettings.swift (in target 'Swiftline' from project 'Swiftline')
cd /Users/admin/builder/spi-builder-workspace/.swiftpm/xcode
builtin-SwiftPerFileCompile PromptSettings.swift
SwiftDriverJobDiscovery normal arm64_32 Compiling TaskPipe.swift (in target 'Swiftline' from project 'Swiftline')
SwiftCompile normal arm64_32 Compiling\ AskerValidator.swift,\ Choose.swift /Users/admin/builder/spi-builder-workspace/.dependencies/checkouts/Swiftline/Sources/AskerValidator.swift /Users/admin/builder/spi-builder-workspace/.dependencies/checkouts/Swiftline/Sources/Choose.swift (in target 'Swiftline' from project 'Swiftline')
SwiftCompile normal arm64_32 /Users/admin/builder/spi-builder-workspace/.dependencies/checkouts/Swiftline/Sources/AskerValidator.swift (in target 'Swiftline' from project 'Swiftline')
cd /Users/admin/builder/spi-builder-workspace/.swiftpm/xcode
builtin-SwiftPerFileCompile AskerValidator.swift
SwiftCompile normal arm64_32 /Users/admin/builder/spi-builder-workspace/.dependencies/checkouts/Swiftline/Sources/Choose.swift (in target 'Swiftline' from project 'Swiftline')
cd /Users/admin/builder/spi-builder-workspace/.swiftpm/xcode
builtin-SwiftPerFileCompile Choose.swift
SwiftDriverJobDiscovery normal arm64_32 Compiling ArgConvertible.swift, Args.swift (in target 'Swiftline' from project 'Swiftline')
SwiftCompile normal arm64_32 Compiling\ Runner.swift /Users/admin/builder/spi-builder-workspace/.dependencies/checkouts/Swiftline/Sources/Runner.swift (in target 'Swiftline' from project 'Swiftline')
SwiftCompile normal arm64_32 /Users/admin/builder/spi-builder-workspace/.dependencies/checkouts/Swiftline/Sources/Runner.swift (in target 'Swiftline' from project 'Swiftline')
cd /Users/admin/builder/spi-builder-workspace/.swiftpm/xcode
builtin-SwiftPerFileCompile Runner.swift
SwiftDriverJobDiscovery normal arm64_32 Compiling PromptSettings.swift (in target 'Swiftline' from project 'Swiftline')
SwiftCompile normal arm64 Compiling\ PromptSettings.swift,\ RunResults.swift /Users/admin/builder/spi-builder-workspace/.dependencies/checkouts/Swiftline/Sources/PromptSettings.swift /Users/admin/builder/spi-builder-workspace/.dependencies/checkouts/Swiftline/Sources/RunResults.swift (in target 'Swiftline' from project 'Swiftline')
SwiftCompile normal arm64 /Users/admin/builder/spi-builder-workspace/.dependencies/checkouts/Swiftline/Sources/PromptSettings.swift (in target 'Swiftline' from project 'Swiftline')
cd /Users/admin/builder/spi-builder-workspace/.swiftpm/xcode
builtin-SwiftPerFileCompile PromptSettings.swift
SwiftCompile normal arm64 /Users/admin/builder/spi-builder-workspace/.dependencies/checkouts/Swiftline/Sources/RunResults.swift (in target 'Swiftline' from project 'Swiftline')
cd /Users/admin/builder/spi-builder-workspace/.swiftpm/xcode
builtin-SwiftPerFileCompile RunResults.swift
SwiftDriverJobDiscovery normal arm64_32 Compiling RunnerSettings.swift (in target 'Swiftline' from project 'Swiftline')
SwiftCompile normal arm64_32 Compiling\ StringStyle.swift /Users/admin/builder/spi-builder-workspace/.dependencies/checkouts/Swiftline/Sources/StringStyle.swift (in target 'Swiftline' from project 'Swiftline')
SwiftCompile normal arm64_32 /Users/admin/builder/spi-builder-workspace/.dependencies/checkouts/Swiftline/Sources/StringStyle.swift (in target 'Swiftline' from project 'Swiftline')
cd /Users/admin/builder/spi-builder-workspace/.swiftpm/xcode
builtin-SwiftPerFileCompile StringStyle.swift
SwiftDriverJobDiscovery normal arm64 Compiling Ask.swift, AskSettings.swift, AskerValidator.swift (in target 'Swiftline' from project 'Swiftline')
SwiftCompile normal arm64_32 Compiling\ PromptPrinter.swift /Users/admin/builder/spi-builder-workspace/.dependencies/checkouts/Swiftline/Sources/PromptPrinter.swift (in target 'Swiftline' from project 'Swiftline')
SwiftCompile normal arm64_32 /Users/admin/builder/spi-builder-workspace/.dependencies/checkouts/Swiftline/Sources/PromptPrinter.swift (in target 'Swiftline' from project 'Swiftline')
cd /Users/admin/builder/spi-builder-workspace/.swiftpm/xcode
builtin-SwiftPerFileCompile PromptPrinter.swift
SwiftDriverJobDiscovery normal arm64_32 Compiling AskerValidator.swift, Choose.swift (in target 'Swiftline' from project 'Swiftline')
SwiftCompile normal arm64 Compiling\ AgreeSettings.swift /Users/admin/builder/spi-builder-workspace/.dependencies/checkouts/Swiftline/Sources/AgreeSettings.swift (in target 'Swiftline' from project 'Swiftline')
SwiftCompile normal arm64 /Users/admin/builder/spi-builder-workspace/.dependencies/checkouts/Swiftline/Sources/AgreeSettings.swift (in target 'Swiftline' from project 'Swiftline')
cd /Users/admin/builder/spi-builder-workspace/.swiftpm/xcode
builtin-SwiftPerFileCompile AgreeSettings.swift
SwiftDriverJobDiscovery normal arm64 Compiling Env.swift, ProcessInfo.swift (in target 'Swiftline' from project 'Swiftline')
SwiftCompile normal arm64 Compiling\ StringForegroundColorizer.swift,\ StringStyle.swift /Users/admin/builder/spi-builder-workspace/.dependencies/checkouts/Swiftline/Sources/StringForegroundColorizer.swift /Users/admin/builder/spi-builder-workspace/.dependencies/checkouts/Swiftline/Sources/StringStyle.swift (in target 'Swiftline' from project 'Swiftline')
SwiftCompile normal arm64 /Users/admin/builder/spi-builder-workspace/.dependencies/checkouts/Swiftline/Sources/StringForegroundColorizer.swift (in target 'Swiftline' from project 'Swiftline')
cd /Users/admin/builder/spi-builder-workspace/.swiftpm/xcode
builtin-SwiftPerFileCompile StringForegroundColorizer.swift
SwiftCompile normal arm64 /Users/admin/builder/spi-builder-workspace/.dependencies/checkouts/Swiftline/Sources/StringStyle.swift (in target 'Swiftline' from project 'Swiftline')
cd /Users/admin/builder/spi-builder-workspace/.swiftpm/xcode
builtin-SwiftPerFileCompile StringStyle.swift
SwiftDriverJobDiscovery normal arm64 Compiling Runner.swift, RunnerSettings.swift (in target 'Swiftline' from project 'Swiftline')
SwiftCompile normal arm64 Compiling\ ShortHandRunner.swift /Users/admin/builder/spi-builder-workspace/.dependencies/checkouts/Swiftline/Sources/ShortHandRunner.swift (in target 'Swiftline' from project 'Swiftline')
SwiftCompile normal arm64 /Users/admin/builder/spi-builder-workspace/.dependencies/checkouts/Swiftline/Sources/ShortHandRunner.swift (in target 'Swiftline' from project 'Swiftline')
cd /Users/admin/builder/spi-builder-workspace/.swiftpm/xcode
builtin-SwiftPerFileCompile ShortHandRunner.swift
SwiftDriverJobDiscovery normal arm64_32 Compiling Runner.swift (in target 'Swiftline' from project 'Swiftline')
SwiftCompile normal arm64_32 Compiling\ CommandExecutor.swift,\ Env.swift /Users/admin/builder/spi-builder-workspace/.dependencies/checkouts/Swiftline/Sources/CommandExecutor.swift /Users/admin/builder/spi-builder-workspace/.dependencies/checkouts/Swiftline/Sources/Env.swift (in target 'Swiftline' from project 'Swiftline')
/Users/admin/builder/spi-builder-workspace/.dependencies/checkouts/Swiftline/Sources/CommandExecutor.swift:62:20: error: cannot find 'Process' in scope
60 | group.enter()
61 |
62 | let task = Process()
| `- error: cannot find 'Process' in scope
63 | task.executableURL = URL(fileURLWithPath: "/usr/bin/env")
64 | task.arguments = commandParts
/Users/admin/builder/spi-builder-workspace/.dependencies/checkouts/Swiftline/Sources/CommandExecutor.swift:71:37: error: cannot infer type of closure parameter '_' without a type annotation
69 | task.standardOutput = stdoutPipe
70 | task.standardError = stderrPipe
71 | task.terminationHandler = { _ in group.leave() }
| `- error: cannot infer type of closure parameter '_' without a type annotation
72 | do {
73 | try task.run()
/Users/admin/builder/spi-builder-workspace/.dependencies/checkouts/Swiftline/Sources/CommandExecutor.swift:106:9: error: 'posix_spawn_file_actions_init' is unavailable in watchOS
104 |
105 | var childFDActions = STDLIB._make_posix_spawn_file_actions_t()
106 | posix_spawn_file_actions_init(&childFDActions)
| `- error: 'posix_spawn_file_actions_init' is unavailable in watchOS
107 | posix_spawn_file_actions_adddup2(&childFDActions, outputPipe[1], 1)
108 | posix_spawn_file_actions_adddup2(&childFDActions, outputPipe[1], 2)
/Applications/Xcode-27.0.0-Release.Candidate.app/Contents/Developer/Platforms/WatchOS.platform/Developer/SDKs/WatchOS27.0.sdk/usr/include/spawn.h:89:9: note: 'posix_spawn_file_actions_init' has been explicitly marked unavailable here
87 | int posix_spawn_file_actions_destroy(posix_spawn_file_actions_t *) __API_AVAILABLE(macos(10.5), ios(2.0)) __API_UNAVAILABLE(watchos, tvos);
88 |
89 | int posix_spawn_file_actions_init(posix_spawn_file_actions_t *) __API_AVAILABLE(macos(10.5), ios(2.0)) __API_UNAVAILABLE(watchos, tvos);
| `- note: 'posix_spawn_file_actions_init' has been explicitly marked unavailable here
90 |
91 | int posix_spawnattr_destroy(posix_spawnattr_t *) __API_AVAILABLE(macos(10.5), ios(2.0)) __API_UNAVAILABLE(watchos, tvos);
/Users/admin/builder/spi-builder-workspace/.dependencies/checkouts/Swiftline/Sources/CommandExecutor.swift:107:9: error: 'posix_spawn_file_actions_adddup2' is unavailable in watchOS
105 | var childFDActions = STDLIB._make_posix_spawn_file_actions_t()
106 | posix_spawn_file_actions_init(&childFDActions)
107 | posix_spawn_file_actions_adddup2(&childFDActions, outputPipe[1], 1)
| `- error: 'posix_spawn_file_actions_adddup2' is unavailable in watchOS
108 | posix_spawn_file_actions_adddup2(&childFDActions, outputPipe[1], 2)
109 | posix_spawn_file_actions_addclose(&childFDActions, outputPipe[0])
/Applications/Xcode-27.0.0-Release.Candidate.app/Contents/Developer/Platforms/WatchOS.platform/Developer/SDKs/WatchOS27.0.sdk/usr/include/spawn.h:80:9: note: 'posix_spawn_file_actions_adddup2' has been explicitly marked unavailable here
78 | int posix_spawn_file_actions_addclose(posix_spawn_file_actions_t *, int) __API_AVAILABLE(macos(10.5), ios(2.0)) __API_UNAVAILABLE(watchos, tvos);
79 |
80 | int posix_spawn_file_actions_adddup2(posix_spawn_file_actions_t *, int,
| `- note: 'posix_spawn_file_actions_adddup2' has been explicitly marked unavailable here
81 | int) __API_AVAILABLE(macos(10.5), ios(2.0)) __API_UNAVAILABLE(watchos, tvos);
82 |
/Users/admin/builder/spi-builder-workspace/.dependencies/checkouts/Swiftline/Sources/CommandExecutor.swift:108:9: error: 'posix_spawn_file_actions_adddup2' is unavailable in watchOS
106 | posix_spawn_file_actions_init(&childFDActions)
107 | posix_spawn_file_actions_adddup2(&childFDActions, outputPipe[1], 1)
108 | posix_spawn_file_actions_adddup2(&childFDActions, outputPipe[1], 2)
| `- error: 'posix_spawn_file_actions_adddup2' is unavailable in watchOS
109 | posix_spawn_file_actions_addclose(&childFDActions, outputPipe[0])
110 | posix_spawn_file_actions_addclose(&childFDActions, outputPipe[1])
/Applications/Xcode-27.0.0-Release.Candidate.app/Contents/Developer/Platforms/WatchOS.platform/Developer/SDKs/WatchOS27.0.sdk/usr/include/spawn.h:80:9: note: 'posix_spawn_file_actions_adddup2' has been explicitly marked unavailable here
78 | int posix_spawn_file_actions_addclose(posix_spawn_file_actions_t *, int) __API_AVAILABLE(macos(10.5), ios(2.0)) __API_UNAVAILABLE(watchos, tvos);
79 |
80 | int posix_spawn_file_actions_adddup2(posix_spawn_file_actions_t *, int,
| `- note: 'posix_spawn_file_actions_adddup2' has been explicitly marked unavailable here
81 | int) __API_AVAILABLE(macos(10.5), ios(2.0)) __API_UNAVAILABLE(watchos, tvos);
82 |
/Users/admin/builder/spi-builder-workspace/.dependencies/checkouts/Swiftline/Sources/CommandExecutor.swift:109:9: error: 'posix_spawn_file_actions_addclose' is unavailable in watchOS
107 | posix_spawn_file_actions_adddup2(&childFDActions, outputPipe[1], 1)
108 | posix_spawn_file_actions_adddup2(&childFDActions, outputPipe[1], 2)
109 | posix_spawn_file_actions_addclose(&childFDActions, outputPipe[0])
| `- error: 'posix_spawn_file_actions_addclose' is unavailable in watchOS
110 | posix_spawn_file_actions_addclose(&childFDActions, outputPipe[1])
111 |
/Applications/Xcode-27.0.0-Release.Candidate.app/Contents/Developer/Platforms/WatchOS.platform/Developer/SDKs/WatchOS27.0.sdk/usr/include/spawn.h:78:9: note: 'posix_spawn_file_actions_addclose' has been explicitly marked unavailable here
76 | int) __API_AVAILABLE(macos(26.0)) __API_UNAVAILABLE(ios, tvos, watchos, visionos);
77 |
78 | int posix_spawn_file_actions_addclose(posix_spawn_file_actions_t *, int) __API_AVAILABLE(macos(10.5), ios(2.0)) __API_UNAVAILABLE(watchos, tvos);
| `- note: 'posix_spawn_file_actions_addclose' has been explicitly marked unavailable here
79 |
80 | int posix_spawn_file_actions_adddup2(posix_spawn_file_actions_t *, int,
/Users/admin/builder/spi-builder-workspace/.dependencies/checkouts/Swiftline/Sources/CommandExecutor.swift:110:9: error: 'posix_spawn_file_actions_addclose' is unavailable in watchOS
108 | posix_spawn_file_actions_adddup2(&childFDActions, outputPipe[1], 2)
109 | posix_spawn_file_actions_addclose(&childFDActions, outputPipe[0])
110 | posix_spawn_file_actions_addclose(&childFDActions, outputPipe[1])
| `- error: 'posix_spawn_file_actions_addclose' is unavailable in watchOS
111 |
112 | var pid: pid_t = 0
/Applications/Xcode-27.0.0-Release.Candidate.app/Contents/Developer/Platforms/WatchOS.platform/Developer/SDKs/WatchOS27.0.sdk/usr/include/spawn.h:78:9: note: 'posix_spawn_file_actions_addclose' has been explicitly marked unavailable here
76 | int) __API_AVAILABLE(macos(26.0)) __API_UNAVAILABLE(ios, tvos, watchos, visionos);
77 |
78 | int posix_spawn_file_actions_addclose(posix_spawn_file_actions_t *, int) __API_AVAILABLE(macos(10.5), ios(2.0)) __API_UNAVAILABLE(watchos, tvos);
| `- note: 'posix_spawn_file_actions_addclose' has been explicitly marked unavailable here
79 |
80 | int posix_spawn_file_actions_adddup2(posix_spawn_file_actions_t *, int,
/Users/admin/builder/spi-builder-workspace/.dependencies/checkouts/Swiftline/Sources/CommandExecutor.swift:114:22: error: 'posix_spawn' is unavailable in watchOS
112 | var pid: pid_t = 0
113 | let argvPointer: UnsafePointer<CChar>! = UnsafePointer(argv[0])
114 | let result = posix_spawn(&pid, argvPointer, &childFDActions, nil, argv + [nil], ActualTaskExecutor.environment)
| `- error: 'posix_spawn' is unavailable in watchOS
115 |
116 | return (Int(result), "", "")
/Applications/Xcode-27.0.0-Release.Candidate.app/Contents/Developer/Platforms/WatchOS.platform/Developer/SDKs/WatchOS27.0.sdk/usr/include/spawn.h:60:9: note: 'posix_spawn' has been explicitly marked unavailable here
58 | */
59 |
60 | int posix_spawn(pid_t * __restrict, const char * __restrict,
| `- note: 'posix_spawn' has been explicitly marked unavailable here
61 | const posix_spawn_file_actions_t *,
62 | const posix_spawnattr_t * __restrict,
/Users/admin/builder/spi-builder-workspace/.dependencies/checkouts/Swiftline/Sources/CommandExecutor.swift:137:13: error: 'posix_spawn_file_actions_addclose' is unavailable in watchOS
135 | defer {
136 | for case let arg? in argv { free(arg) }
137 | posix_spawn_file_actions_addclose(&childFDActions, outputPipe)
| `- error: 'posix_spawn_file_actions_addclose' is unavailable in watchOS
138 | posix_spawn_file_actions_addclose(&childFDActions, outerrPipe)
139 | posix_spawn_file_actions_destroy(&childFDActions)
/Applications/Xcode-27.0.0-Release.Candidate.app/Contents/Developer/Platforms/WatchOS.platform/Developer/SDKs/WatchOS27.0.sdk/usr/include/spawn.h:78:9: note: 'posix_spawn_file_actions_addclose' has been explicitly marked unavailable here
76 | int) __API_AVAILABLE(macos(26.0)) __API_UNAVAILABLE(ios, tvos, watchos, visionos);
77 |
78 | int posix_spawn_file_actions_addclose(posix_spawn_file_actions_t *, int) __API_AVAILABLE(macos(10.5), ios(2.0)) __API_UNAVAILABLE(watchos, tvos);
| `- note: 'posix_spawn_file_actions_addclose' has been explicitly marked unavailable here
79 |
80 | int posix_spawn_file_actions_adddup2(posix_spawn_file_actions_t *, int,
/Users/admin/builder/spi-builder-workspace/.dependencies/checkouts/Swiftline/Sources/CommandExecutor.swift:138:13: error: 'posix_spawn_file_actions_addclose' is unavailable in watchOS
136 | for case let arg? in argv { free(arg) }
137 | posix_spawn_file_actions_addclose(&childFDActions, outputPipe)
138 | posix_spawn_file_actions_addclose(&childFDActions, outerrPipe)
| `- error: 'posix_spawn_file_actions_addclose' is unavailable in watchOS
139 | posix_spawn_file_actions_destroy(&childFDActions)
140 | }
/Applications/Xcode-27.0.0-Release.Candidate.app/Contents/Developer/Platforms/WatchOS.platform/Developer/SDKs/WatchOS27.0.sdk/usr/include/spawn.h:78:9: note: 'posix_spawn_file_actions_addclose' has been explicitly marked unavailable here
76 | int) __API_AVAILABLE(macos(26.0)) __API_UNAVAILABLE(ios, tvos, watchos, visionos);
77 |
78 | int posix_spawn_file_actions_addclose(posix_spawn_file_actions_t *, int) __API_AVAILABLE(macos(10.5), ios(2.0)) __API_UNAVAILABLE(watchos, tvos);
| `- note: 'posix_spawn_file_actions_addclose' has been explicitly marked unavailable here
79 |
80 | int posix_spawn_file_actions_adddup2(posix_spawn_file_actions_t *, int,
/Users/admin/builder/spi-builder-workspace/.dependencies/checkouts/Swiftline/Sources/CommandExecutor.swift:139:13: error: 'posix_spawn_file_actions_destroy' is unavailable in watchOS
137 | posix_spawn_file_actions_addclose(&childFDActions, outputPipe)
138 | posix_spawn_file_actions_addclose(&childFDActions, outerrPipe)
139 | posix_spawn_file_actions_destroy(&childFDActions)
| `- error: 'posix_spawn_file_actions_destroy' is unavailable in watchOS
140 | }
141 |
/Applications/Xcode-27.0.0-Release.Candidate.app/Contents/Developer/Platforms/WatchOS.platform/Developer/SDKs/WatchOS27.0.sdk/usr/include/spawn.h:87:9: note: 'posix_spawn_file_actions_destroy' has been explicitly marked unavailable here
85 | const char * __restrict, int, mode_t) __API_AVAILABLE(macos(10.5), ios(2.0)) __API_UNAVAILABLE(watchos, tvos);
86 |
87 | int posix_spawn_file_actions_destroy(posix_spawn_file_actions_t *) __API_AVAILABLE(macos(10.5), ios(2.0)) __API_UNAVAILABLE(watchos, tvos);
| `- note: 'posix_spawn_file_actions_destroy' has been explicitly marked unavailable here
88 |
89 | int posix_spawn_file_actions_init(posix_spawn_file_actions_t *) __API_AVAILABLE(macos(10.5), ios(2.0)) __API_UNAVAILABLE(watchos, tvos);
/Users/admin/builder/spi-builder-workspace/.dependencies/checkouts/Swiftline/Sources/CommandExecutor.swift:142:9: error: 'posix_spawn_file_actions_init' is unavailable in watchOS
140 | }
141 |
142 | posix_spawn_file_actions_init(&childFDActions)
| `- error: 'posix_spawn_file_actions_init' is unavailable in watchOS
143 | posix_spawn_file_actions_addopen(&childFDActions, outputPipe, stdoutLogPath, O_CREAT | O_TRUNC | O_WRONLY, ~0)
144 | posix_spawn_file_actions_addopen(&childFDActions, outerrPipe, stderrLogPath, O_CREAT | O_TRUNC | O_WRONLY, ~0)
/Applications/Xcode-27.0.0-Release.Candidate.app/Contents/Developer/Platforms/WatchOS.platform/Developer/SDKs/WatchOS27.0.sdk/usr/include/spawn.h:89:9: note: 'posix_spawn_file_actions_init' has been explicitly marked unavailable here
87 | int posix_spawn_file_actions_destroy(posix_spawn_file_actions_t *) __API_AVAILABLE(macos(10.5), ios(2.0)) __API_UNAVAILABLE(watchos, tvos);
88 |
89 | int posix_spawn_file_actions_init(posix_spawn_file_actions_t *) __API_AVAILABLE(macos(10.5), ios(2.0)) __API_UNAVAILABLE(watchos, tvos);
| `- note: 'posix_spawn_file_actions_init' has been explicitly marked unavailable here
90 |
91 | int posix_spawnattr_destroy(posix_spawnattr_t *) __API_AVAILABLE(macos(10.5), ios(2.0)) __API_UNAVAILABLE(watchos, tvos);
/Users/admin/builder/spi-builder-workspace/.dependencies/checkouts/Swiftline/Sources/CommandExecutor.swift:143:9: error: 'posix_spawn_file_actions_addopen' is unavailable in watchOS
141 |
142 | posix_spawn_file_actions_init(&childFDActions)
143 | posix_spawn_file_actions_addopen(&childFDActions, outputPipe, stdoutLogPath, O_CREAT | O_TRUNC | O_WRONLY, ~0)
| `- error: 'posix_spawn_file_actions_addopen' is unavailable in watchOS
144 | posix_spawn_file_actions_addopen(&childFDActions, outerrPipe, stderrLogPath, O_CREAT | O_TRUNC | O_WRONLY, ~0)
145 | posix_spawn_file_actions_adddup2(&childFDActions, outputPipe, 1)
/Applications/Xcode-27.0.0-Release.Candidate.app/Contents/Developer/Platforms/WatchOS.platform/Developer/SDKs/WatchOS27.0.sdk/usr/include/spawn.h:83:9: note: 'posix_spawn_file_actions_addopen' has been explicitly marked unavailable here
81 | int) __API_AVAILABLE(macos(10.5), ios(2.0)) __API_UNAVAILABLE(watchos, tvos);
82 |
83 | int posix_spawn_file_actions_addopen(
| `- note: 'posix_spawn_file_actions_addopen' has been explicitly marked unavailable here
84 | posix_spawn_file_actions_t * __restrict, int,
85 | const char * __restrict, int, mode_t) __API_AVAILABLE(macos(10.5), ios(2.0)) __API_UNAVAILABLE(watchos, tvos);
/Users/admin/builder/spi-builder-workspace/.dependencies/checkouts/Swiftline/Sources/CommandExecutor.swift:144:9: error: 'posix_spawn_file_actions_addopen' is unavailable in watchOS
142 | posix_spawn_file_actions_init(&childFDActions)
143 | posix_spawn_file_actions_addopen(&childFDActions, outputPipe, stdoutLogPath, O_CREAT | O_TRUNC | O_WRONLY, ~0)
144 | posix_spawn_file_actions_addopen(&childFDActions, outerrPipe, stderrLogPath, O_CREAT | O_TRUNC | O_WRONLY, ~0)
| `- error: 'posix_spawn_file_actions_addopen' is unavailable in watchOS
145 | posix_spawn_file_actions_adddup2(&childFDActions, outputPipe, 1)
146 | posix_spawn_file_actions_adddup2(&childFDActions, outerrPipe, 2)
/Applications/Xcode-27.0.0-Release.Candidate.app/Contents/Developer/Platforms/WatchOS.platform/Developer/SDKs/WatchOS27.0.sdk/usr/include/spawn.h:83:9: note: 'posix_spawn_file_actions_addopen' has been explicitly marked unavailable here
81 | int) __API_AVAILABLE(macos(10.5), ios(2.0)) __API_UNAVAILABLE(watchos, tvos);
82 |
83 | int posix_spawn_file_actions_addopen(
| `- note: 'posix_spawn_file_actions_addopen' has been explicitly marked unavailable here
84 | posix_spawn_file_actions_t * __restrict, int,
85 | const char * __restrict, int, mode_t) __API_AVAILABLE(macos(10.5), ios(2.0)) __API_UNAVAILABLE(watchos, tvos);
/Users/admin/builder/spi-builder-workspace/.dependencies/checkouts/Swiftline/Sources/CommandExecutor.swift:145:9: error: 'posix_spawn_file_actions_adddup2' is unavailable in watchOS
143 | posix_spawn_file_actions_addopen(&childFDActions, outputPipe, stdoutLogPath, O_CREAT | O_TRUNC | O_WRONLY, ~0)
144 | posix_spawn_file_actions_addopen(&childFDActions, outerrPipe, stderrLogPath, O_CREAT | O_TRUNC | O_WRONLY, ~0)
145 | posix_spawn_file_actions_adddup2(&childFDActions, outputPipe, 1)
| `- error: 'posix_spawn_file_actions_adddup2' is unavailable in watchOS
146 | posix_spawn_file_actions_adddup2(&childFDActions, outerrPipe, 2)
147 |
/Applications/Xcode-27.0.0-Release.Candidate.app/Contents/Developer/Platforms/WatchOS.platform/Developer/SDKs/WatchOS27.0.sdk/usr/include/spawn.h:80:9: note: 'posix_spawn_file_actions_adddup2' has been explicitly marked unavailable here
78 | int posix_spawn_file_actions_addclose(posix_spawn_file_actions_t *, int) __API_AVAILABLE(macos(10.5), ios(2.0)) __API_UNAVAILABLE(watchos, tvos);
79 |
80 | int posix_spawn_file_actions_adddup2(posix_spawn_file_actions_t *, int,
| `- note: 'posix_spawn_file_actions_adddup2' has been explicitly marked unavailable here
81 | int) __API_AVAILABLE(macos(10.5), ios(2.0)) __API_UNAVAILABLE(watchos, tvos);
82 |
/Users/admin/builder/spi-builder-workspace/.dependencies/checkouts/Swiftline/Sources/CommandExecutor.swift:146:9: error: 'posix_spawn_file_actions_adddup2' is unavailable in watchOS
144 | posix_spawn_file_actions_addopen(&childFDActions, outerrPipe, stderrLogPath, O_CREAT | O_TRUNC | O_WRONLY, ~0)
145 | posix_spawn_file_actions_adddup2(&childFDActions, outputPipe, 1)
146 | posix_spawn_file_actions_adddup2(&childFDActions, outerrPipe, 2)
| `- error: 'posix_spawn_file_actions_adddup2' is unavailable in watchOS
147 |
148 | let argvPointer: UnsafePointer<CChar>! = UnsafePointer(argv[0])
/Applications/Xcode-27.0.0-Release.Candidate.app/Contents/Developer/Platforms/WatchOS.platform/Developer/SDKs/WatchOS27.0.sdk/usr/include/spawn.h:80:9: note: 'posix_spawn_file_actions_adddup2' has been explicitly marked unavailable here
78 | int posix_spawn_file_actions_addclose(posix_spawn_file_actions_t *, int) __API_AVAILABLE(macos(10.5), ios(2.0)) __API_UNAVAILABLE(watchos, tvos);
79 |
80 | int posix_spawn_file_actions_adddup2(posix_spawn_file_actions_t *, int,
| `- note: 'posix_spawn_file_actions_adddup2' has been explicitly marked unavailable here
81 | int) __API_AVAILABLE(macos(10.5), ios(2.0)) __API_UNAVAILABLE(watchos, tvos);
82 |
/Users/admin/builder/spi-builder-workspace/.dependencies/checkouts/Swiftline/Sources/CommandExecutor.swift:149:22: error: 'posix_spawn' is unavailable in watchOS
147 |
148 | let argvPointer: UnsafePointer<CChar>! = UnsafePointer(argv[0])
149 | var result = posix_spawn(&pid, argvPointer, &childFDActions, nil, argv + [nil], ActualTaskExecutor.environment)
| `- error: 'posix_spawn' is unavailable in watchOS
150 | guard result == 0 else { return (Int(result), "", "") }
151 | waitpid(pid, &result, 0)
/Applications/Xcode-27.0.0-Release.Candidate.app/Contents/Developer/Platforms/WatchOS.platform/Developer/SDKs/WatchOS27.0.sdk/usr/include/spawn.h:60:9: note: 'posix_spawn' has been explicitly marked unavailable here
58 | */
59 |
60 | int posix_spawn(pid_t * __restrict, const char * __restrict,
| `- note: 'posix_spawn' has been explicitly marked unavailable here
61 | const posix_spawn_file_actions_t *,
62 | const posix_spawnattr_t * __restrict,
Failed frontend command:
SwiftCompile normal arm64_32 /Users/admin/builder/spi-builder-workspace/.dependencies/checkouts/Swiftline/Sources/CommandExecutor.swift (in target 'Swiftline' from project 'Swiftline')
cd /Users/admin/builder/spi-builder-workspace/.swiftpm/xcode
builtin-SwiftPerFileCompile CommandExecutor.swift
SwiftCompile normal arm64_32 /Users/admin/builder/spi-builder-workspace/.dependencies/checkouts/Swiftline/Sources/Env.swift (in target 'Swiftline' from project 'Swiftline')
cd /Users/admin/builder/spi-builder-workspace/.swiftpm/xcode
builtin-SwiftPerFileCompile Env.swift
/Applications/Xcode-27.0.0-Release.Candidate.app/Contents/Developer/Toolchains/XcodeDefault.xctoolchain/usr/bin/swift-frontend -frontend -c /Users/admin/builder/spi-builder-workspace/.dependencies/checkouts/Swiftline/Sources/Agree.swift /Users/admin/builder/spi-builder-workspace/.dependencies/checkouts/Swiftline/Sources/AgreeSettings.swift /Users/admin/builder/spi-builder-workspace/.dependencies/checkouts/Swiftline/Sources/ArgConvertible.swift /Users/admin/builder/spi-builder-workspace/.dependencies/checkouts/Swiftline/Sources/Args.swift /Users/admin/builder/spi-builder-workspace/.dependencies/checkouts/Swiftline/Sources/ArgsParser.swift /Users/admin/builder/spi-builder-workspace/.dependencies/checkouts/Swiftline/Sources/Argument.swift /Users/admin/builder/spi-builder-workspace/.dependencies/checkouts/Swiftline/Sources/Ask.swift /Users/admin/builder/spi-builder-workspace/.dependencies/checkouts/Swiftline/Sources/AskSettings.swift /Users/admin/builder/spi-builder-workspace/.dependencies/checkouts/Swiftline/Sources/AskerValidator.swift /Users/admin/builder/spi-builder-workspace/.dependencies/checkouts/Swiftline/Sources/Choose.swift /Users/admin/builder/spi-builder-workspace/.dependencies/checkouts/Swiftline/Sources/ChooseSettings.swift /Users/admin/builder/spi-builder-workspace/.dependencies/checkouts/Swiftline/Sources/Colorizer.swift -primary-file /Users/admin/builder/spi-builder-workspace/.dependencies/checkouts/Swiftline/Sources/CommandExecutor.swift -primary-file /Users/admin/builder/spi-builder-workspace/.dependencies/checkouts/Swiftline/Sources/Env.swift /Users/admin/builder/spi-builder-workspace/.dependencies/checkouts/Swiftline/Sources/ProcessInfo.swift /Users/admin/builder/spi-builder-workspace/.dependencies/checkouts/Swiftline/Sources/PromptPrinter.swift /Users/admin/builder/spi-builder-workspace/.dependencies/checkouts/Swiftline/Sources/PromptReader.swift /Users/admin/builder/spi-builder-workspace/.dependencies/checkouts/Swiftline/Sources/PromptSettings.swift /Users/admin/builder/spi-builder-workspace/.dependencies/checkouts/Swiftline/Sources/RunResults.swift /Users/admin/builder/spi-builder-workspace/.dependencies/checkouts/Swiftline/Sources/Runner.swift /Users/admin/builder/spi-builder-workspace/.dependencies/checkouts/Swiftline/Sources/RunnerSettings.swift /Users/admin/builder/spi-builder-workspace/.dependencies/checkouts/Swiftline/Sources/ShortHandRunner.swift /Users/admin/builder/spi-builder-workspace/.dependencies/checkouts/Swiftline/Sources/StringBackgroundColorizer.swift /Users/admin/builder/spi-builder-workspace/.dependencies/checkouts/Swiftline/Sources/StringForegroundColorizer.swift /Users/admin/builder/spi-builder-workspace/.dependencies/checkouts/Swiftline/Sources/StringStyle.swift /Users/admin/builder/spi-builder-workspace/.dependencies/checkouts/Swiftline/Sources/StringStyleColorizer.swift /Users/admin/builder/spi-builder-workspace/.dependencies/checkouts/Swiftline/Sources/TaskPipe.swift -emit-dependencies-path /Users/admin/builder/spi-builder-workspace/.derivedData/Build/Intermediates.noindex/Swiftline.build/Debug-watchos/Swiftline-t.build/Objects-normal/arm64_32/CommandExecutor.d -emit-const-values-path /Users/admin/builder/spi-builder-workspace/.derivedData/Build/Intermediates.noindex/Swiftline.build/Debug-watchos/Swiftline-t.build/Objects-normal/arm64_32/CommandExecutor.swiftconstvalues -emit-reference-dependencies-path /Users/admin/builder/spi-builder-workspace/.derivedData/Build/Intermediates.noindex/Swiftline.build/Debug-watchos/Swiftline-t.build/Objects-normal/arm64_32/CommandExecutor.swiftdeps -serialize-diagnostics-path /Users/admin/builder/spi-builder-workspace/.derivedData/Build/Intermediates.noindex/Swiftline.build/Debug-watchos/Swiftline-t.build/Objects-normal/arm64_32/CommandExecutor.dia -emit-dependencies-path /Users/admin/builder/spi-builder-workspace/.derivedData/Build/Intermediates.noindex/Swiftline.build/Debug-watchos/Swiftline-t.build/Objects-normal/arm64_32/Env.d -emit-const-values-path /Users/admin/builder/spi-builder-workspace/.derivedData/Build/Intermediates.noindex/Swiftline.build/Debug-watchos/Swiftline-t.build/Objects-normal/arm64_32/Env.swiftconstvalues -emit-reference-dependencies-path /Users/admin/builder/spi-builder-workspace/.derivedData/Build/Intermediates.noindex/Swiftline.build/Debug-watchos/Swiftline-t.build/Objects-normal/arm64_32/Env.swiftdeps -serialize-diagnostics-path /Users/admin/builder/spi-builder-workspace/.derivedData/Build/Intermediates.noindex/Swiftline.build/Debug-watchos/Swiftline-t.build/Objects-normal/arm64_32/Env.dia -target arm64_32-apple-watchos9.0 -disable-cross-import-overlay-search -load-resolved-plugin /Applications/Xcode-27.0.0-Release.Candidate.app/Contents/Developer/Platforms/WatchOS.platform/Developer/usr/lib/swift/host/plugins/libFoundationMacros.dylib\#/Applications/Xcode-27.0.0-Release.Candidate.app/Contents/Developer/Platforms/WatchOS.platform/Developer/usr/bin/swift-plugin-server\#FoundationMacros -load-resolved-plugin /Applications/Xcode-27.0.0-Release.Candidate.app/Contents/Developer/Platforms/WatchOS.platform/Developer/usr/lib/swift/host/plugins/libObservationMacros.dylib\#/Applications/Xcode-27.0.0-Release.Candidate.app/Contents/Developer/Platforms/WatchOS.platform/Developer/usr/bin/swift-plugin-server\#ObservationMacros -load-resolved-plugin /Applications/Xcode-27.0.0-Release.Candidate.app/Contents/Developer/Platforms/WatchOS.platform/Developer/usr/lib/swift/host/plugins/libSwiftMacros.dylib\#/Applications/Xcode-27.0.0-Release.Candidate.app/Contents/Developer/Platforms/WatchOS.platform/Developer/usr/bin/swift-plugin-server\#SwiftMacros -disable-implicit-swift-modules -Xcc -fno-implicit-modules -Xcc -fno-implicit-module-maps -explicit-swift-module-map-file /Users/admin/builder/spi-builder-workspace/.derivedData/Build/Intermediates.noindex/Swiftline.build/Debug-watchos/Swiftline-t.build/Objects-normal/arm64_32/Swiftline-dependencies-2.json -enable-objc-interop -sdk /Applications/Xcode-27.0.0-Release.Candidate.app/Contents/Developer/Platforms/WatchOS.platform/Developer/SDKs/WatchOS27.0.sdk -I /Users/admin/builder/spi-builder-workspace/.derivedData/Build/Products/Debug-watchos -Isystem /Applications/Xcode-27.0.0-Release.Candidate.app/Contents/Developer/Platforms/WatchOS.platform/Developer/usr/lib -F /Users/admin/builder/spi-builder-workspace/.derivedData/Build/Products/Debug-watchos -F /Applications/Xcode-27.0.0-Release.Candidate.app/Contents/Developer/Platforms/WatchOS.platform/Developer/Library/Frameworks -F /Applications/Xcode-27.0.0-Release.Candidate.app/Contents/Developer/Platforms/WatchOS.platform/Developer/SDKs/WatchOS27.0.sdk/Developer/Library/Frameworks -module-cache-path /Users/admin/builder/spi-builder-workspace/.derivedData/Build/Intermediates.noindex/SwiftExplicitPrecompiledModules -no-color-diagnostics -Xcc -fno-color-diagnostics -enable-testing -g -debug-info-format\=dwarf -dwarf-version\=4 -suppress-warnings -profile-generate -profile-coverage-mapping -swift-version 5 -Onone -D SWIFT_PACKAGE -D DEBUG -D SWIFT_MODULE_RESOURCE_BUNDLE_UNAVAILABLE -D Xcode -serialize-debugging-options -enable-experimental-feature DebugDescriptionMacro -empty-abi-descriptor -validate-clang-modules-once -clang-build-session-file /Users/admin/builder/spi-builder-workspace/.derivedData/ModuleCache.noindex/Session.modulevalidation -Xcc -working-directory -Xcc /Users/admin/builder/spi-builder-workspace/.swiftpm/xcode -enable-anonymous-context-mangled-names -file-compilation-dir /Users/admin/builder/spi-builder-workspace/.swiftpm/xcode -Xcc -D_LIBCPP_HARDENING_MODE\=_LIBCPP_HARDENING_MODE_DEBUG -Xcc -ivfsstatcache -Xcc /Users/admin/builder/spi-builder-workspace/.derivedData/SDKStatCaches.noindex/watchos27.0-24R360-e829b21a6f8c9b70876ba0858053c04477534ef55a1706bf4c1112bbb242f0a2.sdkstatcache -Xcc -fmodules-prune-interval\=86400 -Xcc -fmodules-prune-after\=345600 -Xcc -I/Users/admin/builder/spi-builder-workspace/.derivedData/Build/Products/Debug-watchos/include -Xcc -I/Users/admin/builder/spi-builder-workspace/.derivedData/Build/Intermediates.noindex/Swiftline.build/Debug-watchos/Swiftline-t.build/DerivedSources-normal/arm64_32 -Xcc -I/Users/admin/builder/spi-builder-workspace/.derivedData/Build/Intermediates.noindex/Swiftline.build/Debug-watchos/Swiftline-t.build/DerivedSources/arm64_32 -Xcc -I/Users/admin/builder/spi-builder-workspace/.derivedData/Build/Intermediates.noindex/Swiftline.build/Debug-watchos/Swiftline-t.build/DerivedSources -Xcc -DSWIFT_PACKAGE -Xcc -DDEBUG\=1 -no-auto-bridging-header-chaining -module-name Swiftline -const-gather-protocols-file /Users/admin/builder/spi-builder-workspace/.derivedData/Build/Intermediates.noindex/Swiftline.build/Debug-watchos/Swiftline-t.build/Objects-normal/arm64_32/Swiftline_const_extract_protocols.json -disable-clang-spi -clang-target arm64_32-apple-watchos27.0 -target-sdk-version 27.0 -target-sdk-name watchos27.0 -in-process-plugin-server-path /Applications/Xcode-27.0.0-Release.Candidate.app/Contents/Developer/Toolchains/XcodeDefault.xctoolchain/usr/lib/swift/host/libSwiftInProcPluginServer.dylib -parse-as-library -o /Users/admin/builder/spi-builder-workspace/.derivedData/Build/Intermediates.noindex/Swiftline.build/Debug-watchos/Swiftline-t.build/Objects-normal/arm64_32/CommandExecutor.o -o /Users/admin/builder/spi-builder-workspace/.derivedData/Build/Intermediates.noindex/Swiftline.build/Debug-watchos/Swiftline-t.build/Objects-normal/arm64_32/Env.o -debug-module-path /Users/admin/builder/spi-builder-workspace/.derivedData/Build/Intermediates.noindex/Swiftline.build/Debug-watchos/Swiftline-t.build/Objects-normal/arm64_32/Swiftline.swiftmodule -index-unit-output-path /Swiftline.build/Debug-watchos/Swiftline-t.build/Objects-normal/arm64_32/CommandExecutor.o -index-unit-output-path /Swiftline.build/Debug-watchos/Swiftline-t.build/Objects-normal/arm64_32/Env.o -index-store-path /Users/admin/builder/spi-builder-workspace/.derivedData/Index.noindex/DataStore -index-system-modules
SwiftDriverJobDiscovery normal arm64 Compiling PromptSettings.swift, RunResults.swift (in target 'Swiftline' from project 'Swiftline')
SwiftCompile normal arm64_32 Compiling\ ChooseSettings.swift,\ Colorizer.swift /Users/admin/builder/spi-builder-workspace/.dependencies/checkouts/Swiftline/Sources/ChooseSettings.swift /Users/admin/builder/spi-builder-workspace/.dependencies/checkouts/Swiftline/Sources/Colorizer.swift (in target 'Swiftline' from project 'Swiftline')
SwiftCompile normal arm64_32 /Users/admin/builder/spi-builder-workspace/.dependencies/checkouts/Swiftline/Sources/ChooseSettings.swift (in target 'Swiftline' from project 'Swiftline')
cd /Users/admin/builder/spi-builder-workspace/.swiftpm/xcode
builtin-SwiftPerFileCompile ChooseSettings.swift
SwiftCompile normal arm64_32 /Users/admin/builder/spi-builder-workspace/.dependencies/checkouts/Swiftline/Sources/Colorizer.swift (in target 'Swiftline' from project 'Swiftline')
cd /Users/admin/builder/spi-builder-workspace/.swiftpm/xcode
builtin-SwiftPerFileCompile Colorizer.swift
SwiftCompile normal arm64_32 Compiling\ RunResults.swift /Users/admin/builder/spi-builder-workspace/.dependencies/checkouts/Swiftline/Sources/RunResults.swift (in target 'Swiftline' from project 'Swiftline')
SwiftCompile normal arm64_32 /Users/admin/builder/spi-builder-workspace/.dependencies/checkouts/Swiftline/Sources/RunResults.swift (in target 'Swiftline' from project 'Swiftline')
cd /Users/admin/builder/spi-builder-workspace/.swiftpm/xcode
builtin-SwiftPerFileCompile RunResults.swift
SwiftDriverJobDiscovery normal arm64 Compiling StringStyleColorizer.swift, TaskPipe.swift (in target 'Swiftline' from project 'Swiftline')
SwiftCompile normal arm64 Compiling\ Agree.swift /Users/admin/builder/spi-builder-workspace/.dependencies/checkouts/Swiftline/Sources/Agree.swift (in target 'Swiftline' from project 'Swiftline')
SwiftCompile normal arm64 /Users/admin/builder/spi-builder-workspace/.dependencies/checkouts/Swiftline/Sources/Agree.swift (in target 'Swiftline' from project 'Swiftline')
cd /Users/admin/builder/spi-builder-workspace/.swiftpm/xcode
builtin-SwiftPerFileCompile Agree.swift
SwiftDriverJobDiscovery normal arm64_32 Compiling PromptPrinter.swift (in target 'Swiftline' from project 'Swiftline')
SwiftCompile normal arm64 Compiling\ StringBackgroundColorizer.swift /Users/admin/builder/spi-builder-workspace/.dependencies/checkouts/Swiftline/Sources/StringBackgroundColorizer.swift (in target 'Swiftline' from project 'Swiftline')
SwiftCompile normal arm64 /Users/admin/builder/spi-builder-workspace/.dependencies/checkouts/Swiftline/Sources/StringBackgroundColorizer.swift (in target 'Swiftline' from project 'Swiftline')
cd /Users/admin/builder/spi-builder-workspace/.swiftpm/xcode
builtin-SwiftPerFileCompile StringBackgroundColorizer.swift
SwiftDriverJobDiscovery normal arm64_32 Compiling StringStyle.swift (in target 'Swiftline' from project 'Swiftline')
SwiftCompile normal arm64_32 Compiling\ StringBackgroundColorizer.swift /Users/admin/builder/spi-builder-workspace/.dependencies/checkouts/Swiftline/Sources/StringBackgroundColorizer.swift (in target 'Swiftline' from project 'Swiftline')
SwiftCompile normal arm64_32 /Users/admin/builder/spi-builder-workspace/.dependencies/checkouts/Swiftline/Sources/StringBackgroundColorizer.swift (in target 'Swiftline' from project 'Swiftline')
cd /Users/admin/builder/spi-builder-workspace/.swiftpm/xcode
builtin-SwiftPerFileCompile StringBackgroundColorizer.swift
SwiftDriverJobDiscovery normal arm64 Compiling AgreeSettings.swift (in target 'Swiftline' from project 'Swiftline')
SwiftCompile normal arm64 Compiling\ Choose.swift,\ ChooseSettings.swift /Users/admin/builder/spi-builder-workspace/.dependencies/checkouts/Swiftline/Sources/Choose.swift /Users/admin/builder/spi-builder-workspace/.dependencies/checkouts/Swiftline/Sources/ChooseSettings.swift (in target 'Swiftline' from project 'Swiftline')
SwiftCompile normal arm64 /Users/admin/builder/spi-builder-workspace/.dependencies/checkouts/Swiftline/Sources/Choose.swift (in target 'Swiftline' from project 'Swiftline')
cd /Users/admin/builder/spi-builder-workspace/.swiftpm/xcode
builtin-SwiftPerFileCompile Choose.swift
SwiftCompile normal arm64 /Users/admin/builder/spi-builder-workspace/.dependencies/checkouts/Swiftline/Sources/ChooseSettings.swift (in target 'Swiftline' from project 'Swiftline')
cd /Users/admin/builder/spi-builder-workspace/.swiftpm/xcode
builtin-SwiftPerFileCompile ChooseSettings.swift
SwiftDriverJobDiscovery normal arm64 Compiling ShortHandRunner.swift (in target 'Swiftline' from project 'Swiftline')
SwiftCompile normal arm64 Compiling\ PromptPrinter.swift,\ PromptReader.swift /Users/admin/builder/spi-builder-workspace/.dependencies/checkouts/Swiftline/Sources/PromptPrinter.swift /Users/admin/builder/spi-builder-workspace/.dependencies/checkouts/Swiftline/Sources/PromptReader.swift (in target 'Swiftline' from project 'Swiftline')
SwiftCompile normal arm64 /Users/admin/builder/spi-builder-workspace/.dependencies/checkouts/Swiftline/Sources/PromptPrinter.swift (in target 'Swiftline' from project 'Swiftline')
cd /Users/admin/builder/spi-builder-workspace/.swiftpm/xcode
builtin-SwiftPerFileCompile PromptPrinter.swift
SwiftCompile normal arm64 /Users/admin/builder/spi-builder-workspace/.dependencies/checkouts/Swiftline/Sources/PromptReader.swift (in target 'Swiftline' from project 'Swiftline')
cd /Users/admin/builder/spi-builder-workspace/.swiftpm/xcode
builtin-SwiftPerFileCompile PromptReader.swift
SwiftCompile normal arm64_32 Compiling\ Ask.swift,\ AskSettings.swift /Users/admin/builder/spi-builder-workspace/.dependencies/checkouts/Swiftline/Sources/Ask.swift /Users/admin/builder/spi-builder-workspace/.dependencies/checkouts/Swiftline/Sources/AskSettings.swift (in target 'Swiftline' from project 'Swiftline')
SwiftCompile normal arm64_32 /Users/admin/builder/spi-builder-workspace/.dependencies/checkouts/Swiftline/Sources/Ask.swift (in target 'Swiftline' from project 'Swiftline')
cd /Users/admin/builder/spi-builder-workspace/.swiftpm/xcode
builtin-SwiftPerFileCompile Ask.swift
SwiftCompile normal arm64_32 /Users/admin/builder/spi-builder-workspace/.dependencies/checkouts/Swiftline/Sources/AskSettings.swift (in target 'Swiftline' from project 'Swiftline')
cd /Users/admin/builder/spi-builder-workspace/.swiftpm/xcode
builtin-SwiftPerFileCompile AskSettings.swift
SwiftDriverJobDiscovery normal arm64 Compiling Args.swift, ArgsParser.swift, Argument.swift (in target 'Swiftline' from project 'Swiftline')
SwiftCompile normal arm64_32 Compiling\ Agree.swift,\ AgreeSettings.swift /Users/admin/builder/spi-builder-workspace/.dependencies/checkouts/Swiftline/Sources/Agree.swift /Users/admin/builder/spi-builder-workspace/.dependencies/checkouts/Swiftline/Sources/AgreeSettings.swift (in target 'Swiftline' from project 'Swiftline')
SwiftCompile normal arm64_32 /Users/admin/builder/spi-builder-workspace/.dependencies/checkouts/Swiftline/Sources/Agree.swift (in target 'Swiftline' from project 'Swiftline')
cd /Users/admin/builder/spi-builder-workspace/.swiftpm/xcode
builtin-SwiftPerFileCompile Agree.swift
SwiftCompile normal arm64_32 /Users/admin/builder/spi-builder-workspace/.dependencies/checkouts/Swiftline/Sources/AgreeSettings.swift (in target 'Swiftline' from project 'Swiftline')
cd /Users/admin/builder/spi-builder-workspace/.swiftpm/xcode
builtin-SwiftPerFileCompile AgreeSettings.swift
SwiftDriverJobDiscovery normal arm64 Compiling Agree.swift (in target 'Swiftline' from project 'Swiftline')
SwiftCompile normal arm64_32 Compiling\ StringForegroundColorizer.swift /Users/admin/builder/spi-builder-workspace/.dependencies/checkouts/Swiftline/Sources/StringForegroundColorizer.swift (in target 'Swiftline' from project 'Swiftline')
SwiftCompile normal arm64_32 /Users/admin/builder/spi-builder-workspace/.dependencies/checkouts/Swiftline/Sources/StringForegroundColorizer.swift (in target 'Swiftline' from project 'Swiftline')
cd /Users/admin/builder/spi-builder-workspace/.swiftpm/xcode
builtin-SwiftPerFileCompile StringForegroundColorizer.swift
SwiftDriverJobDiscovery normal arm64 Compiling StringForegroundColorizer.swift, StringStyle.swift (in target 'Swiftline' from project 'Swiftline')
SwiftCompile normal arm64_32 Compiling\ ShortHandRunner.swift /Users/admin/builder/spi-builder-workspace/.dependencies/checkouts/Swiftline/Sources/ShortHandRunner.swift (in target 'Swiftline' from project 'Swiftline')
SwiftCompile normal arm64_32 /Users/admin/builder/spi-builder-workspace/.dependencies/checkouts/Swiftline/Sources/ShortHandRunner.swift (in target 'Swiftline' from project 'Swiftline')
cd /Users/admin/builder/spi-builder-workspace/.swiftpm/xcode
builtin-SwiftPerFileCompile ShortHandRunner.swift
SwiftDriverJobDiscovery normal arm64 Compiling StringBackgroundColorizer.swift (in target 'Swiftline' from project 'Swiftline')
SwiftCompile normal arm64_32 Compiling\ StringStyleColorizer.swift /Users/admin/builder/spi-builder-workspace/.dependencies/checkouts/Swiftline/Sources/StringStyleColorizer.swift (in target 'Swiftline' from project 'Swiftline')
SwiftCompile normal arm64_32 /Users/admin/builder/spi-builder-workspace/.dependencies/checkouts/Swiftline/Sources/StringStyleColorizer.swift (in target 'Swiftline' from project 'Swiftline')
cd /Users/admin/builder/spi-builder-workspace/.swiftpm/xcode
builtin-SwiftPerFileCompile StringStyleColorizer.swift
SwiftDriverJobDiscovery normal arm64_32 Compiling RunResults.swift (in target 'Swiftline' from project 'Swiftline')
SwiftCompile normal arm64 Compiling\ ArgConvertible.swift /Users/admin/builder/spi-builder-workspace/.dependencies/checkouts/Swiftline/Sources/ArgConvertible.swift (in target 'Swiftline' from project 'Swiftline')
SwiftCompile normal arm64 /Users/admin/builder/spi-builder-workspace/.dependencies/checkouts/Swiftline/Sources/ArgConvertible.swift (in target 'Swiftline' from project 'Swiftline')
cd /Users/admin/builder/spi-builder-workspace/.swiftpm/xcode
builtin-SwiftPerFileCompile ArgConvertible.swift
SwiftDriverJobDiscovery normal arm64_32 Compiling StringBackgroundColorizer.swift (in target 'Swiftline' from project 'Swiftline')
PruneExplicitPrecompiledModules /Users/admin/builder/spi-builder-workspace/.derivedData/SDKExplicitPrecompiledModules
PruneExplicitPrecompiledModules /Users/admin/builder/spi-builder-workspace/.derivedData/Build/Intermediates.noindex/ExplicitPrecompiledModules
PruneExplicitPrecompiledModules /Users/admin/builder/spi-builder-workspace/.derivedData/Build/Intermediates.noindex/SwiftExplicitPrecompiledModules
2026-09-17 22:56:25.073 xcodebuild[1345:7567] [MT] IDERunDestination: Supported platforms for the buildables in the current scheme is empty.
** BUILD FAILED **
The following build commands failed:
SwiftCompile normal arm64_32 /Users/admin/builder/spi-builder-workspace/.dependencies/checkouts/Swiftline/Sources/CommandExecutor.swift (in target 'Swiftline' from project 'Swiftline')
SwiftCompile normal arm64_32 Compiling\ CommandExecutor.swift,\ Env.swift /Users/admin/builder/spi-builder-workspace/.dependencies/checkouts/Swiftline/Sources/CommandExecutor.swift /Users/admin/builder/spi-builder-workspace/.dependencies/checkouts/Swiftline/Sources/Env.swift (in target 'Swiftline' from project 'Swiftline')
Building workspace nef with scheme nef-Package
(3 failures)
BUILD FAILURE 6.4 watchOS