The Swift Package Index logo.Swift Package Index

Build Information

Failed to build SmartHitTest, reference 2.0.0 (2b7145), with Swift 6.4 for macOS (SPM) on 16 Sep 2026 20:26:53 UTC.

Build Command

env DEVELOPER_DIR=/Applications/Xcode-27.0.0-Release.Candidate.app xcrun swift build --arch arm64

Build Log

========================================
RunAll
========================================
Builder version: 5.1.0
Interrupt handler set up.
========================================
Checkout
========================================
Clone URL: https://github.com/maxxfrazer/ARKit-SmartHitTest.git
Reference: 2.0.0
Initialized empty Git repository in /Users/admin/builder/spi-builder-workspace/.git/
From https://github.com/maxxfrazer/ARKit-SmartHitTest
 * tag               2.0.0      -> FETCH_HEAD
HEAD is now at 2b7145d Version 2.0
Cloned https://github.com/maxxfrazer/ARKit-SmartHitTest.git
Revision (git rev-parse @):
2b7145d55ca273f1ec0328783f87e93b9473f9f5
SUCCESS checkout https://github.com/maxxfrazer/ARKit-SmartHitTest.git at 2.0.0
========================================
Build
========================================
Selected platform:         macosSpm
Swift version:             6.4
Building package at path:  $PWD
https://github.com/maxxfrazer/ARKit-SmartHitTest.git
Running build ...
env DEVELOPER_DIR=/Applications/Xcode-27.0.0-Release.Candidate.app xcrun swift build --arch arm64
Building for debugging...
[Planning deferred tasks]
[19 / 28]
[20 / 29] SmartHitTest
[30 / 98]
[33 / 98]
[41 / 98]
[43 / 98]
[44 / 98]
[49 / 98]
[52 / 98]
[56 / 98]
[61 / 98]
[64 / 98]
[66 / 98]
[67 / 98]
[77 / 98]
[79 / 98]
[80 / 98]
[83 / 98]
[86 / 98]
[87 / 98]
error: SwiftCompile normal arm64 failed with a nonzero exit code. Command line:     cd /Users/admin/builder

/Users/admin/builder/spi-builder-workspace/Sources/SmartHitTest/SmartHitTest.swift:12:44: error: cannot find type 'UIView' in scope
 10 |
 11 | /// It's recommended to use either ARSCNView or ARView when using this protocol
 12 | public protocol ARSmartHitTest where Self: UIView {
    |                                            `- error: cannot find type 'UIView' in scope
 13 |
 14 |   /// This hitTest function deifnition is provided with both ARSCNView (SceneKit) and ARView (RealityKit)
/Users/admin/builder/spi-builder-workspace/Sources/SmartHitTest/SmartHitTest.swift:17:73: error: cannot find type 'ARHitTestResult' in scope
 15 |   /// - Parameter point: A point in the view’s coordinate system.
 16 |   /// - Parameter types: The hit test search type to look for.
 17 |   func hitTest(_ point: CGPoint, types: ARHitTestResult.ResultType) -> [ARHitTestResult]
    |                                                                         `- error: cannot find type 'ARHitTestResult' in scope
 18 | }
 19 |
/Users/admin/builder/spi-builder-workspace/Sources/SmartHitTest/SmartHitTest.swift:17:41: error: cannot find type 'ARHitTestResult' in scope
 15 |   /// - Parameter point: A point in the view’s coordinate system.
 16 |   /// - Parameter types: The hit test search type to look for.
 17 |   func hitTest(_ point: CGPoint, types: ARHitTestResult.ResultType) -> [ARHitTestResult]
    |                                         `- error: cannot find type 'ARHitTestResult' in scope
 18 | }
 19 |
/Users/admin/builder/spi-builder-workspace/Sources/SmartHitTest/SmartHitTest.swift:33:10: error: cannot find type 'ARHitTestResult' in scope
 31 |     _ point: CGPoint? = nil, infinitePlane: Bool = false, objectPosition: SIMD3<Float>? = nil,
 32 |     allowedAlignments: [ARPlaneAnchor.Alignment] = []
 33 |     ) -> ARHitTestResult? {
    |          `- error: cannot find type 'ARHitTestResult' in scope
 34 |     var alignments = allowedAlignments
 35 |     var resultTypes: ARHitTestResult.ResultType = []
/Users/admin/builder/spi-builder-workspace/Sources/SmartHitTest/SmartHitTest.swift:32:25: error: cannot find type 'ARPlaneAnchor' in scope
 30 |   func smartHitTest(
 31 |     _ point: CGPoint? = nil, infinitePlane: Bool = false, objectPosition: SIMD3<Float>? = nil,
 32 |     allowedAlignments: [ARPlaneAnchor.Alignment] = []
    |                         `- error: cannot find type 'ARPlaneAnchor' in scope
 33 |     ) -> ARHitTestResult? {
 34 |     var alignments = allowedAlignments
/Users/admin/builder/spi-builder-workspace/Sources/SmartHitTest/SmartHitTest.swift:95:10: error: cannot find type 'ARHitTestResult' in scope
 93 |     allowedAlignments: [ARPlaneAnchor.Alignment],
 94 |     results: [ARHitTestResult]
 95 |     ) -> ARHitTestResult? {
    |          `- error: cannot find type 'ARHitTestResult' in scope
 96 |     // 3. As a final fallback, check for a result on estimated planes.
 97 |     var vResult: ARHitTestResult? = nil
/Users/admin/builder/spi-builder-workspace/Sources/SmartHitTest/SmartHitTest.swift:93:25: error: cannot find type 'ARPlaneAnchor' in scope
 91 |
 92 |   func smartHitTestFallback(
 93 |     allowedAlignments: [ARPlaneAnchor.Alignment],
    |                         `- error: cannot find type 'ARPlaneAnchor' in scope
 94 |     results: [ARHitTestResult]
 95 |     ) -> ARHitTestResult? {
/Users/admin/builder/spi-builder-workspace/Sources/SmartHitTest/SmartHitTest.swift:94:15: error: cannot find type 'ARHitTestResult' in scope
 92 |   func smartHitTestFallback(
 93 |     allowedAlignments: [ARPlaneAnchor.Alignment],
 94 |     results: [ARHitTestResult]
    |               `- error: cannot find type 'ARHitTestResult' in scope
 95 |     ) -> ARHitTestResult? {
 96 |     // 3. As a final fallback, check for a result on estimated planes.
Failed frontend command:
/Applications/Xcode-27.0.0-Release.Candidate.app/Contents/Developer/Toolchains/XcodeDefault.xctoolchain/usr/bin/swift-frontend -frontend -emit-module -experimental-skip-non-inlinable-function-bodies-without-types /Users/admin/builder/spi-builder-workspace/Sources/SmartHitTest/SmartHitTest.swift -target arm64-apple-macos12.0 -disable-cross-import-overlay-search -swift-module-cross-import ARKit /Applications/Xcode-27.0.0-Release.Candidate.app/Contents/Developer/Platforms/MacOSX.platform/Developer/SDKs/MacOSX.sdk/System/Library/Frameworks/ARKit.framework/Modules/ARKit.swiftcrossimport/SwiftUI.swiftoverlay -load-resolved-plugin /Applications/Xcode-27.0.0-Release.Candidate.app/Contents/Developer/Platforms/MacOSX.platform/Developer/usr/lib/swift/host/plugins/libFoundationMacros.dylib\#/Applications/Xcode-27.0.0-Release.Candidate.app/Contents/Developer/Platforms/MacOSX.platform/Developer/usr/bin/swift-plugin-server\#FoundationMacros -load-resolved-plugin /Applications/Xcode-27.0.0-Release.Candidate.app/Contents/Developer/Platforms/MacOSX.platform/Developer/usr/lib/swift/host/plugins/libObservationMacros.dylib\#/Applications/Xcode-27.0.0-Release.Candidate.app/Contents/Developer/Platforms/MacOSX.platform/Developer/usr/bin/swift-plugin-server\#ObservationMacros -load-resolved-plugin /Applications/Xcode-27.0.0-Release.Candidate.app/Contents/Developer/Platforms/MacOSX.platform/Developer/usr/lib/swift/host/plugins/libPreviewsMacros.dylib\#/Applications/Xcode-27.0.0-Release.Candidate.app/Contents/Developer/Platforms/MacOSX.platform/Developer/usr/bin/swift-plugin-server\#PreviewsMacros -load-resolved-plugin /Applications/Xcode-27.0.0-Release.Candidate.app/Contents/Developer/Platforms/MacOSX.platform/Developer/usr/lib/swift/host/plugins/libSwiftMacros.dylib\#/Applications/Xcode-27.0.0-Release.Candidate.app/Contents/Developer/Platforms/MacOSX.platform/Developer/usr/bin/swift-plugin-server\#SwiftMacros -load-resolved-plugin /Applications/Xcode-27.0.0-Release.Candidate.app/Contents/Developer/Platforms/MacOSX.platform/Developer/usr/lib/swift/host/plugins/libSwiftUIMacros.dylib\#/Applications/Xcode-27.0.0-Release.Candidate.app/Contents/Developer/Platforms/MacOSX.platform/Developer/usr/bin/swift-plugin-server\#SwiftUIMacros -disable-implicit-swift-modules -Xcc -fno-implicit-modules -Xcc -fno-implicit-module-maps -explicit-swift-module-map-file /Users/admin/builder/spi-builder-workspace/.build/out/Intermediates.noindex/SmartHitTest.build/Debug/SmartHitTest-t.build/Objects-normal/arm64/SmartHitTest-dependencies-1.json -Xllvm -aarch64-use-tbi -enable-objc-interop -stack-check -sdk /Applications/Xcode-27.0.0-Release.Candidate.app/Contents/Developer/Platforms/MacOSX.platform/Developer/SDKs/MacOSX27.0.sdk -I /Users/admin/builder/spi-builder-workspace/.build/out/Products/Debug -Isystem /Applications/Xcode-27.0.0-Release.Candidate.app/Contents/Developer/Platforms/MacOSX.platform/Developer/usr/lib -F /Users/admin/builder/spi-builder-workspace/.build/out/Products/Debug -F /Applications/Xcode-27.0.0-Release.Candidate.app/Contents/Developer/Platforms/MacOSX.platform/Developer/Library/Frameworks -module-cache-path /Users/admin/builder/spi-builder-workspace/.build/out/Intermediates.noindex/SwiftExplicitPrecompiledModules -color-diagnostics -Xcc -fcolor-diagnostics -enable-testing -g -debug-info-format\=dwarf -dwarf-version\=4 -swift-version 5 -Onone -D SWIFT_PACKAGE -D DEBUG -D SWIFT_MODULE_RESOURCE_BUNDLE_UNAVAILABLE -D Xcode -serialize-debugging-options -enable-experimental-feature DebugDescriptionMacro -empty-abi-descriptor -validate-clang-modules-once -clang-build-session-file /Users/admin/builder/spi-builder-workspace/.build/out/ModuleCache.noindex/Session.modulevalidation -Xcc -working-directory -Xcc /Users/admin/builder -enable-anonymous-context-mangled-names -file-compilation-dir /Users/admin/builder -Xcc -D_LIBCPP_HARDENING_MODE\=_LIBCPP_HARDENING_MODE_DEBUG -Xcc -ivfsstatcache -Xcc /Users/admin/builder/spi-builder-workspace/.build/out/SDKStatCaches.noindex/macosx27.0-26A425-80c5bbf1d171475443272936d42f90a36a22442a12e9d48fe1a705f55a1adfc4.sdkstatcache -Xcc -fmodules-prune-interval\=86400 -Xcc -fmodules-prune-after\=345600 -Xcc -I/Users/admin/builder/spi-builder-workspace/.build/out/Products/Debug/include -Xcc -I/Users/admin/builder/spi-builder-workspace/.build/out/Intermediates.noindex/SmartHitTest.build/Debug/SmartHitTest-t.build/DerivedSources-normal/arm64 -Xcc -I/Users/admin/builder/spi-builder-workspace/.build/out/Intermediates.noindex/SmartHitTest.build/Debug/SmartHitTest-t.build/DerivedSources/arm64 -Xcc -I/Users/admin/builder/spi-builder-workspace/.build/out/Intermediates.noindex/SmartHitTest.build/Debug/SmartHitTest-t.build/DerivedSources -Xcc -DSWIFT_PACKAGE -Xcc -DDEBUG\=1 -no-auto-bridging-header-chaining -module-name SmartHitTest -const-gather-protocols-file /Users/admin/builder/spi-builder-workspace/.build/out/Intermediates.noindex/SmartHitTest.build/Debug/SmartHitTest-t.build/Objects-normal/arm64/SmartHitTest_const_extract_protocols.json -disable-clang-spi -clang-target arm64-apple-macos27.0 -target-sdk-version 27.0 -target-sdk-name macosx27.0 -in-process-plugin-server-path /Applications/Xcode-27.0.0-Release.Candidate.app/Contents/Developer/Toolchains/XcodeDefault.xctoolchain/usr/lib/swift/host/libSwiftInProcPluginServer.dylib -emit-module-doc-path /Users/admin/builder/spi-builder-workspace/.build/out/Intermediates.noindex/SmartHitTest.build/Debug/SmartHitTest-t.build/Objects-normal/arm64/SmartHitTest.swiftdoc -emit-module-source-info-path /Users/admin/builder/spi-builder-workspace/.build/out/Intermediates.noindex/SmartHitTest.build/Debug/SmartHitTest-t.build/Objects-normal/arm64/SmartHitTest.swiftsourceinfo -emit-objc-header-path /Users/admin/builder/spi-builder-workspace/.build/out/Intermediates.noindex/SmartHitTest.build/Debug/SmartHitTest-t.build/Objects-normal/arm64/SmartHitTest-Swift.h -serialize-diagnostics-path /Users/admin/builder/spi-builder-workspace/.build/out/Intermediates.noindex/SmartHitTest.build/Debug/SmartHitTest-t.build/Objects-normal/arm64/SmartHitTest-primary-emit-module.dia -emit-dependencies-path /Users/admin/builder/spi-builder-workspace/.build/out/Intermediates.noindex/SmartHitTest.build/Debug/SmartHitTest-t.build/Objects-normal/arm64/SmartHitTest-primary-emit-module.d -parse-as-library -o /Users/admin/builder/spi-builder-workspace/.build/out/Intermediates.noindex/SmartHitTest.build/Debug/SmartHitTest-t.build/Objects-normal/arm64/SmartHitTest.swiftmodule -emit-abi-descriptor-path /Users/admin/builder/spi-builder-workspace/.build/out/Intermediates.noindex/SmartHitTest.build/Debug/SmartHitTest-t.build/Objects-normal/arm64/SmartHitTest.abi.json
error: Build failed
BUILD FAILURE 6.4 macosSpm