The Swift Package Index logo.Swift Package Index

Build Information

Failed to build Draftsman, reference master (3098b6), with Swift 6.4 for tvOS using Xcode 27.0 on 19 Sep 2026 10:45:14 UTC.

Build Command

env DEVELOPER_DIR=/Applications/Xcode-27.0.0-Release.Candidate.app xcrun xcodebuild -IDEClonedSourcePackagesDirPathOverride=$PWD/.dependencies -skipMacroValidation -skipPackagePluginValidation -derivedDataPath $PWD/.derivedData build -scheme Draftsman -destination generic/platform=tvOS

Build Log

WriteAuxiliaryFile /Users/admin/builder/spi-builder-workspace/.derivedData/Build/Intermediates.noindex/Clavier.build/Debug-appletvos/Clavier-t.build/Objects-normal/arm64/Clavier.SwiftConstValuesFileList (in target 'Clavier' from project 'Clavier')
    cd /Users/admin/builder/spi-builder-workspace/.dependencies/checkouts/Clavier
    write-file /Users/admin/builder/spi-builder-workspace/.derivedData/Build/Intermediates.noindex/Clavier.build/Debug-appletvos/Clavier-t.build/Objects-normal/arm64/Clavier.SwiftConstValuesFileList
WriteAuxiliaryFile /Users/admin/builder/spi-builder-workspace/.derivedData/Build/Intermediates.noindex/Clavier.build/Debug-appletvos/Clavier-t.build/Objects-normal/arm64/Clavier.LinkFileList (in target 'Clavier' from project 'Clavier')
    cd /Users/admin/builder/spi-builder-workspace/.dependencies/checkouts/Clavier
    write-file /Users/admin/builder/spi-builder-workspace/.derivedData/Build/Intermediates.noindex/Clavier.build/Debug-appletvos/Clavier-t.build/Objects-normal/arm64/Clavier.LinkFileList
WriteAuxiliaryFile /Users/admin/builder/spi-builder-workspace/.derivedData/Build/Intermediates.noindex/Clavier.build/Debug-appletvos/Clavier-t.build/Objects-normal/arm64/Clavier-OutputFileMap.json (in target 'Clavier' from project 'Clavier')
    cd /Users/admin/builder/spi-builder-workspace/.dependencies/checkouts/Clavier
    write-file /Users/admin/builder/spi-builder-workspace/.derivedData/Build/Intermediates.noindex/Clavier.build/Debug-appletvos/Clavier-t.build/Objects-normal/arm64/Clavier-OutputFileMap.json
WriteAuxiliaryFile /Users/admin/builder/spi-builder-workspace/.derivedData/Build/Intermediates.noindex/Clavier.build/Debug-appletvos/Clavier-t.build/Clavier.modulemap (in target 'Clavier' from project 'Clavier')
    cd /Users/admin/builder/spi-builder-workspace/.dependencies/checkouts/Clavier
    write-file /Users/admin/builder/spi-builder-workspace/.derivedData/Build/Intermediates.noindex/Clavier.build/Debug-appletvos/Clavier-t.build/Clavier.modulemap
Copy /Users/admin/builder/spi-builder-workspace/.derivedData/Build/Intermediates.noindex/GeneratedModuleMaps-appletvos/Draftsman.modulemap /Users/admin/builder/spi-builder-workspace/.derivedData/Build/Intermediates.noindex/Draftsman.build/Debug-appletvos/Draftsman-t.build/Draftsman.modulemap (in target 'Draftsman' from project 'Draftsman')
    cd /Users/admin/builder/spi-builder-workspace
    builtin-copy -exclude .DS_Store -exclude CVS -exclude .svn -exclude .git -exclude .hg -resolve-src-symlinks /Users/admin/builder/spi-builder-workspace/.derivedData/Build/Intermediates.noindex/Draftsman.build/Debug-appletvos/Draftsman-t.build/Draftsman.modulemap /Users/admin/builder/spi-builder-workspace/.derivedData/Build/Intermediates.noindex/GeneratedModuleMaps-appletvos
WriteAuxiliaryFile /Users/admin/builder/spi-builder-workspace/.derivedData/Build/Intermediates.noindex/Clavier.build/Debug-appletvos/Clavier-t.build/Clavier.DependencyStaticMetadataFileList (in target 'Clavier' from project 'Clavier')
    cd /Users/admin/builder/spi-builder-workspace/.dependencies/checkouts/Clavier
    write-file /Users/admin/builder/spi-builder-workspace/.derivedData/Build/Intermediates.noindex/Clavier.build/Debug-appletvos/Clavier-t.build/Clavier.DependencyStaticMetadataFileList
WriteAuxiliaryFile /Users/admin/builder/spi-builder-workspace/.derivedData/Build/Intermediates.noindex/Clavier.build/Debug-appletvos/Clavier-t.build/Clavier.DependencyMetadataFileList (in target 'Clavier' from project 'Clavier')
    cd /Users/admin/builder/spi-builder-workspace/.dependencies/checkouts/Clavier
    write-file /Users/admin/builder/spi-builder-workspace/.derivedData/Build/Intermediates.noindex/Clavier.build/Debug-appletvos/Clavier-t.build/Clavier.DependencyMetadataFileList
WriteAuxiliaryFile /Users/admin/builder/spi-builder-workspace/.derivedData/Build/Intermediates.noindex/Builder.build/Debug-appletvos/Builder-t.build/Objects-normal/arm64/Builder_const_extract_protocols.json (in target 'Builder' from project 'Builder')
    cd /Users/admin/builder/spi-builder-workspace/.dependencies/checkouts/Builder
    write-file /Users/admin/builder/spi-builder-workspace/.derivedData/Build/Intermediates.noindex/Builder.build/Debug-appletvos/Builder-t.build/Objects-normal/arm64/Builder_const_extract_protocols.json
WriteAuxiliaryFile /Users/admin/builder/spi-builder-workspace/.derivedData/Build/Intermediates.noindex/Builder.build/Debug-appletvos/Builder-t.build/Objects-normal/arm64/Builder.SwiftFileList (in target 'Builder' from project 'Builder')
    cd /Users/admin/builder/spi-builder-workspace/.dependencies/checkouts/Builder
    write-file /Users/admin/builder/spi-builder-workspace/.derivedData/Build/Intermediates.noindex/Builder.build/Debug-appletvos/Builder-t.build/Objects-normal/arm64/Builder.SwiftFileList
WriteAuxiliaryFile /Users/admin/builder/spi-builder-workspace/.derivedData/Build/Intermediates.noindex/Builder.build/Debug-appletvos/Builder-t.build/Objects-normal/arm64/Builder.SwiftConstValuesFileList (in target 'Builder' from project 'Builder')
    cd /Users/admin/builder/spi-builder-workspace/.dependencies/checkouts/Builder
    write-file /Users/admin/builder/spi-builder-workspace/.derivedData/Build/Intermediates.noindex/Builder.build/Debug-appletvos/Builder-t.build/Objects-normal/arm64/Builder.SwiftConstValuesFileList
WriteAuxiliaryFile /Users/admin/builder/spi-builder-workspace/.derivedData/Build/Intermediates.noindex/Builder.build/Debug-appletvos/Builder-t.build/Objects-normal/arm64/Builder.LinkFileList (in target 'Builder' from project 'Builder')
    cd /Users/admin/builder/spi-builder-workspace/.dependencies/checkouts/Builder
    write-file /Users/admin/builder/spi-builder-workspace/.derivedData/Build/Intermediates.noindex/Builder.build/Debug-appletvos/Builder-t.build/Objects-normal/arm64/Builder.LinkFileList
WriteAuxiliaryFile /Users/admin/builder/spi-builder-workspace/.derivedData/Build/Intermediates.noindex/Builder.build/Debug-appletvos/Builder-t.build/Objects-normal/arm64/Builder-OutputFileMap.json (in target 'Builder' from project 'Builder')
    cd /Users/admin/builder/spi-builder-workspace/.dependencies/checkouts/Builder
    write-file /Users/admin/builder/spi-builder-workspace/.derivedData/Build/Intermediates.noindex/Builder.build/Debug-appletvos/Builder-t.build/Objects-normal/arm64/Builder-OutputFileMap.json
WriteAuxiliaryFile /Users/admin/builder/spi-builder-workspace/.derivedData/Build/Intermediates.noindex/Builder.build/Debug-appletvos/Builder-t.build/Builder.modulemap (in target 'Builder' from project 'Builder')
    cd /Users/admin/builder/spi-builder-workspace/.dependencies/checkouts/Builder
    write-file /Users/admin/builder/spi-builder-workspace/.derivedData/Build/Intermediates.noindex/Builder.build/Debug-appletvos/Builder-t.build/Builder.modulemap
Copy /Users/admin/builder/spi-builder-workspace/.derivedData/Build/Intermediates.noindex/GeneratedModuleMaps-appletvos/Clavier.modulemap /Users/admin/builder/spi-builder-workspace/.derivedData/Build/Intermediates.noindex/Clavier.build/Debug-appletvos/Clavier-t.build/Clavier.modulemap (in target 'Clavier' from project 'Clavier')
    cd /Users/admin/builder/spi-builder-workspace/.dependencies/checkouts/Clavier
    builtin-copy -exclude .DS_Store -exclude CVS -exclude .svn -exclude .git -exclude .hg -resolve-src-symlinks /Users/admin/builder/spi-builder-workspace/.derivedData/Build/Intermediates.noindex/Clavier.build/Debug-appletvos/Clavier-t.build/Clavier.modulemap /Users/admin/builder/spi-builder-workspace/.derivedData/Build/Intermediates.noindex/GeneratedModuleMaps-appletvos
WriteAuxiliaryFile /Users/admin/builder/spi-builder-workspace/.derivedData/Build/Intermediates.noindex/Builder.build/Debug-appletvos/Builder-t.build/Builder.DependencyStaticMetadataFileList (in target 'Builder' from project 'Builder')
    cd /Users/admin/builder/spi-builder-workspace/.dependencies/checkouts/Builder
    write-file /Users/admin/builder/spi-builder-workspace/.derivedData/Build/Intermediates.noindex/Builder.build/Debug-appletvos/Builder-t.build/Builder.DependencyStaticMetadataFileList
WriteAuxiliaryFile /Users/admin/builder/spi-builder-workspace/.derivedData/Build/Intermediates.noindex/Builder.build/Debug-appletvos/Builder-t.build/Builder.DependencyMetadataFileList (in target 'Builder' from project 'Builder')
    cd /Users/admin/builder/spi-builder-workspace/.dependencies/checkouts/Builder
    write-file /Users/admin/builder/spi-builder-workspace/.derivedData/Build/Intermediates.noindex/Builder.build/Debug-appletvos/Builder-t.build/Builder.DependencyMetadataFileList
Copy /Users/admin/builder/spi-builder-workspace/.derivedData/Build/Intermediates.noindex/GeneratedModuleMaps-appletvos/Builder.modulemap /Users/admin/builder/spi-builder-workspace/.derivedData/Build/Intermediates.noindex/Builder.build/Debug-appletvos/Builder-t.build/Builder.modulemap (in target 'Builder' from project 'Builder')
    cd /Users/admin/builder/spi-builder-workspace/.dependencies/checkouts/Builder
    builtin-copy -exclude .DS_Store -exclude CVS -exclude .svn -exclude .git -exclude .hg -resolve-src-symlinks /Users/admin/builder/spi-builder-workspace/.derivedData/Build/Intermediates.noindex/Builder.build/Debug-appletvos/Builder-t.build/Builder.modulemap /Users/admin/builder/spi-builder-workspace/.derivedData/Build/Intermediates.noindex/GeneratedModuleMaps-appletvos
SwiftDriver Builder normal arm64 com.apple.xcode.tools.swift.compiler (in target 'Builder' from project 'Builder')
    cd /Users/admin/builder/spi-builder-workspace/.swiftpm/xcode
    builtin-SwiftDriver -- /Applications/Xcode-27.0.0-Release.Candidate.app/Contents/Developer/Toolchains/XcodeDefault.xctoolchain/usr/bin/swiftc -parse-as-library -module-name Builder -Onone @/Users/admin/builder/spi-builder-workspace/.derivedData/Build/Intermediates.noindex/Builder.build/Debug-appletvos/Builder-t.build/Objects-normal/arm64/Builder.SwiftFileList -DSWIFT_PACKAGE -DDEBUG -DSWIFT_MODULE_RESOURCE_BUNDLE_UNAVAILABLE -DXcode -plugin-path /Applications/Xcode-27.0.0-Release.Candidate.app/Contents/Developer/Toolchains/XcodeDefault.xctoolchain/usr/lib/swift/host/plugins/testing -enable-experimental-feature DebugDescriptionMacro -sdk /Applications/Xcode-27.0.0-Release.Candidate.app/Contents/Developer/Platforms/AppleTVOS.platform/Developer/SDKs/AppleTVOS27.0.sdk -target arm64-apple-tvos15.0 -g -module-cache-path /Users/admin/builder/spi-builder-workspace/.derivedData/ModuleCache.noindex -Xfrontend -serialize-debugging-options -enable-testing -suppress-warnings -index-store-path /Users/admin/builder/spi-builder-workspace/.derivedData/Index.noindex/DataStore -Xcc -D_LIBCPP_HARDENING_MODE\=_LIBCPP_HARDENING_MODE_DEBUG -swift-version 5 -I /Users/admin/builder/spi-builder-workspace/.derivedData/Build/Products/Debug-appletvos -Isystem /Applications/Xcode-27.0.0-Release.Candidate.app/Contents/Developer/Platforms/AppleTVOS.platform/Developer/usr/lib -F /Users/admin/builder/spi-builder-workspace/.derivedData/Build/Products/Debug-appletvos -F /Applications/Xcode-27.0.0-Release.Candidate.app/Contents/Developer/Platforms/AppleTVOS.platform/Developer/Library/Frameworks -F /Applications/Xcode-27.0.0-Release.Candidate.app/Contents/Developer/Platforms/AppleTVOS.platform/Developer/SDKs/AppleTVOS27.0.sdk/Developer/Library/Frameworks -c -j10 -enable-batch-mode -incremental -Xcc -ivfsstatcache -Xcc /Users/admin/builder/spi-builder-workspace/.derivedData/SDKStatCaches.noindex/appletvos27.0-24J360-e829b21a6f8c9b70876ba0858053c044b32bfd8d43560033f8d89884cdb90028.sdkstatcache -output-file-map /Users/admin/builder/spi-builder-workspace/.derivedData/Build/Intermediates.noindex/Builder.build/Debug-appletvos/Builder-t.build/Objects-normal/arm64/Builder-OutputFileMap.json -save-temps -no-color-diagnostics -explicit-module-build -module-cache-path /Users/admin/builder/spi-builder-workspace/.derivedData/Build/Intermediates.noindex/SwiftExplicitPrecompiledModules -clang-scanner-module-cache-path /Users/admin/builder/spi-builder-workspace/.derivedData/ModuleCache.noindex -sdk-module-cache-path /Users/admin/builder/spi-builder-workspace/.derivedData/SDKExplicitPrecompiledModules -emit-dependencies -emit-module -emit-module-path /Users/admin/builder/spi-builder-workspace/.derivedData/Build/Intermediates.noindex/Builder.build/Debug-appletvos/Builder-t.build/Objects-normal/arm64/Builder.swiftmodule -serialize-diagnostics -dependency-scan-serialize-diagnostics-path /Users/admin/builder/spi-builder-workspace/.derivedData/Build/Intermediates.noindex/Builder.build/Debug-appletvos/Builder-t.build/Objects-normal/arm64/Builder-dependency-scan.dia -validate-clang-modules-once -clang-build-session-file /Users/admin/builder/spi-builder-workspace/.derivedData/ModuleCache.noindex/Session.modulevalidation -Xcc -fmodules-prune-interval\=86400 -Xcc -fmodules-prune-after\=345600 -emit-const-values -const-gather-protocols-list /Users/admin/builder/spi-builder-workspace/.derivedData/Build/Intermediates.noindex/Builder.build/Debug-appletvos/Builder-t.build/Objects-normal/arm64/Builder_const_extract_protocols.json -Xcc -I/Users/admin/builder/spi-builder-workspace/.derivedData/Build/Products/Debug-appletvos/include -Xcc -I/Users/admin/builder/spi-builder-workspace/.derivedData/Build/Intermediates.noindex/Builder.build/Debug-appletvos/Builder-t.build/DerivedSources-normal/arm64 -Xcc -I/Users/admin/builder/spi-builder-workspace/.derivedData/Build/Intermediates.noindex/Builder.build/Debug-appletvos/Builder-t.build/DerivedSources/arm64 -Xcc -I/Users/admin/builder/spi-builder-workspace/.derivedData/Build/Intermediates.noindex/Builder.build/Debug-appletvos/Builder-t.build/DerivedSources -Xcc -DSWIFT_PACKAGE -Xcc -DDEBUG\=1 -emit-objc-header -emit-objc-header-path /Users/admin/builder/spi-builder-workspace/.derivedData/Build/Intermediates.noindex/Builder.build/Debug-appletvos/Builder-t.build/Objects-normal/arm64/Builder-Swift.h -working-directory /Users/admin/builder/spi-builder-workspace/.swiftpm/xcode -experimental-emit-module-separately -disable-cmo
SwiftDriver Clavier normal arm64 com.apple.xcode.tools.swift.compiler (in target 'Clavier' from project 'Clavier')
    cd /Users/admin/builder/spi-builder-workspace/.swiftpm/xcode
    builtin-SwiftDriver -- /Applications/Xcode-27.0.0-Release.Candidate.app/Contents/Developer/Toolchains/XcodeDefault.xctoolchain/usr/bin/swiftc -parse-as-library -module-name Clavier -Onone @/Users/admin/builder/spi-builder-workspace/.derivedData/Build/Intermediates.noindex/Clavier.build/Debug-appletvos/Clavier-t.build/Objects-normal/arm64/Clavier.SwiftFileList -DSWIFT_PACKAGE -DDEBUG -DSWIFT_MODULE_RESOURCE_BUNDLE_UNAVAILABLE -DXcode -plugin-path /Applications/Xcode-27.0.0-Release.Candidate.app/Contents/Developer/Toolchains/XcodeDefault.xctoolchain/usr/lib/swift/host/plugins/testing -enable-experimental-feature DebugDescriptionMacro -sdk /Applications/Xcode-27.0.0-Release.Candidate.app/Contents/Developer/Platforms/AppleTVOS.platform/Developer/SDKs/AppleTVOS27.0.sdk -target arm64-apple-tvos15.0 -g -module-cache-path /Users/admin/builder/spi-builder-workspace/.derivedData/ModuleCache.noindex -Xfrontend -serialize-debugging-options -enable-testing -suppress-warnings -index-store-path /Users/admin/builder/spi-builder-workspace/.derivedData/Index.noindex/DataStore -Xcc -D_LIBCPP_HARDENING_MODE\=_LIBCPP_HARDENING_MODE_DEBUG -swift-version 5 -I /Users/admin/builder/spi-builder-workspace/.derivedData/Build/Products/Debug-appletvos -Isystem /Applications/Xcode-27.0.0-Release.Candidate.app/Contents/Developer/Platforms/AppleTVOS.platform/Developer/usr/lib -F /Users/admin/builder/spi-builder-workspace/.derivedData/Build/Products/Debug-appletvos -F /Applications/Xcode-27.0.0-Release.Candidate.app/Contents/Developer/Platforms/AppleTVOS.platform/Developer/Library/Frameworks -F /Applications/Xcode-27.0.0-Release.Candidate.app/Contents/Developer/Platforms/AppleTVOS.platform/Developer/SDKs/AppleTVOS27.0.sdk/Developer/Library/Frameworks -c -j10 -enable-batch-mode -incremental -Xcc -ivfsstatcache -Xcc /Users/admin/builder/spi-builder-workspace/.derivedData/SDKStatCaches.noindex/appletvos27.0-24J360-e829b21a6f8c9b70876ba0858053c044b32bfd8d43560033f8d89884cdb90028.sdkstatcache -output-file-map /Users/admin/builder/spi-builder-workspace/.derivedData/Build/Intermediates.noindex/Clavier.build/Debug-appletvos/Clavier-t.build/Objects-normal/arm64/Clavier-OutputFileMap.json -save-temps -no-color-diagnostics -explicit-module-build -module-cache-path /Users/admin/builder/spi-builder-workspace/.derivedData/Build/Intermediates.noindex/SwiftExplicitPrecompiledModules -clang-scanner-module-cache-path /Users/admin/builder/spi-builder-workspace/.derivedData/ModuleCache.noindex -sdk-module-cache-path /Users/admin/builder/spi-builder-workspace/.derivedData/SDKExplicitPrecompiledModules -emit-dependencies -emit-module -emit-module-path /Users/admin/builder/spi-builder-workspace/.derivedData/Build/Intermediates.noindex/Clavier.build/Debug-appletvos/Clavier-t.build/Objects-normal/arm64/Clavier.swiftmodule -serialize-diagnostics -dependency-scan-serialize-diagnostics-path /Users/admin/builder/spi-builder-workspace/.derivedData/Build/Intermediates.noindex/Clavier.build/Debug-appletvos/Clavier-t.build/Objects-normal/arm64/Clavier-dependency-scan.dia -validate-clang-modules-once -clang-build-session-file /Users/admin/builder/spi-builder-workspace/.derivedData/ModuleCache.noindex/Session.modulevalidation -Xcc -fmodules-prune-interval\=86400 -Xcc -fmodules-prune-after\=345600 -emit-const-values -const-gather-protocols-list /Users/admin/builder/spi-builder-workspace/.derivedData/Build/Intermediates.noindex/Clavier.build/Debug-appletvos/Clavier-t.build/Objects-normal/arm64/Clavier_const_extract_protocols.json -Xcc -I/Users/admin/builder/spi-builder-workspace/.derivedData/Build/Products/Debug-appletvos/include -Xcc -I/Users/admin/builder/spi-builder-workspace/.derivedData/Build/Intermediates.noindex/Clavier.build/Debug-appletvos/Clavier-t.build/DerivedSources-normal/arm64 -Xcc -I/Users/admin/builder/spi-builder-workspace/.derivedData/Build/Intermediates.noindex/Clavier.build/Debug-appletvos/Clavier-t.build/DerivedSources/arm64 -Xcc -I/Users/admin/builder/spi-builder-workspace/.derivedData/Build/Intermediates.noindex/Clavier.build/Debug-appletvos/Clavier-t.build/DerivedSources -Xcc -DSWIFT_PACKAGE -Xcc -DDEBUG\=1 -emit-objc-header -emit-objc-header-path /Users/admin/builder/spi-builder-workspace/.derivedData/Build/Intermediates.noindex/Clavier.build/Debug-appletvos/Clavier-t.build/Objects-normal/arm64/Clavier-Swift.h -working-directory /Users/admin/builder/spi-builder-workspace/.swiftpm/xcode -experimental-emit-module-separately -disable-cmo
SwiftExplicitDependencyGeneratePcm arm64 /Users/admin/builder/spi-builder-workspace/.derivedData/SDKExplicitPrecompiledModules/ptrauth-8X2KEPL7CTRPS40TUB9APHPK6.pcm
SwiftExplicitDependencyGeneratePcm arm64 /Users/admin/builder/spi-builder-workspace/.derivedData/SDKExplicitPrecompiledModules/_AvailabilityInternal-BV2EDDP0MI5QJDDPEEV4D9D3V.pcm
SwiftExplicitDependencyGeneratePcm arm64 /Users/admin/builder/spi-builder-workspace/.derivedData/SDKExplicitPrecompiledModules/_Builtin_stdbool-AHRDH5EKLY6D04C5E42F3VCQI.pcm
SwiftExplicitDependencyGeneratePcm arm64 /Users/admin/builder/spi-builder-workspace/.derivedData/SDKExplicitPrecompiledModules/SwiftShims-8N4EXJ4RUJTR8K9OO3CMOH1EP.pcm
SwiftExplicitDependencyGeneratePcm arm64 /Users/admin/builder/spi-builder-workspace/.derivedData/SDKExplicitPrecompiledModules/_Builtin_stddef-9ZJZ6FDEZNKTZU8YLPMFT9RAQ.pcm
SwiftExplicitDependencyGeneratePcm arm64 /Users/admin/builder/spi-builder-workspace/.derivedData/SDKExplicitPrecompiledModules/_Builtin_stdarg-BO2OCAUYVAXDRVQWQ8ISKGNUQ.pcm
SwiftExplicitDependencyGeneratePcm arm64 /Users/admin/builder/spi-builder-workspace/.derivedData/SDKExplicitPrecompiledModules/_Builtin_float-8ZJAYZ85YBOAOP52Y9H6IUNP3.pcm
SwiftExplicitDependencyGeneratePcm arm64 /Users/admin/builder/spi-builder-workspace/.derivedData/SDKExplicitPrecompiledModules/_SwiftConcurrencyShims-BY5PD8KF1L5KF6F4Q69HE3TJ4.pcm
SwiftExplicitDependencyGeneratePcm arm64 /Users/admin/builder/spi-builder-workspace/.derivedData/SDKExplicitPrecompiledModules/ptrcheck-2AZ6B5IBYD3RRRTFWN2ONASY3.pcm
SwiftExplicitDependencyGeneratePcm arm64 /Users/admin/builder/spi-builder-workspace/.derivedData/SDKExplicitPrecompiledModules/_DarwinFoundation1-JOTYMOA1YZCIJ2NON6FQ848O.pcm
SwiftExplicitDependencyGeneratePcm arm64 /Users/admin/builder/spi-builder-workspace/.derivedData/SDKExplicitPrecompiledModules/_Builtin_limits-7JU2HP127LIT1X9E2V3D8WZ1.pcm
SwiftExplicitDependencyGeneratePcm arm64 /Users/admin/builder/spi-builder-workspace/.derivedData/SDKExplicitPrecompiledModules/_DarwinFoundation2-AOGAN1O02NKXRJN5V73AV3V3M.pcm
SwiftExplicitDependencyGeneratePcm arm64 /Users/admin/builder/spi-builder-workspace/.derivedData/SDKExplicitPrecompiledModules/string_h-6EVHP7A717OUS5DMC78F79HWO.pcm
SwiftExplicitDependencyGeneratePcm arm64 /Users/admin/builder/spi-builder-workspace/.derivedData/SDKExplicitPrecompiledModules/_Builtin_stdint-6NFTB6IBKS143IVPGT1EKB7HO.pcm
SwiftExplicitDependencyGeneratePcm arm64 /Users/admin/builder/spi-builder-workspace/.derivedData/SDKExplicitPrecompiledModules/sys_types-8GCAV1YMG5UUGHUID3CA20TCH.pcm
SwiftExplicitDependencyGeneratePcm arm64 /Users/admin/builder/spi-builder-workspace/.derivedData/SDKExplicitPrecompiledModules/_DarwinFoundation3-8SR3855WDFHQPR6G9GHOI2C07.pcm
SwiftExplicitDependencyGeneratePcm arm64 /Users/admin/builder/spi-builder-workspace/.derivedData/SDKExplicitPrecompiledModules/DeveloperToolsSupport-B1X8RI63V48AJRTH2RK6JAARV.pcm
SwiftExplicitDependencyGeneratePcm arm64 /Users/admin/builder/spi-builder-workspace/.derivedData/SDKExplicitPrecompiledModules/_Builtin_stdatomic-3YXHN678NGYM3NL9POJ2HVEIF.pcm
SwiftExplicitDependencyGeneratePcm arm64 /Users/admin/builder/spi-builder-workspace/.derivedData/SDKExplicitPrecompiledModules/_Builtin_tgmath-7ULT1EUHDHW4OZPSTT33H6QGE.pcm
SwiftExplicitDependencyGeneratePcm arm64 /Users/admin/builder/spi-builder-workspace/.derivedData/SDKExplicitPrecompiledModules/_Builtin_intrinsics-437O2R2NID4WAQVENR63GR82C.pcm
SwiftExplicitDependencyGeneratePcm arm64 /Users/admin/builder/spi-builder-workspace/.derivedData/SDKExplicitPrecompiledModules/_Builtin_inttypes-6X1IQ3QK9KEVKXOK9Y79EW7J3.pcm
SwiftExplicitDependencyGeneratePcm arm64 /Users/admin/builder/spi-builder-workspace/.derivedData/SDKExplicitPrecompiledModules/Darwin-DBSQAVBBPC3D2OMU5ZI2RXMST.pcm
SwiftExplicitDependencyGeneratePcm arm64 /Users/admin/builder/spi-builder-workspace/.derivedData/SDKExplicitPrecompiledModules/simd-117QUXEUT3Z7UQCUYWV2UA228.pcm
SwiftExplicitDependencyGeneratePcm arm64 /Users/admin/builder/spi-builder-workspace/.derivedData/SDKExplicitPrecompiledModules/ObjectiveC-5250FDCE56N8508OR6XUYDKZM.pcm
SwiftExplicitDependencyGeneratePcm arm64 /Users/admin/builder/spi-builder-workspace/.derivedData/SDKExplicitPrecompiledModules/MachO-EH3F5PJCIZG05NO51CEFSZYPW.pcm
SwiftExplicitDependencyGeneratePcm arm64 /Users/admin/builder/spi-builder-workspace/.derivedData/SDKExplicitPrecompiledModules/os_object-E2DGZ0SX0TULQHULZRPO6OKNW.pcm
SwiftExplicitDependencyGeneratePcm arm64 /Users/admin/builder/spi-builder-workspace/.derivedData/SDKExplicitPrecompiledModules/os_workgroup-DBUFF7811DKMX7VPBOJPGGF1U.pcm
SwiftExplicitDependencyGeneratePcm arm64 /Users/admin/builder/spi-builder-workspace/.derivedData/SDKExplicitPrecompiledModules/Dispatch-1QL58A0V50C39KVAIC6C38SHL.pcm
SwiftExplicitDependencyGeneratePcm arm64 /Users/admin/builder/spi-builder-workspace/.derivedData/SDKExplicitPrecompiledModules/Spatial-7U8NLEFXSB8BR7PJQGVMF5A4Q.pcm
SwiftExplicitDependencyGeneratePcm arm64 /Users/admin/builder/spi-builder-workspace/.derivedData/SDKExplicitPrecompiledModules/XPC-6O2DJFT3QUJ7QKTD3SNUB6PCR.pcm
SwiftExplicitDependencyGeneratePcm arm64 /Users/admin/builder/spi-builder-workspace/.derivedData/SDKExplicitPrecompiledModules/CoreFoundation-7TPJ7ENDC4L1A1ESHYI9TXS0D.pcm
SwiftExplicitDependencyGeneratePcm arm64 /Users/admin/builder/spi-builder-workspace/.derivedData/SDKExplicitPrecompiledModules/os-3GJI8H0BNAEZPQPQ1V0VVY3FY.pcm
SwiftExplicitDependencyGeneratePcm arm64 /Users/admin/builder/spi-builder-workspace/.derivedData/SDKExplicitPrecompiledModules/CoreGraphics-CWSP3J98S2658BYCVL6RP99T3.pcm
SwiftExplicitDependencyGeneratePcm arm64 /Users/admin/builder/spi-builder-workspace/.derivedData/SDKExplicitPrecompiledModules/Security-8VMXEKVDA3MHUH9AOTP905DID.pcm
SwiftExplicitDependencyGeneratePcm arm64 /Users/admin/builder/spi-builder-workspace/.derivedData/SDKExplicitPrecompiledModules/CFNetwork-2CUR2VK9S3S3WPFXPNXNUWYGN.pcm
SwiftExplicitDependencyGeneratePcm arm64 /Users/admin/builder/spi-builder-workspace/.derivedData/SDKExplicitPrecompiledModules/Foundation-BSSIP64DIGUKMAYJOG1WPQ78X.pcm
SwiftExplicitDependencyGeneratePcm arm64 /Users/admin/builder/spi-builder-workspace/.derivedData/SDKExplicitPrecompiledModules/CoreText-59NY7PABM0I4V978161FOC04A.pcm
SwiftExplicitDependencyGeneratePcm arm64 /Users/admin/builder/spi-builder-workspace/.derivedData/SDKExplicitPrecompiledModules/ImageIO-88D4CLEBD4CLWQKT78PZ6H1O8.pcm
SwiftExplicitDependencyGeneratePcm arm64 /Users/admin/builder/spi-builder-workspace/.derivedData/SDKExplicitPrecompiledModules/OSLog-7OT6HHTMY0ZFEQJ095LJZ6NLC.pcm
SwiftExplicitDependencyGeneratePcm arm64 /Users/admin/builder/spi-builder-workspace/.derivedData/SDKExplicitPrecompiledModules/CoreTransferable-7V4O8DATEQ9F7SDNTCW8YWLG3.pcm
SwiftExplicitDependencyGeneratePcm arm64 /Users/admin/builder/spi-builder-workspace/.derivedData/SDKExplicitPrecompiledModules/UIUtilities-6ZFJ1AK4H8IBGEBMYQBWGBYLK.pcm
SwiftExplicitDependencyGeneratePcm arm64 /Users/admin/builder/spi-builder-workspace/.derivedData/SDKExplicitPrecompiledModules/Symbols-B5AU9VM9Y7NU79RLMH13Z4IFM.pcm
SwiftExplicitDependencyGeneratePcm arm64 /Users/admin/builder/spi-builder-workspace/.derivedData/SDKExplicitPrecompiledModules/IOSurface-38FJ1CKX9FV2RD97O64Z7QB17.pcm
SwiftExplicitDependencyGeneratePcm arm64 /Users/admin/builder/spi-builder-workspace/.derivedData/SDKExplicitPrecompiledModules/_LocationEssentials-ETSJ65FELPWR8WH8G49R1DF2E.pcm
SwiftExplicitDependencyGeneratePcm arm64 /Users/admin/builder/spi-builder-workspace/.derivedData/SDKExplicitPrecompiledModules/DataDetection-37JIYZ2GWDA1L166PP1D9JKAF.pcm
SwiftExplicitDependencyGeneratePcm arm64 /Users/admin/builder/spi-builder-workspace/.derivedData/SDKExplicitPrecompiledModules/Accessibility-B6BODGZ4MQQTY0PBC4SHRP009.pcm
SwiftExplicitDependencyGeneratePcm arm64 /Users/admin/builder/spi-builder-workspace/.derivedData/SDKExplicitPrecompiledModules/UniformTypeIdentifiers-95CC8U42ZA9STP5K6GP9ZVJS5.pcm
SwiftExplicitDependencyGeneratePcm arm64 /Users/admin/builder/spi-builder-workspace/.derivedData/SDKExplicitPrecompiledModules/UserNotifications-E9ZW5TH066WIJWH9080RC5NG4.pcm
SwiftEmitModule normal arm64 Emitting\ module\ for\ Builder (in target 'Builder' from project 'Builder')
SwiftCompile normal arm64 (in target 'Builder' from project 'Builder')
    cd /Users/admin/builder/spi-builder-workspace/.swiftpm/xcode

SwiftCompile normal arm64 Compiling\ PropertyAssigner.swift /Users/admin/builder/spi-builder-workspace/.dependencies/checkouts/Builder/Builder/Classes/PropertyAssigner.swift (in target 'Builder' from project 'Builder')
SwiftCompile normal arm64 /Users/admin/builder/spi-builder-workspace/.dependencies/checkouts/Builder/Builder/Classes/PropertyAssigner.swift (in target 'Builder' from project 'Builder')
    cd /Users/admin/builder/spi-builder-workspace/.swiftpm/xcode
    builtin-SwiftPerFileCompile PropertyAssigner.swift
SwiftCompile normal arm64 Compiling\ Builder.swift /Users/admin/builder/spi-builder-workspace/.dependencies/checkouts/Builder/Builder/Classes/Builder.swift (in target 'Builder' from project 'Builder')
SwiftCompile normal arm64 /Users/admin/builder/spi-builder-workspace/.dependencies/checkouts/Builder/Builder/Classes/Builder.swift (in target 'Builder' from project 'Builder')
    cd /Users/admin/builder/spi-builder-workspace/.swiftpm/xcode
    builtin-SwiftPerFileCompile Builder.swift
SwiftCompile normal arm64 Compiling\ BuilderConfig.swift /Users/admin/builder/spi-builder-workspace/.dependencies/checkouts/Builder/Builder/Classes/BuilderConfig.swift (in target 'Builder' from project 'Builder')
SwiftCompile normal arm64 /Users/admin/builder/spi-builder-workspace/.dependencies/checkouts/Builder/Builder/Classes/BuilderConfig.swift (in target 'Builder' from project 'Builder')
    cd /Users/admin/builder/spi-builder-workspace/.swiftpm/xcode
    builtin-SwiftPerFileCompile BuilderConfig.swift
SwiftCompile normal arm64 Compiling\ Protocols.swift /Users/admin/builder/spi-builder-workspace/.dependencies/checkouts/Builder/Builder/Classes/Protocols.swift (in target 'Builder' from project 'Builder')
SwiftCompile normal arm64 /Users/admin/builder/spi-builder-workspace/.dependencies/checkouts/Builder/Builder/Classes/Protocols.swift (in target 'Builder' from project 'Builder')
    cd /Users/admin/builder/spi-builder-workspace/.swiftpm/xcode
    builtin-SwiftPerFileCompile Protocols.swift
SwiftExplicitDependencyGeneratePcm arm64 /Users/admin/builder/spi-builder-workspace/.derivedData/SDKExplicitPrecompiledModules/CoreLocation-YVXXAOMVX0JH2KO1XTTKTY51.pcm
SwiftExplicitDependencyGeneratePcm arm64 /Users/admin/builder/spi-builder-workspace/.derivedData/SDKExplicitPrecompiledModules/Metal-2KYBS7IML1SD788M91YV7Q0CC.pcm
SwiftExplicitDependencyGeneratePcm arm64 /Users/admin/builder/spi-builder-workspace/.derivedData/SDKExplicitPrecompiledModules/OpenGLES-4NY99CNDU9WUNUYEIXSS1QFGE.pcm
SwiftDriverJobDiscovery normal arm64 Emitting module for Builder (in target 'Builder' from project 'Builder')
SwiftDriver\ Compilation\ Requirements Builder normal arm64 com.apple.xcode.tools.swift.compiler (in target 'Builder' from project 'Builder')
    cd /Users/admin/builder/spi-builder-workspace/.swiftpm/xcode
    builtin-Swift-Compilation-Requirements -- /Applications/Xcode-27.0.0-Release.Candidate.app/Contents/Developer/Toolchains/XcodeDefault.xctoolchain/usr/bin/swiftc -parse-as-library -module-name Builder -Onone @/Users/admin/builder/spi-builder-workspace/.derivedData/Build/Intermediates.noindex/Builder.build/Debug-appletvos/Builder-t.build/Objects-normal/arm64/Builder.SwiftFileList -DSWIFT_PACKAGE -DDEBUG -DSWIFT_MODULE_RESOURCE_BUNDLE_UNAVAILABLE -DXcode -plugin-path /Applications/Xcode-27.0.0-Release.Candidate.app/Contents/Developer/Toolchains/XcodeDefault.xctoolchain/usr/lib/swift/host/plugins/testing -enable-experimental-feature DebugDescriptionMacro -sdk /Applications/Xcode-27.0.0-Release.Candidate.app/Contents/Developer/Platforms/AppleTVOS.platform/Developer/SDKs/AppleTVOS27.0.sdk -target arm64-apple-tvos15.0 -g -module-cache-path /Users/admin/builder/spi-builder-workspace/.derivedData/ModuleCache.noindex -Xfrontend -serialize-debugging-options -enable-testing -suppress-warnings -index-store-path /Users/admin/builder/spi-builder-workspace/.derivedData/Index.noindex/DataStore -Xcc -D_LIBCPP_HARDENING_MODE\=_LIBCPP_HARDENING_MODE_DEBUG -swift-version 5 -I /Users/admin/builder/spi-builder-workspace/.derivedData/Build/Products/Debug-appletvos -Isystem /Applications/Xcode-27.0.0-Release.Candidate.app/Contents/Developer/Platforms/AppleTVOS.platform/Developer/usr/lib -F /Users/admin/builder/spi-builder-workspace/.derivedData/Build/Products/Debug-appletvos -F /Applications/Xcode-27.0.0-Release.Candidate.app/Contents/Developer/Platforms/AppleTVOS.platform/Developer/Library/Frameworks -F /Applications/Xcode-27.0.0-Release.Candidate.app/Contents/Developer/Platforms/AppleTVOS.platform/Developer/SDKs/AppleTVOS27.0.sdk/Developer/Library/Frameworks -c -j10 -enable-batch-mode -incremental -Xcc -ivfsstatcache -Xcc /Users/admin/builder/spi-builder-workspace/.derivedData/SDKStatCaches.noindex/appletvos27.0-24J360-e829b21a6f8c9b70876ba0858053c044b32bfd8d43560033f8d89884cdb90028.sdkstatcache -output-file-map /Users/admin/builder/spi-builder-workspace/.derivedData/Build/Intermediates.noindex/Builder.build/Debug-appletvos/Builder-t.build/Objects-normal/arm64/Builder-OutputFileMap.json -save-temps -no-color-diagnostics -explicit-module-build -module-cache-path /Users/admin/builder/spi-builder-workspace/.derivedData/Build/Intermediates.noindex/SwiftExplicitPrecompiledModules -clang-scanner-module-cache-path /Users/admin/builder/spi-builder-workspace/.derivedData/ModuleCache.noindex -sdk-module-cache-path /Users/admin/builder/spi-builder-workspace/.derivedData/SDKExplicitPrecompiledModules -emit-dependencies -emit-module -emit-module-path /Users/admin/builder/spi-builder-workspace/.derivedData/Build/Intermediates.noindex/Builder.build/Debug-appletvos/Builder-t.build/Objects-normal/arm64/Builder.swiftmodule -serialize-diagnostics -dependency-scan-serialize-diagnostics-path /Users/admin/builder/spi-builder-workspace/.derivedData/Build/Intermediates.noindex/Builder.build/Debug-appletvos/Builder-t.build/Objects-normal/arm64/Builder-dependency-scan.dia -validate-clang-modules-once -clang-build-session-file /Users/admin/builder/spi-builder-workspace/.derivedData/ModuleCache.noindex/Session.modulevalidation -Xcc -fmodules-prune-interval\=86400 -Xcc -fmodules-prune-after\=345600 -emit-const-values -const-gather-protocols-list /Users/admin/builder/spi-builder-workspace/.derivedData/Build/Intermediates.noindex/Builder.build/Debug-appletvos/Builder-t.build/Objects-normal/arm64/Builder_const_extract_protocols.json -Xcc -I/Users/admin/builder/spi-builder-workspace/.derivedData/Build/Products/Debug-appletvos/include -Xcc -I/Users/admin/builder/spi-builder-workspace/.derivedData/Build/Intermediates.noindex/Builder.build/Debug-appletvos/Builder-t.build/DerivedSources-normal/arm64 -Xcc -I/Users/admin/builder/spi-builder-workspace/.derivedData/Build/Intermediates.noindex/Builder.build/Debug-appletvos/Builder-t.build/DerivedSources/arm64 -Xcc -I/Users/admin/builder/spi-builder-workspace/.derivedData/Build/Intermediates.noindex/Builder.build/Debug-appletvos/Builder-t.build/DerivedSources -Xcc -DSWIFT_PACKAGE -Xcc -DDEBUG\=1 -emit-objc-header -emit-objc-header-path /Users/admin/builder/spi-builder-workspace/.derivedData/Build/Intermediates.noindex/Builder.build/Debug-appletvos/Builder-t.build/Objects-normal/arm64/Builder-Swift.h -working-directory /Users/admin/builder/spi-builder-workspace/.swiftpm/xcode -experimental-emit-module-separately -disable-cmo
SwiftMergeGeneratedHeaders /Users/admin/builder/spi-builder-workspace/.derivedData/Build/Intermediates.noindex/GeneratedModuleMaps-appletvos/Builder-Swift.h /Users/admin/builder/spi-builder-workspace/.derivedData/Build/Intermediates.noindex/Builder.build/Debug-appletvos/Builder-t.build/Objects-normal/arm64/Builder-Swift.h (in target 'Builder' from project 'Builder')
    cd /Users/admin/builder/spi-builder-workspace/.dependencies/checkouts/Builder
    builtin-swiftHeaderTool -arch arm64 /Users/admin/builder/spi-builder-workspace/.derivedData/Build/Intermediates.noindex/Builder.build/Debug-appletvos/Builder-t.build/Objects-normal/arm64/Builder-Swift.h -o /Users/admin/builder/spi-builder-workspace/.derivedData/Build/Intermediates.noindex/GeneratedModuleMaps-appletvos/Builder-Swift.h
Copy /Users/admin/builder/spi-builder-workspace/.derivedData/Build/Products/Debug-appletvos/Builder.swiftmodule/arm64-apple-tvos.swiftdoc /Users/admin/builder/spi-builder-workspace/.derivedData/Build/Intermediates.noindex/Builder.build/Debug-appletvos/Builder-t.build/Objects-normal/arm64/Builder.swiftdoc (in target 'Builder' from project 'Builder')
    cd /Users/admin/builder/spi-builder-workspace/.dependencies/checkouts/Builder
    builtin-copy -exclude .DS_Store -exclude CVS -exclude .svn -exclude .git -exclude .hg -resolve-src-symlinks -rename /Users/admin/builder/spi-builder-workspace/.derivedData/Build/Intermediates.noindex/Builder.build/Debug-appletvos/Builder-t.build/Objects-normal/arm64/Builder.swiftdoc /Users/admin/builder/spi-builder-workspace/.derivedData/Build/Products/Debug-appletvos/Builder.swiftmodule/arm64-apple-tvos.swiftdoc
Copy /Users/admin/builder/spi-builder-workspace/.derivedData/Build/Products/Debug-appletvos/Builder.swiftmodule/arm64-apple-tvos.swiftmodule /Users/admin/builder/spi-builder-workspace/.derivedData/Build/Intermediates.noindex/Builder.build/Debug-appletvos/Builder-t.build/Objects-normal/arm64/Builder.swiftmodule (in target 'Builder' from project 'Builder')
    cd /Users/admin/builder/spi-builder-workspace/.dependencies/checkouts/Builder
    builtin-copy -exclude .DS_Store -exclude CVS -exclude .svn -exclude .git -exclude .hg -resolve-src-symlinks -rename /Users/admin/builder/spi-builder-workspace/.derivedData/Build/Intermediates.noindex/Builder.build/Debug-appletvos/Builder-t.build/Objects-normal/arm64/Builder.swiftmodule /Users/admin/builder/spi-builder-workspace/.derivedData/Build/Products/Debug-appletvos/Builder.swiftmodule/arm64-apple-tvos.swiftmodule
Copy /Users/admin/builder/spi-builder-workspace/.derivedData/Build/Products/Debug-appletvos/Builder.swiftmodule/arm64-apple-tvos.abi.json /Users/admin/builder/spi-builder-workspace/.derivedData/Build/Intermediates.noindex/Builder.build/Debug-appletvos/Builder-t.build/Objects-normal/arm64/Builder.abi.json (in target 'Builder' from project 'Builder')
    cd /Users/admin/builder/spi-builder-workspace/.dependencies/checkouts/Builder
    builtin-copy -exclude .DS_Store -exclude CVS -exclude .svn -exclude .git -exclude .hg -resolve-src-symlinks -rename /Users/admin/builder/spi-builder-workspace/.derivedData/Build/Intermediates.noindex/Builder.build/Debug-appletvos/Builder-t.build/Objects-normal/arm64/Builder.abi.json /Users/admin/builder/spi-builder-workspace/.derivedData/Build/Products/Debug-appletvos/Builder.swiftmodule/arm64-apple-tvos.abi.json
Copy /Users/admin/builder/spi-builder-workspace/.derivedData/Build/Products/Debug-appletvos/Builder.swiftmodule/Project/arm64-apple-tvos.swiftsourceinfo /Users/admin/builder/spi-builder-workspace/.derivedData/Build/Intermediates.noindex/Builder.build/Debug-appletvos/Builder-t.build/Objects-normal/arm64/Builder.swiftsourceinfo (in target 'Builder' from project 'Builder')
    cd /Users/admin/builder/spi-builder-workspace/.dependencies/checkouts/Builder
    builtin-copy -exclude .DS_Store -exclude CVS -exclude .svn -exclude .git -exclude .hg -resolve-src-symlinks -rename /Users/admin/builder/spi-builder-workspace/.derivedData/Build/Intermediates.noindex/Builder.build/Debug-appletvos/Builder-t.build/Objects-normal/arm64/Builder.swiftsourceinfo /Users/admin/builder/spi-builder-workspace/.derivedData/Build/Products/Debug-appletvos/Builder.swiftmodule/Project/arm64-apple-tvos.swiftsourceinfo
SwiftExplicitDependencyGeneratePcm arm64 /Users/admin/builder/spi-builder-workspace/.derivedData/SDKExplicitPrecompiledModules/CoreVideo-DPU0PB5X0XLSVA2ETRGI6FJBM.pcm
SwiftExplicitDependencyGeneratePcm arm64 /Users/admin/builder/spi-builder-workspace/.derivedData/SDKExplicitPrecompiledModules/CoreImage-7S2AFJ8EIY3DUFYLEAX1JR1QV.pcm
SwiftExplicitDependencyGeneratePcm arm64 /Users/admin/builder/spi-builder-workspace/.derivedData/SDKExplicitPrecompiledModules/QuartzCore-DJSYAWKXFGVSAK5CQMOB3JSR.pcm
SwiftExplicitDependencyGeneratePcm arm64 /Users/admin/builder/spi-builder-workspace/.derivedData/SDKExplicitPrecompiledModules/SwiftUICore-543QU5V2NHKUFCYFJDKUJ7NYG.pcm
SwiftExplicitDependencyGeneratePcm arm64 /Users/admin/builder/spi-builder-workspace/.derivedData/SDKExplicitPrecompiledModules/UIKit-1TKWN7VC2X6N3ITMRVA2G0EB2.pcm
SwiftCompile normal arm64 Compiling\ ClavierGlobalConfig.swift /Users/admin/builder/spi-builder-workspace/.dependencies/checkouts/Clavier/Clavier/Classes/ClavierGlobalConfig.swift (in target 'Clavier' from project 'Clavier')
SwiftCompile normal arm64 /Users/admin/builder/spi-builder-workspace/.dependencies/checkouts/Clavier/Clavier/Classes/ClavierGlobalConfig.swift (in target 'Clavier' from project 'Clavier')
    cd /Users/admin/builder/spi-builder-workspace/.swiftpm/xcode
    builtin-SwiftPerFileCompile ClavierGlobalConfig.swift
SwiftCompile normal arm64 Compiling\ Extensions.swift /Users/admin/builder/spi-builder-workspace/.dependencies/checkouts/Clavier/Clavier/Classes/Extensions.swift (in target 'Clavier' from project 'Clavier')
SwiftCompile normal arm64 /Users/admin/builder/spi-builder-workspace/.dependencies/checkouts/Clavier/Clavier/Classes/Extensions.swift (in target 'Clavier' from project 'Clavier')
    cd /Users/admin/builder/spi-builder-workspace/.swiftpm/xcode
    builtin-SwiftPerFileCompile Extensions.swift
/Users/admin/builder/spi-builder-workspace/.dependencies/checkouts/Clavier/Clavier/Classes/Extensions.swift:58:20: error: 'keyboardLayoutGuide' is unavailable in tvOS
56 |             return keyboardGuide
57 |         } else {
58 |             return keyboardLayoutGuide
   |                    `- error: 'keyboardLayoutGuide' is unavailable in tvOS
59 |         }
60 |     }
/Applications/Xcode-27.0.0-Release.Candidate.app/Contents/Developer/Platforms/AppleTVOS.platform/Developer/SDKs/AppleTVOS27.0.sdk/System/Library/Frameworks/UIKit.framework/Headers/UIView.h:309:61: note: 'keyboardLayoutGuide' has been explicitly marked unavailable here
307 |
308 | /// Follows the keyboard when on screen and docked. See UIKeyboardLayoutGuide.h for additional options.
309 | @property(nonatomic,readonly,strong) UIKeyboardLayoutGuide *keyboardLayoutGuide API_AVAILABLE(ios(15.0)) API_UNAVAILABLE(tvos) API_UNAVAILABLE(watchos);
    |                                                             `- note: 'keyboardLayoutGuide' has been explicitly marked unavailable here
310 |
311 | @end
Failed frontend command:
/Applications/Xcode-27.0.0-Release.Candidate.app/Contents/Developer/Toolchains/XcodeDefault.xctoolchain/usr/bin/swift-frontend -frontend -c /Users/admin/builder/spi-builder-workspace/.dependencies/checkouts/Clavier/Clavier/Classes/ClavierGlobalConfig.swift /Users/admin/builder/spi-builder-workspace/.dependencies/checkouts/Clavier/Clavier/Classes/ClavierLayoutGuide.swift -primary-file /Users/admin/builder/spi-builder-workspace/.dependencies/checkouts/Clavier/Clavier/Classes/Extensions.swift /Users/admin/builder/spi-builder-workspace/.dependencies/checkouts/Clavier/Clavier/Classes/SafeAreaKeyboardLayoutGuide.swift -emit-dependencies-path /Users/admin/builder/spi-builder-workspace/.derivedData/Build/Intermediates.noindex/Clavier.build/Debug-appletvos/Clavier-t.build/Objects-normal/arm64/Extensions.d -emit-const-values-path /Users/admin/builder/spi-builder-workspace/.derivedData/Build/Intermediates.noindex/Clavier.build/Debug-appletvos/Clavier-t.build/Objects-normal/arm64/Extensions.swiftconstvalues -emit-reference-dependencies-path /Users/admin/builder/spi-builder-workspace/.derivedData/Build/Intermediates.noindex/Clavier.build/Debug-appletvos/Clavier-t.build/Objects-normal/arm64/Extensions.swiftdeps -serialize-diagnostics-path /Users/admin/builder/spi-builder-workspace/.derivedData/Build/Intermediates.noindex/Clavier.build/Debug-appletvos/Clavier-t.build/Objects-normal/arm64/Extensions.dia -target arm64-apple-tvos15.0 -module-can-import-version UIKit 9127.0.84.1 9127.0.84 -disable-cross-import-overlay-search -load-resolved-plugin /Applications/Xcode-27.0.0-Release.Candidate.app/Contents/Developer/Platforms/AppleTVOS.platform/Developer/usr/lib/swift/host/plugins/libFoundationMacros.dylib\#/Applications/Xcode-27.0.0-Release.Candidate.app/Contents/Developer/Platforms/AppleTVOS.platform/Developer/usr/bin/swift-plugin-server\#FoundationMacros -load-resolved-plugin /Applications/Xcode-27.0.0-Release.Candidate.app/Contents/Developer/Platforms/AppleTVOS.platform/Developer/usr/lib/swift/host/plugins/libObservationMacros.dylib\#/Applications/Xcode-27.0.0-Release.Candidate.app/Contents/Developer/Platforms/AppleTVOS.platform/Developer/usr/bin/swift-plugin-server\#ObservationMacros -load-resolved-plugin /Applications/Xcode-27.0.0-Release.Candidate.app/Contents/Developer/Platforms/AppleTVOS.platform/Developer/usr/lib/swift/host/plugins/libPreviewsMacros.dylib\#/Applications/Xcode-27.0.0-Release.Candidate.app/Contents/Developer/Platforms/AppleTVOS.platform/Developer/usr/bin/swift-plugin-server\#PreviewsMacros -load-resolved-plugin /Applications/Xcode-27.0.0-Release.Candidate.app/Contents/Developer/Platforms/AppleTVOS.platform/Developer/usr/lib/swift/host/plugins/libSwiftMacros.dylib\#/Applications/Xcode-27.0.0-Release.Candidate.app/Contents/Developer/Platforms/AppleTVOS.platform/Developer/usr/bin/swift-plugin-server\#SwiftMacros -load-resolved-plugin /Applications/Xcode-27.0.0-Release.Candidate.app/Contents/Developer/Platforms/AppleTVOS.platform/Developer/usr/lib/swift/host/plugins/libSwiftUIMacros.dylib\#/Applications/Xcode-27.0.0-Release.Candidate.app/Contents/Developer/Platforms/AppleTVOS.platform/Developer/usr/bin/swift-plugin-server\#SwiftUIMacros -disable-implicit-swift-modules -Xcc -fno-implicit-modules -Xcc -fno-implicit-module-maps -explicit-swift-module-map-file /Users/admin/builder/spi-builder-workspace/.derivedData/Build/Intermediates.noindex/Clavier.build/Debug-appletvos/Clavier-t.build/Objects-normal/arm64/Clavier-dependencies-1.json -Xllvm -aarch64-use-tbi -enable-objc-interop -stack-check -sdk /Applications/Xcode-27.0.0-Release.Candidate.app/Contents/Developer/Platforms/AppleTVOS.platform/Developer/SDKs/AppleTVOS27.0.sdk -I /Users/admin/builder/spi-builder-workspace/.derivedData/Build/Products/Debug-appletvos -Isystem /Applications/Xcode-27.0.0-Release.Candidate.app/Contents/Developer/Platforms/AppleTVOS.platform/Developer/usr/lib -F /Users/admin/builder/spi-builder-workspace/.derivedData/Build/Products/Debug-appletvos -F /Applications/Xcode-27.0.0-Release.Candidate.app/Contents/Developer/Platforms/AppleTVOS.platform/Developer/Library/Frameworks -F /Applications/Xcode-27.0.0-Release.Candidate.app/Contents/Developer/Platforms/AppleTVOS.platform/Developer/SDKs/AppleTVOS27.0.sdk/Developer/Library/Frameworks -module-cache-path /Users/admin/builder/spi-builder-workspace/.derivedData/Build/Intermediates.noindex/SwiftExplicitPrecompiledModules -no-color-diagnostics -Xcc -fno-color-diagnostics -enable-testing -g -debug-info-format\=dwarf -dwarf-version\=4 -suppress-warnings -swift-version 5 -Onone -D SWIFT_PACKAGE -D DEBUG -D SWIFT_MODULE_RESOURCE_BUNDLE_UNAVAILABLE -D Xcode -serialize-debugging-options -enable-experimental-feature DebugDescriptionMacro -empty-abi-descriptor -validate-clang-modules-once -clang-build-session-file /Users/admin/builder/spi-builder-workspace/.derivedData/ModuleCache.noindex/Session.modulevalidation -Xcc -working-directory -Xcc /Users/admin/builder/spi-builder-workspace/.swiftpm/xcode -enable-anonymous-context-mangled-names -file-compilation-dir /Users/admin/builder/spi-builder-workspace/.swiftpm/xcode -Xcc -D_LIBCPP_HARDENING_MODE\=_LIBCPP_HARDENING_MODE_DEBUG -Xcc -ivfsstatcache -Xcc /Users/admin/builder/spi-builder-workspace/.derivedData/SDKStatCaches.noindex/appletvos27.0-24J360-e829b21a6f8c9b70876ba0858053c044b32bfd8d43560033f8d89884cdb90028.sdkstatcache -Xcc -fmodules-prune-interval\=86400 -Xcc -fmodules-prune-after\=345600 -Xcc -I/Users/admin/builder/spi-builder-workspace/.derivedData/Build/Products/Debug-appletvos/include -Xcc -I/Users/admin/builder/spi-builder-workspace/.derivedData/Build/Intermediates.noindex/Clavier.build/Debug-appletvos/Clavier-t.build/DerivedSources-normal/arm64 -Xcc -I/Users/admin/builder/spi-builder-workspace/.derivedData/Build/Intermediates.noindex/Clavier.build/Debug-appletvos/Clavier-t.build/DerivedSources/arm64 -Xcc -I/Users/admin/builder/spi-builder-workspace/.derivedData/Build/Intermediates.noindex/Clavier.build/Debug-appletvos/Clavier-t.build/DerivedSources -Xcc -DSWIFT_PACKAGE -Xcc -DDEBUG\=1 -no-auto-bridging-header-chaining -module-name Clavier -const-gather-protocols-file /Users/admin/builder/spi-builder-workspace/.derivedData/Build/Intermediates.noindex/Clavier.build/Debug-appletvos/Clavier-t.build/Objects-normal/arm64/Clavier_const_extract_protocols.json -disable-clang-spi -clang-target arm64-apple-tvos27.0 -target-sdk-version 27.0 -target-sdk-name appletvos27.0 -in-process-plugin-server-path /Applications/Xcode-27.0.0-Release.Candidate.app/Contents/Developer/Toolchains/XcodeDefault.xctoolchain/usr/lib/swift/host/libSwiftInProcPluginServer.dylib -parse-as-library -o /Users/admin/builder/spi-builder-workspace/.derivedData/Build/Intermediates.noindex/Clavier.build/Debug-appletvos/Clavier-t.build/Objects-normal/arm64/Extensions.o -debug-module-path /Users/admin/builder/spi-builder-workspace/.derivedData/Build/Intermediates.noindex/Clavier.build/Debug-appletvos/Clavier-t.build/Objects-normal/arm64/Clavier.swiftmodule -index-unit-output-path /Clavier.build/Debug-appletvos/Clavier-t.build/Objects-normal/arm64/Extensions.o -index-store-path /Users/admin/builder/spi-builder-workspace/.derivedData/Index.noindex/DataStore -index-system-modules
SwiftEmitModule normal arm64 Emitting\ module\ for\ Clavier (in target 'Clavier' from project 'Clavier')
SwiftCompile normal arm64 (in target 'Clavier' from project 'Clavier')
    cd /Users/admin/builder/spi-builder-workspace/.swiftpm/xcode

SwiftCompile normal arm64 Compiling\ SafeAreaKeyboardLayoutGuide.swift /Users/admin/builder/spi-builder-workspace/.dependencies/checkouts/Clavier/Clavier/Classes/SafeAreaKeyboardLayoutGuide.swift (in target 'Clavier' from project 'Clavier')
/Users/admin/builder/spi-builder-workspace/.dependencies/checkouts/Clavier/Clavier/Classes/SafeAreaKeyboardLayoutGuide.swift:40:48: error: 'keyboardLayoutGuide' is unavailable in tvOS
38 |         ]
39 |         let keyboardConstraints: [NSLayoutConstraint] = [
40 |             topAnchor.constraint(equalTo: view.keyboardLayoutGuide.topAnchor),
   |                                                `- error: 'keyboardLayoutGuide' is unavailable in tvOS
41 |             leftAnchor.constraint(equalTo: view.keyboardLayoutGuide.leftAnchor),
42 |             bottomAnchor.constraint(equalTo: view.keyboardLayoutGuide.bottomAnchor),
/Applications/Xcode-27.0.0-Release.Candidate.app/Contents/Developer/Platforms/AppleTVOS.platform/Developer/SDKs/AppleTVOS27.0.sdk/System/Library/Frameworks/UIKit.framework/Headers/UIView.h:309:61: note: 'keyboardLayoutGuide' has been explicitly marked unavailable here
307 |
308 | /// Follows the keyboard when on screen and docked. See UIKeyboardLayoutGuide.h for additional options.
309 | @property(nonatomic,readonly,strong) UIKeyboardLayoutGuide *keyboardLayoutGuide API_AVAILABLE(ios(15.0)) API_UNAVAILABLE(tvos) API_UNAVAILABLE(watchos);
    |                                                             `- note: 'keyboardLayoutGuide' has been explicitly marked unavailable here
310 |
311 | @end
/Users/admin/builder/spi-builder-workspace/.dependencies/checkouts/Clavier/Clavier/Classes/SafeAreaKeyboardLayoutGuide.swift:41:49: error: 'keyboardLayoutGuide' is unavailable in tvOS
39 |         let keyboardConstraints: [NSLayoutConstraint] = [
40 |             topAnchor.constraint(equalTo: view.keyboardLayoutGuide.topAnchor),
41 |             leftAnchor.constraint(equalTo: view.keyboardLayoutGuide.leftAnchor),
   |                                                 `- error: 'keyboardLayoutGuide' is unavailable in tvOS
42 |             bottomAnchor.constraint(equalTo: view.keyboardLayoutGuide.bottomAnchor),
43 |             rightAnchor.constraint(equalTo: view.keyboardLayoutGuide.rightAnchor),
/Applications/Xcode-27.0.0-Release.Candidate.app/Contents/Developer/Platforms/AppleTVOS.platform/Developer/SDKs/AppleTVOS27.0.sdk/System/Library/Frameworks/UIKit.framework/Headers/UIView.h:309:61: note: 'keyboardLayoutGuide' has been explicitly marked unavailable here
307 |
308 | /// Follows the keyboard when on screen and docked. See UIKeyboardLayoutGuide.h for additional options.
309 | @property(nonatomic,readonly,strong) UIKeyboardLayoutGuide *keyboardLayoutGuide API_AVAILABLE(ios(15.0)) API_UNAVAILABLE(tvos) API_UNAVAILABLE(watchos);
    |                                                             `- note: 'keyboardLayoutGuide' has been explicitly marked unavailable here
310 |
311 | @end
/Users/admin/builder/spi-builder-workspace/.dependencies/checkouts/Clavier/Clavier/Classes/SafeAreaKeyboardLayoutGuide.swift:42:51: error: 'keyboardLayoutGuide' is unavailable in tvOS
40 |             topAnchor.constraint(equalTo: view.keyboardLayoutGuide.topAnchor),
41 |             leftAnchor.constraint(equalTo: view.keyboardLayoutGuide.leftAnchor),
42 |             bottomAnchor.constraint(equalTo: view.keyboardLayoutGuide.bottomAnchor),
   |                                                   `- error: 'keyboardLayoutGuide' is unavailable in tvOS
43 |             rightAnchor.constraint(equalTo: view.keyboardLayoutGuide.rightAnchor),
44 |         ]
/Applications/Xcode-27.0.0-Release.Candidate.app/Contents/Developer/Platforms/AppleTVOS.platform/Developer/SDKs/AppleTVOS27.0.sdk/System/Library/Frameworks/UIKit.framework/Headers/UIView.h:309:61: note: 'keyboardLayoutGuide' has been explicitly marked unavailable here
307 |
308 | /// Follows the keyboard when on screen and docked. See UIKeyboardLayoutGuide.h for additional options.
309 | @property(nonatomic,readonly,strong) UIKeyboardLayoutGuide *keyboardLayoutGuide API_AVAILABLE(ios(15.0)) API_UNAVAILABLE(tvos) API_UNAVAILABLE(watchos);
    |                                                             `- note: 'keyboardLayoutGuide' has been explicitly marked unavailable here
310 |
311 | @end
/Users/admin/builder/spi-builder-workspace/.dependencies/checkouts/Clavier/Clavier/Classes/SafeAreaKeyboardLayoutGuide.swift:43:50: error: 'keyboardLayoutGuide' is unavailable in tvOS
41 |             leftAnchor.constraint(equalTo: view.keyboardLayoutGuide.leftAnchor),
42 |             bottomAnchor.constraint(equalTo: view.keyboardLayoutGuide.bottomAnchor),
43 |             rightAnchor.constraint(equalTo: view.keyboardLayoutGuide.rightAnchor),
   |                                                  `- error: 'keyboardLayoutGuide' is unavailable in tvOS
44 |         ]
45 |         safeAreaConstraints.forEach {
/Applications/Xcode-27.0.0-Release.Candidate.app/Contents/Developer/Platforms/AppleTVOS.platform/Developer/SDKs/AppleTVOS27.0.sdk/System/Library/Frameworks/UIKit.framework/Headers/UIView.h:309:61: note: 'keyboardLayoutGuide' has been explicitly marked unavailable here
307 |
308 | /// Follows the keyboard when on screen and docked. See UIKeyboardLayoutGuide.h for additional options.
309 | @property(nonatomic,readonly,strong) UIKeyboardLayoutGuide *keyboardLayoutGuide API_AVAILABLE(ios(15.0)) API_UNAVAILABLE(tvos) API_UNAVAILABLE(watchos);
    |                                                             `- note: 'keyboardLayoutGuide' has been explicitly marked unavailable here
310 |
311 | @end
Failed frontend command:
/Applications/Xcode-27.0.0-Release.Candidate.app/Contents/Developer/Toolchains/XcodeDefault.xctoolchain/usr/bin/swift-frontend -frontend -c /Users/admin/builder/spi-builder-workspace/.dependencies/checkouts/Clavier/Clavier/Classes/ClavierGlobalConfig.swift /Users/admin/builder/spi-builder-workspace/.dependencies/checkouts/Clavier/Clavier/Classes/ClavierLayoutGuide.swift /Users/admin/builder/spi-builder-workspace/.dependencies/checkouts/Clavier/Clavier/Classes/Extensions.swift -primary-file /Users/admin/builder/spi-builder-workspace/.dependencies/checkouts/Clavier/Clavier/Classes/SafeAreaKeyboardLayoutGuide.swift -emit-dependencies-path /Users/admin/builder/spi-builder-workspace/.derivedData/Build/Intermediates.noindex/Clavier.build/Debug-appletvos/Clavier-t.build/Objects-normal/arm64/SafeAreaKeyboardLayoutGuide.d -emit-const-values-path /Users/admin/builder/spi-builder-workspace/.derivedData/Build/Intermediates.noindex/Clavier.build/Debug-appletvos/Clavier-t.build/Objects-normal/arm64/SafeAreaKeyboardLayoutGuide.swiftconstvalues -emit-reference-dependencies-path /Users/admin/builder/spi-builder-workspace/.derivedData/Build/Intermediates.noindex/Clavier.build/Debug-appletvos/Clavier-t.build/Objects-normal/arm64/SafeAreaKeyboardLayoutGuide.swiftdeps -serialize-diagnostics-path /Users/admin/builder/spi-builder-workspace/.derivedData/Build/Intermediates.noindex/Clavier.build/Debug-appletvos/Clavier-t.build/Objects-normal/arm64/SafeAreaKeyboardLayoutGuide.dia -target arm64-apple-tvos15.0 -module-can-import-version UIKit 9127.0.84.1 9127.0.84 -disable-cross-import-overlay-search -load-resolved-plugin /Applications/Xcode-27.0.0-Release.Candidate.app/Contents/Developer/Platforms/AppleTVOS.platform/Developer/usr/lib/swift/host/plugins/libFoundationMacros.dylib\#/Applications/Xcode-27.0.0-Release.Candidate.app/Contents/Developer/Platforms/AppleTVOS.platform/Developer/usr/bin/swift-plugin-server\#FoundationMacros -load-resolved-plugin /Applications/Xcode-27.0.0-Release.Candidate.app/Contents/Developer/Platforms/AppleTVOS.platform/Developer/usr/lib/swift/host/plugins/libObservationMacros.dylib\#/Applications/Xcode-27.0.0-Release.Candidate.app/Contents/Developer/Platforms/AppleTVOS.platform/Developer/usr/bin/swift-plugin-server\#ObservationMacros -load-resolved-plugin /Applications/Xcode-27.0.0-Release.Candidate.app/Contents/Developer/Platforms/AppleTVOS.platform/Developer/usr/lib/swift/host/plugins/libPreviewsMacros.dylib\#/Applications/Xcode-27.0.0-Release.Candidate.app/Contents/Developer/Platforms/AppleTVOS.platform/Developer/usr/bin/swift-plugin-server\#PreviewsMacros -load-resolved-plugin /Applications/Xcode-27.0.0-Release.Candidate.app/Contents/Developer/Platforms/AppleTVOS.platform/Developer/usr/lib/swift/host/plugins/libSwiftMacros.dylib\#/Applications/Xcode-27.0.0-Release.Candidate.app/Contents/Developer/Platforms/AppleTVOS.platform/Developer/usr/bin/swift-plugin-server\#SwiftMacros -load-resolved-plugin /Applications/Xcode-27.0.0-Release.Candidate.app/Contents/Developer/Platforms/AppleTVOS.platform/Developer/usr/lib/swift/host/plugins/libSwiftUIMacros.dylib\#/Applications/Xcode-27.0.0-Release.Candidate.app/Contents/Developer/Platforms/AppleTVOS.platform/Developer/usr/bin/swift-plugin-server\#SwiftUIMacros -disable-implicit-swift-modules -Xcc -fno-implicit-modules -Xcc -fno-implicit-module-maps -explicit-swift-module-map-file /Users/admin/builder/spi-builder-workspace/.derivedData/Build/Intermediates.noindex/Clavier.build/Debug-appletvos/Clavier-t.build/Objects-normal/arm64/Clavier-dependencies-1.json -Xllvm -aarch64-use-tbi -enable-objc-interop -stack-check -sdk /Applications/Xcode-27.0.0-Release.Candidate.app/Contents/Developer/Platforms/AppleTVOS.platform/Developer/SDKs/AppleTVOS27.0.sdk -I /Users/admin/builder/spi-builder-workspace/.derivedData/Build/Products/Debug-appletvos -Isystem /Applications/Xcode-27.0.0-Release.Candidate.app/Contents/Developer/Platforms/AppleTVOS.platform/Developer/usr/lib -F /Users/admin/builder/spi-builder-workspace/.derivedData/Build/Products/Debug-appletvos -F /Applications/Xcode-27.0.0-Release.Candidate.app/Contents/Developer/Platforms/AppleTVOS.platform/Developer/Library/Frameworks -F /Applications/Xcode-27.0.0-Release.Candidate.app/Contents/Developer/Platforms/AppleTVOS.platform/Developer/SDKs/AppleTVOS27.0.sdk/Developer/Library/Frameworks -module-cache-path /Users/admin/builder/spi-builder-workspace/.derivedData/Build/Intermediates.noindex/SwiftExplicitPrecompiledModules -no-color-diagnostics -Xcc -fno-color-diagnostics -enable-testing -g -debug-info-format\=dwarf -dwarf-version\=4 -suppress-warnings -swift-version 5 -Onone -D SWIFT_PACKAGE -D DEBUG -D SWIFT_MODULE_RESOURCE_BUNDLE_UNAVAILABLE -D Xcode -serialize-debugging-options -enable-experimental-feature DebugDescriptionMacro -empty-abi-descriptor -validate-clang-modules-once -clang-build-session-file /Users/admin/builder/spi-builder-workspace/.derivedData/ModuleCache.noindex/Session.modulevalidation -Xcc -working-directory -Xcc /Users/admin/builder/spi-builder-workspace/.swiftpm/xcode -enable-anonymous-context-mangled-names -file-compilation-dir /Users/admin/builder/spi-builder-workspace/.swiftpm/xcode -Xcc -D_LIBCPP_HARDENING_MODE\=_LIBCPP_HARDENING_MODE_DEBUG -Xcc -ivfsstatcache -Xcc /Users/admin/builder/spi-builder-workspace/.derivedData/SDKStatCaches.noindex/appletvos27.0-24J360-e829b21a6f8c9b70876ba0858053c044b32bfd8d43560033f8d89884cdb90028.sdkstatcache -Xcc -fmodules-prune-interval\=86400 -Xcc -fmodules-prune-after\=345600 -Xcc -I/Users/admin/builder/spi-builder-workspace/.derivedData/Build/Products/Debug-appletvos/include -Xcc -I/Users/admin/builder/spi-builder-workspace/.derivedData/Build/Intermediates.noindex/Clavier.build/Debug-appletvos/Clavier-t.build/DerivedSources-normal/arm64 -Xcc -I/Users/admin/builder/spi-builder-workspace/.derivedData/Build/Intermediates.noindex/Clavier.build/Debug-appletvos/Clavier-t.build/DerivedSources/arm64 -Xcc -I/Users/admin/builder/spi-builder-workspace/.derivedData/Build/Intermediates.noindex/Clavier.build/Debug-appletvos/Clavier-t.build/DerivedSources -Xcc -DSWIFT_PACKAGE -Xcc -DDEBUG\=1 -no-auto-bridging-header-chaining -module-name Clavier -const-gather-protocols-file /Users/admin/builder/spi-builder-workspace/.derivedData/Build/Intermediates.noindex/Clavier.build/Debug-appletvos/Clavier-t.build/Objects-normal/arm64/Clavier_const_extract_protocols.json -disable-clang-spi -clang-target arm64-apple-tvos27.0 -target-sdk-version 27.0 -target-sdk-name appletvos27.0 -in-process-plugin-server-path /Applications/Xcode-27.0.0-Release.Candidate.app/Contents/Developer/Toolchains/XcodeDefault.xctoolchain/usr/lib/swift/host/libSwiftInProcPluginServer.dylib -parse-as-library -o /Users/admin/builder/spi-builder-workspace/.derivedData/Build/Intermediates.noindex/Clavier.build/Debug-appletvos/Clavier-t.build/Objects-normal/arm64/SafeAreaKeyboardLayoutGuide.o -debug-module-path /Users/admin/builder/spi-builder-workspace/.derivedData/Build/Intermediates.noindex/Clavier.build/Debug-appletvos/Clavier-t.build/Objects-normal/arm64/Clavier.swiftmodule -index-unit-output-path /Clavier.build/Debug-appletvos/Clavier-t.build/Objects-normal/arm64/SafeAreaKeyboardLayoutGuide.o -index-store-path /Users/admin/builder/spi-builder-workspace/.derivedData/Index.noindex/DataStore -index-system-modules
SwiftCompile normal arm64 /Users/admin/builder/spi-builder-workspace/.dependencies/checkouts/Clavier/Clavier/Classes/SafeAreaKeyboardLayoutGuide.swift (in target 'Clavier' from project 'Clavier')
    cd /Users/admin/builder/spi-builder-workspace/.swiftpm/xcode
    builtin-SwiftPerFileCompile SafeAreaKeyboardLayoutGuide.swift
SwiftCompile normal arm64 Compiling\ ClavierLayoutGuide.swift /Users/admin/builder/spi-builder-workspace/.dependencies/checkouts/Clavier/Clavier/Classes/ClavierLayoutGuide.swift (in target 'Clavier' from project 'Clavier')
/Users/admin/builder/spi-builder-workspace/.dependencies/checkouts/Clavier/Clavier/Classes/ClavierLayoutGuide.swift:194:26: error: 'keyboardWillChangeFrameNotification' is unavailable in tvOS
192 |             self,
193 |             selector: #selector(keyboardFrameChanged(notification:)),
194 |             name: UIView.keyboardWillChangeFrameNotification,
    |                          `- error: 'keyboardWillChangeFrameNotification' is unavailable in tvOS
195 |             object: nil
196 |         )
/Applications/Xcode-27.0.0-Release.Candidate.app/Contents/Developer/Platforms/AppleTVOS.platform/Developer/SDKs/AppleTVOS27.0.sdk/System/Library/Frameworks/UIKit.framework/Headers/UIWindow.h:145:39: note: 'keyboardWillChangeFrameNotification' has been explicitly marked unavailable here
143 | // Like the standard keyboard notifications above, these additional notifications include
144 | // a nil object and begin/end frames of the keyboard in screen coordinates in the userInfo dictionary.
145 | UIKIT_EXTERN NSNotificationName const UIKeyboardWillChangeFrameNotification  API_AVAILABLE(ios(5.0)) API_UNAVAILABLE(tvos, watchos) NS_SWIFT_NONISOLATED;
    |                                       `- note: 'keyboardWillChangeFrameNotification' has been explicitly marked unavailable here
146 | UIKIT_EXTERN NSNotificationName const UIKeyboardDidChangeFrameNotification   API_AVAILABLE(ios(5.0)) API_UNAVAILABLE(tvos, watchos) NS_SWIFT_NONISOLATED;
147 |
/Users/admin/builder/spi-builder-workspace/.dependencies/checkouts/Clavier/Clavier/Classes/ClavierLayoutGuide.swift:200:33: error: 'didChangeStatusBarOrientationNotification' is unavailable in tvOS
198 |             self,
199 |             selector: #selector(keyboardFrameChanged(notification:)),
200 |             name: UIApplication.didChangeStatusBarOrientationNotification,
    |                                 `- error: 'didChangeStatusBarOrientationNotification' is unavailable in tvOS
201 |             object: nil
202 |         )
/Applications/Xcode-27.0.0-Release.Candidate.app/Contents/Developer/Platforms/AppleTVOS.platform/Developer/SDKs/AppleTVOS27.0.sdk/System/Library/Frameworks/UIKit.framework/Headers/UIApplication.h:579:39: note: 'didChangeStatusBarOrientationNotification' has been explicitly marked unavailable here
577 | UIKIT_EXTERN NSNotificationName const UIApplicationSignificantTimeChangeNotification API_UNAVAILABLE(watchos) NS_SWIFT_NONISOLATED;
578 | UIKIT_EXTERN NSNotificationName const UIApplicationWillChangeStatusBarOrientationNotification API_DEPRECATED("Use viewWillTransitionToSize:withTransitionCoordinator: instead.", ios(2.0, 13.0)) API_UNAVAILABLE(tvos) API_UNAVAILABLE(visionos, watchos) NS_SWIFT_NONISOLATED; // userInfo contains NSNumber with new orientation
579 | UIKIT_EXTERN NSNotificationName const UIApplicationDidChangeStatusBarOrientationNotification API_DEPRECATED("Use viewWillTransitionToSize:withTransitionCoordinator: instead.", ios(2.0, 13.0)) API_UNAVAILABLE(tvos) API_UNAVAILABLE(visionos, watchos) NS_SWIFT_NONISOLATED;  // userInfo contains NSNumber with old orientation
    |                                       `- note: 'didChangeStatusBarOrientationNotification' has been explicitly marked unavailable here
580 | UIKIT_EXTERN NSString *const UIApplicationStatusBarOrientationUserInfoKey API_DEPRECATED("Use viewWillTransitionToSize:withTransitionCoordinator: instead.", ios(2.0, 13.0)) API_UNAVAILABLE(tvos) API_UNAVAILABLE(visionos, watchos) NS_SWIFT_NONISOLATED;            // userInfo dictionary key for status bar orientation
581 | UIKIT_EXTERN NSNotificationName const UIApplicationWillChangeStatusBarFrameNotification API_DEPRECATED("Use viewWillTransitionToSize:withTransitionCoordinator: instead.", ios(2.0, 13.0)) API_UNAVAILABLE(tvos) API_UNAVAILABLE(visionos, watchos) NS_SWIFT_NONISOLATED;       // userInfo contains NSValue with new frame
/Users/admin/builder/spi-builder-workspace/.dependencies/checkouts/Clavier/Clavier/Classes/ClavierLayoutGuide.swift:206:28: error: 'orientationDidChangeNotification' is unavailable in tvOS
204 |             self,
205 |             selector: #selector(keyboardFrameChanged(notification:)),
206 |             name: UIDevice.orientationDidChangeNotification,
    |                            `- error: 'orientationDidChangeNotification' is unavailable in tvOS
207 |             object: nil
208 |         )
/Applications/Xcode-27.0.0-Release.Candidate.app/Contents/Developer/Platforms/AppleTVOS.platform/Developer/SDKs/AppleTVOS27.0.sdk/System/Library/Frameworks/UIKit.framework/Headers/UIDevice.h:83:39: note: 'orientationDidChangeNotification' has been explicitly marked unavailable here
81 | }
82 |
83 | UIKIT_EXTERN NSNotificationName const UIDeviceOrientationDidChangeNotification API_UNAVAILABLE(tvos, visionos, watchos) NS_SWIFT_NONISOLATED;
   |                                       `- note: 'orientationDidChangeNotification' has been explicitly marked unavailable here
84 | UIKIT_EXTERN NSNotificationName const UIDeviceBatteryStateDidChangeNotification   API_AVAILABLE(ios(3.0)) API_UNAVAILABLE(tvos, watchos) NS_SWIFT_NONISOLATED;
85 | UIKIT_EXTERN NSNotificationName const UIDeviceBatteryLevelDidChangeNotification   API_AVAILABLE(ios(3.0)) API_UNAVAILABLE(tvos, watchos) NS_SWIFT_NONISOLATED;
/Users/admin/builder/spi-builder-workspace/.dependencies/checkouts/Clavier/Clavier/Classes/ClavierLayoutGuide.swift:212:26: error: 'keyboardWillShowNotification' is unavailable in tvOS
210 |             self,
211 |             selector: #selector(keyboardWillGoingUp),
212 |             name: UIView.keyboardWillShowNotification,
    |                          `- error: 'keyboardWillShowNotification' is unavailable in tvOS
213 |             object: nil
214 |         )
/Applications/Xcode-27.0.0-Release.Candidate.app/Contents/Developer/Platforms/AppleTVOS.platform/Developer/SDKs/AppleTVOS27.0.sdk/System/Library/Frameworks/UIKit.framework/Headers/UIWindow.h:132:39: note: 'keyboardWillShowNotification' has been explicitly marked unavailable here
130 | // Use the various UICoordinateSpace convertRect facilities to get the frame in the desired coordinate system.
131 | // Animation key/value pairs are only available for the "will" family of notification.
132 | UIKIT_EXTERN NSNotificationName const UIKeyboardWillShowNotification API_UNAVAILABLE(tvos, watchos) NS_SWIFT_NONISOLATED;
    |                                       `- note: 'keyboardWillShowNotification' has been explicitly marked unavailable here
133 | UIKIT_EXTERN NSNotificationName const UIKeyboardDidShowNotification API_UNAVAILABLE(tvos, watchos) NS_SWIFT_NONISOLATED;
134 | UIKIT_EXTERN NSNotificationName const UIKeyboardWillHideNotification API_UNAVAILABLE(tvos, watchos) NS_SWIFT_NONISOLATED;
/Users/admin/builder/spi-builder-workspace/.dependencies/checkouts/Clavier/Clavier/Classes/ClavierLayoutGuide.swift:218:26: error: 'keyboardDidShowNotification' is unavailable in tvOS
216 |             self,
217 |             selector: #selector(keyboardDidGoUp),
218 |             name: UIView.keyboardDidShowNotification,
    |                          `- error: 'keyboardDidShowNotification' is unavailable in tvOS
219 |             object: nil
220 |         )
/Applications/Xcode-27.0.0-Release.Candidate.app/Contents/Developer/Platforms/AppleTVOS.platform/Developer/SDKs/AppleTVOS27.0.sdk/System/Library/Frameworks/UIKit.framework/Headers/UIWindow.h:133:39: note: 'keyboardDidShowNotification' has been explicitly marked unavailable here
131 | // Animation key/value pairs are only available for the "will" family of notification.
132 | UIKIT_EXTERN NSNotificationName const UIKeyboardWillShowNotification API_UNAVAILABLE(tvos, watchos) NS_SWIFT_NONISOLATED;
133 | UIKIT_EXTERN NSNotificationName const UIKeyboardDidShowNotification API_UNAVAILABLE(tvos, watchos) NS_SWIFT_NONISOLATED;
    |                                       `- note: 'keyboardDidShowNotification' has been explicitly marked unavailable here
134 | UIKIT_EXTERN NSNotificationName const UIKeyboardWillHideNotification API_UNAVAILABLE(tvos, watchos) NS_SWIFT_NONISOLATED;
135 | UIKIT_EXTERN NSNotificationName const UIKeyboardDidHideNotification API_UNAVAILABLE(tvos, watchos) NS_SWIFT_NONISOLATED;
/Users/admin/builder/spi-builder-workspace/.dependencies/checkouts/Clavier/Clavier/Classes/ClavierLayoutGuide.swift:224:26: error: 'keyboardWillHideNotification' is unavailable in tvOS
222 |             self,
223 |             selector: #selector(keyboardWillGoingDown),
224 |             name: UIView.keyboardWillHideNotification,
    |                          `- error: 'keyboardWillHideNotification' is unavailable in tvOS
225 |             object: nil
226 |         )
/Applications/Xcode-27.0.0-Release.Candidate.app/Contents/Developer/Platforms/AppleTVOS.platform/Developer/SDKs/AppleTVOS27.0.sdk/System/Library/Frameworks/UIKit.framework/Headers/UIWindow.h:134:39: note: 'keyboardWillHideNotification' has been explicitly marked unavailable here
132 | UIKIT_EXTERN NSNotificationName const UIKeyboardWillShowNotification API_UNAVAILABLE(tvos, watchos) NS_SWIFT_NONISOLATED;
133 | UIKIT_EXTERN NSNotificationName const UIKeyboardDidShowNotification API_UNAVAILABLE(tvos, watchos) NS_SWIFT_NONISOLATED;
134 | UIKIT_EXTERN NSNotificationName const UIKeyboardWillHideNotification API_UNAVAILABLE(tvos, watchos) NS_SWIFT_NONISOLATED;
    |                                       `- note: 'keyboardWillHideNotification' has been explicitly marked unavailable here
135 | UIKIT_EXTERN NSNotificationName const UIKeyboardDidHideNotification API_UNAVAILABLE(tvos, watchos) NS_SWIFT_NONISOLATED;
136 |
/Users/admin/builder/spi-builder-workspace/.dependencies/checkouts/Clavier/Clavier/Classes/ClavierLayoutGuide.swift:230:26: error: 'keyboardDidHideNotification' is unavailable in tvOS
228 |             self,
229 |             selector: #selector(keyboardDidGoDown),
230 |             name: UIView.keyboardDidHideNotification,
    |                          `- error: 'keyboardDidHideNotification' is unavailable in tvOS
231 |             object: nil
232 |         )
/Applications/Xcode-27.0.0-Release.Candidate.app/Contents/Developer/Platforms/AppleTVOS.platform/Developer/SDKs/AppleTVOS27.0.sdk/System/Library/Frameworks/UIKit.framework/Headers/UIWindow.h:135:39: note: 'keyboardDidHideNotification' has been explicitly marked unavailable here
133 | UIKIT_EXTERN NSNotificationName const UIKeyboardDidShowNotification API_UNAVAILABLE(tvos, watchos) NS_SWIFT_NONISOLATED;
134 | UIKIT_EXTERN NSNotificationName const UIKeyboardWillHideNotification API_UNAVAILABLE(tvos, watchos) NS_SWIFT_NONISOLATED;
135 | UIKIT_EXTERN NSNotificationName const UIKeyboardDidHideNotification API_UNAVAILABLE(tvos, watchos) NS_SWIFT_NONISOLATED;
    |                                       `- note: 'keyboardDidHideNotification' has been explicitly marked unavailable here
136 |
137 | UIKIT_EXTERN NSString *const UIKeyboardFrameBeginUserInfoKey        API_AVAILABLE(ios(3.2)) API_UNAVAILABLE(tvos, watchos) NS_SWIFT_NONISOLATED; // NSValue of CGRect
/Users/admin/builder/spi-builder-workspace/.dependencies/checkouts/Clavier/Clavier/Classes/ClavierLayoutGuide.swift:284:56: error: 'keyboardFrameEndUserInfoKey' is unavailable in tvOS
282 |     @objc func keyboardFrameChanged(notification: Notification) {
283 |         guard let userInfo = notification.userInfo,
284 |               let keyboardValue = userInfo[UIResponder.keyboardFrameEndUserInfoKey] as? NSValue
    |                                                        `- error: 'keyboardFrameEndUserInfoKey' is unavailable in tvOS
285 |                 ?? userInfo[UIResponder.keyboardFrameBeginUserInfoKey] as? NSValue else {
286 |             useDefaultKeyboardRectIfShould()
/Applications/Xcode-27.0.0-Release.Candidate.app/Contents/Developer/Platforms/AppleTVOS.platform/Developer/SDKs/AppleTVOS27.0.sdk/System/Library/Frameworks/UIKit.framework/Headers/UIWindow.h:138:30: note: 'keyboardFrameEndUserInfoKey' has been explicitly marked unavailable here
136 |
137 | UIKIT_EXTERN NSString *const UIKeyboardFrameBeginUserInfoKey        API_AVAILABLE(ios(3.2)) API_UNAVAILABLE(tvos, watchos) NS_SWIFT_NONISOLATED; // NSValue of CGRect
138 | UIKIT_EXTERN NSString *const UIKeyboardFrameEndUserInfoKey          API_AVAILABLE(ios(3.2)) API_UNAVAILABLE(tvos, watchos) NS_SWIFT_NONISOLATED; // NSValue of CGRect
    |                              `- note: 'keyboardFrameEndUserInfoKey' has been explicitly marked unavailable here
139 | UIKIT_EXTERN NSString *const UIKeyboardAnimationDurationUserInfoKey API_AVAILABLE(ios(3.0)) API_UNAVAILABLE(tvos, watchos) NS_SWIFT_NONISOLATED; // NSNumber of double
140 | UIKIT_EXTERN NSString *const UIKeyboardAnimationCurveUserInfoKey    API_AVAILABLE(ios(3.0)) API_UNAVAILABLE(tvos, watchos) NS_SWIFT_NONISOLATED; // NSNumber of NSUInteger (UIViewAnimationCurve)
/Users/admin/builder/spi-builder-workspace/.dependencies/checkouts/Clavier/Clavier/Classes/ClavierLayoutGuide.swift:285:41: error: 'keyboardFrameBeginUserInfoKey' is unavailable in tvOS
283 |         guard let userInfo = notification.userInfo,
284 |               let keyboardValue = userInfo[UIResponder.keyboardFrameEndUserInfoKey] as? NSValue
285 |                 ?? userInfo[UIResponder.keyboardFrameBeginUserInfoKey] as? NSValue else {
    |                                         `- error: 'keyboardFrameBeginUserInfoKey' is unavailable in tvOS
286 |             useDefaultKeyboardRectIfShould()
287 |             return
/Applications/Xcode-27.0.0-Release.Candidate.app/Contents/Developer/Platforms/AppleTVOS.platform/Developer/SDKs/AppleTVOS27.0.sdk/System/Library/Frameworks/UIKit.framework/Headers/UIWindow.h:137:30: note: 'keyboardFrameBeginUserInfoKey' has been explicitly marked unavailable here
135 | UIKIT_EXTERN NSNotificationName const UIKeyboardDidHideNotification API_UNAVAILABLE(tvos, watchos) NS_SWIFT_NONISOLATED;
136 |
137 | UIKIT_EXTERN NSString *const UIKeyboardFrameBeginUserInfoKey        API_AVAILABLE(ios(3.2)) API_UNAVAILABLE(tvos, watchos) NS_SWIFT_NONISOLATED; // NSValue of CGRect
    |                              `- note: 'keyboardFrameBeginUserInfoKey' has been explicitly marked unavailable here
138 | UIKIT_EXTERN NSString *const UIKeyboardFrameEndUserInfoKey          API_AVAILABLE(ios(3.2)) API_UNAVAILABLE(tvos, watchos) NS_SWIFT_NONISOLATED; // NSValue of CGRect
139 | UIKIT_EXTERN NSString *const UIKeyboardAnimationDurationUserInfoKey API_AVAILABLE(ios(3.0)) API_UNAVAILABLE(tvos, watchos) NS_SWIFT_NONISOLATED; // NSNumber of double
Failed frontend command:
SwiftCompile normal arm64 /Users/admin/builder/spi-builder-workspace/.dependencies/checkouts/Clavier/Clavier/Classes/ClavierLayoutGuide.swift (in target 'Clavier' from project 'Clavier')
    cd /Users/admin/builder/spi-builder-workspace/.swiftpm/xcode
    builtin-SwiftPerFileCompile ClavierLayoutGuide.swift
/Applications/Xcode-27.0.0-Release.Candidate.app/Contents/Developer/Toolchains/XcodeDefault.xctoolchain/usr/bin/swift-frontend -frontend -c /Users/admin/builder/spi-builder-workspace/.dependencies/checkouts/Clavier/Clavier/Classes/ClavierGlobalConfig.swift -primary-file /Users/admin/builder/spi-builder-workspace/.dependencies/checkouts/Clavier/Clavier/Classes/ClavierLayoutGuide.swift /Users/admin/builder/spi-builder-workspace/.dependencies/checkouts/Clavier/Clavier/Classes/Extensions.swift /Users/admin/builder/spi-builder-workspace/.dependencies/checkouts/Clavier/Clavier/Classes/SafeAreaKeyboardLayoutGuide.swift -emit-dependencies-path /Users/admin/builder/spi-builder-workspace/.derivedData/Build/Intermediates.noindex/Clavier.build/Debug-appletvos/Clavier-t.build/Objects-normal/arm64/ClavierLayoutGuide.d -emit-const-values-path /Users/admin/builder/spi-builder-workspace/.derivedData/Build/Intermediates.noindex/Clavier.build/Debug-appletvos/Clavier-t.build/Objects-normal/arm64/ClavierLayoutGuide.swiftconstvalues -emit-reference-dependencies-path /Users/admin/builder/spi-builder-workspace/.derivedData/Build/Intermediates.noindex/Clavier.build/Debug-appletvos/Clavier-t.build/Objects-normal/arm64/ClavierLayoutGuide.swiftdeps -serialize-diagnostics-path /Users/admin/builder/spi-builder-workspace/.derivedData/Build/Intermediates.noindex/Clavier.build/Debug-appletvos/Clavier-t.build/Objects-normal/arm64/ClavierLayoutGuide.dia -target arm64-apple-tvos15.0 -module-can-import-version UIKit 9127.0.84.1 9127.0.84 -disable-cross-import-overlay-search -load-resolved-plugin /Applications/Xcode-27.0.0-Release.Candidate.app/Contents/Developer/Platforms/AppleTVOS.platform/Developer/usr/lib/swift/host/plugins/libFoundationMacros.dylib\#/Applications/Xcode-27.0.0-Release.Candidate.app/Contents/Developer/Platforms/AppleTVOS.platform/Developer/usr/bin/swift-plugin-server\#FoundationMacros -load-resolved-plugin /Applications/Xcode-27.0.0-Release.Candidate.app/Contents/Developer/Platforms/AppleTVOS.platform/Developer/usr/lib/swift/host/plugins/libObservationMacros.dylib\#/Applications/Xcode-27.0.0-Release.Candidate.app/Contents/Developer/Platforms/AppleTVOS.platform/Developer/usr/bin/swift-plugin-server\#ObservationMacros -load-resolved-plugin /Applications/Xcode-27.0.0-Release.Candidate.app/Contents/Developer/Platforms/AppleTVOS.platform/Developer/usr/lib/swift/host/plugins/libPreviewsMacros.dylib\#/Applications/Xcode-27.0.0-Release.Candidate.app/Contents/Developer/Platforms/AppleTVOS.platform/Developer/usr/bin/swift-plugin-server\#PreviewsMacros -load-resolved-plugin /Applications/Xcode-27.0.0-Release.Candidate.app/Contents/Developer/Platforms/AppleTVOS.platform/Developer/usr/lib/swift/host/plugins/libSwiftMacros.dylib\#/Applications/Xcode-27.0.0-Release.Candidate.app/Contents/Developer/Platforms/AppleTVOS.platform/Developer/usr/bin/swift-plugin-server\#SwiftMacros -load-resolved-plugin /Applications/Xcode-27.0.0-Release.Candidate.app/Contents/Developer/Platforms/AppleTVOS.platform/Developer/usr/lib/swift/host/plugins/libSwiftUIMacros.dylib\#/Applications/Xcode-27.0.0-Release.Candidate.app/Contents/Developer/Platforms/AppleTVOS.platform/Developer/usr/bin/swift-plugin-server\#SwiftUIMacros -disable-implicit-swift-modules -Xcc -fno-implicit-modules -Xcc -fno-implicit-module-maps -explicit-swift-module-map-file /Users/admin/builder/spi-builder-workspace/.derivedData/Build/Intermediates.noindex/Clavier.build/Debug-appletvos/Clavier-t.build/Objects-normal/arm64/Clavier-dependencies-1.json -Xllvm -aarch64-use-tbi -enable-objc-interop -stack-check -sdk /Applications/Xcode-27.0.0-Release.Candidate.app/Contents/Developer/Platforms/AppleTVOS.platform/Developer/SDKs/AppleTVOS27.0.sdk -I /Users/admin/builder/spi-builder-workspace/.derivedData/Build/Products/Debug-appletvos -Isystem /Applications/Xcode-27.0.0-Release.Candidate.app/Contents/Developer/Platforms/AppleTVOS.platform/Developer/usr/lib -F /Users/admin/builder/spi-builder-workspace/.derivedData/Build/Products/Debug-appletvos -F /Applications/Xcode-27.0.0-Release.Candidate.app/Contents/Developer/Platforms/AppleTVOS.platform/Developer/Library/Frameworks -F /Applications/Xcode-27.0.0-Release.Candidate.app/Contents/Developer/Platforms/AppleTVOS.platform/Developer/SDKs/AppleTVOS27.0.sdk/Developer/Library/Frameworks -module-cache-path /Users/admin/builder/spi-builder-workspace/.derivedData/Build/Intermediates.noindex/SwiftExplicitPrecompiledModules -no-color-diagnostics -Xcc -fno-color-diagnostics -enable-testing -g -debug-info-format\=dwarf -dwarf-version\=4 -suppress-warnings -swift-version 5 -Onone -D SWIFT_PACKAGE -D DEBUG -D SWIFT_MODULE_RESOURCE_BUNDLE_UNAVAILABLE -D Xcode -serialize-debugging-options -enable-experimental-feature DebugDescriptionMacro -empty-abi-descriptor -validate-clang-modules-once -clang-build-session-file /Users/admin/builder/spi-builder-workspace/.derivedData/ModuleCache.noindex/Session.modulevalidation -Xcc -working-directory -Xcc /Users/admin/builder/spi-builder-workspace/.swiftpm/xcode -enable-anonymous-context-mangled-names -file-compilation-dir /Users/admin/builder/spi-builder-workspace/.swiftpm/xcode -Xcc -D_LIBCPP_HARDENING_MODE\=_LIBCPP_HARDENING_MODE_DEBUG -Xcc -ivfsstatcache -Xcc /Users/admin/builder/spi-builder-workspace/.derivedData/SDKStatCaches.noindex/appletvos27.0-24J360-e829b21a6f8c9b70876ba0858053c044b32bfd8d43560033f8d89884cdb90028.sdkstatcache -Xcc -fmodules-prune-interval\=86400 -Xcc -fmodules-prune-after\=345600 -Xcc -I/Users/admin/builder/spi-builder-workspace/.derivedData/Build/Products/Debug-appletvos/include -Xcc -I/Users/admin/builder/spi-builder-workspace/.derivedData/Build/Intermediates.noindex/Clavier.build/Debug-appletvos/Clavier-t.build/DerivedSources-normal/arm64 -Xcc -I/Users/admin/builder/spi-builder-workspace/.derivedData/Build/Intermediates.noindex/Clavier.build/Debug-appletvos/Clavier-t.build/DerivedSources/arm64 -Xcc -I/Users/admin/builder/spi-builder-workspace/.derivedData/Build/Intermediates.noindex/Clavier.build/Debug-appletvos/Clavier-t.build/DerivedSources -Xcc -DSWIFT_PACKAGE -Xcc -DDEBUG\=1 -no-auto-bridging-header-chaining -module-name Clavier -const-gather-protocols-file /Users/admin/builder/spi-builder-workspace/.derivedData/Build/Intermediates.noindex/Clavier.build/Debug-appletvos/Clavier-t.build/Objects-normal/arm64/Clavier_const_extract_protocols.json -disable-clang-spi -clang-target arm64-apple-tvos27.0 -target-sdk-version 27.0 -target-sdk-name appletvos27.0 -in-process-plugin-server-path /Applications/Xcode-27.0.0-Release.Candidate.app/Contents/Developer/Toolchains/XcodeDefault.xctoolchain/usr/lib/swift/host/libSwiftInProcPluginServer.dylib -parse-as-library -o /Users/admin/builder/spi-builder-workspace/.derivedData/Build/Intermediates.noindex/Clavier.build/Debug-appletvos/Clavier-t.build/Objects-normal/arm64/ClavierLayoutGuide.o -debug-module-path /Users/admin/builder/spi-builder-workspace/.derivedData/Build/Intermediates.noindex/Clavier.build/Debug-appletvos/Clavier-t.build/Objects-normal/arm64/Clavier.swiftmodule -index-unit-output-path /Clavier.build/Debug-appletvos/Clavier-t.build/Objects-normal/arm64/ClavierLayoutGuide.o -index-store-path /Users/admin/builder/spi-builder-workspace/.derivedData/Index.noindex/DataStore -index-system-modules
SwiftDriverJobDiscovery normal arm64 Emitting module for Clavier (in target 'Clavier' from project 'Clavier')
SwiftDriver\ Compilation\ Requirements Clavier normal arm64 com.apple.xcode.tools.swift.compiler (in target 'Clavier' from project 'Clavier')
    cd /Users/admin/builder/spi-builder-workspace/.swiftpm/xcode
    builtin-Swift-Compilation-Requirements -- /Applications/Xcode-27.0.0-Release.Candidate.app/Contents/Developer/Toolchains/XcodeDefault.xctoolchain/usr/bin/swiftc -parse-as-library -module-name Clavier -Onone @/Users/admin/builder/spi-builder-workspace/.derivedData/Build/Intermediates.noindex/Clavier.build/Debug-appletvos/Clavier-t.build/Objects-normal/arm64/Clavier.SwiftFileList -DSWIFT_PACKAGE -DDEBUG -DSWIFT_MODULE_RESOURCE_BUNDLE_UNAVAILABLE -DXcode -plugin-path /Applications/Xcode-27.0.0-Release.Candidate.app/Contents/Developer/Toolchains/XcodeDefault.xctoolchain/usr/lib/swift/host/plugins/testing -enable-experimental-feature DebugDescriptionMacro -sdk /Applications/Xcode-27.0.0-Release.Candidate.app/Contents/Developer/Platforms/AppleTVOS.platform/Developer/SDKs/AppleTVOS27.0.sdk -target arm64-apple-tvos15.0 -g -module-cache-path /Users/admin/builder/spi-builder-workspace/.derivedData/ModuleCache.noindex -Xfrontend -serialize-debugging-options -enable-testing -suppress-warnings -index-store-path /Users/admin/builder/spi-builder-workspace/.derivedData/Index.noindex/DataStore -Xcc -D_LIBCPP_HARDENING_MODE\=_LIBCPP_HARDENING_MODE_DEBUG -swift-version 5 -I /Users/admin/builder/spi-builder-workspace/.derivedData/Build/Products/Debug-appletvos -Isystem /Applications/Xcode-27.0.0-Release.Candidate.app/Contents/Developer/Platforms/AppleTVOS.platform/Developer/usr/lib -F /Users/admin/builder/spi-builder-workspace/.derivedData/Build/Products/Debug-appletvos -F /Applications/Xcode-27.0.0-Release.Candidate.app/Contents/Developer/Platforms/AppleTVOS.platform/Developer/Library/Frameworks -F /Applications/Xcode-27.0.0-Release.Candidate.app/Contents/Developer/Platforms/AppleTVOS.platform/Developer/SDKs/AppleTVOS27.0.sdk/Developer/Library/Frameworks -c -j10 -enable-batch-mode -incremental -Xcc -ivfsstatcache -Xcc /Users/admin/builder/spi-builder-workspace/.derivedData/SDKStatCaches.noindex/appletvos27.0-24J360-e829b21a6f8c9b70876ba0858053c044b32bfd8d43560033f8d89884cdb90028.sdkstatcache -output-file-map /Users/admin/builder/spi-builder-workspace/.derivedData/Build/Intermediates.noindex/Clavier.build/Debug-appletvos/Clavier-t.build/Objects-normal/arm64/Clavier-OutputFileMap.json -save-temps -no-color-diagnostics -explicit-module-build -module-cache-path /Users/admin/builder/spi-builder-workspace/.derivedData/Build/Intermediates.noindex/SwiftExplicitPrecompiledModules -clang-scanner-module-cache-path /Users/admin/builder/spi-builder-workspace/.derivedData/ModuleCache.noindex -sdk-module-cache-path /Users/admin/builder/spi-builder-workspace/.derivedData/SDKExplicitPrecompiledModules -emit-dependencies -emit-module -emit-module-path /Users/admin/builder/spi-builder-workspace/.derivedData/Build/Intermediates.noindex/Clavier.build/Debug-appletvos/Clavier-t.build/Objects-normal/arm64/Clavier.swiftmodule -serialize-diagnostics -dependency-scan-serialize-diagnostics-path /Users/admin/builder/spi-builder-workspace/.derivedData/Build/Intermediates.noindex/Clavier.build/Debug-appletvos/Clavier-t.build/Objects-normal/arm64/Clavier-dependency-scan.dia -validate-clang-modules-once -clang-build-session-file /Users/admin/builder/spi-builder-workspace/.derivedData/ModuleCache.noindex/Session.modulevalidation -Xcc -fmodules-prune-interval\=86400 -Xcc -fmodules-prune-after\=345600 -emit-const-values -const-gather-protocols-list /Users/admin/builder/spi-builder-workspace/.derivedData/Build/Intermediates.noindex/Clavier.build/Debug-appletvos/Clavier-t.build/Objects-normal/arm64/Clavier_const_extract_protocols.json -Xcc -I/Users/admin/builder/spi-builder-workspace/.derivedData/Build/Products/Debug-appletvos/include -Xcc -I/Users/admin/builder/spi-builder-workspace/.derivedData/Build/Intermediates.noindex/Clavier.build/Debug-appletvos/Clavier-t.build/DerivedSources-normal/arm64 -Xcc -I/Users/admin/builder/spi-builder-workspace/.derivedData/Build/Intermediates.noindex/Clavier.build/Debug-appletvos/Clavier-t.build/DerivedSources/arm64 -Xcc -I/Users/admin/builder/spi-builder-workspace/.derivedData/Build/Intermediates.noindex/Clavier.build/Debug-appletvos/Clavier-t.build/DerivedSources -Xcc -DSWIFT_PACKAGE -Xcc -DDEBUG\=1 -emit-objc-header -emit-objc-header-path /Users/admin/builder/spi-builder-workspace/.derivedData/Build/Intermediates.noindex/Clavier.build/Debug-appletvos/Clavier-t.build/Objects-normal/arm64/Clavier-Swift.h -working-directory /Users/admin/builder/spi-builder-workspace/.swiftpm/xcode -experimental-emit-module-separately -disable-cmo
SwiftMergeGeneratedHeaders /Users/admin/builder/spi-builder-workspace/.derivedData/Build/Intermediates.noindex/GeneratedModuleMaps-appletvos/Clavier-Swift.h /Users/admin/builder/spi-builder-workspace/.derivedData/Build/Intermediates.noindex/Clavier.build/Debug-appletvos/Clavier-t.build/Objects-normal/arm64/Clavier-Swift.h (in target 'Clavier' from project 'Clavier')
    cd /Users/admin/builder/spi-builder-workspace/.dependencies/checkouts/Clavier
    builtin-swiftHeaderTool -arch arm64 /Users/admin/builder/spi-builder-workspace/.derivedData/Build/Intermediates.noindex/Clavier.build/Debug-appletvos/Clavier-t.build/Objects-normal/arm64/Clavier-Swift.h -o /Users/admin/builder/spi-builder-workspace/.derivedData/Build/Intermediates.noindex/GeneratedModuleMaps-appletvos/Clavier-Swift.h
Copy /Users/admin/builder/spi-builder-workspace/.derivedData/Build/Products/Debug-appletvos/Clavier.swiftmodule/arm64-apple-tvos.swiftmodule /Users/admin/builder/spi-builder-workspace/.derivedData/Build/Intermediates.noindex/Clavier.build/Debug-appletvos/Clavier-t.build/Objects-normal/arm64/Clavier.swiftmodule (in target 'Clavier' from project 'Clavier')
    cd /Users/admin/builder/spi-builder-workspace/.dependencies/checkouts/Clavier
    builtin-copy -exclude .DS_Store -exclude CVS -exclude .svn -exclude .git -exclude .hg -resolve-src-symlinks -rename /Users/admin/builder/spi-builder-workspace/.derivedData/Build/Intermediates.noindex/Clavier.build/Debug-appletvos/Clavier-t.build/Objects-normal/arm64/Clavier.swiftmodule /Users/admin/builder/spi-builder-workspace/.derivedData/Build/Products/Debug-appletvos/Clavier.swiftmodule/arm64-apple-tvos.swiftmodule
Copy /Users/admin/builder/spi-builder-workspace/.derivedData/Build/Products/Debug-appletvos/Clavier.swiftmodule/arm64-apple-tvos.swiftdoc /Users/admin/builder/spi-builder-workspace/.derivedData/Build/Intermediates.noindex/Clavier.build/Debug-appletvos/Clavier-t.build/Objects-normal/arm64/Clavier.swiftdoc (in target 'Clavier' from project 'Clavier')
    cd /Users/admin/builder/spi-builder-workspace/.dependencies/checkouts/Clavier
    builtin-copy -exclude .DS_Store -exclude CVS -exclude .svn -exclude .git -exclude .hg -resolve-src-symlinks -rename /Users/admin/builder/spi-builder-workspace/.derivedData/Build/Intermediates.noindex/Clavier.build/Debug-appletvos/Clavier-t.build/Objects-normal/arm64/Clavier.swiftdoc /Users/admin/builder/spi-builder-workspace/.derivedData/Build/Products/Debug-appletvos/Clavier.swiftmodule/arm64-apple-tvos.swiftdoc
Copy /Users/admin/builder/spi-builder-workspace/.derivedData/Build/Products/Debug-appletvos/Clavier.swiftmodule/arm64-apple-tvos.abi.json /Users/admin/builder/spi-builder-workspace/.derivedData/Build/Intermediates.noindex/Clavier.build/Debug-appletvos/Clavier-t.build/Objects-normal/arm64/Clavier.abi.json (in target 'Clavier' from project 'Clavier')
    cd /Users/admin/builder/spi-builder-workspace/.dependencies/checkouts/Clavier
    builtin-copy -exclude .DS_Store -exclude CVS -exclude .svn -exclude .git -exclude .hg -resolve-src-symlinks -rename /Users/admin/builder/spi-builder-workspace/.derivedData/Build/Intermediates.noindex/Clavier.build/Debug-appletvos/Clavier-t.build/Objects-normal/arm64/Clavier.abi.json /Users/admin/builder/spi-builder-workspace/.derivedData/Build/Products/Debug-appletvos/Clavier.swiftmodule/arm64-apple-tvos.abi.json
Copy /Users/admin/builder/spi-builder-workspace/.derivedData/Build/Products/Debug-appletvos/Clavier.swiftmodule/Project/arm64-apple-tvos.swiftsourceinfo /Users/admin/builder/spi-builder-workspace/.derivedData/Build/Intermediates.noindex/Clavier.build/Debug-appletvos/Clavier-t.build/Objects-normal/arm64/Clavier.swiftsourceinfo (in target 'Clavier' from project 'Clavier')
    cd /Users/admin/builder/spi-builder-workspace/.dependencies/checkouts/Clavier
    builtin-copy -exclude .DS_Store -exclude CVS -exclude .svn -exclude .git -exclude .hg -resolve-src-symlinks -rename /Users/admin/builder/spi-builder-workspace/.derivedData/Build/Intermediates.noindex/Clavier.build/Debug-appletvos/Clavier-t.build/Objects-normal/arm64/Clavier.swiftsourceinfo /Users/admin/builder/spi-builder-workspace/.derivedData/Build/Products/Debug-appletvos/Clavier.swiftmodule/Project/arm64-apple-tvos.swiftsourceinfo
SwiftDriver Draftsman normal arm64 com.apple.xcode.tools.swift.compiler (in target 'Draftsman' from project 'Draftsman')
    cd /Users/admin/builder/spi-builder-workspace/.swiftpm/xcode
    builtin-SwiftDriver -- /Applications/Xcode-27.0.0-Release.Candidate.app/Contents/Developer/Toolchains/XcodeDefault.xctoolchain/usr/bin/swiftc -parse-as-library -module-name Draftsman -Onone @/Users/admin/builder/spi-builder-workspace/.derivedData/Build/Intermediates.noindex/Draftsman.build/Debug-appletvos/Draftsman-t.build/Objects-normal/arm64/Draftsman.SwiftFileList -DSWIFT_PACKAGE -DDEBUG -DSWIFT_MODULE_RESOURCE_BUNDLE_UNAVAILABLE -DXcode -plugin-path /Applications/Xcode-27.0.0-Release.Candidate.app/Contents/Developer/Toolchains/XcodeDefault.xctoolchain/usr/lib/swift/host/plugins/testing -enable-experimental-feature DebugDescriptionMacro -sdk /Applications/Xcode-27.0.0-Release.Candidate.app/Contents/Developer/Platforms/AppleTVOS.platform/Developer/SDKs/AppleTVOS27.0.sdk -target arm64-apple-tvos15.0 -g -module-cache-path /Users/admin/builder/spi-builder-workspace/.derivedData/ModuleCache.noindex -Xfrontend -serialize-debugging-options -enable-testing -index-store-path /Users/admin/builder/spi-builder-workspace/.derivedData/Index.noindex/DataStore -Xcc -D_LIBCPP_HARDENING_MODE\=_LIBCPP_HARDENING_MODE_DEBUG -swift-version 5 -I /Users/admin/builder/spi-builder-workspace/.derivedData/Build/Products/Debug-appletvos -Isystem /Applications/Xcode-27.0.0-Release.Candidate.app/Contents/Developer/Platforms/AppleTVOS.platform/Developer/usr/lib -F /Users/admin/builder/spi-builder-workspace/.derivedData/Build/Products/Debug-appletvos/PackageFrameworks -F /Users/admin/builder/spi-builder-workspace/.derivedData/Build/Products/Debug-appletvos -F /Applications/Xcode-27.0.0-Release.Candidate.app/Contents/Developer/Platforms/AppleTVOS.platform/Developer/Library/Frameworks -F /Applications/Xcode-27.0.0-Release.Candidate.app/Contents/Developer/Platforms/AppleTVOS.platform/Developer/SDKs/AppleTVOS27.0.sdk/Developer/Library/Frameworks -c -j10 -enable-batch-mode -incremental -Xcc -ivfsstatcache -Xcc /Users/admin/builder/spi-builder-workspace/.derivedData/SDKStatCaches.noindex/appletvos27.0-24J360-e829b21a6f8c9b70876ba0858053c044b32bfd8d43560033f8d89884cdb90028.sdkstatcache -output-file-map /Users/admin/builder/spi-builder-workspace/.derivedData/Build/Intermediates.noindex/Draftsman.build/Debug-appletvos/Draftsman-t.build/Objects-normal/arm64/Draftsman-OutputFileMap.json -save-temps -no-color-diagnostics -explicit-module-build -module-cache-path /Users/admin/builder/spi-builder-workspace/.derivedData/Build/Intermediates.noindex/SwiftExplicitPrecompiledModules -clang-scanner-module-cache-path /Users/admin/builder/spi-builder-workspace/.derivedData/ModuleCache.noindex -sdk-module-cache-path /Users/admin/builder/spi-builder-workspace/.derivedData/SDKExplicitPrecompiledModules -emit-dependencies -emit-module -emit-module-path /Users/admin/builder/spi-builder-workspace/.derivedData/Build/Intermediates.noindex/Draftsman.build/Debug-appletvos/Draftsman-t.build/Objects-normal/arm64/Draftsman.swiftmodule -serialize-diagnostics -dependency-scan-serialize-diagnostics-path /Users/admin/builder/spi-builder-workspace/.derivedData/Build/Intermediates.noindex/Draftsman.build/Debug-appletvos/Draftsman-t.build/Objects-normal/arm64/Draftsman-dependency-scan.dia -validate-clang-modules-once -clang-build-session-file /Users/admin/builder/spi-builder-workspace/.derivedData/ModuleCache.noindex/Session.modulevalidation -Xcc -fmodules-prune-interval\=86400 -Xcc -fmodules-prune-after\=345600 -emit-const-values -const-gather-protocols-list /Users/admin/builder/spi-builder-workspace/.derivedData/Build/Intermediates.noindex/Draftsman.build/Debug-appletvos/Draftsman-t.build/Objects-normal/arm64/Draftsman_const_extract_protocols.json -Xcc -I/Users/admin/builder/spi-builder-workspace/.derivedData/Build/Products/Debug-appletvos/include -Xcc -I/Users/admin/builder/spi-builder-workspace/.derivedData/Build/Intermediates.noindex/Draftsman.build/Debug-appletvos/Draftsman-t.build/DerivedSources-normal/arm64 -Xcc -I/Users/admin/builder/spi-builder-workspace/.derivedData/Build/Intermediates.noindex/Draftsman.build/Debug-appletvos/Draftsman-t.build/DerivedSources/arm64 -Xcc -I/Users/admin/builder/spi-builder-workspace/.derivedData/Build/Intermediates.noindex/Draftsman.build/Debug-appletvos/Draftsman-t.build/DerivedSources -Xcc -DSWIFT_PACKAGE -Xcc -DDEBUG\=1 -emit-objc-header -emit-objc-header-path /Users/admin/builder/spi-builder-workspace/.derivedData/Build/Intermediates.noindex/Draftsman.build/Debug-appletvos/Draftsman-t.build/Objects-normal/arm64/Draftsman-Swift.h -working-directory /Users/admin/builder/spi-builder-workspace/.swiftpm/xcode -experimental-emit-module-separately -disable-cmo
SwiftDriverJobDiscovery normal arm64 Compiling Protocols.swift (in target 'Builder' from project 'Builder')
SwiftDriverJobDiscovery normal arm64 Compiling Builder.swift (in target 'Builder' from project 'Builder')
SwiftDriverJobDiscovery normal arm64 Compiling BuilderConfig.swift (in target 'Builder' from project 'Builder')
SwiftDriverJobDiscovery normal arm64 Compiling PropertyAssigner.swift (in target 'Builder' from project 'Builder')
SwiftDriver\ Compilation Builder normal arm64 com.apple.xcode.tools.swift.compiler (in target 'Builder' from project 'Builder')
    cd /Users/admin/builder/spi-builder-workspace/.swiftpm/xcode
    builtin-Swift-Compilation -- /Applications/Xcode-27.0.0-Release.Candidate.app/Contents/Developer/Toolchains/XcodeDefault.xctoolchain/usr/bin/swiftc -parse-as-library -module-name Builder -Onone @/Users/admin/builder/spi-builder-workspace/.derivedData/Build/Intermediates.noindex/Builder.build/Debug-appletvos/Builder-t.build/Objects-normal/arm64/Builder.SwiftFileList -DSWIFT_PACKAGE -DDEBUG -DSWIFT_MODULE_RESOURCE_BUNDLE_UNAVAILABLE -DXcode -plugin-path /Applications/Xcode-27.0.0-Release.Candidate.app/Contents/Developer/Toolchains/XcodeDefault.xctoolchain/usr/lib/swift/host/plugins/testing -enable-experimental-feature DebugDescriptionMacro -sdk /Applications/Xcode-27.0.0-Release.Candidate.app/Contents/Developer/Platforms/AppleTVOS.platform/Developer/SDKs/AppleTVOS27.0.sdk -target arm64-apple-tvos15.0 -g -module-cache-path /Users/admin/builder/spi-builder-workspace/.derivedData/ModuleCache.noindex -Xfrontend -serialize-debugging-options -enable-testing -suppress-warnings -index-store-path /Users/admin/builder/spi-builder-workspace/.derivedData/Index.noindex/DataStore -Xcc -D_LIBCPP_HARDENING_MODE\=_LIBCPP_HARDENING_MODE_DEBUG -swift-version 5 -I /Users/admin/builder/spi-builder-workspace/.derivedData/Build/Products/Debug-appletvos -Isystem /Applications/Xcode-27.0.0-Release.Candidate.app/Contents/Developer/Platforms/AppleTVOS.platform/Developer/usr/lib -F /Users/admin/builder/spi-builder-workspace/.derivedData/Build/Products/Debug-appletvos -F /Applications/Xcode-27.0.0-Release.Candidate.app/Contents/Developer/Platforms/AppleTVOS.platform/Developer/Library/Frameworks -F /Applications/Xcode-27.0.0-Release.Candidate.app/Contents/Developer/Platforms/AppleTVOS.platform/Developer/SDKs/AppleTVOS27.0.sdk/Developer/Library/Frameworks -c -j10 -enable-batch-mode -incremental -Xcc -ivfsstatcache -Xcc /Users/admin/builder/spi-builder-workspace/.derivedData/SDKStatCaches.noindex/appletvos27.0-24J360-e829b21a6f8c9b70876ba0858053c044b32bfd8d43560033f8d89884cdb90028.sdkstatcache -output-file-map /Users/admin/builder/spi-builder-workspace/.derivedData/Build/Intermediates.noindex/Builder.build/Debug-appletvos/Builder-t.build/Objects-normal/arm64/Builder-OutputFileMap.json -save-temps -no-color-diagnostics -explicit-module-build -module-cache-path /Users/admin/builder/spi-builder-workspace/.derivedData/Build/Intermediates.noindex/SwiftExplicitPrecompiledModules -clang-scanner-module-cache-path /Users/admin/builder/spi-builder-workspace/.derivedData/ModuleCache.noindex -sdk-module-cache-path /Users/admin/builder/spi-builder-workspace/.derivedData/SDKExplicitPrecompiledModules -emit-dependencies -emit-module -emit-module-path /Users/admin/builder/spi-builder-workspace/.derivedData/Build/Intermediates.noindex/Builder.build/Debug-appletvos/Builder-t.build/Objects-normal/arm64/Builder.swiftmodule -serialize-diagnostics -dependency-scan-serialize-diagnostics-path /Users/admin/builder/spi-builder-workspace/.derivedData/Build/Intermediates.noindex/Builder.build/Debug-appletvos/Builder-t.build/Objects-normal/arm64/Builder-dependency-scan.dia -validate-clang-modules-once -clang-build-session-file /Users/admin/builder/spi-builder-workspace/.derivedData/ModuleCache.noindex/Session.modulevalidation -Xcc -fmodules-prune-interval\=86400 -Xcc -fmodules-prune-after\=345600 -emit-const-values -const-gather-protocols-list /Users/admin/builder/spi-builder-workspace/.derivedData/Build/Intermediates.noindex/Builder.build/Debug-appletvos/Builder-t.build/Objects-normal/arm64/Builder_const_extract_protocols.json -Xcc -I/Users/admin/builder/spi-builder-workspace/.derivedData/Build/Products/Debug-appletvos/include -Xcc -I/Users/admin/builder/spi-builder-workspace/.derivedData/Build/Intermediates.noindex/Builder.build/Debug-appletvos/Builder-t.build/DerivedSources-normal/arm64 -Xcc -I/Users/admin/builder/spi-builder-workspace/.derivedData/Build/Intermediates.noindex/Builder.build/Debug-appletvos/Builder-t.build/DerivedSources/arm64 -Xcc -I/Users/admin/builder/spi-builder-workspace/.derivedData/Build/Intermediates.noindex/Builder.build/Debug-appletvos/Builder-t.build/DerivedSources -Xcc -DSWIFT_PACKAGE -Xcc -DDEBUG\=1 -emit-objc-header -emit-objc-header-path /Users/admin/builder/spi-builder-workspace/.derivedData/Build/Intermediates.noindex/Builder.build/Debug-appletvos/Builder-t.build/Objects-normal/arm64/Builder-Swift.h -working-directory /Users/admin/builder/spi-builder-workspace/.swiftpm/xcode -experimental-emit-module-separately -disable-cmo
Ld /Users/admin/builder/spi-builder-workspace/.derivedData/Build/Products/Debug-appletvos/Builder.o normal (in target 'Builder' from project 'Builder')
    cd /Users/admin/builder/spi-builder-workspace/.dependencies/checkouts/Builder
    /Applications/Xcode-27.0.0-Release.Candidate.app/Contents/Developer/Toolchains/XcodeDefault.xctoolchain/usr/bin/clang -Xlinker -reproducible -target arm64-apple-tvos15.0 -r -isysroot /Applications/Xcode-27.0.0-Release.Candidate.app/Contents/Developer/Platforms/AppleTVOS.platform/Developer/SDKs/AppleTVOS27.0.sdk -O0 -w -Xlinker -no_warn_duplicate_libraries -F/Users/admin/builder/spi-builder-workspace/.derivedData/Build/Intermediates.noindex/EagerLinkingTBDs/Debug-appletvos -F/Users/admin/builder/spi-builder-workspace/.derivedData/Build/Products/Debug-appletvos -iframework /Applications/Xcode-27.0.0-Release.Candidate.app/Contents/Developer/Platforms/AppleTVOS.platform/Developer/Library/Frameworks -iframework /Applications/Xcode-27.0.0-Release.Candidate.app/Contents/Developer/Platforms/AppleTVOS.platform/Developer/SDKs/AppleTVOS27.0.sdk/Developer/Library/Frameworks -filelist /Users/admin/builder/spi-builder-workspace/.derivedData/Build/Intermediates.noindex/Builder.build/Debug-appletvos/Builder-t.build/Objects-normal/arm64/Builder.LinkFileList -nostdlib -Xlinker -object_path_lto -Xlinker /Users/admin/builder/spi-builder-workspace/.derivedData/Build/Intermediates.noindex/Builder.build/Debug-appletvos/Builder-t.build/Objects-normal/arm64/Builder_lto.o -Xlinker -no_deduplicate -Xlinker -dependency_info -Xlinker /Users/admin/builder/spi-builder-workspace/.derivedData/Build/Intermediates.noindex/Builder.build/Debug-appletvos/Builder-t.build/Objects-normal/arm64/Builder_dependency_info.dat -fobjc-link-runtime -L/Applications/Xcode-27.0.0-Release.Candidate.app/Contents/Developer/Toolchains/XcodeDefault.xctoolchain/usr/lib/swift/appletvos -L/usr/lib/swift -Xlinker -add_ast_path -Xlinker /Users/admin/builder/spi-builder-workspace/.derivedData/Build/Intermediates.noindex/Builder.build/Debug-appletvos/Builder-t.build/Objects-normal/arm64/Builder.swiftmodule -o /Users/admin/builder/spi-builder-workspace/.derivedData/Build/Products/Debug-appletvos/Builder.o
ExtractAppIntentsMetadata (in target 'Builder' from project 'Builder')
    cd /Users/admin/builder/spi-builder-workspace/.dependencies/checkouts/Builder
    /Applications/Xcode-27.0.0-Release.Candidate.app/Contents/Developer/Toolchains/XcodeDefault.xctoolchain/usr/bin/appintentsmetadataprocessor --toolchain-dir /var/run/com.apple.security.cryptexd/mnt/com.apple.MobileAsset.MetalToolchain-v27.1.266.1.lltNCm/Metal.xctoolchain --module-name Builder --sdk-root /Applications/Xcode-27.0.0-Release.Candidate.app/Contents/Developer/Platforms/AppleTVOS.platform/Developer/SDKs/AppleTVOS27.0.sdk --xcode-version 27A266a --platform-family tvOS --deployment-target 15.0 --bundle-identifier builder.Builder --output /Users/admin/builder/spi-builder-workspace/.derivedData/Build/Products/Debug-appletvos/Builder.appintents --target-triple arm64-apple-tvos15.0 --binary-file /Users/admin/builder/spi-builder-workspace/.derivedData/Build/Products/Debug-appletvos/Builder.o --dependency-file /Users/admin/builder/spi-builder-workspace/.derivedData/Build/Intermediates.noindex/Builder.build/Debug-appletvos/Builder-t.build/Objects-normal/arm64/Builder_dependency_info.dat --stringsdata-file /Users/admin/builder/spi-builder-workspace/.derivedData/Build/Intermediates.noindex/Builder.build/Debug-appletvos/Builder-t.build/Objects-normal/arm64/ExtractedAppShortcutsMetadata.stringsdata --source-file-list /Users/admin/builder/spi-builder-workspace/.derivedData/Build/Intermediates.noindex/Builder.build/Debug-appletvos/Builder-t.build/Objects-normal/arm64/Builder.SwiftFileList --metadata-file-list /Users/admin/builder/spi-builder-workspace/.derivedData/Build/Intermediates.noindex/Builder.build/Debug-appletvos/Builder-t.build/Builder.DependencyMetadataFileList --static-metadata-file-list /Users/admin/builder/spi-builder-workspace/.derivedData/Build/Intermediates.noindex/Builder.build/Debug-appletvos/Builder-t.build/Builder.DependencyStaticMetadataFileList --swift-const-vals-list /Users/admin/builder/spi-builder-workspace/.derivedData/Build/Intermediates.noindex/Builder.build/Debug-appletvos/Builder-t.build/Objects-normal/arm64/Builder.SwiftConstValuesFileList --force --compile-time-extraction --deployment-aware-processing --no-app-shortcuts-localization
2026-09-19 06:45:07.962 appintentsmetadataprocessor[826:5055] Starting appintentsmetadataprocessor export
2026-09-19 06:45:08.065 appintentsmetadataprocessor[826:5055] Extracted no relevant App Intents symbols, skipping writing output
SwiftDriverJobDiscovery normal arm64 Compiling ClavierGlobalConfig.swift (in target 'Clavier' from project 'Clavier')
SwiftCompile normal arm64 Compiling\ Tabled.swift,\ LayoutDraft.swift,\ LayoutPlan.swift,\ PlanComponent.swift,\ PlanContext.swift,\ Planned.swift,\ PlannedDraft.swift,\ ViewPlan.swift /Users/admin/builder/spi-builder-workspace/Draftsman/Classes/CellProvider/Tabled.swift /Users/admin/builder/spi-builder-workspace/Draftsman/Classes/Draft/LayoutDraft.swift /Users/admin/builder/spi-builder-workspace/Draftsman/Classes/Draft/LayoutPlan.swift /Users/admin/builder/spi-builder-workspace/Draftsman/Classes/Draft/PlanComponent.swift /Users/admin/builder/spi-builder-workspace/Draftsman/Classes/Draft/PlanContext.swift /Users/admin/builder/spi-builder-workspace/Draftsman/Classes/Draft/Planned.swift /Users/admin/builder/spi-builder-workspace/Draftsman/Classes/Draft/PlannedDraft.swift /Users/admin/builder/spi-builder-workspace/Draftsman/Classes/Draft/ViewPlan.swift (in target 'Draftsman' from project 'Draftsman')
SwiftCompile normal arm64 /Users/admin/builder/spi-builder-workspace/Draftsman/Classes/CellProvider/Tabled.swift (in target 'Draftsman' from project 'Draftsman')
    cd /Users/admin/builder/spi-builder-workspace/.swiftpm/xcode
    builtin-SwiftPerFileCompile Tabled.swift
SwiftCompile normal arm64 /Users/admin/builder/spi-builder-workspace/Draftsman/Classes/Draft/LayoutDraft.swift (in target 'Draftsman' from project 'Draftsman')
    cd /Users/admin/builder/spi-builder-workspace/.swiftpm/xcode
    builtin-SwiftPerFileCompile LayoutDraft.swift
SwiftCompile normal arm64 /Users/admin/builder/spi-builder-workspace/Draftsman/Classes/Draft/LayoutPlan.swift (in target 'Draftsman' from project 'Draftsman')
    cd /Users/admin/builder/spi-builder-workspace/.swiftpm/xcode
    builtin-SwiftPerFileCompile LayoutPlan.swift
SwiftCompile normal arm64 /Users/admin/builder/spi-builder-workspace/Draftsman/Classes/Draft/PlanComponent.swift (in target 'Draftsman' from project 'Draftsman')
    cd /Users/admin/builder/spi-builder-workspace/.swiftpm/xcode
    builtin-SwiftPerFileCompile PlanComponent.swift
SwiftCompile normal arm64 /Users/admin/builder/spi-builder-workspace/Draftsman/Classes/Draft/PlanContext.swift (in target 'Draftsman' from project 'Draftsman')
    cd /Users/admin/builder/spi-builder-workspace/.swiftpm/xcode
    builtin-SwiftPerFileCompile PlanContext.swift
SwiftCompile normal arm64 /Users/admin/builder/spi-builder-workspace/Draftsman/Classes/Draft/Planned.swift (in target 'Draftsman' from project 'Draftsman')
    cd /Users/admin/builder/spi-builder-workspace/.swiftpm/xcode
    builtin-SwiftPerFileCompile Planned.swift
SwiftCompile normal arm64 /Users/admin/builder/spi-builder-workspace/Draftsman/Classes/Draft/PlannedDraft.swift (in target 'Draftsman' from project 'Draftsman')
    cd /Users/admin/builder/spi-builder-workspace/.swiftpm/xcode
    builtin-SwiftPerFileCompile PlannedDraft.swift
SwiftCompile normal arm64 /Users/admin/builder/spi-builder-workspace/Draftsman/Classes/Draft/ViewPlan.swift (in target 'Draftsman' from project 'Draftsman')
    cd /Users/admin/builder/spi-builder-workspace/.swiftpm/xcode
    builtin-SwiftPerFileCompile ViewPlan.swift
/Users/admin/builder/spi-builder-workspace/Draftsman/Classes/Draft/Planned.swift:35:44: warning: forming 'UnsafeRawPointer' to an inout variable of type String exposes the internal representation rather than the string contents.
 33 |     public internal(set) var appliedConstraints: [NSLayoutConstraint] {
 34 |         get {
 35 |             objc_getAssociatedObject(self, &appliedConstraintsKey) as? [NSLayoutConstraint] ?? []
    |                                            `- warning: forming 'UnsafeRawPointer' to an inout variable of type String exposes the internal representation rather than the string contents.
 36 |         }
 37 |         set {
/Users/admin/builder/spi-builder-workspace/Draftsman/Classes/Draft/Planned.swift:38:44: warning: forming 'UnsafeRawPointer' to an inout variable of type String exposes the internal representation rather than the string contents.
 36 |         }
 37 |         set {
 38 |             objc_setAssociatedObject(self, &appliedConstraintsKey, newValue, .OBJC_ASSOCIATION_RETAIN)
    |                                            `- warning: forming 'UnsafeRawPointer' to an inout variable of type String exposes the internal representation rather than the string contents.
 39 |         }
 40 |     }
/Users/admin/builder/spi-builder-workspace/Draftsman/Classes/Draft/Planned.swift:44:44: warning: forming 'UnsafeRawPointer' to an inout variable of type String exposes the internal representation rather than the string contents.
 42 |     public internal(set) var viewPlanApplied: Bool {
 43 |         get {
 44 |             objc_getAssociatedObject(self, &viewPlanAppliedKey) as? Bool ?? false
    |                                            `- warning: forming 'UnsafeRawPointer' to an inout variable of type String exposes the internal representation rather than the string contents.
 45 |         }
 46 |         set {
SwiftCompile normal arm64 Compiling\ ConstraintBuilderRootRecoverable.swift,\ Axis.swift,\ Dimension.swift,\ Pair.swift,\ Quad.swift,\ Single.swift,\ Trio.swift,\ LayoutAnchor.swift /Users/admin/builder/spi-builder-workspace/Draftsman/Classes/Anchors/ConstraintBuilderRootRecoverable.swift /Users/admin/builder/spi-builder-workspace/Draftsman/Classes/Anchors/Defined/Axis.swift /Users/admin/builder/spi-builder-workspace/Draftsman/Classes/Anchors/Defined/Dimension.swift /Users/admin/builder/spi-builder-workspace/Draftsman/Classes/Anchors/Defined/Pair.swift /Users/admin/builder/spi-builder-workspace/Draftsman/Classes/Anchors/Defined/Quad.swift /Users/admin/builder/spi-builder-workspace/Draftsman/Classes/Anchors/Defined/Single.swift /Users/admin/builder/spi-builder-workspace/Draftsman/Classes/Anchors/Defined/Trio.swift /Users/admin/builder/spi-builder-workspace/Draftsman/Classes/Anchors/LayoutAnchor.swift (in target 'Draftsman' from project 'Draftsman')
SwiftCompile normal arm64 /Users/admin/builder/spi-builder-workspace/Draftsman/Classes/Anchors/ConstraintBuilderRootRecoverable.swift (in target 'Draftsman' from project 'Draftsman')
    cd /Users/admin/builder/spi-builder-workspace/.swiftpm/xcode
    builtin-SwiftPerFileCompile ConstraintBuilderRootRecoverable.swift
SwiftCompile normal arm64 /Users/admin/builder/spi-builder-workspace/Draftsman/Classes/Anchors/Defined/Axis.swift (in target 'Draftsman' from project 'Draftsman')
    cd /Users/admin/builder/spi-builder-workspace/.swiftpm/xcode
    builtin-SwiftPerFileCompile Axis.swift
SwiftCompile normal arm64 /Users/admin/builder/spi-builder-workspace/Draftsman/Classes/Anchors/Defined/Dimension.swift (in target 'Draftsman' from project 'Draftsman')
    cd /Users/admin/builder/spi-builder-workspace/.swiftpm/xcode
    builtin-SwiftPerFileCompile Dimension.swift
SwiftCompile normal arm64 /Users/admin/builder/spi-builder-workspace/Draftsman/Classes/Anchors/Defined/Pair.swift (in target 'Draftsman' from project 'Draftsman')
    cd /Users/admin/builder/spi-builder-workspace/.swiftpm/xcode
    builtin-SwiftPerFileCompile Pair.swift
SwiftCompile normal arm64 /Users/admin/builder/spi-builder-workspace/Draftsman/Classes/Anchors/Defined/Quad.swift (in target 'Draftsman' from project 'Draftsman')
    cd /Users/admin/builder/spi-builder-workspace/.swiftpm/xcode
    builtin-SwiftPerFileCompile Quad.swift
SwiftCompile normal arm64 /Users/admin/builder/spi-builder-workspace/Draftsman/Classes/Anchors/Defined/Single.swift (in target 'Draftsman' from project 'Draftsman')
    cd /Users/admin/builder/spi-builder-workspace/.swiftpm/xcode
    builtin-SwiftPerFileCompile Single.swift
SwiftCompile normal arm64 /Users/admin/builder/spi-builder-workspace/Draftsman/Classes/Anchors/Defined/Trio.swift (in target 'Draftsman' from project 'Draftsman')
    cd /Users/admin/builder/spi-builder-workspace/.swiftpm/xcode
    builtin-SwiftPerFileCompile Trio.swift
SwiftCompile normal arm64 /Users/admin/builder/spi-builder-workspace/Draftsman/Classes/Anchors/LayoutAnchor.swift (in target 'Draftsman' from project 'Draftsman')
    cd /Users/admin/builder/spi-builder-workspace/.swiftpm/xcode
    builtin-SwiftPerFileCompile LayoutAnchor.swift
SwiftCompile normal arm64 Compiling\ LayoutAxisAnchor.swift,\ LayoutWithAnchors.swift,\ AxisAnchorRelation.swift,\ DimensionAnchorRelation.swift,\ IdentifiedAnchorRelation.swift,\ PairAnchorRelation.swift,\ PrioritizedAnchorRelation.swift,\ QuadAnchorRelation.swift /Users/admin/builder/spi-builder-workspace/Draftsman/Classes/Anchors/LayoutAxisAnchor.swift /Users/admin/builder/spi-builder-workspace/Draftsman/Classes/Anchors/LayoutWithAnchors.swift /Users/admin/builder/spi-builder-workspace/Draftsman/Classes/Anchors/Relation/AxisAnchorRelation.swift /Users/admin/builder/spi-builder-workspace/Draftsman/Classes/Anchors/Relation/DimensionAnchorRelation.swift /Users/admin/builder/spi-builder-workspace/Draftsman/Classes/Anchors/Relation/IdentifiedAnchorRelation.swift /Users/admin/builder/spi-builder-workspace/Draftsman/Classes/Anchors/Relation/PairAnchorRelation.swift /Users/admin/builder/spi-builder-workspace/Draftsman/Classes/Anchors/Relation/PrioritizedAnchorRelation.swift /Users/admin/builder/spi-builder-workspace/Draftsman/Classes/Anchors/Relation/QuadAnchorRelation.swift (in target 'Draftsman' from project 'Draftsman')
SwiftCompile normal arm64 /Users/admin/builder/spi-builder-workspace/Draftsman/Classes/Anchors/LayoutAxisAnchor.swift (in target 'Draftsman' from project 'Draftsman')
    cd /Users/admin/builder/spi-builder-workspace/.swiftpm/xcode
    builtin-SwiftPerFileCompile LayoutAxisAnchor.swift
SwiftCompile normal arm64 /Users/admin/builder/spi-builder-workspace/Draftsman/Classes/Anchors/LayoutWithAnchors.swift (in target 'Draftsman' from project 'Draftsman')
    cd /Users/admin/builder/spi-builder-workspace/.swiftpm/xcode
    builtin-SwiftPerFileCompile LayoutWithAnchors.swift
SwiftCompile normal arm64 /Users/admin/builder/spi-builder-workspace/Draftsman/Classes/Anchors/Relation/AxisAnchorRelation.swift (in target 'Draftsman' from project 'Draftsman')
    cd /Users/admin/builder/spi-builder-workspace/.swiftpm/xcode
    builtin-SwiftPerFileCompile AxisAnchorRelation.swift
SwiftCompile normal arm64 /Users/admin/builder/spi-builder-workspace/Draftsman/Classes/Anchors/Relation/DimensionAnchorRelation.swift (in target 'Draftsman' from project 'Draftsman')
    cd /Users/admin/builder/spi-builder-workspace/.swiftpm/xcode
    builtin-SwiftPerFileCompile DimensionAnchorRelation.swift
SwiftCompile normal arm64 /Users/admin/builder/spi-builder-workspace/Draftsman/Classes/Anchors/Relation/IdentifiedAnchorRelation.swift (in target 'Draftsman' from project 'Draftsman')
    cd /Users/admin/builder/spi-builder-workspace/.swiftpm/xcode
    builtin-SwiftPerFileCompile IdentifiedAnchorRelation.swift
SwiftCompile normal arm64 /Users/admin/builder/spi-builder-workspace/Draftsman/Classes/Anchors/Relation/PairAnchorRelation.swift (in target 'Draftsman' from project 'Draftsman')
    cd /Users/admin/builder/spi-builder-workspace/.swiftpm/xcode
    builtin-SwiftPerFileCompile PairAnchorRelation.swift
SwiftCompile normal arm64 /Users/admin/builder/spi-builder-workspace/Draftsman/Classes/Anchors/Relation/PrioritizedAnchorRelation.swift (in target 'Draftsman' from project 'Draftsman')
    cd /Users/admin/builder/spi-builder-workspace/.swiftpm/xcode
    builtin-SwiftPerFileCompile PrioritizedAnchorRelation.swift
SwiftCompile normal arm64 /Users/admin/builder/spi-builder-workspace/Draftsman/Classes/Anchors/Relation/QuadAnchorRelation.swift (in target 'Draftsman' from project 'Draftsman')
    cd /Users/admin/builder/spi-builder-workspace/.swiftpm/xcode
    builtin-SwiftPerFileCompile QuadAnchorRelation.swift
SwiftCompile normal arm64 Compiling\ ViewPlanBuilder.swift,\ AnchorPair.swift,\ Enumeration.swift,\ PairConstant.swift,\ TriConstant.swift,\ ConstraintBuilder.swift,\ ScrollableStackView.swift,\ SpacerView.swift /Users/admin/builder/spi-builder-workspace/Draftsman/Classes/Draft/ViewPlanBuilder.swift /Users/admin/builder/spi-builder-workspace/Draftsman/Classes/Model/AnchorPair.swift /Users/admin/builder/spi-builder-workspace/Draftsman/Classes/Model/Enumeration.swift /Users/admin/builder/spi-builder-workspace/Draftsman/Classes/Model/PairConstant.swift /Users/admin/builder/spi-builder-workspace/Draftsman/Classes/Model/TriConstant.swift /Users/admin/builder/spi-builder-workspace/Draftsman/Classes/Utilities/ConstraintBuilder.swift /Users/admin/builder/spi-builder-workspace/Draftsman/Classes/Utilities/CustomView/ScrollableStackView.swift /Users/admin/builder/spi-builder-workspace/Draftsman/Classes/Utilities/CustomView/SpacerView.swift (in target 'Draftsman' from project 'Draftsman')
/Users/admin/builder/spi-builder-workspace/Draftsman/Classes/Model/PairConstant.swift:123:1: warning: extension declares a conformance of imported type 'CGPoint' to imported protocol 'ExpressibleByIntegerLiteral'; this will not behave correctly if the owners of 'CoreFoundation' introduce this conformance in the future
121 | }
122 |
123 | extension CGPoint: ExpressibleByIntegerLiteral {
    | |- warning: extension declares a conformance of imported type 'CGPoint' to imported protocol 'ExpressibleByIntegerLiteral'; this will not behave correctly if the owners of 'CoreFoundation' introduce this conformance in the future
    | `- note: add '@retroactive' to silence this warning
124 |     public typealias IntegerLiteralType = Int
125 |
SwiftCompile normal arm64 /Users/admin/builder/spi-builder-workspace/Draftsman/Classes/Draft/ViewPlanBuilder.swift (in target 'Draftsman' from project 'Draftsman')
    cd /Users/admin/builder/spi-builder-workspace/.swiftpm/xcode
    builtin-SwiftPerFileCompile ViewPlanBuilder.swift
SwiftCompile normal arm64 /Users/admin/builder/spi-builder-workspace/Draftsman/Classes/Model/AnchorPair.swift (in target 'Draftsman' from project 'Draftsman')
    cd /Users/admin/builder/spi-builder-workspace/.swiftpm/xcode
    builtin-SwiftPerFileCompile AnchorPair.swift
SwiftCompile normal arm64 /Users/admin/builder/spi-builder-workspace/Draftsman/Classes/Model/Enumeration.swift (in target 'Draftsman' from project 'Draftsman')
    cd /Users/admin/builder/spi-builder-workspace/.swiftpm/xcode
    builtin-SwiftPerFileCompile Enumeration.swift
SwiftCompile normal arm64 /Users/admin/builder/spi-builder-workspace/Draftsman/Classes/Model/PairConstant.swift (in target 'Draftsman' from project 'Draftsman')
    cd /Users/admin/builder/spi-builder-workspace/.swiftpm/xcode
    builtin-SwiftPerFileCompile PairConstant.swift
SwiftCompile normal arm64 /Users/admin/builder/spi-builder-workspace/Draftsman/Classes/Model/TriConstant.swift (in target 'Draftsman' from project 'Draftsman')
    cd /Users/admin/builder/spi-builder-workspace/.swiftpm/xcode
    builtin-SwiftPerFileCompile TriConstant.swift
SwiftCompile normal arm64 /Users/admin/builder/spi-builder-workspace/Draftsman/Classes/Utilities/ConstraintBuilder.swift (in target 'Draftsman' from project 'Draftsman')
    cd /Users/admin/builder/spi-builder-workspace/.swiftpm/xcode
    builtin-SwiftPerFileCompile ConstraintBuilder.swift
SwiftCompile normal arm64 /Users/admin/builder/spi-builder-workspace/Draftsman/Classes/Utilities/CustomView/ScrollableStackView.swift (in target 'Draftsman' from project 'Draftsman')
    cd /Users/admin/builder/spi-builder-workspace/.swiftpm/xcode
    builtin-SwiftPerFileCompile ScrollableStackView.swift
SwiftCompile normal arm64 /Users/admin/builder/spi-builder-workspace/Draftsman/Classes/Utilities/CustomView/SpacerView.swift (in target 'Draftsman' from project 'Draftsman')
    cd /Users/admin/builder/spi-builder-workspace/.swiftpm/xcode
    builtin-SwiftPerFileCompile SpacerView.swift
SwiftCompile normal arm64 Compiling\ AnchorExtractable.swift,\ AxisAnchor.swift,\ DimensionAnchor.swift,\ PairAnchor.swift,\ QuadAnchor.swift,\ SingleAnchor.swift,\ SizeAnchor.swift,\ TriAnchor.swift /Users/admin/builder/spi-builder-workspace/Draftsman/Classes/Anchors/AnchorExtractable.swift /Users/admin/builder/spi-builder-workspace/Draftsman/Classes/Anchors/Base/AxisAnchor.swift /Users/admin/builder/spi-builder-workspace/Draftsman/Classes/Anchors/Base/DimensionAnchor.swift /Users/admin/builder/spi-builder-workspace/Draftsman/Classes/Anchors/Base/PairAnchor.swift /Users/admin/builder/spi-builder-workspace/Draftsman/Classes/Anchors/Base/QuadAnchor.swift /Users/admin/builder/spi-builder-workspace/Draftsman/Classes/Anchors/Base/SingleAnchor.swift /Users/admin/builder/spi-builder-workspace/Draftsman/Classes/Anchors/Base/SizeAnchor.swift /Users/admin/builder/spi-builder-workspace/Draftsman/Classes/Anchors/Base/TriAnchor.swift (in target 'Draftsman' from project 'Draftsman')
SwiftCompile normal arm64 /Users/admin/builder/spi-builder-workspace/Draftsman/Classes/Anchors/AnchorExtractable.swift (in target 'Draftsman' from project 'Draftsman')
    cd /Users/admin/builder/spi-builder-workspace/.swiftpm/xcode
    builtin-SwiftPerFileCompile AnchorExtractable.swift
SwiftCompile normal arm64 /Users/admin/builder/spi-builder-workspace/Draftsman/Classes/Anchors/Base/AxisAnchor.swift (in target 'Draftsman' from project 'Draftsman')
    cd /Users/admin/builder/spi-builder-workspace/.swiftpm/xcode
    builtin-SwiftPerFileCompile AxisAnchor.swift
SwiftCompile normal arm64 /Users/admin/builder/spi-builder-workspace/Draftsman/Classes/Anchors/Base/DimensionAnchor.swift (in target 'Draftsman' from project 'Draftsman')
    cd /Users/admin/builder/spi-builder-workspace/.swiftpm/xcode
    builtin-SwiftPerFileCompile DimensionAnchor.swift
SwiftCompile normal arm64 /Users/admin/builder/spi-builder-workspace/Draftsman/Classes/Anchors/Base/PairAnchor.swift (in target 'Draftsman' from project 'Draftsman')
    cd /Users/admin/builder/spi-builder-workspace/.swiftpm/xcode
    builtin-SwiftPerFileCompile PairAnchor.swift
SwiftCompile normal arm64 /Users/admin/builder/spi-builder-workspace/Draftsman/Classes/Anchors/Base/QuadAnchor.swift (in target 'Draftsman' from project 'Draftsman')
    cd /Users/admin/builder/spi-builder-workspace/.swiftpm/xcode
    builtin-SwiftPerFileCompile QuadAnchor.swift
SwiftCompile normal arm64 /Users/admin/builder/spi-builder-workspace/Draftsman/Classes/Anchors/Base/SingleAnchor.swift (in target 'Draftsman' from project 'Draftsman')
    cd /Users/admin/builder/spi-builder-workspace/.swiftpm/xcode
    builtin-SwiftPerFileCompile SingleAnchor.swift
SwiftCompile normal arm64 /Users/admin/builder/spi-builder-workspace/Draftsman/Classes/Anchors/Base/SizeAnchor.swift (in target 'Draftsman' from project 'Draftsman')
    cd /Users/admin/builder/spi-builder-workspace/.swiftpm/xcode
    builtin-SwiftPerFileCompile SizeAnchor.swift
SwiftCompile normal arm64 /Users/admin/builder/spi-builder-workspace/Draftsman/Classes/Anchors/Base/TriAnchor.swift (in target 'Draftsman' from project 'Draftsman')
    cd /Users/admin/builder/spi-builder-workspace/.swiftpm/xcode
    builtin-SwiftPerFileCompile TriAnchor.swift
SwiftCompile normal arm64 Compiling\ SingleAnchorRelation.swift,\ SizeAnchorRelation.swift,\ TriAnchorRelation.swift,\ CollectionCellProvider.swift,\ Collectioned.swift,\ NSDiffableDataSourceSnapshot+Extensions.swift,\ SectionCompatible.swift,\ TableCellProvider.swift /Users/admin/builder/spi-builder-workspace/Draftsman/Classes/Anchors/Relation/SingleAnchorRelation.swift /Users/admin/builder/spi-builder-workspace/Draftsman/Classes/Anchors/Relation/SizeAnchorRelation.swift /Users/admin/builder/spi-builder-workspace/Draftsman/Classes/Anchors/Relation/TriAnchorRelation.swift /Users/admin/builder/spi-builder-workspace/Draftsman/Classes/CellProvider/CollectionCellProvider.swift /Users/admin/builder/spi-builder-workspace/Draftsman/Classes/CellProvider/Collectioned.swift /Users/admin/builder/spi-builder-workspace/Draftsman/Classes/CellProvider/NSDiffableDataSourceSnapshot+Extensions.swift /Users/admin/builder/spi-builder-workspace/Draftsman/Classes/CellProvider/SectionCompatible.swift /Users/admin/builder/spi-builder-workspace/Draftsman/Classes/CellProvider/TableCellProvider.swift (in target 'Draftsman' from project 'Draftsman')
/Users/admin/builder/spi-builder-workspace/Draftsman/Classes/CellProvider/CollectionCellProvider.swift:187:52: warning: forming 'UnsafeRawPointer' to an inout variable of type String exposes the internal representation rather than the string contents.
185 |     func registerIfNeeded<Cell: UICollectionViewCell>(cell type: Cell.Type) {
186 |         let identifier = String(describing: type)
187 |         var cells = objc_getAssociatedObject(self, &registeredCellsKey) as? [String] ?? []
    |                                                    `- warning: forming 'UnsafeRawPointer' to an inout variable of type String exposes the internal representation rather than the string contents.
188 |         guard !cells.contains(identifier) else { return }
189 |         register(Cell.self, forCellWithReuseIdentifier: identifier)
/Users/admin/builder/spi-builder-workspace/Draftsman/Classes/CellProvider/CollectionCellProvider.swift:191:40: warning: forming 'UnsafeRawPointer' to an inout variable of type String exposes the internal representation rather than the string contents.
189 |         register(Cell.self, forCellWithReuseIdentifier: identifier)
190 |         cells.append(identifier)
191 |         objc_setAssociatedObject(self, &registeredCellsKey, cells, .OBJC_ASSOCIATION_RETAIN)
    |                                        `- warning: forming 'UnsafeRawPointer' to an inout variable of type String exposes the internal representation rather than the string contents.
192 |     }
193 |
/Users/admin/builder/spi-builder-workspace/Draftsman/Classes/CellProvider/CollectionCellProvider.swift:205:40: warning: forming 'UnsafeRawPointer' to an inout variable of type String exposes the internal representation rather than the string contents.
203 |     func retain(dataSource: UICollectionViewDataSource) {
204 |         releaseRetainedDataSource()
205 |         objc_setAssociatedObject(self, &dataSourceKey, dataSource, .OBJC_ASSOCIATION_RETAIN)
    |                                        `- warning: forming 'UnsafeRawPointer' to an inout variable of type String exposes the internal representation rather than the string contents.
206 |     }
207 |
/Users/admin/builder/spi-builder-workspace/Draftsman/Classes/CellProvider/CollectionCellProvider.swift:209:40: warning: forming 'UnsafeRawPointer' to an inout variable of type String exposes the internal representation rather than the string contents.
207 |
208 |     func releaseRetainedDataSource() {
209 |         objc_setAssociatedObject(self, &dataSourceKey, nil, .OBJC_ASSOCIATION_RETAIN)
    |                                        `- warning: forming 'UnsafeRawPointer' to an inout variable of type String exposes the internal representation rather than the string contents.
210 |     }
211 |
/Users/admin/builder/spi-builder-workspace/Draftsman/Classes/CellProvider/CollectionCellProvider.swift:214:40: warning: forming 'UnsafeRawPointer' to an inout variable of type String exposes the internal representation rather than the string contents.
212 |     func retain(cancellable: AnyCancellable) {
213 |         releaseCancellable()
214 |         objc_setAssociatedObject(self, &cancellableKey, cancellable, .OBJC_ASSOCIATION_RETAIN)
    |                                        `- warning: forming 'UnsafeRawPointer' to an inout variable of type String exposes the internal representation rather than the string contents.
215 |     }
216 |
/Users/admin/builder/spi-builder-workspace/Draftsman/Classes/CellProvider/CollectionCellProvider.swift:218:40: warning: forming 'UnsafeRawPointer' to an inout variable of type String exposes the internal representation rather than the string contents.
216 |
217 |     func releaseCancellable() {
218 |         objc_setAssociatedObject(self, &cancellableKey, nil, .OBJC_ASSOCIATION_RETAIN)
    |                                        `- warning: forming 'UnsafeRawPointer' to an inout variable of type String exposes the internal representation rather than the string contents.
219 |     }
220 | }
/Users/admin/builder/spi-builder-workspace/Draftsman/Classes/CellProvider/TableCellProvider.swift:197:52: warning: forming 'UnsafeRawPointer' to an inout variable of type String exposes the internal representation rather than the string contents.
195 |     func registerIfNeeded<Cell: UITableViewCell>(cell type: Cell.Type) {
196 |         let identifier = String(describing: type)
197 |         var cells = objc_getAssociatedObject(self, &registeredCellsKey) as? [String] ?? []
    |                                                    `- warning: forming 'UnsafeRawPointer' to an inout variable of type String exposes the internal representation rather than the string contents.
198 |         guard !cells.contains(identifier) else { return }
199 |         register(Cell.self, forCellReuseIdentifier: identifier)
/Users/admin/builder/spi-builder-workspace/Draftsman/Classes/CellProvider/TableCellProvider.swift:201:40: warning: forming 'UnsafeRawPointer' to an inout variable of type String exposes the internal representation rather than the string contents.
199 |         register(Cell.self, forCellReuseIdentifier: identifier)
200 |         cells.append(identifier)
201 |         objc_setAssociatedObject(self, &registeredCellsKey, cells, .OBJC_ASSOCIATION_RETAIN)
    |                                        `- warning: forming 'UnsafeRawPointer' to an inout variable of type String exposes the internal representation rather than the string contents.
202 |     }
203 |
/Users/admin/builder/spi-builder-workspace/Draftsman/Classes/CellProvider/TableCellProvider.swift:215:40: warning: forming 'UnsafeRawPointer' to an inout variable of type String exposes the internal representation rather than the string contents.
213 |     func retain(dataSource: UITableViewDataSource) {
214 |         releaseRetainedDataSource()
215 |         objc_setAssociatedObject(self, &dataSourceKey, dataSource, .OBJC_ASSOCIATION_RETAIN)
    |                                        `- warning: forming 'UnsafeRawPointer' to an inout variable of type String exposes the internal representation rather than the string contents.
216 |     }
217 |
/Users/admin/builder/spi-builder-workspace/Draftsman/Classes/CellProvider/TableCellProvider.swift:219:40: warning: forming 'UnsafeRawPointer' to an inout variable of type String exposes the internal representation rather than the string contents.
217 |
218 |     func releaseRetainedDataSource() {
219 |         objc_setAssociatedObject(self, &dataSourceKey, nil, .OBJC_ASSOCIATION_RETAIN)
    |                                        `- warning: forming 'UnsafeRawPointer' to an inout variable of type String exposes the internal representation rather than the string contents.
220 |     }
221 |
/Users/admin/builder/spi-builder-workspace/Draftsman/Classes/CellProvider/TableCellProvider.swift:224:40: warning: forming 'UnsafeRawPointer' to an inout variable of type String exposes the internal representation rather than the string contents.
222 |     func retain(cancellable: AnyCancellable) {
223 |         releaseCancellable()
224 |         objc_setAssociatedObject(self, &cancellableKey, cancellable, .OBJC_ASSOCIATION_RETAIN)
    |                                        `- warning: forming 'UnsafeRawPointer' to an inout variable of type String exposes the internal representation rather than the string contents.
225 |     }
226 |
SwiftCompile normal arm64 /Users/admin/builder/spi-builder-workspace/Draftsman/Classes/Anchors/Relation/SingleAnchorRelation.swift (in target 'Draftsman' from project 'Draftsman')
    cd /Users/admin/builder/spi-builder-workspace/.swiftpm/xcode
    builtin-SwiftPerFileCompile SingleAnchorRelation.swift
SwiftCompile normal arm64 /Users/admin/builder/spi-builder-workspace/Draftsman/Classes/Anchors/Relation/SizeAnchorRelation.swift (in target 'Draftsman' from project 'Draftsman')
    cd /Users/admin/builder/spi-builder-workspace/.swiftpm/xcode
    builtin-SwiftPerFileCompile SizeAnchorRelation.swift
SwiftCompile normal arm64 /Users/admin/builder/spi-builder-workspace/Draftsman/Classes/Anchors/Relation/TriAnchorRelation.swift (in target 'Draftsman' from project 'Draftsman')
    cd /Users/admin/builder/spi-builder-workspace/.swiftpm/xcode
    builtin-SwiftPerFileCompile TriAnchorRelation.swift
SwiftCompile normal arm64 /Users/admin/builder/spi-builder-workspace/Draftsman/Classes/CellProvider/CollectionCellProvider.swift (in target 'Draftsman' from project 'Draftsman')
    cd /Users/admin/builder/spi-builder-workspace/.swiftpm/xcode
    builtin-SwiftPerFileCompile CollectionCellProvider.swift
SwiftCompile normal arm64 /Users/admin/builder/spi-builder-workspace/Draftsman/Classes/CellProvider/Collectioned.swift (in target 'Draftsman' from project 'Draftsman')
    cd /Users/admin/builder/spi-builder-workspace/.swiftpm/xcode
    builtin-SwiftPerFileCompile Collectioned.swift
SwiftCompile normal arm64 /Users/admin/builder/spi-builder-workspace/Draftsman/Classes/CellProvider/NSDiffableDataSourceSnapshot+Extensions.swift (in target 'Draftsman' from project 'Draftsman')
    cd /Users/admin/builder/spi-builder-workspace/.swiftpm/xcode
    builtin-SwiftPerFileCompile NSDiffableDataSourceSnapshot+Extensions.swift
SwiftCompile normal arm64 /Users/admin/builder/spi-builder-workspace/Draftsman/Classes/CellProvider/SectionCompatible.swift (in target 'Draftsman' from project 'Draftsman')
    cd /Users/admin/builder/spi-builder-workspace/.swiftpm/xcode
    builtin-SwiftPerFileCompile SectionCompatible.swift
SwiftCompile normal arm64 /Users/admin/builder/spi-builder-workspace/Draftsman/Classes/CellProvider/TableCellProvider.swift (in target 'Draftsman' from project 'Draftsman')
    cd /Users/admin/builder/spi-builder-workspace/.swiftpm/xcode
    builtin-SwiftPerFileCompile TableCellProvider.swift
SwiftCompile normal arm64 Compiling\ Array+Extensions.swift,\ CACornerMask+Extensions.swift,\ CGFloat+Extensions.swift,\ CGRect+Extensions.swift,\ CGSize+Extensions.swift,\ NSLayoutConstraint+Extensions.swift,\ NSLayoutDimension+Extensions.swift,\ UIColor+Extensions.swift /Users/admin/builder/spi-builder-workspace/Draftsman/Classes/Utilities/Extensions/Array+Extensions.swift /Users/admin/builder/spi-builder-workspace/Draftsman/Classes/Utilities/Extensions/CACornerMask+Extensions.swift /Users/admin/builder/spi-builder-workspace/Draftsman/Classes/Utilities/Extensions/CGFloat+Extensions.swift /Users/admin/builder/spi-builder-workspace/Draftsman/Classes/Utilities/Extensions/CGRect+Extensions.swift /Users/admin/builder/spi-builder-workspace/Draftsman/Classes/Utilities/Extensions/CGSize+Extensions.swift /Users/admin/builder/spi-builder-workspace/Draftsman/Classes/Utilities/Extensions/NSLayoutConstraint+Extensions.swift /Users/admin/builder/spi-builder-workspace/Draftsman/Classes/Utilities/Extensions/NSLayoutDimension+Extensions.swift /Users/admin/builder/spi-builder-workspace/Draftsman/Classes/Utilities/Extensions/UIColor+Extensions.swift (in target 'Draftsman' from project 'Draftsman')
/Users/admin/builder/spi-builder-workspace/Draftsman/Classes/Utilities/Extensions/NSLayoutConstraint+Extensions.swift:17:44: warning: forming 'UnsafeRawPointer' to an inout variable of type String exposes the internal representation rather than the string contents.
15 |     var draftsmanIdentifier: String? {
16 |         get {
17 |             objc_getAssociatedObject(self, &draftsmanIdentifierKey) as? String
   |                                            `- warning: forming 'UnsafeRawPointer' to an inout variable of type String exposes the internal representation rather than the string contents.
18 |         }
19 |         set {
SwiftCompile normal arm64 /Users/admin/builder/spi-builder-workspace/Draftsman/Classes/Utilities/Extensions/Array+Extensions.swift (in target 'Draftsman' from project 'Draftsman')
    cd /Users/admin/builder/spi-builder-workspace/.swiftpm/xcode
    builtin-SwiftPerFileCompile Array+Extensions.swift
SwiftCompile normal arm64 /Users/admin/builder/spi-builder-workspace/Draftsman/Classes/Utilities/Extensions/CACornerMask+Extensions.swift (in target 'Draftsman' from project 'Draftsman')
    cd /Users/admin/builder/spi-builder-workspace/.swiftpm/xcode
    builtin-SwiftPerFileCompile CACornerMask+Extensions.swift
SwiftCompile normal arm64 /Users/admin/builder/spi-builder-workspace/Draftsman/Classes/Utilities/Extensions/CGFloat+Extensions.swift (in target 'Draftsman' from project 'Draftsman')
    cd /Users/admin/builder/spi-builder-workspace/.swiftpm/xcode
    builtin-SwiftPerFileCompile CGFloat+Extensions.swift
SwiftCompile normal arm64 /Users/admin/builder/spi-builder-workspace/Draftsman/Classes/Utilities/Extensions/CGRect+Extensions.swift (in target 'Draftsman' from project 'Draftsman')
    cd /Users/admin/builder/spi-builder-workspace/.swiftpm/xcode
    builtin-SwiftPerFileCompile CGRect+Extensions.swift
SwiftCompile normal arm64 /Users/admin/builder/spi-builder-workspace/Draftsman/Classes/Utilities/Extensions/CGSize+Extensions.swift (in target 'Draftsman' from project 'Draftsman')
    cd /Users/admin/builder/spi-builder-workspace/.swiftpm/xcode
    builtin-SwiftPerFileCompile CGSize+Extensions.swift
SwiftCompile normal arm64 /Users/admin/builder/spi-builder-workspace/Draftsman/Classes/Utilities/Extensions/NSLayoutConstraint+Extensions.swift (in target 'Draftsman' from project 'Draftsman')
    cd /Users/admin/builder/spi-builder-workspace/.swiftpm/xcode
    builtin-SwiftPerFileCompile NSLayoutConstraint+Extensions.swift
SwiftCompile normal arm64 /Users/admin/builder/spi-builder-workspace/Draftsman/Classes/Utilities/Extensions/NSLayoutDimension+Extensions.swift (in target 'Draftsman' from project 'Draftsman')
    cd /Users/admin/builder/spi-builder-workspace/.swiftpm/xcode
    builtin-SwiftPerFileCompile NSLayoutDimension+Extensions.swift
SwiftCompile normal arm64 /Users/admin/builder/spi-builder-workspace/Draftsman/Classes/Utilities/Extensions/UIColor+Extensions.swift (in target 'Draftsman' from project 'Draftsman')
    cd /Users/admin/builder/spi-builder-workspace/.swiftpm/xcode
    builtin-SwiftPerFileCompile UIColor+Extensions.swift
SwiftEmitModule normal arm64 Emitting\ module\ for\ Draftsman (in target 'Draftsman' from project 'Draftsman')
SwiftCompile normal arm64 (in target 'Draftsman' from project 'Draftsman')
    cd /Users/admin/builder/spi-builder-workspace/.swiftpm/xcode

PruneExplicitPrecompiledModules /Users/admin/builder/spi-builder-workspace/.derivedData/Build/Intermediates.noindex/SwiftExplicitPrecompiledModules
PruneExplicitPrecompiledModules /Users/admin/builder/spi-builder-workspace/.derivedData/SDKExplicitPrecompiledModules
PruneExplicitPrecompiledModules /Users/admin/builder/spi-builder-workspace/.derivedData/Build/Intermediates.noindex/ExplicitPrecompiledModules
2026-09-19 06:45:02.621 xcodebuild[727:4553] [MT] IDERunDestination: Supported platforms for the buildables in the current scheme is empty.
** BUILD FAILED **
The following build commands failed:
	SwiftCompile normal arm64 /Users/admin/builder/spi-builder-workspace/.dependencies/checkouts/Clavier/Clavier/Classes/Extensions.swift (in target 'Clavier' from project 'Clavier')
	SwiftCompile normal arm64 Compiling\ Extensions.swift /Users/admin/builder/spi-builder-workspace/.dependencies/checkouts/Clavier/Clavier/Classes/Extensions.swift (in target 'Clavier' from project 'Clavier')
	SwiftCompile normal arm64 Compiling\ SafeAreaKeyboardLayoutGuide.swift /Users/admin/builder/spi-builder-workspace/.dependencies/checkouts/Clavier/Clavier/Classes/SafeAreaKeyboardLayoutGuide.swift (in target 'Clavier' from project 'Clavier')
	SwiftCompile normal arm64 /Users/admin/builder/spi-builder-workspace/.dependencies/checkouts/Clavier/Clavier/Classes/SafeAreaKeyboardLayoutGuide.swift (in target 'Clavier' from project 'Clavier')
	SwiftCompile normal arm64 /Users/admin/builder/spi-builder-workspace/.dependencies/checkouts/Clavier/Clavier/Classes/ClavierLayoutGuide.swift (in target 'Clavier' from project 'Clavier')
	SwiftCompile normal arm64 Compiling\ ClavierLayoutGuide.swift /Users/admin/builder/spi-builder-workspace/.dependencies/checkouts/Clavier/Clavier/Classes/ClavierLayoutGuide.swift (in target 'Clavier' from project 'Clavier')
	Building workspace Draftsman with scheme Draftsman
(7 failures)
Command line invocation:
    /Applications/Xcode-27.0.0-Release.Candidate.app/Contents/Developer/usr/bin/xcodebuild -IDEClonedSourcePackagesDirPathOverride=/Users/admin/builder/spi-builder-workspace/.dependencies -resolvePackageDependencies
Resolve Package Graph
Resolved source packages:
  Clavier: https://github.com/hainayanda/Clavier.git @ 2.0.3
  Draftsman: /Users/admin/builder/spi-builder-workspace
  Builder: https://github.com/hainayanda/Builder.git @ 1.1.1
resolved source packages: Clavier, Draftsman, Builder
2026-09-19 06:45:10.748 xcodebuild[834:5185] [MT] IDERunDestination: Supported platforms for the buildables in the current scheme is empty.
{
  "dependencies" : [
    {
      "identity" : "clavier",
      "requirement" : {
        "range" : [
          {
            "lower_bound" : "2.0.3",
            "upper_bound" : "3.0.0"
          }
        ]
      },
      "type" : "sourceControl",
      "url" : "https://github.com/hainayanda/Clavier.git"
    },
    {
      "identity" : "builder",
      "requirement" : {
        "range" : [
          {
            "lower_bound" : "1.1.0",
            "upper_bound" : "2.0.0"
          }
        ]
      },
      "type" : "sourceControl",
      "url" : "https://github.com/hainayanda/Builder.git"
    }
  ],
  "manifest_display_name" : "Draftsman",
  "name" : "Draftsman",
  "path" : "/Users/admin/builder/spi-builder-workspace",
  "platforms" : [
    {
      "name" : "ios",
      "version" : "13.0"
    }
  ],
  "products" : [
    {
      "name" : "Draftsman",
      "targets" : [
        "Draftsman"
      ],
      "type" : {
        "library" : [
          "automatic"
        ]
      }
    }
  ],
  "targets" : [
    {
      "c99name" : "Draftsman",
      "module_type" : "SwiftTarget",
      "name" : "Draftsman",
      "path" : "Draftsman/Classes",
      "product_dependencies" : [
        "Clavier",
        "Builder"
      ],
      "product_memberships" : [
        "Draftsman"
      ],
      "sources" : [
        "Anchors/AnchorExtractable.swift",
        "Anchors/Base/AxisAnchor.swift",
        "Anchors/Base/DimensionAnchor.swift",
        "Anchors/Base/PairAnchor.swift",
        "Anchors/Base/QuadAnchor.swift",
        "Anchors/Base/SingleAnchor.swift",
        "Anchors/Base/SizeAnchor.swift",
        "Anchors/Base/TriAnchor.swift",
        "Anchors/ConstraintBuilderRootRecoverable.swift",
        "Anchors/Defined/Axis.swift",
        "Anchors/Defined/Dimension.swift",
        "Anchors/Defined/Pair.swift",
        "Anchors/Defined/Quad.swift",
        "Anchors/Defined/Single.swift",
        "Anchors/Defined/Trio.swift",
        "Anchors/LayoutAnchor.swift",
        "Anchors/LayoutAxisAnchor.swift",
        "Anchors/LayoutWithAnchors.swift",
        "Anchors/Relation/AxisAnchorRelation.swift",
        "Anchors/Relation/DimensionAnchorRelation.swift",
        "Anchors/Relation/IdentifiedAnchorRelation.swift",
        "Anchors/Relation/PairAnchorRelation.swift",
        "Anchors/Relation/PrioritizedAnchorRelation.swift",
        "Anchors/Relation/QuadAnchorRelation.swift",
        "Anchors/Relation/SingleAnchorRelation.swift",
        "Anchors/Relation/SizeAnchorRelation.swift",
        "Anchors/Relation/TriAnchorRelation.swift",
        "CellProvider/CollectionCellProvider.swift",
        "CellProvider/Collectioned.swift",
        "CellProvider/NSDiffableDataSourceSnapshot+Extensions.swift",
        "CellProvider/SectionCompatible.swift",
        "CellProvider/TableCellProvider.swift",
        "CellProvider/Tabled.swift",
        "Draft/LayoutDraft.swift",
        "Draft/LayoutPlan.swift",
        "Draft/PlanComponent.swift",
        "Draft/PlanContext.swift",
        "Draft/Planned.swift",
        "Draft/PlannedDraft.swift",
        "Draft/ViewPlan.swift",
        "Draft/ViewPlanBuilder.swift",
        "Model/AnchorPair.swift",
        "Model/Enumeration.swift",
        "Model/PairConstant.swift",
        "Model/TriConstant.swift",
        "Utilities/ConstraintBuilder.swift",
        "Utilities/CustomView/ScrollableStackView.swift",
        "Utilities/CustomView/SpacerView.swift",
        "Utilities/Extensions/Array+Extensions.swift",
        "Utilities/Extensions/CACornerMask+Extensions.swift",
        "Utilities/Extensions/CGFloat+Extensions.swift",
        "Utilities/Extensions/CGRect+Extensions.swift",
        "Utilities/Extensions/CGSize+Extensions.swift",
        "Utilities/Extensions/NSLayoutConstraint+Extensions.swift",
        "Utilities/Extensions/NSLayoutDimension+Extensions.swift",
        "Utilities/Extensions/UIColor+Extensions.swift",
        "Utilities/Extensions/UIEdgeInsets+Extensions.swift",
        "Utilities/Extensions/UIResponder+Extensions.swift",
        "Utilities/Extensions/UIView+Extensions.swift",
        "Utilities/LayoutDraftBuilder.swift",
        "Utilities/LayoutDraftSubscriber.swift",
        "Utilities/Shortcuts/ContainerShortcuts.swift",
        "Utilities/Shortcuts/Property/Cell.swift",
        "Utilities/Shortcuts/Property/UIButton.swift",
        "Utilities/Shortcuts/Property/UICollectionView.swift",
        "Utilities/Shortcuts/Property/UIControl.swift",
        "Utilities/Shortcuts/Property/UIImageView.swift",
        "Utilities/Shortcuts/Property/UILabel.swift",
        "Utilities/Shortcuts/Property/UIScrollView.swift",
        "Utilities/Shortcuts/Property/UISlider.swift",
        "Utilities/Shortcuts/Property/UIStackView.swift",
        "Utilities/Shortcuts/Property/UIStepper.swift",
        "Utilities/Shortcuts/Property/UISwitch.swift",
        "Utilities/Shortcuts/Property/UITableView.swift",
        "Utilities/Shortcuts/Property/UITextView.swift",
        "Utilities/Shortcuts/Property/UIView.swift",
        "Utilities/Shortcuts/RelationShortcuts.swift",
        "Utilities/Shortcuts/StackedShortcuts.swift",
        "Utilities/StackCompatible.swift"
      ],
      "type" : "library"
    }
  ],
  "tools_version" : "5.5"
}
{
  "workspace" : {
    "name" : "Draftsman",
    "schemes" : [
      "Draftsman"
    ]
  }
}
2026-09-19 06:45:12.155 xcodebuild[842:5251] [MT] IDERunDestination: Supported platforms for the buildables in the current scheme is empty.
Running build ...
env DEVELOPER_DIR=/Applications/Xcode-27.0.0-Release.Candidate.app xcrun xcodebuild -IDEClonedSourcePackagesDirPathOverride=$PWD/.dependencies -skipMacroValidation -skipPackagePluginValidation -derivedDataPath $PWD/.derivedData build -scheme Draftsman -destination generic/platform=tvOS
Command line invocation:
    /Applications/Xcode-27.0.0-Release.Candidate.app/Contents/Developer/usr/bin/xcodebuild -IDEClonedSourcePackagesDirPathOverride=/Users/admin/builder/spi-builder-workspace/.dependencies -skipMacroValidation -skipPackagePluginValidation -derivedDataPath /Users/admin/builder/spi-builder-workspace/.derivedData build -scheme Draftsman -destination generic/platform=tvOS
Resolve Package Graph
Resolved source packages:
  Builder: https://github.com/hainayanda/Builder.git @ 1.1.1
  Draftsman: /Users/admin/builder/spi-builder-workspace
  Clavier: https://github.com/hainayanda/Clavier.git @ 2.0.3
ComputePackagePrebuildTargetDependencyGraph
Prepare packages
CreateBuildRequest
SendProjectDescription
CreateBuildOperation
ComputeTargetDependencyGraph
note: Building targets in dependency order
note: Target dependency graph (6 targets)
    Target 'Draftsman-product' in project 'Draftsman'
        ➜ Explicit dependency on target 'Draftsman' in project 'Draftsman'
        ➜ Explicit dependency on target 'Clavier-product' in project 'Clavier'
        ➜ Explicit dependency on target 'Builder-product' in project 'Builder'
    Target 'Draftsman' in project 'Draftsman'
        ➜ Explicit dependency on target 'Clavier-product' in project 'Clavier'
        ➜ Explicit dependency on target 'Builder-product' in project 'Builder'
    Target 'Builder-product' in project 'Builder'
        ➜ Explicit dependency on target 'Builder' in project 'Builder'
    Target 'Builder' in project 'Builder' (no dependencies)
    Target 'Clavier-product' in project 'Clavier'
        ➜ Explicit dependency on target 'Clavier' in project 'Clavier'
    Target 'Clavier' in project 'Clavier' (no dependencies)
GatherProvisioningInputs
CreateBuildDescription
ClangStatCache /Applications/Xcode-27.0.0-Release.Candidate.app/Contents/Developer/Toolchains/XcodeDefault.xctoolchain/usr/bin/clang-stat-cache /Applications/Xcode-27.0.0-Release.Candidate.app/Contents/Developer/Platforms/AppleTVOS.platform/Developer/SDKs/AppleTVOS27.0.sdk /Users/admin/builder/spi-builder-workspace/.derivedData/SDKStatCaches.noindex/appletvos27.0-24J360-e829b21a6f8c9b70876ba0858053c044b32bfd8d43560033f8d89884cdb90028.sdkstatcache
    cd /Users/admin/builder/spi-builder-workspace/.swiftpm/xcode
    /Applications/Xcode-27.0.0-Release.Candidate.app/Contents/Developer/Toolchains/XcodeDefault.xctoolchain/usr/bin/clang-stat-cache /Applications/Xcode-27.0.0-Release.Candidate.app/Contents/Developer/Platforms/AppleTVOS.platform/Developer/SDKs/AppleTVOS27.0.sdk -o /Users/admin/builder/spi-builder-workspace/.derivedData/SDKStatCaches.noindex/appletvos27.0-24J360-e829b21a6f8c9b70876ba0858053c044b32bfd8d43560033f8d89884cdb90028.sdkstatcache
SwiftDriver Draftsman normal arm64 com.apple.xcode.tools.swift.compiler (in target 'Draftsman' from project 'Draftsman')
    cd /Users/admin/builder/spi-builder-workspace/.swiftpm/xcode
    builtin-SwiftDriver -- /Applications/Xcode-27.0.0-Release.Candidate.app/Contents/Developer/Toolchains/XcodeDefault.xctoolchain/usr/bin/swiftc -parse-as-library -module-name Draftsman -Onone @/Users/admin/builder/spi-builder-workspace/.derivedData/Build/Intermediates.noindex/Draftsman.build/Debug-appletvos/Draftsman-t.build/Objects-normal/arm64/Draftsman.SwiftFileList -DSWIFT_PACKAGE -DDEBUG -DSWIFT_MODULE_RESOURCE_BUNDLE_UNAVAILABLE -DXcode -plugin-path /Applications/Xcode-27.0.0-Release.Candidate.app/Contents/Developer/Toolchains/XcodeDefault.xctoolchain/usr/lib/swift/host/plugins/testing -enable-experimental-feature DebugDescriptionMacro -sdk /Applications/Xcode-27.0.0-Release.Candidate.app/Contents/Developer/Platforms/AppleTVOS.platform/Developer/SDKs/AppleTVOS27.0.sdk -target arm64-apple-tvos15.0 -g -module-cache-path /Users/admin/builder/spi-builder-workspace/.derivedData/ModuleCache.noindex -Xfrontend -serialize-debugging-options -enable-testing -index-store-path /Users/admin/builder/spi-builder-workspace/.derivedData/Index.noindex/DataStore -Xcc -D_LIBCPP_HARDENING_MODE\=_LIBCPP_HARDENING_MODE_DEBUG -swift-version 5 -I /Users/admin/builder/spi-builder-workspace/.derivedData/Build/Products/Debug-appletvos -Isystem /Applications/Xcode-27.0.0-Release.Candidate.app/Contents/Developer/Platforms/AppleTVOS.platform/Developer/usr/lib -F /Users/admin/builder/spi-builder-workspace/.derivedData/Build/Products/Debug-appletvos/PackageFrameworks -F /Users/admin/builder/spi-builder-workspace/.derivedData/Build/Products/Debug-appletvos -F /Applications/Xcode-27.0.0-Release.Candidate.app/Contents/Developer/Platforms/AppleTVOS.platform/Developer/Library/Frameworks -F /Applications/Xcode-27.0.0-Release.Candidate.app/Contents/Developer/Platforms/AppleTVOS.platform/Developer/SDKs/AppleTVOS27.0.sdk/Developer/Library/Frameworks -c -j10 -enable-batch-mode -incremental -Xcc -ivfsstatcache -Xcc /Users/admin/builder/spi-builder-workspace/.derivedData/SDKStatCaches.noindex/appletvos27.0-24J360-e829b21a6f8c9b70876ba0858053c044b32bfd8d43560033f8d89884cdb90028.sdkstatcache -output-file-map /Users/admin/builder/spi-builder-workspace/.derivedData/Build/Intermediates.noindex/Draftsman.build/Debug-appletvos/Draftsman-t.build/Objects-normal/arm64/Draftsman-OutputFileMap.json -save-temps -no-color-diagnostics -explicit-module-build -module-cache-path /Users/admin/builder/spi-builder-workspace/.derivedData/Build/Intermediates.noindex/SwiftExplicitPrecompiledModules -clang-scanner-module-cache-path /Users/admin/builder/spi-builder-workspace/.derivedData/ModuleCache.noindex -sdk-module-cache-path /Users/admin/builder/spi-builder-workspace/.derivedData/SDKExplicitPrecompiledModules -emit-dependencies -emit-module -emit-module-path /Users/admin/builder/spi-builder-workspace/.derivedData/Build/Intermediates.noindex/Draftsman.build/Debug-appletvos/Draftsman-t.build/Objects-normal/arm64/Draftsman.swiftmodule -serialize-diagnostics -dependency-scan-serialize-diagnostics-path /Users/admin/builder/spi-builder-workspace/.derivedData/Build/Intermediates.noindex/Draftsman.build/Debug-appletvos/Draftsman-t.build/Objects-normal/arm64/Draftsman-dependency-scan.dia -validate-clang-modules-once -clang-build-session-file /Users/admin/builder/spi-builder-workspace/.derivedData/ModuleCache.noindex/Session.modulevalidation -Xcc -fmodules-prune-interval\=86400 -Xcc -fmodules-prune-after\=345600 -emit-const-values -const-gather-protocols-list /Users/admin/builder/spi-builder-workspace/.derivedData/Build/Intermediates.noindex/Draftsman.build/Debug-appletvos/Draftsman-t.build/Objects-normal/arm64/Draftsman_const_extract_protocols.json -Xcc -I/Users/admin/builder/spi-builder-workspace/.derivedData/Build/Products/Debug-appletvos/include -Xcc -I/Users/admin/builder/spi-builder-workspace/.derivedData/Build/Intermediates.noindex/Draftsman.build/Debug-appletvos/Draftsman-t.build/DerivedSources-normal/arm64 -Xcc -I/Users/admin/builder/spi-builder-workspace/.derivedData/Build/Intermediates.noindex/Draftsman.build/Debug-appletvos/Draftsman-t.build/DerivedSources/arm64 -Xcc -I/Users/admin/builder/spi-builder-workspace/.derivedData/Build/Intermediates.noindex/Draftsman.build/Debug-appletvos/Draftsman-t.build/DerivedSources -Xcc -DSWIFT_PACKAGE -Xcc -DDEBUG\=1 -emit-objc-header -emit-objc-header-path /Users/admin/builder/spi-builder-workspace/.derivedData/Build/Intermediates.noindex/Draftsman.build/Debug-appletvos/Draftsman-t.build/Objects-normal/arm64/Draftsman-Swift.h -working-directory /Users/admin/builder/spi-builder-workspace/.swiftpm/xcode -experimental-emit-module-separately -disable-cmo
SwiftDriver Clavier normal arm64 com.apple.xcode.tools.swift.compiler (in target 'Clavier' from project 'Clavier')
    cd /Users/admin/builder/spi-builder-workspace/.swiftpm/xcode
    builtin-SwiftDriver -- /Applications/Xcode-27.0.0-Release.Candidate.app/Contents/Developer/Toolchains/XcodeDefault.xctoolchain/usr/bin/swiftc -parse-as-library -module-name Clavier -Onone @/Users/admin/builder/spi-builder-workspace/.derivedData/Build/Intermediates.noindex/Clavier.build/Debug-appletvos/Clavier-t.build/Objects-normal/arm64/Clavier.SwiftFileList -DSWIFT_PACKAGE -DDEBUG -DSWIFT_MODULE_RESOURCE_BUNDLE_UNAVAILABLE -DXcode -plugin-path /Applications/Xcode-27.0.0-Release.Candidate.app/Contents/Developer/Toolchains/XcodeDefault.xctoolchain/usr/lib/swift/host/plugins/testing -enable-experimental-feature DebugDescriptionMacro -sdk /Applications/Xcode-27.0.0-Release.Candidate.app/Contents/Developer/Platforms/AppleTVOS.platform/Developer/SDKs/AppleTVOS27.0.sdk -target arm64-apple-tvos15.0 -g -module-cache-path /Users/admin/builder/spi-builder-workspace/.derivedData/ModuleCache.noindex -Xfrontend -serialize-debugging-options -enable-testing -suppress-warnings -index-store-path /Users/admin/builder/spi-builder-workspace/.derivedData/Index.noindex/DataStore -Xcc -D_LIBCPP_HARDENING_MODE\=_LIBCPP_HARDENING_MODE_DEBUG -swift-version 5 -I /Users/admin/builder/spi-builder-workspace/.derivedData/Build/Products/Debug-appletvos -Isystem /Applications/Xcode-27.0.0-Release.Candidate.app/Contents/Developer/Platforms/AppleTVOS.platform/Developer/usr/lib -F /Users/admin/builder/spi-builder-workspace/.derivedData/Build/Products/Debug-appletvos -F /Applications/Xcode-27.0.0-Release.Candidate.app/Contents/Developer/Platforms/AppleTVOS.platform/Developer/Library/Frameworks -F /Applications/Xcode-27.0.0-Release.Candidate.app/Contents/Developer/Platforms/AppleTVOS.platform/Developer/SDKs/AppleTVOS27.0.sdk/Developer/Library/Frameworks -c -j10 -enable-batch-mode -incremental -Xcc -ivfsstatcache -Xcc /Users/admin/builder/spi-builder-workspace/.derivedData/SDKStatCaches.noindex/appletvos27.0-24J360-e829b21a6f8c9b70876ba0858053c044b32bfd8d43560033f8d89884cdb90028.sdkstatcache -output-file-map /Users/admin/builder/spi-builder-workspace/.derivedData/Build/Intermediates.noindex/Clavier.build/Debug-appletvos/Clavier-t.build/Objects-normal/arm64/Clavier-OutputFileMap.json -save-temps -no-color-diagnostics -explicit-module-build -module-cache-path /Users/admin/builder/spi-builder-workspace/.derivedData/Build/Intermediates.noindex/SwiftExplicitPrecompiledModules -clang-scanner-module-cache-path /Users/admin/builder/spi-builder-workspace/.derivedData/ModuleCache.noindex -sdk-module-cache-path /Users/admin/builder/spi-builder-workspace/.derivedData/SDKExplicitPrecompiledModules -emit-dependencies -emit-module -emit-module-path /Users/admin/builder/spi-builder-workspace/.derivedData/Build/Intermediates.noindex/Clavier.build/Debug-appletvos/Clavier-t.build/Objects-normal/arm64/Clavier.swiftmodule -serialize-diagnostics -dependency-scan-serialize-diagnostics-path /Users/admin/builder/spi-builder-workspace/.derivedData/Build/Intermediates.noindex/Clavier.build/Debug-appletvos/Clavier-t.build/Objects-normal/arm64/Clavier-dependency-scan.dia -validate-clang-modules-once -clang-build-session-file /Users/admin/builder/spi-builder-workspace/.derivedData/ModuleCache.noindex/Session.modulevalidation -Xcc -fmodules-prune-interval\=86400 -Xcc -fmodules-prune-after\=345600 -emit-const-values -const-gather-protocols-list /Users/admin/builder/spi-builder-workspace/.derivedData/Build/Intermediates.noindex/Clavier.build/Debug-appletvos/Clavier-t.build/Objects-normal/arm64/Clavier_const_extract_protocols.json -Xcc -I/Users/admin/builder/spi-builder-workspace/.derivedData/Build/Products/Debug-appletvos/include -Xcc -I/Users/admin/builder/spi-builder-workspace/.derivedData/Build/Intermediates.noindex/Clavier.build/Debug-appletvos/Clavier-t.build/DerivedSources-normal/arm64 -Xcc -I/Users/admin/builder/spi-builder-workspace/.derivedData/Build/Intermediates.noindex/Clavier.build/Debug-appletvos/Clavier-t.build/DerivedSources/arm64 -Xcc -I/Users/admin/builder/spi-builder-workspace/.derivedData/Build/Intermediates.noindex/Clavier.build/Debug-appletvos/Clavier-t.build/DerivedSources -Xcc -DSWIFT_PACKAGE -Xcc -DDEBUG\=1 -emit-objc-header -emit-objc-header-path /Users/admin/builder/spi-builder-workspace/.derivedData/Build/Intermediates.noindex/Clavier.build/Debug-appletvos/Clavier-t.build/Objects-normal/arm64/Clavier-Swift.h -working-directory /Users/admin/builder/spi-builder-workspace/.swiftpm/xcode -experimental-emit-module-separately -disable-cmo
SwiftEmitModule normal arm64 Emitting\ module\ for\ Clavier (in target 'Clavier' from project 'Clavier')
SwiftCompile normal arm64 (in target 'Clavier' from project 'Clavier')
    cd /Users/admin/builder/spi-builder-workspace/.swiftpm/xcode

SwiftCompile normal arm64 Compiling\ ClavierLayoutGuide.swift /Users/admin/builder/spi-builder-workspace/.dependencies/checkouts/Clavier/Clavier/Classes/ClavierLayoutGuide.swift (in target 'Clavier' from project 'Clavier')
SwiftCompile normal arm64 /Users/admin/builder/spi-builder-workspace/.dependencies/checkouts/Clavier/Clavier/Classes/ClavierLayoutGuide.swift (in target 'Clavier' from project 'Clavier')
    cd /Users/admin/builder/spi-builder-workspace/.swiftpm/xcode
    builtin-SwiftPerFileCompile ClavierLayoutGuide.swift
SwiftCompile normal arm64 Compiling\ SafeAreaKeyboardLayoutGuide.swift /Users/admin/builder/spi-builder-workspace/.dependencies/checkouts/Clavier/Clavier/Classes/SafeAreaKeyboardLayoutGuide.swift (in target 'Clavier' from project 'Clavier')
/Users/admin/builder/spi-builder-workspace/.dependencies/checkouts/Clavier/Clavier/Classes/SafeAreaKeyboardLayoutGuide.swift:40:48: error: 'keyboardLayoutGuide' is unavailable in tvOS
38 |         ]
39 |         let keyboardConstraints: [NSLayoutConstraint] = [
40 |             topAnchor.constraint(equalTo: view.keyboardLayoutGuide.topAnchor),
   |                                                `- error: 'keyboardLayoutGuide' is unavailable in tvOS
41 |             leftAnchor.constraint(equalTo: view.keyboardLayoutGuide.leftAnchor),
42 |             bottomAnchor.constraint(equalTo: view.keyboardLayoutGuide.bottomAnchor),
/Applications/Xcode-27.0.0-Release.Candidate.app/Contents/Developer/Platforms/AppleTVOS.platform/Developer/SDKs/AppleTVOS27.0.sdk/System/Library/Frameworks/UIKit.framework/Headers/UIView.h:309:61: note: 'keyboardLayoutGuide' has been explicitly marked unavailable here
307 |
308 | /// Follows the keyboard when on screen and docked. See UIKeyboardLayoutGuide.h for additional options.
309 | @property(nonatomic,readonly,strong) UIKeyboardLayoutGuide *keyboardLayoutGuide API_AVAILABLE(ios(15.0)) API_UNAVAILABLE(tvos) API_UNAVAILABLE(watchos);
    |                                                             `- note: 'keyboardLayoutGuide' has been explicitly marked unavailable here
310 |
311 | @end
/Users/admin/builder/spi-builder-workspace/.dependencies/checkouts/Clavier/Clavier/Classes/SafeAreaKeyboardLayoutGuide.swift:41:49: error: 'keyboardLayoutGuide' is unavailable in tvOS
39 |         let keyboardConstraints: [NSLayoutConstraint] = [
40 |             topAnchor.constraint(equalTo: view.keyboardLayoutGuide.topAnchor),
41 |             leftAnchor.constraint(equalTo: view.keyboardLayoutGuide.leftAnchor),
   |                                                 `- error: 'keyboardLayoutGuide' is unavailable in tvOS
42 |             bottomAnchor.constraint(equalTo: view.keyboardLayoutGuide.bottomAnchor),
43 |             rightAnchor.constraint(equalTo: view.keyboardLayoutGuide.rightAnchor),
/Applications/Xcode-27.0.0-Release.Candidate.app/Contents/Developer/Platforms/AppleTVOS.platform/Developer/SDKs/AppleTVOS27.0.sdk/System/Library/Frameworks/UIKit.framework/Headers/UIView.h:309:61: note: 'keyboardLayoutGuide' has been explicitly marked unavailable here
307 |
308 | /// Follows the keyboard when on screen and docked. See UIKeyboardLayoutGuide.h for additional options.
309 | @property(nonatomic,readonly,strong) UIKeyboardLayoutGuide *keyboardLayoutGuide API_AVAILABLE(ios(15.0)) API_UNAVAILABLE(tvos) API_UNAVAILABLE(watchos);
    |                                                             `- note: 'keyboardLayoutGuide' has been explicitly marked unavailable here
310 |
311 | @end
/Users/admin/builder/spi-builder-workspace/.dependencies/checkouts/Clavier/Clavier/Classes/SafeAreaKeyboardLayoutGuide.swift:42:51: error: 'keyboardLayoutGuide' is unavailable in tvOS
40 |             topAnchor.constraint(equalTo: view.keyboardLayoutGuide.topAnchor),
41 |             leftAnchor.constraint(equalTo: view.keyboardLayoutGuide.leftAnchor),
42 |             bottomAnchor.constraint(equalTo: view.keyboardLayoutGuide.bottomAnchor),
   |                                                   `- error: 'keyboardLayoutGuide' is unavailable in tvOS
43 |             rightAnchor.constraint(equalTo: view.keyboardLayoutGuide.rightAnchor),
44 |         ]
/Applications/Xcode-27.0.0-Release.Candidate.app/Contents/Developer/Platforms/AppleTVOS.platform/Developer/SDKs/AppleTVOS27.0.sdk/System/Library/Frameworks/UIKit.framework/Headers/UIView.h:309:61: note: 'keyboardLayoutGuide' has been explicitly marked unavailable here
307 |
308 | /// Follows the keyboard when on screen and docked. See UIKeyboardLayoutGuide.h for additional options.
309 | @property(nonatomic,readonly,strong) UIKeyboardLayoutGuide *keyboardLayoutGuide API_AVAILABLE(ios(15.0)) API_UNAVAILABLE(tvos) API_UNAVAILABLE(watchos);
    |                                                             `- note: 'keyboardLayoutGuide' has been explicitly marked unavailable here
310 |
311 | @end
/Users/admin/builder/spi-builder-workspace/.dependencies/checkouts/Clavier/Clavier/Classes/SafeAreaKeyboardLayoutGuide.swift:43:50: error: 'keyboardLayoutGuide' is unavailable in tvOS
41 |             leftAnchor.constraint(equalTo: view.keyboardLayoutGuide.leftAnchor),
42 |             bottomAnchor.constraint(equalTo: view.keyboardLayoutGuide.bottomAnchor),
43 |             rightAnchor.constraint(equalTo: view.keyboardLayoutGuide.rightAnchor),
   |                                                  `- error: 'keyboardLayoutGuide' is unavailable in tvOS
44 |         ]
45 |         safeAreaConstraints.forEach {
/Applications/Xcode-27.0.0-Release.Candidate.app/Contents/Developer/Platforms/AppleTVOS.platform/Developer/SDKs/AppleTVOS27.0.sdk/System/Library/Frameworks/UIKit.framework/Headers/UIView.h:309:61: note: 'keyboardLayoutGuide' has been explicitly marked unavailable here
307 |
308 | /// Follows the keyboard when on screen and docked. See UIKeyboardLayoutGuide.h for additional options.
309 | @property(nonatomic,readonly,strong) UIKeyboardLayoutGuide *keyboardLayoutGuide API_AVAILABLE(ios(15.0)) API_UNAVAILABLE(tvos) API_UNAVAILABLE(watchos);
    |                                                             `- note: 'keyboardLayoutGuide' has been explicitly marked unavailable here
310 |
311 | @end
Failed frontend command:
/Applications/Xcode-27.0.0-Release.Candidate.app/Contents/Developer/Toolchains/XcodeDefault.xctoolchain/usr/bin/swift-frontend -frontend -c /Users/admin/builder/spi-builder-workspace/.dependencies/checkouts/Clavier/Clavier/Classes/ClavierGlobalConfig.swift /Users/admin/builder/spi-builder-workspace/.dependencies/checkouts/Clavier/Clavier/Classes/ClavierLayoutGuide.swift /Users/admin/builder/spi-builder-workspace/.dependencies/checkouts/Clavier/Clavier/Classes/Extensions.swift -primary-file /Users/admin/builder/spi-builder-workspace/.dependencies/checkouts/Clavier/Clavier/Classes/SafeAreaKeyboardLayoutGuide.swift -emit-dependencies-path /Users/admin/builder/spi-builder-workspace/.derivedData/Build/Intermediates.noindex/Clavier.build/Debug-appletvos/Clavier-t.build/Objects-normal/arm64/SafeAreaKeyboardLayoutGuide.d -emit-const-values-path /Users/admin/builder/spi-builder-workspace/.derivedData/Build/Intermediates.noindex/Clavier.build/Debug-appletvos/Clavier-t.build/Objects-normal/arm64/SafeAreaKeyboardLayoutGuide.swiftconstvalues -emit-reference-dependencies-path /Users/admin/builder/spi-builder-workspace/.derivedData/Build/Intermediates.noindex/Clavier.build/Debug-appletvos/Clavier-t.build/Objects-normal/arm64/SafeAreaKeyboardLayoutGuide.swiftdeps -serialize-diagnostics-path /Users/admin/builder/spi-builder-workspace/.derivedData/Build/Intermediates.noindex/Clavier.build/Debug-appletvos/Clavier-t.build/Objects-normal/arm64/SafeAreaKeyboardLayoutGuide.dia -target arm64-apple-tvos15.0 -module-can-import-version UIKit 9127.0.84.1 9127.0.84 -disable-cross-import-overlay-search -load-resolved-plugin /Applications/Xcode-27.0.0-Release.Candidate.app/Contents/Developer/Platforms/AppleTVOS.platform/Developer/usr/lib/swift/host/plugins/libFoundationMacros.dylib\#/Applications/Xcode-27.0.0-Release.Candidate.app/Contents/Developer/Platforms/AppleTVOS.platform/Developer/usr/bin/swift-plugin-server\#FoundationMacros -load-resolved-plugin /Applications/Xcode-27.0.0-Release.Candidate.app/Contents/Developer/Platforms/AppleTVOS.platform/Developer/usr/lib/swift/host/plugins/libObservationMacros.dylib\#/Applications/Xcode-27.0.0-Release.Candidate.app/Contents/Developer/Platforms/AppleTVOS.platform/Developer/usr/bin/swift-plugin-server\#ObservationMacros -load-resolved-plugin /Applications/Xcode-27.0.0-Release.Candidate.app/Contents/Developer/Platforms/AppleTVOS.platform/Developer/usr/lib/swift/host/plugins/libPreviewsMacros.dylib\#/Applications/Xcode-27.0.0-Release.Candidate.app/Contents/Developer/Platforms/AppleTVOS.platform/Developer/usr/bin/swift-plugin-server\#PreviewsMacros -load-resolved-plugin /Applications/Xcode-27.0.0-Release.Candidate.app/Contents/Developer/Platforms/AppleTVOS.platform/Developer/usr/lib/swift/host/plugins/libSwiftMacros.dylib\#/Applications/Xcode-27.0.0-Release.Candidate.app/Contents/Developer/Platforms/AppleTVOS.platform/Developer/usr/bin/swift-plugin-server\#SwiftMacros -load-resolved-plugin /Applications/Xcode-27.0.0-Release.Candidate.app/Contents/Developer/Platforms/AppleTVOS.platform/Developer/usr/lib/swift/host/plugins/libSwiftUIMacros.dylib\#/Applications/Xcode-27.0.0-Release.Candidate.app/Contents/Developer/Platforms/AppleTVOS.platform/Developer/usr/bin/swift-plugin-server\#SwiftUIMacros -disable-implicit-swift-modules -Xcc -fno-implicit-modules -Xcc -fno-implicit-module-maps -explicit-swift-module-map-file /Users/admin/builder/spi-builder-workspace/.derivedData/Build/Intermediates.noindex/Clavier.build/Debug-appletvos/Clavier-t.build/Objects-normal/arm64/Clavier-dependencies-1.json -Xllvm -aarch64-use-tbi -enable-objc-interop -stack-check -sdk /Applications/Xcode-27.0.0-Release.Candidate.app/Contents/Developer/Platforms/AppleTVOS.platform/Developer/SDKs/AppleTVOS27.0.sdk -I /Users/admin/builder/spi-builder-workspace/.derivedData/Build/Products/Debug-appletvos -Isystem /Applications/Xcode-27.0.0-Release.Candidate.app/Contents/Developer/Platforms/AppleTVOS.platform/Developer/usr/lib -F /Users/admin/builder/spi-builder-workspace/.derivedData/Build/Products/Debug-appletvos -F /Applications/Xcode-27.0.0-Release.Candidate.app/Contents/Developer/Platforms/AppleTVOS.platform/Developer/Library/Frameworks -F /Applications/Xcode-27.0.0-Release.Candidate.app/Contents/Developer/Platforms/AppleTVOS.platform/Developer/SDKs/AppleTVOS27.0.sdk/Developer/Library/Frameworks -module-cache-path /Users/admin/builder/spi-builder-workspace/.derivedData/Build/Intermediates.noindex/SwiftExplicitPrecompiledModules -no-color-diagnostics -Xcc -fno-color-diagnostics -enable-testing -g -debug-info-format\=dwarf -dwarf-version\=4 -suppress-warnings -swift-version 5 -Onone -D SWIFT_PACKAGE -D DEBUG -D SWIFT_MODULE_RESOURCE_BUNDLE_UNAVAILABLE -D Xcode -serialize-debugging-options -enable-experimental-feature DebugDescriptionMacro -empty-abi-descriptor -validate-clang-modules-once -clang-build-session-file /Users/admin/builder/spi-builder-workspace/.derivedData/ModuleCache.noindex/Session.modulevalidation -Xcc -working-directory -Xcc /Users/admin/builder/spi-builder-workspace/.swiftpm/xcode -enable-anonymous-context-mangled-names -file-compilation-dir /Users/admin/builder/spi-builder-workspace/.swiftpm/xcode -Xcc -D_LIBCPP_HARDENING_MODE\=_LIBCPP_HARDENING_MODE_DEBUG -Xcc -ivfsstatcache -Xcc /Users/admin/builder/spi-builder-workspace/.derivedData/SDKStatCaches.noindex/appletvos27.0-24J360-e829b21a6f8c9b70876ba0858053c044b32bfd8d43560033f8d89884cdb90028.sdkstatcache -Xcc -fmodules-prune-interval\=86400 -Xcc -fmodules-prune-after\=345600 -Xcc -I/Users/admin/builder/spi-builder-workspace/.derivedData/Build/Products/Debug-appletvos/include -Xcc -I/Users/admin/builder/spi-builder-workspace/.derivedData/Build/Intermediates.noindex/Clavier.build/Debug-appletvos/Clavier-t.build/DerivedSources-normal/arm64 -Xcc -I/Users/admin/builder/spi-builder-workspace/.derivedData/Build/Intermediates.noindex/Clavier.build/Debug-appletvos/Clavier-t.build/DerivedSources/arm64 -Xcc -I/Users/admin/builder/spi-builder-workspace/.derivedData/Build/Intermediates.noindex/Clavier.build/Debug-appletvos/Clavier-t.build/DerivedSources -Xcc -DSWIFT_PACKAGE -Xcc -DDEBUG\=1 -no-auto-bridging-header-chaining -module-name Clavier -const-gather-protocols-file /Users/admin/builder/spi-builder-workspace/.derivedData/Build/Intermediates.noindex/Clavier.build/Debug-appletvos/Clavier-t.build/Objects-normal/arm64/Clavier_const_extract_protocols.json -disable-clang-spi -clang-target arm64-apple-tvos27.0 -target-sdk-version 27.0 -target-sdk-name appletvos27.0 -in-process-plugin-server-path /Applications/Xcode-27.0.0-Release.Candidate.app/Contents/Developer/Toolchains/XcodeDefault.xctoolchain/usr/lib/swift/host/libSwiftInProcPluginServer.dylib -parse-as-library -o /Users/admin/builder/spi-builder-workspace/.derivedData/Build/Intermediates.noindex/Clavier.build/Debug-appletvos/Clavier-t.build/Objects-normal/arm64/SafeAreaKeyboardLayoutGuide.o -debug-module-path /Users/admin/builder/spi-builder-workspace/.derivedData/Build/Intermediates.noindex/Clavier.build/Debug-appletvos/Clavier-t.build/Objects-normal/arm64/Clavier.swiftmodule -index-unit-output-path /Clavier.build/Debug-appletvos/Clavier-t.build/Objects-normal/arm64/SafeAreaKeyboardLayoutGuide.o -index-store-path /Users/admin/builder/spi-builder-workspace/.derivedData/Index.noindex/DataStore -index-system-modules
SwiftCompile normal arm64 /Users/admin/builder/spi-builder-workspace/.dependencies/checkouts/Clavier/Clavier/Classes/SafeAreaKeyboardLayoutGuide.swift (in target 'Clavier' from project 'Clavier')
    cd /Users/admin/builder/spi-builder-workspace/.swiftpm/xcode
    builtin-SwiftPerFileCompile SafeAreaKeyboardLayoutGuide.swift
SwiftCompile normal arm64 Compiling\ Extensions.swift /Users/admin/builder/spi-builder-workspace/.dependencies/checkouts/Clavier/Clavier/Classes/Extensions.swift (in target 'Clavier' from project 'Clavier')
SwiftCompile normal arm64 /Users/admin/builder/spi-builder-workspace/.dependencies/checkouts/Clavier/Clavier/Classes/Extensions.swift (in target 'Clavier' from project 'Clavier')
    cd /Users/admin/builder/spi-builder-workspace/.swiftpm/xcode
    builtin-SwiftPerFileCompile Extensions.swift
SwiftCompile normal arm64 Compiling\ Tabled.swift,\ LayoutDraft.swift,\ LayoutPlan.swift,\ PlanComponent.swift,\ PlanContext.swift,\ Planned.swift,\ PlannedDraft.swift,\ ViewPlan.swift /Users/admin/builder/spi-builder-workspace/Draftsman/Classes/CellProvider/Tabled.swift /Users/admin/builder/spi-builder-workspace/Draftsman/Classes/Draft/LayoutDraft.swift /Users/admin/builder/spi-builder-workspace/Draftsman/Classes/Draft/LayoutPlan.swift /Users/admin/builder/spi-builder-workspace/Draftsman/Classes/Draft/PlanComponent.swift /Users/admin/builder/spi-builder-workspace/Draftsman/Classes/Draft/PlanContext.swift /Users/admin/builder/spi-builder-workspace/Draftsman/Classes/Draft/Planned.swift /Users/admin/builder/spi-builder-workspace/Draftsman/Classes/Draft/PlannedDraft.swift /Users/admin/builder/spi-builder-workspace/Draftsman/Classes/Draft/ViewPlan.swift (in target 'Draftsman' from project 'Draftsman')
SwiftCompile normal arm64 /Users/admin/builder/spi-builder-workspace/Draftsman/Classes/CellProvider/Tabled.swift (in target 'Draftsman' from project 'Draftsman')
    cd /Users/admin/builder/spi-builder-workspace/.swiftpm/xcode
    builtin-SwiftPerFileCompile Tabled.swift
SwiftCompile normal arm64 /Users/admin/builder/spi-builder-workspace/Draftsman/Classes/Draft/LayoutDraft.swift (in target 'Draftsman' from project 'Draftsman')
    cd /Users/admin/builder/spi-builder-workspace/.swiftpm/xcode
    builtin-SwiftPerFileCompile LayoutDraft.swift
SwiftCompile normal arm64 /Users/admin/builder/spi-builder-workspace/Draftsman/Classes/Draft/LayoutPlan.swift (in target 'Draftsman' from project 'Draftsman')
    cd /Users/admin/builder/spi-builder-workspace/.swiftpm/xcode
    builtin-SwiftPerFileCompile LayoutPlan.swift
SwiftCompile normal arm64 /Users/admin/builder/spi-builder-workspace/Draftsman/Classes/Draft/PlanComponent.swift (in target 'Draftsman' from project 'Draftsman')
    cd /Users/admin/builder/spi-builder-workspace/.swiftpm/xcode
    builtin-SwiftPerFileCompile PlanComponent.swift
SwiftCompile normal arm64 /Users/admin/builder/spi-builder-workspace/Draftsman/Classes/Draft/PlanContext.swift (in target 'Draftsman' from project 'Draftsman')
    cd /Users/admin/builder/spi-builder-workspace/.swiftpm/xcode
    builtin-SwiftPerFileCompile PlanContext.swift
SwiftCompile normal arm64 /Users/admin/builder/spi-builder-workspace/Draftsman/Classes/Draft/Planned.swift (in target 'Draftsman' from project 'Draftsman')
    cd /Users/admin/builder/spi-builder-workspace/.swiftpm/xcode
    builtin-SwiftPerFileCompile Planned.swift
SwiftCompile normal arm64 /Users/admin/builder/spi-builder-workspace/Draftsman/Classes/Draft/PlannedDraft.swift (in target 'Draftsman' from project 'Draftsman')
    cd /Users/admin/builder/spi-builder-workspace/.swiftpm/xcode
    builtin-SwiftPerFileCompile PlannedDraft.swift
SwiftCompile normal arm64 /Users/admin/builder/spi-builder-workspace/Draftsman/Classes/Draft/ViewPlan.swift (in target 'Draftsman' from project 'Draftsman')
    cd /Users/admin/builder/spi-builder-workspace/.swiftpm/xcode
    builtin-SwiftPerFileCompile ViewPlan.swift
SwiftCompile normal arm64 Compiling\ SingleAnchorRelation.swift,\ SizeAnchorRelation.swift,\ TriAnchorRelation.swift,\ CollectionCellProvider.swift,\ Collectioned.swift,\ NSDiffableDataSourceSnapshot+Extensions.swift,\ SectionCompatible.swift,\ TableCellProvider.swift /Users/admin/builder/spi-builder-workspace/Draftsman/Classes/Anchors/Relation/SingleAnchorRelation.swift /Users/admin/builder/spi-builder-workspace/Draftsman/Classes/Anchors/Relation/SizeAnchorRelation.swift /Users/admin/builder/spi-builder-workspace/Draftsman/Classes/Anchors/Relation/TriAnchorRelation.swift /Users/admin/builder/spi-builder-workspace/Draftsman/Classes/CellProvider/CollectionCellProvider.swift /Users/admin/builder/spi-builder-workspace/Draftsman/Classes/CellProvider/Collectioned.swift /Users/admin/builder/spi-builder-workspace/Draftsman/Classes/CellProvider/NSDiffableDataSourceSnapshot+Extensions.swift /Users/admin/builder/spi-builder-workspace/Draftsman/Classes/CellProvider/SectionCompatible.swift /Users/admin/builder/spi-builder-workspace/Draftsman/Classes/CellProvider/TableCellProvider.swift (in target 'Draftsman' from project 'Draftsman')
SwiftCompile normal arm64 /Users/admin/builder/spi-builder-workspace/Draftsman/Classes/Anchors/Relation/SingleAnchorRelation.swift (in target 'Draftsman' from project 'Draftsman')
    cd /Users/admin/builder/spi-builder-workspace/.swiftpm/xcode
    builtin-SwiftPerFileCompile SingleAnchorRelation.swift
SwiftCompile normal arm64 /Users/admin/builder/spi-builder-workspace/Draftsman/Classes/Anchors/Relation/SizeAnchorRelation.swift (in target 'Draftsman' from project 'Draftsman')
    cd /Users/admin/builder/spi-builder-workspace/.swiftpm/xcode
    builtin-SwiftPerFileCompile SizeAnchorRelation.swift
SwiftCompile normal arm64 /Users/admin/builder/spi-builder-workspace/Draftsman/Classes/Anchors/Relation/TriAnchorRelation.swift (in target 'Draftsman' from project 'Draftsman')
    cd /Users/admin/builder/spi-builder-workspace/.swiftpm/xcode
    builtin-SwiftPerFileCompile TriAnchorRelation.swift
SwiftCompile normal arm64 /Users/admin/builder/spi-builder-workspace/Draftsman/Classes/CellProvider/CollectionCellProvider.swift (in target 'Draftsman' from project 'Draftsman')
    cd /Users/admin/builder/spi-builder-workspace/.swiftpm/xcode
    builtin-SwiftPerFileCompile CollectionCellProvider.swift
SwiftCompile normal arm64 /Users/admin/builder/spi-builder-workspace/Draftsman/Classes/CellProvider/Collectioned.swift (in target 'Draftsman' from project 'Draftsman')
    cd /Users/admin/builder/spi-builder-workspace/.swiftpm/xcode
    builtin-SwiftPerFileCompile Collectioned.swift
SwiftCompile normal arm64 /Users/admin/builder/spi-builder-workspace/Draftsman/Classes/CellProvider/NSDiffableDataSourceSnapshot+Extensions.swift (in target 'Draftsman' from project 'Draftsman')
    cd /Users/admin/builder/spi-builder-workspace/.swiftpm/xcode
    builtin-SwiftPerFileCompile NSDiffableDataSourceSnapshot+Extensions.swift
SwiftCompile normal arm64 /Users/admin/builder/spi-builder-workspace/Draftsman/Classes/CellProvider/SectionCompatible.swift (in target 'Draftsman' from project 'Draftsman')
    cd /Users/admin/builder/spi-builder-workspace/.swiftpm/xcode
    builtin-SwiftPerFileCompile SectionCompatible.swift
SwiftCompile normal arm64 /Users/admin/builder/spi-builder-workspace/Draftsman/Classes/CellProvider/TableCellProvider.swift (in target 'Draftsman' from project 'Draftsman')
    cd /Users/admin/builder/spi-builder-workspace/.swiftpm/xcode
    builtin-SwiftPerFileCompile TableCellProvider.swift
SwiftCompile normal arm64 Compiling\ ConstraintBuilderRootRecoverable.swift,\ Axis.swift,\ Dimension.swift,\ Pair.swift,\ Quad.swift,\ Single.swift,\ Trio.swift,\ LayoutAnchor.swift /Users/admin/builder/spi-builder-workspace/Draftsman/Classes/Anchors/ConstraintBuilderRootRecoverable.swift /Users/admin/builder/spi-builder-workspace/Draftsman/Classes/Anchors/Defined/Axis.swift /Users/admin/builder/spi-builder-workspace/Draftsman/Classes/Anchors/Defined/Dimension.swift /Users/admin/builder/spi-builder-workspace/Draftsman/Classes/Anchors/Defined/Pair.swift /Users/admin/builder/spi-builder-workspace/Draftsman/Classes/Anchors/Defined/Quad.swift /Users/admin/builder/spi-builder-workspace/Draftsman/Classes/Anchors/Defined/Single.swift /Users/admin/builder/spi-builder-workspace/Draftsman/Classes/Anchors/Defined/Trio.swift /Users/admin/builder/spi-builder-workspace/Draftsman/Classes/Anchors/LayoutAnchor.swift (in target 'Draftsman' from project 'Draftsman')
SwiftCompile normal arm64 /Users/admin/builder/spi-builder-workspace/Draftsman/Classes/Anchors/ConstraintBuilderRootRecoverable.swift (in target 'Draftsman' from project 'Draftsman')
    cd /Users/admin/builder/spi-builder-workspace/.swiftpm/xcode
    builtin-SwiftPerFileCompile ConstraintBuilderRootRecoverable.swift
SwiftCompile normal arm64 /Users/admin/builder/spi-builder-workspace/Draftsman/Classes/Anchors/Defined/Axis.swift (in target 'Draftsman' from project 'Draftsman')
    cd /Users/admin/builder/spi-builder-workspace/.swiftpm/xcode
    builtin-SwiftPerFileCompile Axis.swift
SwiftCompile normal arm64 /Users/admin/builder/spi-builder-workspace/Draftsman/Classes/Anchors/Defined/Dimension.swift (in target 'Draftsman' from project 'Draftsman')
    cd /Users/admin/builder/spi-builder-workspace/.swiftpm/xcode
    builtin-SwiftPerFileCompile Dimension.swift
SwiftCompile normal arm64 /Users/admin/builder/spi-builder-workspace/Draftsman/Classes/Anchors/Defined/Pair.swift (in target 'Draftsman' from project 'Draftsman')
    cd /Users/admin/builder/spi-builder-workspace/.swiftpm/xcode
    builtin-SwiftPerFileCompile Pair.swift
SwiftCompile normal arm64 /Users/admin/builder/spi-builder-workspace/Draftsman/Classes/Anchors/Defined/Quad.swift (in target 'Draftsman' from project 'Draftsman')
    cd /Users/admin/builder/spi-builder-workspace/.swiftpm/xcode
    builtin-SwiftPerFileCompile Quad.swift
SwiftCompile normal arm64 /Users/admin/builder/spi-builder-workspace/Draftsman/Classes/Anchors/Defined/Single.swift (in target 'Draftsman' from project 'Draftsman')
    cd /Users/admin/builder/spi-builder-workspace/.swiftpm/xcode
    builtin-SwiftPerFileCompile Single.swift
SwiftCompile normal arm64 /Users/admin/builder/spi-builder-workspace/Draftsman/Classes/Anchors/Defined/Trio.swift (in target 'Draftsman' from project 'Draftsman')
    cd /Users/admin/builder/spi-builder-workspace/.swiftpm/xcode
    builtin-SwiftPerFileCompile Trio.swift
SwiftCompile normal arm64 /Users/admin/builder/spi-builder-workspace/Draftsman/Classes/Anchors/LayoutAnchor.swift (in target 'Draftsman' from project 'Draftsman')
    cd /Users/admin/builder/spi-builder-workspace/.swiftpm/xcode
    builtin-SwiftPerFileCompile LayoutAnchor.swift
SwiftCompile normal arm64 Compiling\ LayoutAxisAnchor.swift,\ LayoutWithAnchors.swift,\ AxisAnchorRelation.swift,\ DimensionAnchorRelation.swift,\ IdentifiedAnchorRelation.swift,\ PairAnchorRelation.swift,\ PrioritizedAnchorRelation.swift,\ QuadAnchorRelation.swift /Users/admin/builder/spi-builder-workspace/Draftsman/Classes/Anchors/LayoutAxisAnchor.swift /Users/admin/builder/spi-builder-workspace/Draftsman/Classes/Anchors/LayoutWithAnchors.swift /Users/admin/builder/spi-builder-workspace/Draftsman/Classes/Anchors/Relation/AxisAnchorRelation.swift /Users/admin/builder/spi-builder-workspace/Draftsman/Classes/Anchors/Relation/DimensionAnchorRelation.swift /Users/admin/builder/spi-builder-workspace/Draftsman/Classes/Anchors/Relation/IdentifiedAnchorRelation.swift /Users/admin/builder/spi-builder-workspace/Draftsman/Classes/Anchors/Relation/PairAnchorRelation.swift /Users/admin/builder/spi-builder-workspace/Draftsman/Classes/Anchors/Relation/PrioritizedAnchorRelation.swift /Users/admin/builder/spi-builder-workspace/Draftsman/Classes/Anchors/Relation/QuadAnchorRelation.swift (in target 'Draftsman' from project 'Draftsman')
SwiftCompile normal arm64 /Users/admin/builder/spi-builder-workspace/Draftsman/Classes/Anchors/LayoutAxisAnchor.swift (in target 'Draftsman' from project 'Draftsman')
    cd /Users/admin/builder/spi-builder-workspace/.swiftpm/xcode
    builtin-SwiftPerFileCompile LayoutAxisAnchor.swift
SwiftCompile normal arm64 /Users/admin/builder/spi-builder-workspace/Draftsman/Classes/Anchors/LayoutWithAnchors.swift (in target 'Draftsman' from project 'Draftsman')
    cd /Users/admin/builder/spi-builder-workspace/.swiftpm/xcode
    builtin-SwiftPerFileCompile LayoutWithAnchors.swift
SwiftCompile normal arm64 /Users/admin/builder/spi-builder-workspace/Draftsman/Classes/Anchors/Relation/AxisAnchorRelation.swift (in target 'Draftsman' from project 'Draftsman')
    cd /Users/admin/builder/spi-builder-workspace/.swiftpm/xcode
    builtin-SwiftPerFileCompile AxisAnchorRelation.swift
SwiftCompile normal arm64 /Users/admin/builder/spi-builder-workspace/Draftsman/Classes/Anchors/Relation/DimensionAnchorRelation.swift (in target 'Draftsman' from project 'Draftsman')
    cd /Users/admin/builder/spi-builder-workspace/.swiftpm/xcode
    builtin-SwiftPerFileCompile DimensionAnchorRelation.swift
SwiftCompile normal arm64 /Users/admin/builder/spi-builder-workspace/Draftsman/Classes/Anchors/Relation/IdentifiedAnchorRelation.swift (in target 'Draftsman' from project 'Draftsman')
    cd /Users/admin/builder/spi-builder-workspace/.swiftpm/xcode
    builtin-SwiftPerFileCompile IdentifiedAnchorRelation.swift
SwiftCompile normal arm64 /Users/admin/builder/spi-builder-workspace/Draftsman/Classes/Anchors/Relation/PairAnchorRelation.swift (in target 'Draftsman' from project 'Draftsman')
    cd /Users/admin/builder/spi-builder-workspace/.swiftpm/xcode
    builtin-SwiftPerFileCompile PairAnchorRelation.swift
SwiftCompile normal arm64 /Users/admin/builder/spi-builder-workspace/Draftsman/Classes/Anchors/Relation/PrioritizedAnchorRelation.swift (in target 'Draftsman' from project 'Draftsman')
    cd /Users/admin/builder/spi-builder-workspace/.swiftpm/xcode
    builtin-SwiftPerFileCompile PrioritizedAnchorRelation.swift
SwiftCompile normal arm64 /Users/admin/builder/spi-builder-workspace/Draftsman/Classes/Anchors/Relation/QuadAnchorRelation.swift (in target 'Draftsman' from project 'Draftsman')
    cd /Users/admin/builder/spi-builder-workspace/.swiftpm/xcode
    builtin-SwiftPerFileCompile QuadAnchorRelation.swift
SwiftCompile normal arm64 Compiling\ ViewPlanBuilder.swift,\ AnchorPair.swift,\ Enumeration.swift,\ PairConstant.swift,\ TriConstant.swift,\ ConstraintBuilder.swift,\ ScrollableStackView.swift,\ SpacerView.swift /Users/admin/builder/spi-builder-workspace/Draftsman/Classes/Draft/ViewPlanBuilder.swift /Users/admin/builder/spi-builder-workspace/Draftsman/Classes/Model/AnchorPair.swift /Users/admin/builder/spi-builder-workspace/Draftsman/Classes/Model/Enumeration.swift /Users/admin/builder/spi-builder-workspace/Draftsman/Classes/Model/PairConstant.swift /Users/admin/builder/spi-builder-workspace/Draftsman/Classes/Model/TriConstant.swift /Users/admin/builder/spi-builder-workspace/Draftsman/Classes/Utilities/ConstraintBuilder.swift /Users/admin/builder/spi-builder-workspace/Draftsman/Classes/Utilities/CustomView/ScrollableStackView.swift /Users/admin/builder/spi-builder-workspace/Draftsman/Classes/Utilities/CustomView/SpacerView.swift (in target 'Draftsman' from project 'Draftsman')
SwiftCompile normal arm64 /Users/admin/builder/spi-builder-workspace/Draftsman/Classes/Draft/ViewPlanBuilder.swift (in target 'Draftsman' from project 'Draftsman')
    cd /Users/admin/builder/spi-builder-workspace/.swiftpm/xcode
    builtin-SwiftPerFileCompile ViewPlanBuilder.swift
SwiftCompile normal arm64 /Users/admin/builder/spi-builder-workspace/Draftsman/Classes/Model/AnchorPair.swift (in target 'Draftsman' from project 'Draftsman')
    cd /Users/admin/builder/spi-builder-workspace/.swiftpm/xcode
    builtin-SwiftPerFileCompile AnchorPair.swift
SwiftCompile normal arm64 /Users/admin/builder/spi-builder-workspace/Draftsman/Classes/Model/Enumeration.swift (in target 'Draftsman' from project 'Draftsman')
    cd /Users/admin/builder/spi-builder-workspace/.swiftpm/xcode
    builtin-SwiftPerFileCompile Enumeration.swift
SwiftCompile normal arm64 /Users/admin/builder/spi-builder-workspace/Draftsman/Classes/Model/PairConstant.swift (in target 'Draftsman' from project 'Draftsman')
    cd /Users/admin/builder/spi-builder-workspace/.swiftpm/xcode
    builtin-SwiftPerFileCompile PairConstant.swift
SwiftCompile normal arm64 /Users/admin/builder/spi-builder-workspace/Draftsman/Classes/Model/TriConstant.swift (in target 'Draftsman' from project 'Draftsman')
    cd /Users/admin/builder/spi-builder-workspace/.swiftpm/xcode
    builtin-SwiftPerFileCompile TriConstant.swift
SwiftCompile normal arm64 /Users/admin/builder/spi-builder-workspace/Draftsman/Classes/Utilities/ConstraintBuilder.swift (in target 'Draftsman' from project 'Draftsman')
    cd /Users/admin/builder/spi-builder-workspace/.swiftpm/xcode
    builtin-SwiftPerFileCompile ConstraintBuilder.swift
SwiftCompile normal arm64 /Users/admin/builder/spi-builder-workspace/Draftsman/Classes/Utilities/CustomView/ScrollableStackView.swift (in target 'Draftsman' from project 'Draftsman')
    cd /Users/admin/builder/spi-builder-workspace/.swiftpm/xcode
    builtin-SwiftPerFileCompile ScrollableStackView.swift
SwiftCompile normal arm64 /Users/admin/builder/spi-builder-workspace/Draftsman/Classes/Utilities/CustomView/SpacerView.swift (in target 'Draftsman' from project 'Draftsman')
    cd /Users/admin/builder/spi-builder-workspace/.swiftpm/xcode
    builtin-SwiftPerFileCompile SpacerView.swift
SwiftEmitModule normal arm64 Emitting\ module\ for\ Draftsman (in target 'Draftsman' from project 'Draftsman')
SwiftCompile normal arm64 (in target 'Draftsman' from project 'Draftsman')
    cd /Users/admin/builder/spi-builder-workspace/.swiftpm/xcode

SwiftCompile normal arm64 Compiling\ UICollectionView.swift,\ UIControl.swift,\ UIImageView.swift,\ UILabel.swift,\ UIScrollView.swift,\ UISlider.swift,\ UIStackView.swift,\ UIStepper.swift /Users/admin/builder/spi-builder-workspace/Draftsman/Classes/Utilities/Shortcuts/Property/UICollectionView.swift /Users/admin/builder/spi-builder-workspace/Draftsman/Classes/Utilities/Shortcuts/Property/UIControl.swift /Users/admin/builder/spi-builder-workspace/Draftsman/Classes/Utilities/Shortcuts/Property/UIImageView.swift /Users/admin/builder/spi-builder-workspace/Draftsman/Classes/Utilities/Shortcuts/Property/UILabel.swift /Users/admin/builder/spi-builder-workspace/Draftsman/Classes/Utilities/Shortcuts/Property/UIScrollView.swift /Users/admin/builder/spi-builder-workspace/Draftsman/Classes/Utilities/Shortcuts/Property/UISlider.swift /Users/admin/builder/spi-builder-workspace/Draftsman/Classes/Utilities/Shortcuts/Property/UIStackView.swift /Users/admin/builder/spi-builder-workspace/Draftsman/Classes/Utilities/Shortcuts/Property/UIStepper.swift (in target 'Draftsman' from project 'Draftsman')
SwiftCompile normal arm64 /Users/admin/builder/spi-builder-workspace/Draftsman/Classes/Utilities/Shortcuts/Property/UICollectionView.swift (in target 'Draftsman' from project 'Draftsman')
    cd /Users/admin/builder/spi-builder-workspace/.swiftpm/xcode
    builtin-SwiftPerFileCompile UICollectionView.swift
SwiftCompile normal arm64 /Users/admin/builder/spi-builder-workspace/Draftsman/Classes/Utilities/Shortcuts/Property/UIControl.swift (in target 'Draftsman' from project 'Draftsman')
    cd /Users/admin/builder/spi-builder-workspace/.swiftpm/xcode
    builtin-SwiftPerFileCompile UIControl.swift
SwiftCompile normal arm64 /Users/admin/builder/spi-builder-workspace/Draftsman/Classes/Utilities/Shortcuts/Property/UIImageView.swift (in target 'Draftsman' from project 'Draftsman')
    cd /Users/admin/builder/spi-builder-workspace/.swiftpm/xcode
    builtin-SwiftPerFileCompile UIImageView.swift
SwiftCompile normal arm64 /Users/admin/builder/spi-builder-workspace/Draftsman/Classes/Utilities/Shortcuts/Property/UILabel.swift (in target 'Draftsman' from project 'Draftsman')
    cd /Users/admin/builder/spi-builder-workspace/.swiftpm/xcode
    builtin-SwiftPerFileCompile UILabel.swift
SwiftCompile normal arm64 /Users/admin/builder/spi-builder-workspace/Draftsman/Classes/Utilities/Shortcuts/Property/UIScrollView.swift (in target 'Draftsman' from project 'Draftsman')
    cd /Users/admin/builder/spi-builder-workspace/.swiftpm/xcode
    builtin-SwiftPerFileCompile UIScrollView.swift
SwiftCompile normal arm64 /Users/admin/builder/spi-builder-workspace/Draftsman/Classes/Utilities/Shortcuts/Property/UISlider.swift (in target 'Draftsman' from project 'Draftsman')
    cd /Users/admin/builder/spi-builder-workspace/.swiftpm/xcode
    builtin-SwiftPerFileCompile UISlider.swift
SwiftCompile normal arm64 /Users/admin/builder/spi-builder-workspace/Draftsman/Classes/Utilities/Shortcuts/Property/UIStackView.swift (in target 'Draftsman' from project 'Draftsman')
    cd /Users/admin/builder/spi-builder-workspace/.swiftpm/xcode
    builtin-SwiftPerFileCompile UIStackView.swift
SwiftCompile normal arm64 /Users/admin/builder/spi-builder-workspace/Draftsman/Classes/Utilities/Shortcuts/Property/UIStepper.swift (in target 'Draftsman' from project 'Draftsman')
    cd /Users/admin/builder/spi-builder-workspace/.swiftpm/xcode
    builtin-SwiftPerFileCompile UIStepper.swift
PruneExplicitPrecompiledModules /Users/admin/builder/spi-builder-workspace/.derivedData/SDKExplicitPrecompiledModules
PruneExplicitPrecompiledModules /Users/admin/builder/spi-builder-workspace/.derivedData/Build/Intermediates.noindex/ExplicitPrecompiledModules
PruneExplicitPrecompiledModules /Users/admin/builder/spi-builder-workspace/.derivedData/Build/Intermediates.noindex/SwiftExplicitPrecompiledModules
2026-09-19 06:45:13.285 xcodebuild[843:5275] [MT] IDERunDestination: Supported platforms for the buildables in the current scheme is empty.
** BUILD FAILED **
The following build commands failed:
	SwiftCompile normal arm64 Compiling\ SafeAreaKeyboardLayoutGuide.swift /Users/admin/builder/spi-builder-workspace/.dependencies/checkouts/Clavier/Clavier/Classes/SafeAreaKeyboardLayoutGuide.swift (in target 'Clavier' from project 'Clavier')
	SwiftCompile normal arm64 /Users/admin/builder/spi-builder-workspace/.dependencies/checkouts/Clavier/Clavier/Classes/SafeAreaKeyboardLayoutGuide.swift (in target 'Clavier' from project 'Clavier')
	Building workspace Draftsman with scheme Draftsman
(3 failures)
BUILD FAILURE 6.4 tvOS