Build Information
Failed to build IndustrialKit, reference 26.0.6 (4f9956), with Swift 6.4 for tvOS using Xcode 27.0 on 26 Sep 2026 07:54:49 UTC.
Build Command
env DEVELOPER_DIR=/Applications/Xcode-27.0.0-Release.Candidate.app xcrun xcodebuild -IDEClonedSourcePackagesDirPathOverride=$PWD/.dependencies -skipMacroValidation -skipPackagePluginValidation -derivedDataPath $PWD/.derivedData build -scheme IndustrialKit-Package -destination generic/platform=tvOSBuild Log
========================================
RunAll
========================================
Builder version: 5.1.0
Interrupt handler set up.
========================================
Checkout
========================================
Clone URL: https://github.com/MalkarovPark/IndustrialKit.git
Reference: 26.0.6
Initialized empty Git repository in /Users/admin/builder/spi-builder-workspace/.git/
From https://github.com/MalkarovPark/IndustrialKit
* tag 26.0.6 -> FETCH_HEAD
HEAD is now at 4f99565 Code cleanups.
Cloned https://github.com/MalkarovPark/IndustrialKit.git
Revision (git rev-parse @):
4f99565cccd920abb27a7410480b02d1cff26a76
SUCCESS checkout https://github.com/MalkarovPark/IndustrialKit.git at 26.0.6
========================================
Build
========================================
Selected platform: tvOS
Swift version: 6.4
Building package at path: $PWD
https://github.com/MalkarovPark/IndustrialKit.git
Command line invocation:
/Applications/Xcode-27.0.0-Release.Candidate.app/Contents/Developer/usr/bin/xcodebuild -IDEClonedSourcePackagesDirPathOverride=/Users/admin/builder/spi-builder-workspace/.dependencies -resolvePackageDependencies
Resolve Package Graph
Resolve Package Graph
Resolved source packages:
IndustrialKit: /Users/admin/builder/spi-builder-workspace
resolved source packages: IndustrialKit
2026-09-26 03:53:58.533 xcodebuild[529:3025] [MT] IDERunDestination: Supported platforms for the buildables in the current scheme is empty.
2026-09-26 03:53:58.679 xcodebuild[529:3025] [MT] IDERunDestination: Supported platforms for the buildables in the current scheme is empty.
2026-09-26 03:54:00.320 xcodebuild[529:3025] [MT] IDERunDestination: Supported platforms for the buildables in the current scheme is empty.
{
"dependencies" : [
],
"manifest_display_name" : "IndustrialKit",
"name" : "IndustrialKit",
"path" : "/Users/admin/builder/spi-builder-workspace",
"platforms" : [
{
"name" : "macos",
"version" : "26.0"
},
{
"name" : "ios",
"version" : "26.0"
},
{
"name" : "visionos",
"version" : "26.0"
}
],
"products" : [
{
"name" : "IndustrialKit",
"targets" : [
"IndustrialKit"
],
"type" : {
"library" : [
"automatic"
]
}
},
{
"name" : "IndustrialKitUI",
"targets" : [
"IndustrialKitUI"
],
"type" : {
"library" : [
"automatic"
]
}
}
],
"targets" : [
{
"c99name" : "IndustrialKitUI",
"module_type" : "SwiftTarget",
"name" : "IndustrialKitUI",
"path" : "Sources/IndustrialKitUI",
"product_memberships" : [
"IndustrialKitUI"
],
"sources" : [
"Borderers.swift",
"Cards.swift",
"ConnectorView.swift",
"DeviceOutput/DeviceOutputView.swift",
"DeviceOutput/StateChartsView.swift",
"DeviceOutput/StateItemsView.swift",
"DynamicStack.swift",
"Functions.swift",
"GlassStyleBindings.swift",
"InspectorModifier.swift",
"PositionView.swift",
"SheetCaption.swift",
"SpatialPendant/AdaptiveDotGrid.swift",
"SpatialPendant/FloatingView.swift",
"SpatialPendant/NewElementButton.swift",
"SpatialPendant/PendantController.swift",
"SpatialPendant/PerformingCaptionView.swift",
"SpatialPendant/ProgramItemView.swift",
"SpatialPendant/RegistersView.swift",
"SpatialPendant/Robot/PositionControl.swift",
"SpatialPendant/Robot/RobotControlView.swift",
"SpatialPendant/SpatialPendant.swift",
"SpatialPendant/Tool/OperationControl.swift",
"SpatialPendant/Tool/ToolControlView.swift",
"SpatialPendant/Workspace/ElementControl.swift",
"SpatialPendant/Workspace/ProgramElements/ControlProgramTextView.swift",
"SpatialPendant/Workspace/ProgramElements/LogicElementsViews.swift",
"SpatialPendant/Workspace/ProgramElements/ModifierElementsViews.swift",
"SpatialPendant/Workspace/ProgramElements/PerformerElementsViews.swift",
"SpatialPendant/Workspace/WorkspaceControlView.swift",
"ViewCloseButton.swift"
],
"target_dependencies" : [
"IndustrialKit"
],
"type" : "library"
},
{
"c99name" : "IndustrialKitTests",
"module_type" : "SwiftTarget",
"name" : "IndustrialKitTests",
"path" : "Tests/IndustrialKitTests",
"sources" : [
"IndustrialKitTests.swift"
],
"target_dependencies" : [
"IndustrialKit"
],
"type" : "test"
},
{
"c99name" : "IndustrialKit",
"module_type" : "SwiftTarget",
"name" : "IndustrialKit",
"path" : "Sources/IndustrialKit",
"product_memberships" : [
"IndustrialKit",
"IndustrialKitUI"
],
"sources" : [
"Connectors/ProductionObjectConnector.swift",
"Connectors/RobotConnector.swift",
"Connectors/ToolConnector.swift",
"Extensions.swift",
"Functions.swift",
"JSEnvironment.swift",
"ModelControllers/ModelController.swift",
"ModelControllers/RobotModelController.swift",
"ModelControllers/ToolModelController.swift",
"OutputState/DeviceOutputData.swift",
"OutputState/StateChart.swift",
"OutputState/StateItem.swift",
"PhysicsBodyData.swift",
"ProductionObjects/Modules/ChangerModule.swift",
"ProductionObjects/Modules/IndustrialModule.swift",
"ProductionObjects/Modules/PartModule.swift",
"ProductionObjects/Modules/RobotModule.swift",
"ProductionObjects/Modules/ToolModule.swift",
"ProductionObjects/Part.swift",
"ProductionObjects/ProductionObject.swift",
"ProductionObjects/Robot.swift",
"ProductionObjects/Tool.swift",
"Programs/OperationCode.swift",
"Programs/OperationProgram.swift",
"Programs/PositionPoint.swift",
"Programs/PositionProgram.swift",
"Programs/ProductionProgram.swift",
"Programs/ProductionProgramElements/LogicElements.swift",
"Programs/ProductionProgramElements/ModifierElements.swift",
"Programs/ProductionProgramElements/PerformerElements.swift",
"Programs/ProductionProgramElements/ProductionProgramElement.swift",
"Workspace.swift"
],
"type" : "library"
}
],
"tools_version" : "6.2"
}
{
"workspace" : {
"name" : "IndustrialKit",
"schemes" : [
"IndustrialKit",
"IndustrialKit-Package",
"IndustrialKitUI"
]
}
}
2026-09-26 03:54:36.719 xcodebuild[626:3836] [MT] IDERunDestination: Supported platforms for the buildables in the current scheme is empty.
2026-09-26 03:54:36.859 xcodebuild[626:3836] [MT] IDERunDestination: Supported platforms for the buildables in the current scheme is empty.
Running build ...
env DEVELOPER_DIR=/Applications/Xcode-27.0.0-Release.Candidate.app xcrun xcodebuild -IDEClonedSourcePackagesDirPathOverride=$PWD/.dependencies -skipMacroValidation -skipPackagePluginValidation -derivedDataPath $PWD/.derivedData build -scheme IndustrialKit-Package -destination generic/platform=tvOS
Command line invocation:
/Applications/Xcode-27.0.0-Release.Candidate.app/Contents/Developer/usr/bin/xcodebuild -IDEClonedSourcePackagesDirPathOverride=/Users/admin/builder/spi-builder-workspace/.dependencies -skipMacroValidation -skipPackagePluginValidation -derivedDataPath /Users/admin/builder/spi-builder-workspace/.derivedData build -scheme IndustrialKit-Package -destination generic/platform=tvOS
Resolve Package Graph
Resolved source packages:
IndustrialKit: /Users/admin/builder/spi-builder-workspace
ComputePackagePrebuildTargetDependencyGraph
Prepare packages
CreateBuildRequest
SendProjectDescription
CreateBuildOperation
ComputeTargetDependencyGraph
note: Building targets in dependency order
note: Target dependency graph (4 targets)
Target 'IndustrialKitUI-product' in project 'IndustrialKit'
➜ Explicit dependency on target 'IndustrialKitUI' in project 'IndustrialKit'
➜ Explicit dependency on target 'IndustrialKit' in project 'IndustrialKit'
Target 'IndustrialKitUI' in project 'IndustrialKit'
➜ Explicit dependency on target 'IndustrialKit' in project 'IndustrialKit'
Target 'IndustrialKit-product' in project 'IndustrialKit'
➜ Explicit dependency on target 'IndustrialKit' in project 'IndustrialKit'
Target 'IndustrialKit' in project 'IndustrialKit' (no dependencies)
GatherProvisioningInputs
CreateBuildDescription
ExecuteExternalTool /Applications/Xcode-27.0.0-Release.Candidate.app/Contents/Developer/Toolchains/XcodeDefault.xctoolchain/usr/bin/clang -v -E -dM -isysroot /Applications/Xcode-27.0.0-Release.Candidate.app/Contents/Developer/Platforms/AppleTVOS.platform/Developer/SDKs/AppleTVOS27.0.sdk -x c -c /dev/null
ExecuteExternalTool /Applications/Xcode-27.0.0-Release.Candidate.app/Contents/Developer/Toolchains/XcodeDefault.xctoolchain/usr/bin/swiftc --version
ExecuteExternalTool /Applications/Xcode-27.0.0-Release.Candidate.app/Contents/Developer/Toolchains/XcodeDefault.xctoolchain/usr/bin/ld -version_details
Build description signature: cc70e1561c3e07dd8c614076ca14670c
Build description path: /Users/admin/builder/spi-builder-workspace/.derivedData/Build/Intermediates.noindex/XCBuildData/cc70e1561c3e07dd8c614076ca14670c.xcbuilddata
CreateBuildDirectory /Users/admin/builder/spi-builder-workspace/.derivedData/ModuleCache.noindex
cd /Users/admin/builder/spi-builder-workspace/.swiftpm/xcode
builtin-create-build-directory /Users/admin/builder/spi-builder-workspace/.derivedData/ModuleCache.noindex
CreateBuildDirectory /Users/admin/builder/spi-builder-workspace/.derivedData/SDKExplicitPrecompiledModules
cd /Users/admin/builder/spi-builder-workspace/.swiftpm/xcode
builtin-create-build-directory /Users/admin/builder/spi-builder-workspace/.derivedData/SDKExplicitPrecompiledModules
CreateBuildDirectory /Users/admin/builder/spi-builder-workspace/.derivedData/CompilationCache.noindex
cd /Users/admin/builder/spi-builder-workspace/.swiftpm/xcode
builtin-create-build-directory /Users/admin/builder/spi-builder-workspace/.derivedData/CompilationCache.noindex
ClangStatCache /Applications/Xcode-27.0.0-Release.Candidate.app/Contents/Developer/Toolchains/XcodeDefault.xctoolchain/usr/bin/clang-stat-cache /Applications/Xcode-27.0.0-Release.Candidate.app/Contents/Developer/Platforms/AppleTVOS.platform/Developer/SDKs/AppleTVOS27.0.sdk /Users/admin/builder/spi-builder-workspace/.derivedData/SDKStatCaches.noindex/appletvos27.0-24J360-e829b21a6f8c9b70876ba0858053c044b32bfd8d43560033f8d89884cdb90028.sdkstatcache
cd /Users/admin/builder/spi-builder-workspace/.swiftpm/xcode
/Applications/Xcode-27.0.0-Release.Candidate.app/Contents/Developer/Toolchains/XcodeDefault.xctoolchain/usr/bin/clang-stat-cache /Applications/Xcode-27.0.0-Release.Candidate.app/Contents/Developer/Platforms/AppleTVOS.platform/Developer/SDKs/AppleTVOS27.0.sdk -o /Users/admin/builder/spi-builder-workspace/.derivedData/SDKStatCaches.noindex/appletvos27.0-24J360-e829b21a6f8c9b70876ba0858053c044b32bfd8d43560033f8d89884cdb90028.sdkstatcache
CreateBuildDirectory /Users/admin/builder/spi-builder-workspace/.derivedData/Build/Products
cd /Users/admin/builder/spi-builder-workspace/.swiftpm/xcode
builtin-create-build-directory /Users/admin/builder/spi-builder-workspace/.derivedData/Build/Products
CreateBuildDirectory /Users/admin/builder/spi-builder-workspace/.derivedData/Build/Intermediates.noindex
cd /Users/admin/builder/spi-builder-workspace/.swiftpm/xcode
builtin-create-build-directory /Users/admin/builder/spi-builder-workspace/.derivedData/Build/Intermediates.noindex
CreateBuildDirectory /Users/admin/builder/spi-builder-workspace/.derivedData/Build/Intermediates.noindex/SwiftExplicitPrecompiledModules
cd /Users/admin/builder/spi-builder-workspace/.swiftpm/xcode
builtin-create-build-directory /Users/admin/builder/spi-builder-workspace/.derivedData/Build/Intermediates.noindex/SwiftExplicitPrecompiledModules
CreateBuildDirectory /Users/admin/builder/spi-builder-workspace/.derivedData/Build/Intermediates.noindex/PrecompiledHeaders
cd /Users/admin/builder/spi-builder-workspace/.swiftpm/xcode
builtin-create-build-directory /Users/admin/builder/spi-builder-workspace/.derivedData/Build/Intermediates.noindex/PrecompiledHeaders
CreateBuildDirectory /Users/admin/builder/spi-builder-workspace/.derivedData/Build/Intermediates.noindex/ExplicitPrecompiledModules
cd /Users/admin/builder/spi-builder-workspace/.swiftpm/xcode
builtin-create-build-directory /Users/admin/builder/spi-builder-workspace/.derivedData/Build/Intermediates.noindex/ExplicitPrecompiledModules
CreateBuildDirectory /Users/admin/builder/spi-builder-workspace/.derivedData/Build/Intermediates.noindex/EagerLinkingTBDs/Debug-appletvos
cd /Users/admin/builder/spi-builder-workspace/.swiftpm/xcode
builtin-create-build-directory /Users/admin/builder/spi-builder-workspace/.derivedData/Build/Intermediates.noindex/EagerLinkingTBDs/Debug-appletvos
CreateBuildDirectory /Users/admin/builder/spi-builder-workspace/.derivedData/Build/Products/Debug-appletvos
cd /Users/admin/builder/spi-builder-workspace/.swiftpm/xcode
builtin-create-build-directory /Users/admin/builder/spi-builder-workspace/.derivedData/Build/Products/Debug-appletvos
CreateBuildDirectory /Users/admin/builder/spi-builder-workspace/.derivedData/Build/Products/Debug-appletvos/PackageFrameworks
cd /Users/admin/builder/spi-builder-workspace/.swiftpm/xcode
builtin-create-build-directory /Users/admin/builder/spi-builder-workspace/.derivedData/Build/Products/Debug-appletvos/PackageFrameworks
WriteAuxiliaryFile /Users/admin/builder/spi-builder-workspace/.derivedData/Build/Intermediates.noindex/IndustrialKit.build/Debug-appletvos/IndustrialKitUI-t.build/IndustrialKitUI.modulemap (in target 'IndustrialKitUI' from project 'IndustrialKit')
cd /Users/admin/builder/spi-builder-workspace
write-file /Users/admin/builder/spi-builder-workspace/.derivedData/Build/Intermediates.noindex/IndustrialKit.build/Debug-appletvos/IndustrialKitUI-t.build/IndustrialKitUI.modulemap
WriteAuxiliaryFile /Users/admin/builder/spi-builder-workspace/.derivedData/Build/Intermediates.noindex/IndustrialKit.build/Debug-appletvos/IndustrialKitUI-t.build/Objects-normal/arm64/IndustrialKitUI-OutputFileMap.json (in target 'IndustrialKitUI' from project 'IndustrialKit')
cd /Users/admin/builder/spi-builder-workspace
write-file /Users/admin/builder/spi-builder-workspace/.derivedData/Build/Intermediates.noindex/IndustrialKit.build/Debug-appletvos/IndustrialKitUI-t.build/Objects-normal/arm64/IndustrialKitUI-OutputFileMap.json
WriteAuxiliaryFile /Users/admin/builder/spi-builder-workspace/.derivedData/Build/Intermediates.noindex/IndustrialKit.build/Debug-appletvos/IndustrialKitUI-t.build/Objects-normal/arm64/IndustrialKitUI_const_extract_protocols.json (in target 'IndustrialKitUI' from project 'IndustrialKit')
cd /Users/admin/builder/spi-builder-workspace
write-file /Users/admin/builder/spi-builder-workspace/.derivedData/Build/Intermediates.noindex/IndustrialKit.build/Debug-appletvos/IndustrialKitUI-t.build/Objects-normal/arm64/IndustrialKitUI_const_extract_protocols.json
WriteAuxiliaryFile /Users/admin/builder/spi-builder-workspace/.derivedData/Build/Intermediates.noindex/IndustrialKit.build/Debug-appletvos/IndustrialKitUI-t.build/IndustrialKitUI.DependencyStaticMetadataFileList (in target 'IndustrialKitUI' from project 'IndustrialKit')
cd /Users/admin/builder/spi-builder-workspace
write-file /Users/admin/builder/spi-builder-workspace/.derivedData/Build/Intermediates.noindex/IndustrialKit.build/Debug-appletvos/IndustrialKitUI-t.build/IndustrialKitUI.DependencyStaticMetadataFileList
WriteAuxiliaryFile /Users/admin/builder/spi-builder-workspace/.derivedData/Build/Intermediates.noindex/IndustrialKit.build/Debug-appletvos/IndustrialKitUI-t.build/Objects-normal/arm64/IndustrialKitUI.SwiftFileList (in target 'IndustrialKitUI' from project 'IndustrialKit')
cd /Users/admin/builder/spi-builder-workspace
write-file /Users/admin/builder/spi-builder-workspace/.derivedData/Build/Intermediates.noindex/IndustrialKit.build/Debug-appletvos/IndustrialKitUI-t.build/Objects-normal/arm64/IndustrialKitUI.SwiftFileList
WriteAuxiliaryFile /Users/admin/builder/spi-builder-workspace/.derivedData/Build/Intermediates.noindex/IndustrialKit.build/Debug-appletvos/IndustrialKitUI-t.build/Objects-normal/arm64/IndustrialKitUI.LinkFileList (in target 'IndustrialKitUI' from project 'IndustrialKit')
cd /Users/admin/builder/spi-builder-workspace
write-file /Users/admin/builder/spi-builder-workspace/.derivedData/Build/Intermediates.noindex/IndustrialKit.build/Debug-appletvos/IndustrialKitUI-t.build/Objects-normal/arm64/IndustrialKitUI.LinkFileList
WriteAuxiliaryFile /Users/admin/builder/spi-builder-workspace/.derivedData/Build/Intermediates.noindex/IndustrialKit.build/Debug-appletvos/IndustrialKit-t.build/Objects-normal/arm64/IndustrialKit_const_extract_protocols.json (in target 'IndustrialKit' from project 'IndustrialKit')
cd /Users/admin/builder/spi-builder-workspace
write-file /Users/admin/builder/spi-builder-workspace/.derivedData/Build/Intermediates.noindex/IndustrialKit.build/Debug-appletvos/IndustrialKit-t.build/Objects-normal/arm64/IndustrialKit_const_extract_protocols.json
WriteAuxiliaryFile /Users/admin/builder/spi-builder-workspace/.derivedData/Build/Intermediates.noindex/IndustrialKit.build/Debug-appletvos/IndustrialKitUI-t.build/Objects-normal/arm64/IndustrialKitUI.SwiftConstValuesFileList (in target 'IndustrialKitUI' from project 'IndustrialKit')
cd /Users/admin/builder/spi-builder-workspace
write-file /Users/admin/builder/spi-builder-workspace/.derivedData/Build/Intermediates.noindex/IndustrialKit.build/Debug-appletvos/IndustrialKitUI-t.build/Objects-normal/arm64/IndustrialKitUI.SwiftConstValuesFileList
WriteAuxiliaryFile /Users/admin/builder/spi-builder-workspace/.derivedData/Build/Intermediates.noindex/IndustrialKit.build/Debug-appletvos/IndustrialKit-t.build/Objects-normal/arm64/IndustrialKit.LinkFileList (in target 'IndustrialKit' from project 'IndustrialKit')
cd /Users/admin/builder/spi-builder-workspace
write-file /Users/admin/builder/spi-builder-workspace/.derivedData/Build/Intermediates.noindex/IndustrialKit.build/Debug-appletvos/IndustrialKit-t.build/Objects-normal/arm64/IndustrialKit.LinkFileList
WriteAuxiliaryFile /Users/admin/builder/spi-builder-workspace/.derivedData/Build/Intermediates.noindex/IndustrialKit.build/Debug-appletvos/IndustrialKitUI-t.build/IndustrialKitUI.DependencyMetadataFileList (in target 'IndustrialKitUI' from project 'IndustrialKit')
cd /Users/admin/builder/spi-builder-workspace
write-file /Users/admin/builder/spi-builder-workspace/.derivedData/Build/Intermediates.noindex/IndustrialKit.build/Debug-appletvos/IndustrialKitUI-t.build/IndustrialKitUI.DependencyMetadataFileList
WriteAuxiliaryFile /Users/admin/builder/spi-builder-workspace/.derivedData/Build/Intermediates.noindex/IndustrialKit.build/Debug-appletvos/IndustrialKit-t.build/Objects-normal/arm64/IndustrialKit.SwiftFileList (in target 'IndustrialKit' from project 'IndustrialKit')
cd /Users/admin/builder/spi-builder-workspace
write-file /Users/admin/builder/spi-builder-workspace/.derivedData/Build/Intermediates.noindex/IndustrialKit.build/Debug-appletvos/IndustrialKit-t.build/Objects-normal/arm64/IndustrialKit.SwiftFileList
WriteAuxiliaryFile /Users/admin/builder/spi-builder-workspace/.derivedData/Build/Intermediates.noindex/IndustrialKit.build/Debug-appletvos/IndustrialKit-t.build/Objects-normal/arm64/IndustrialKit.SwiftConstValuesFileList (in target 'IndustrialKit' from project 'IndustrialKit')
cd /Users/admin/builder/spi-builder-workspace
write-file /Users/admin/builder/spi-builder-workspace/.derivedData/Build/Intermediates.noindex/IndustrialKit.build/Debug-appletvos/IndustrialKit-t.build/Objects-normal/arm64/IndustrialKit.SwiftConstValuesFileList
WriteAuxiliaryFile /Users/admin/builder/spi-builder-workspace/.derivedData/Build/Intermediates.noindex/IndustrialKit.build/Debug-appletvos/IndustrialKit-t.build/IndustrialKit.modulemap (in target 'IndustrialKit' from project 'IndustrialKit')
cd /Users/admin/builder/spi-builder-workspace
write-file /Users/admin/builder/spi-builder-workspace/.derivedData/Build/Intermediates.noindex/IndustrialKit.build/Debug-appletvos/IndustrialKit-t.build/IndustrialKit.modulemap
WriteAuxiliaryFile /Users/admin/builder/spi-builder-workspace/.derivedData/Build/Intermediates.noindex/IndustrialKit.build/Debug-appletvos/IndustrialKit-t.build/Objects-normal/arm64/IndustrialKit-OutputFileMap.json (in target 'IndustrialKit' from project 'IndustrialKit')
cd /Users/admin/builder/spi-builder-workspace
write-file /Users/admin/builder/spi-builder-workspace/.derivedData/Build/Intermediates.noindex/IndustrialKit.build/Debug-appletvos/IndustrialKit-t.build/Objects-normal/arm64/IndustrialKit-OutputFileMap.json
WriteAuxiliaryFile /Users/admin/builder/spi-builder-workspace/.derivedData/Build/Intermediates.noindex/IndustrialKit.build/Debug-appletvos/IndustrialKit-t.build/IndustrialKit.DependencyStaticMetadataFileList (in target 'IndustrialKit' from project 'IndustrialKit')
cd /Users/admin/builder/spi-builder-workspace
write-file /Users/admin/builder/spi-builder-workspace/.derivedData/Build/Intermediates.noindex/IndustrialKit.build/Debug-appletvos/IndustrialKit-t.build/IndustrialKit.DependencyStaticMetadataFileList
WriteAuxiliaryFile /Users/admin/builder/spi-builder-workspace/.derivedData/Build/Intermediates.noindex/IndustrialKit.build/Debug-appletvos/IndustrialKit-t.build/IndustrialKit.DependencyMetadataFileList (in target 'IndustrialKit' from project 'IndustrialKit')
cd /Users/admin/builder/spi-builder-workspace
write-file /Users/admin/builder/spi-builder-workspace/.derivedData/Build/Intermediates.noindex/IndustrialKit.build/Debug-appletvos/IndustrialKit-t.build/IndustrialKit.DependencyMetadataFileList
Copy /Users/admin/builder/spi-builder-workspace/.derivedData/Build/Intermediates.noindex/GeneratedModuleMaps-appletvos/IndustrialKitUI.modulemap /Users/admin/builder/spi-builder-workspace/.derivedData/Build/Intermediates.noindex/IndustrialKit.build/Debug-appletvos/IndustrialKitUI-t.build/IndustrialKitUI.modulemap (in target 'IndustrialKitUI' from project 'IndustrialKit')
cd /Users/admin/builder/spi-builder-workspace
builtin-copy -exclude .DS_Store -exclude CVS -exclude .svn -exclude .git -exclude .hg -resolve-src-symlinks /Users/admin/builder/spi-builder-workspace/.derivedData/Build/Intermediates.noindex/IndustrialKit.build/Debug-appletvos/IndustrialKitUI-t.build/IndustrialKitUI.modulemap /Users/admin/builder/spi-builder-workspace/.derivedData/Build/Intermediates.noindex/GeneratedModuleMaps-appletvos
Copy /Users/admin/builder/spi-builder-workspace/.derivedData/Build/Intermediates.noindex/GeneratedModuleMaps-appletvos/IndustrialKit.modulemap /Users/admin/builder/spi-builder-workspace/.derivedData/Build/Intermediates.noindex/IndustrialKit.build/Debug-appletvos/IndustrialKit-t.build/IndustrialKit.modulemap (in target 'IndustrialKit' from project 'IndustrialKit')
cd /Users/admin/builder/spi-builder-workspace
builtin-copy -exclude .DS_Store -exclude CVS -exclude .svn -exclude .git -exclude .hg -resolve-src-symlinks /Users/admin/builder/spi-builder-workspace/.derivedData/Build/Intermediates.noindex/IndustrialKit.build/Debug-appletvos/IndustrialKit-t.build/IndustrialKit.modulemap /Users/admin/builder/spi-builder-workspace/.derivedData/Build/Intermediates.noindex/GeneratedModuleMaps-appletvos
SwiftDriver IndustrialKit normal arm64 com.apple.xcode.tools.swift.compiler (in target 'IndustrialKit' from project 'IndustrialKit')
cd /Users/admin/builder/spi-builder-workspace/.swiftpm/xcode
builtin-SwiftDriver -- /Applications/Xcode-27.0.0-Release.Candidate.app/Contents/Developer/Toolchains/XcodeDefault.xctoolchain/usr/bin/swiftc -parse-as-library -module-name IndustrialKit -Onone @/Users/admin/builder/spi-builder-workspace/.derivedData/Build/Intermediates.noindex/IndustrialKit.build/Debug-appletvos/IndustrialKit-t.build/Objects-normal/arm64/IndustrialKit.SwiftFileList -DSWIFT_PACKAGE -DDEBUG -DSWIFT_MODULE_RESOURCE_BUNDLE_UNAVAILABLE -DXcode -plugin-path /Applications/Xcode-27.0.0-Release.Candidate.app/Contents/Developer/Toolchains/XcodeDefault.xctoolchain/usr/lib/swift/host/plugins/testing -enable-experimental-feature DebugDescriptionMacro -sdk /Applications/Xcode-27.0.0-Release.Candidate.app/Contents/Developer/Platforms/AppleTVOS.platform/Developer/SDKs/AppleTVOS27.0.sdk -target arm64-apple-tvos26.0 -g -module-cache-path /Users/admin/builder/spi-builder-workspace/.derivedData/ModuleCache.noindex -Xfrontend -serialize-debugging-options -profile-coverage-mapping -profile-generate -enable-testing -index-store-path /Users/admin/builder/spi-builder-workspace/.derivedData/Index.noindex/DataStore -Xcc -D_LIBCPP_HARDENING_MODE\=_LIBCPP_HARDENING_MODE_DEBUG -swift-version 6 -I /Users/admin/builder/spi-builder-workspace/.derivedData/Build/Products/Debug-appletvos -Isystem /Applications/Xcode-27.0.0-Release.Candidate.app/Contents/Developer/Platforms/AppleTVOS.platform/Developer/usr/lib -F /Users/admin/builder/spi-builder-workspace/.derivedData/Build/Products/Debug-appletvos -F /Applications/Xcode-27.0.0-Release.Candidate.app/Contents/Developer/Platforms/AppleTVOS.platform/Developer/Library/Frameworks -F /Applications/Xcode-27.0.0-Release.Candidate.app/Contents/Developer/Platforms/AppleTVOS.platform/Developer/SDKs/AppleTVOS27.0.sdk/Developer/Library/Frameworks -c -j10 -enable-batch-mode -incremental -Xcc -ivfsstatcache -Xcc /Users/admin/builder/spi-builder-workspace/.derivedData/SDKStatCaches.noindex/appletvos27.0-24J360-e829b21a6f8c9b70876ba0858053c044b32bfd8d43560033f8d89884cdb90028.sdkstatcache -output-file-map /Users/admin/builder/spi-builder-workspace/.derivedData/Build/Intermediates.noindex/IndustrialKit.build/Debug-appletvos/IndustrialKit-t.build/Objects-normal/arm64/IndustrialKit-OutputFileMap.json -save-temps -no-color-diagnostics -explicit-module-build -module-cache-path /Users/admin/builder/spi-builder-workspace/.derivedData/Build/Intermediates.noindex/SwiftExplicitPrecompiledModules -clang-scanner-module-cache-path /Users/admin/builder/spi-builder-workspace/.derivedData/ModuleCache.noindex -sdk-module-cache-path /Users/admin/builder/spi-builder-workspace/.derivedData/SDKExplicitPrecompiledModules -emit-dependencies -emit-module -emit-module-path /Users/admin/builder/spi-builder-workspace/.derivedData/Build/Intermediates.noindex/IndustrialKit.build/Debug-appletvos/IndustrialKit-t.build/Objects-normal/arm64/IndustrialKit.swiftmodule -serialize-diagnostics -dependency-scan-serialize-diagnostics-path /Users/admin/builder/spi-builder-workspace/.derivedData/Build/Intermediates.noindex/IndustrialKit.build/Debug-appletvos/IndustrialKit-t.build/Objects-normal/arm64/IndustrialKit-dependency-scan.dia -validate-clang-modules-once -clang-build-session-file /Users/admin/builder/spi-builder-workspace/.derivedData/ModuleCache.noindex/Session.modulevalidation -Xcc -fmodules-prune-interval\=86400 -Xcc -fmodules-prune-after\=345600 -package-name spi_builder_workspace -emit-const-values -const-gather-protocols-list /Users/admin/builder/spi-builder-workspace/.derivedData/Build/Intermediates.noindex/IndustrialKit.build/Debug-appletvos/IndustrialKit-t.build/Objects-normal/arm64/IndustrialKit_const_extract_protocols.json -Xcc -I/Users/admin/builder/spi-builder-workspace/.derivedData/Build/Products/Debug-appletvos/include -Xcc -I/Users/admin/builder/spi-builder-workspace/.derivedData/Build/Intermediates.noindex/IndustrialKit.build/Debug-appletvos/IndustrialKit-t.build/DerivedSources-normal/arm64 -Xcc -I/Users/admin/builder/spi-builder-workspace/.derivedData/Build/Intermediates.noindex/IndustrialKit.build/Debug-appletvos/IndustrialKit-t.build/DerivedSources/arm64 -Xcc -I/Users/admin/builder/spi-builder-workspace/.derivedData/Build/Intermediates.noindex/IndustrialKit.build/Debug-appletvos/IndustrialKit-t.build/DerivedSources -Xcc -DSWIFT_PACKAGE -Xcc -DDEBUG\=1 -emit-objc-header -emit-objc-header-path /Users/admin/builder/spi-builder-workspace/.derivedData/Build/Intermediates.noindex/IndustrialKit.build/Debug-appletvos/IndustrialKit-t.build/Objects-normal/arm64/IndustrialKit-Swift.h -working-directory /Users/admin/builder/spi-builder-workspace/.swiftpm/xcode -experimental-emit-module-separately -disable-cmo
SwiftExplicitDependencyGeneratePcm arm64 /Users/admin/builder/spi-builder-workspace/.derivedData/SDKExplicitPrecompiledModules/GroupActivities-4W2Z5ISU5A59BXIW44RK5A30I.pcm
SwiftExplicitDependencyGeneratePcm arm64 /Users/admin/builder/spi-builder-workspace/.derivedData/SDKExplicitPrecompiledModules/_Builtin_stddef-1MAO6P3OSQFGZFQEPM31XXNSS.pcm
SwiftExplicitDependencyGeneratePcm arm64 /Users/admin/builder/spi-builder-workspace/.derivedData/SDKExplicitPrecompiledModules/DeveloperToolsSupport-CJV8SY9BXJUTONPFWMLQEGTXA.pcm
SwiftExplicitDependencyGeneratePcm arm64 /Users/admin/builder/spi-builder-workspace/.derivedData/SDKExplicitPrecompiledModules/_Builtin_stdbool-4UUPXTY52W6RPSB0N2WGGLTJT.pcm
SwiftExplicitDependencyGeneratePcm arm64 /Users/admin/builder/spi-builder-workspace/.derivedData/SDKExplicitPrecompiledModules/_Builtin_stdarg-719DH4G2R3NRP3HRX5HE8WX08.pcm
SwiftExplicitDependencyGeneratePcm arm64 /Users/admin/builder/spi-builder-workspace/.derivedData/SDKExplicitPrecompiledModules/_AvailabilityInternal-99L1JVU5TYE8S0FGGB7E09QQS.pcm
SwiftExplicitDependencyGeneratePcm arm64 /Users/admin/builder/spi-builder-workspace/.derivedData/SDKExplicitPrecompiledModules/_Builtin_float-3RF4B70MBHPP952AX3GNZ8W3H.pcm
SwiftExplicitDependencyGeneratePcm arm64 /Users/admin/builder/spi-builder-workspace/.derivedData/SDKExplicitPrecompiledModules/ptrcheck-BA65H1NXYZJ0BLLWO9HZOAZ6Y.pcm
SwiftExplicitDependencyGeneratePcm arm64 /Users/admin/builder/spi-builder-workspace/.derivedData/SDKExplicitPrecompiledModules/_SwiftConcurrencyShims-3HZGHPZQL3GY71QUHDRB0P39S.pcm
SwiftExplicitDependencyGeneratePcm arm64 /Users/admin/builder/spi-builder-workspace/.derivedData/SDKExplicitPrecompiledModules/ShaderGraph-3I59JETUNYL25P384DZ0ZGO43.pcm
SwiftExplicitDependencyGeneratePcm arm64 /Users/admin/builder/spi-builder-workspace/.derivedData/SDKExplicitPrecompiledModules/ptrauth-EMKXYE8GN9BK4M3ODSTVDUJU2.pcm
SwiftExplicitDependencyGeneratePcm arm64 /Users/admin/builder/spi-builder-workspace/.derivedData/SDKExplicitPrecompiledModules/RealityCoreTextureProcessing-8YM02XEVJ7ECXBMZ9DGZGDG62.pcm
SwiftExplicitDependencyGeneratePcm arm64 /Users/admin/builder/spi-builder-workspace/.derivedData/SDKExplicitPrecompiledModules/SwiftShims-73G9EXEO9PVWB6PL1BR4TAJ0B.pcm
SwiftExplicitDependencyGeneratePcm arm64 /Users/admin/builder/spi-builder-workspace/.derivedData/SDKExplicitPrecompiledModules/_DarwinFoundation1-90NUFDXQ765U5FR62173FT21A.pcm
SwiftExplicitDependencyGeneratePcm arm64 /Users/admin/builder/spi-builder-workspace/.derivedData/SDKExplicitPrecompiledModules/_Builtin_limits-3JICJWOCEYXXXNXAMEJBF6UQN.pcm
SwiftExplicitDependencyGeneratePcm arm64 /Users/admin/builder/spi-builder-workspace/.derivedData/SDKExplicitPrecompiledModules/_DarwinFoundation2-EPKSYG5WMVE7WSPFQB4C0UC59.pcm
SwiftExplicitDependencyGeneratePcm arm64 /Users/admin/builder/spi-builder-workspace/.derivedData/SDKExplicitPrecompiledModules/_Builtin_stdint-A8OKY0NXO26BZ4GWYKP79TKL9.pcm
SwiftExplicitDependencyGeneratePcm arm64 /Users/admin/builder/spi-builder-workspace/.derivedData/SDKExplicitPrecompiledModules/sys_types-CATSGLJDZ8UZUMKHO6M4I4PJT.pcm
SwiftExplicitDependencyGeneratePcm arm64 /Users/admin/builder/spi-builder-workspace/.derivedData/SDKExplicitPrecompiledModules/string_h-B6D36UOVIZC2Y0YE3KEZLZAP6.pcm
SwiftExplicitDependencyGeneratePcm arm64 /Users/admin/builder/spi-builder-workspace/.derivedData/SDKExplicitPrecompiledModules/_Builtin_tgmath-320K271Z6IM134IWIB7S3LTD.pcm
SwiftExplicitDependencyGeneratePcm arm64 /Users/admin/builder/spi-builder-workspace/.derivedData/SDKExplicitPrecompiledModules/_Builtin_intrinsics-AQDFY8KQQX9Z38C6EI15S53EQ.pcm
SwiftExplicitDependencyGeneratePcm arm64 /Users/admin/builder/spi-builder-workspace/.derivedData/SDKExplicitPrecompiledModules/_Builtin_stdatomic-71DQV8BR56LNANL900GGEC9KO.pcm
SwiftExplicitDependencyGeneratePcm arm64 /Users/admin/builder/spi-builder-workspace/.derivedData/SDKExplicitPrecompiledModules/_DarwinFoundation3-63L5I5VCGX6CLI6HI7OWUXJN6.pcm
SwiftExplicitDependencyGeneratePcm arm64 /Users/admin/builder/spi-builder-workspace/.derivedData/SDKExplicitPrecompiledModules/_Builtin_inttypes-80RS02PM2X81SP8N0Q7X05540.pcm
SwiftExplicitDependencyGeneratePcm arm64 /Users/admin/builder/spi-builder-workspace/.derivedData/SDKExplicitPrecompiledModules/Darwin-1VTILT8KA42CNDAUB0H1FM7MC.pcm
SwiftExplicitDependencyGeneratePcm arm64 /Users/admin/builder/spi-builder-workspace/.derivedData/SDKExplicitPrecompiledModules/simd-D50CDGAQRFNF5E2BA2UWCCHLJ.pcm
SwiftExplicitDependencyGeneratePcm arm64 /Users/admin/builder/spi-builder-workspace/.derivedData/SDKExplicitPrecompiledModules/ObjectiveC-CC0BYHG21IQMMT48PGDNSK7G6.pcm
SwiftExplicitDependencyGeneratePcm arm64 /Users/admin/builder/spi-builder-workspace/.derivedData/SDKExplicitPrecompiledModules/MachO-A5KLTMTLJD1DPHEYPZHUSRJ4O.pcm
SwiftExplicitDependencyGeneratePcm arm64 /Users/admin/builder/spi-builder-workspace/.derivedData/SDKExplicitPrecompiledModules/os_object-1TJLDNS7X3UT7Y5TM4QQ2RN6G.pcm
SwiftExplicitDependencyGeneratePcm arm64 /Users/admin/builder/spi-builder-workspace/.derivedData/SDKExplicitPrecompiledModules/os_workgroup-E61GF9E8FAHZGKXVOV9QHUD27.pcm
SwiftExplicitDependencyGeneratePcm arm64 /Users/admin/builder/spi-builder-workspace/.derivedData/SDKExplicitPrecompiledModules/Spatial-2KZFBWN278VTZL619Y96SAJC9.pcm
SwiftExplicitDependencyGeneratePcm arm64 /Users/admin/builder/spi-builder-workspace/.derivedData/SDKExplicitPrecompiledModules/Dispatch-F564M6B2H1RRD83XZ8EBWFSHE.pcm
SwiftExplicitDependencyGeneratePcm arm64 /Users/admin/builder/spi-builder-workspace/.derivedData/SDKExplicitPrecompiledModules/CoreFoundation-A4LOYEEJIFQKOPZRDOG9M3N2K.pcm
SwiftExplicitDependencyGeneratePcm arm64 /Users/admin/builder/spi-builder-workspace/.derivedData/SDKExplicitPrecompiledModules/XPC-2WVXL0UION0MYZOZAJZC6DUXD.pcm
SwiftExplicitDependencyGeneratePcm arm64 /Users/admin/builder/spi-builder-workspace/.derivedData/SDKExplicitPrecompiledModules/os-4NLIUP5HHN7FW5ML70YLEU8QE.pcm
SwiftExplicitDependencyGeneratePcm arm64 /Users/admin/builder/spi-builder-workspace/.derivedData/SDKExplicitPrecompiledModules/CoreGraphics-D8Y0X4J52BHG7HHUQLTX6SXE1.pcm
SwiftExplicitDependencyGeneratePcm arm64 /Users/admin/builder/spi-builder-workspace/.derivedData/SDKExplicitPrecompiledModules/Security-6KU6X9W8QDIJW83JUF0DRES83.pcm
SwiftExplicitDependencyGeneratePcm arm64 /Users/admin/builder/spi-builder-workspace/.derivedData/SDKExplicitPrecompiledModules/CFNetwork-8S7XZ5SI3TWM2JOZPDZPRY8W9.pcm
SwiftExplicitDependencyGeneratePcm arm64 /Users/admin/builder/spi-builder-workspace/.derivedData/SDKExplicitPrecompiledModules/CoreAudioTypes-3D575H9KXE9GWSK6ZWEWBV9TM.pcm
SwiftExplicitDependencyGeneratePcm arm64 /Users/admin/builder/spi-builder-workspace/.derivedData/SDKExplicitPrecompiledModules/CoreAudio-46JNU59TK6U76A9ILN06CT9NS.pcm
SwiftExplicitDependencyGeneratePcm arm64 /Users/admin/builder/spi-builder-workspace/.derivedData/SDKExplicitPrecompiledModules/Foundation-1AS5K10MY6XENLLR2NDUCKYTM.pcm
SwiftExplicitDependencyGeneratePcm arm64 /Users/admin/builder/spi-builder-workspace/.derivedData/SDKExplicitPrecompiledModules/ImageIO-48DA7ET77Q34HPZP9CPHI9VS4.pcm
SwiftExplicitDependencyGeneratePcm arm64 /Users/admin/builder/spi-builder-workspace/.derivedData/SDKExplicitPrecompiledModules/CoreText-E0GG8D3D527TJX7D2QEHFQLM2.pcm
SwiftExplicitDependencyGeneratePcm arm64 /Users/admin/builder/spi-builder-workspace/.derivedData/SDKExplicitPrecompiledModules/JavaScriptCore-1C6CCFJS16J3XK9WQBFII3UFA.pcm
SwiftExplicitDependencyGeneratePcm arm64 /Users/admin/builder/spi-builder-workspace/.derivedData/SDKExplicitPrecompiledModules/UniformTypeIdentifiers-DQ77M7R0D7VCBK0YUO3VHCRB1.pcm
SwiftExplicitDependencyGeneratePcm arm64 /Users/admin/builder/spi-builder-workspace/.derivedData/SDKExplicitPrecompiledModules/UIUtilities-9NQVCWATNLLVY125LB74695HY.pcm
SwiftExplicitDependencyGeneratePcm arm64 /Users/admin/builder/spi-builder-workspace/.derivedData/SDKExplicitPrecompiledModules/_LocationEssentials-2OY9351FRBO717MIULOKMYA9E.pcm
SwiftExplicitDependencyGeneratePcm arm64 /Users/admin/builder/spi-builder-workspace/.derivedData/SDKExplicitPrecompiledModules/CoreTransferable-84B3V3M9DHRIQERK179SSQO5U.pcm
SwiftExplicitDependencyGeneratePcm arm64 /Users/admin/builder/spi-builder-workspace/.derivedData/SDKExplicitPrecompiledModules/OSLog-1UX1YGRJSIOEO9YC3MNFFD818.pcm
SwiftExplicitDependencyGeneratePcm arm64 /Users/admin/builder/spi-builder-workspace/.derivedData/SDKExplicitPrecompiledModules/Symbols-9TNA7JIKOEYVTYC7A16HCS4Z8.pcm
SwiftExplicitDependencyGeneratePcm arm64 /Users/admin/builder/spi-builder-workspace/.derivedData/SDKExplicitPrecompiledModules/CoreMIDI-B30Z2AL3XECIIRY4VF47O5AZP.pcm
SwiftExplicitDependencyGeneratePcm arm64 /Users/admin/builder/spi-builder-workspace/.derivedData/SDKExplicitPrecompiledModules/UserNotifications-AKH3GC0FQWUK55FNTW4WEMFQE.pcm
SwiftExplicitDependencyGeneratePcm arm64 /Users/admin/builder/spi-builder-workspace/.derivedData/SDKExplicitPrecompiledModules/DataDetection-9IX0C1MAX33MS6TCZDSNKXEO8.pcm
SwiftExplicitDependencyGeneratePcm arm64 /Users/admin/builder/spi-builder-workspace/.derivedData/SDKExplicitPrecompiledModules/IOSurface-DEQULTJ8SC21O986FDCNTM8FX.pcm
SwiftExplicitDependencyGeneratePcm arm64 /Users/admin/builder/spi-builder-workspace/.derivedData/SDKExplicitPrecompiledModules/AVRouting-1D04U5TBLVBV1SGX0SZE8SJLX.pcm
SwiftExplicitDependencyGeneratePcm arm64 /Users/admin/builder/spi-builder-workspace/.derivedData/SDKExplicitPrecompiledModules/CoreData-3R0N6HKKQMVS32U7KOKR14383.pcm
SwiftExplicitDependencyGeneratePcm arm64 /Users/admin/builder/spi-builder-workspace/.derivedData/SDKExplicitPrecompiledModules/CoreLocation-6939X9DMB2SA43P0TYB7Z14Z5.pcm
SwiftExplicitDependencyGeneratePcm arm64 /Users/admin/builder/spi-builder-workspace/.derivedData/SDKExplicitPrecompiledModules/Accessibility-EAPB6A95K5V0S27QNKR6ATG7F.pcm
SwiftExplicitDependencyGeneratePcm arm64 /Users/admin/builder/spi-builder-workspace/.derivedData/SDKExplicitPrecompiledModules/AudioToolbox-9V31DICOPA27I0F5R9SY4TSML.pcm
SwiftExplicitDependencyGeneratePcm arm64 /Users/admin/builder/spi-builder-workspace/.derivedData/SDKExplicitPrecompiledModules/OpenGLES-6Y33D4DDPO1R82EJXT1SIGNPS.pcm
SwiftExplicitDependencyGeneratePcm arm64 /Users/admin/builder/spi-builder-workspace/.derivedData/SDKExplicitPrecompiledModules/Metal-52GB3RCZ6A2WEZ7RWCXV2WL0N.pcm
SwiftExplicitDependencyGeneratePcm arm64 /Users/admin/builder/spi-builder-workspace/.derivedData/SDKExplicitPrecompiledModules/CloudKit-44VT130VGD582GUHMKNMJIDC4.pcm
SwiftExplicitDependencyCompileModuleFromInterface arm64 /Users/admin/builder/spi-builder-workspace/.derivedData/SDKExplicitPrecompiledModules/RealityCoreDeformation-EKKS7CU9JU0E.swiftmodule
SwiftExplicitDependencyGeneratePcm arm64 /Users/admin/builder/spi-builder-workspace/.derivedData/SDKExplicitPrecompiledModules/CoreVideo-5G4VAY32QMJB00PUALI6188LK.pcm
SwiftExplicitDependencyCompileModuleFromInterface arm64 /Users/admin/builder/spi-builder-workspace/.derivedData/SDKExplicitPrecompiledModules/RealityCoreTextureProcessing-3SG8NN1TX1Q5T.swiftmodule
SwiftExplicitDependencyCompileModuleFromInterface arm64 /Users/admin/builder/spi-builder-workspace/.derivedData/SDKExplicitPrecompiledModules/ShaderGraph-2RJI5PF6XHGWX.swiftmodule
SwiftExplicitDependencyGeneratePcm arm64 /Users/admin/builder/spi-builder-workspace/.derivedData/SDKExplicitPrecompiledModules/QuartzCore-DSNZZA81DYNK4OK1ANRR6HM7G.pcm
SwiftExplicitDependencyGeneratePcm arm64 /Users/admin/builder/spi-builder-workspace/.derivedData/SDKExplicitPrecompiledModules/CoreMedia-43BPYBY7ZACBDCUTAJXJFLTBP.pcm
SwiftExplicitDependencyGeneratePcm arm64 /Users/admin/builder/spi-builder-workspace/.derivedData/SDKExplicitPrecompiledModules/CoreImage-ATUQ374FIDJPA1DF5BLR644CG.pcm
SwiftExplicitDependencyGeneratePcm arm64 /Users/admin/builder/spi-builder-workspace/.derivedData/SDKExplicitPrecompiledModules/SwiftUICore-7SJQ9GB90ACGZV5NB09LFJIRX.pcm
SwiftExplicitDependencyGeneratePcm arm64 /Users/admin/builder/spi-builder-workspace/.derivedData/SDKExplicitPrecompiledModules/UIKit-42T2ZGON9LDZUXRIAUKELQ554.pcm
SwiftExplicitDependencyGeneratePcm arm64 /Users/admin/builder/spi-builder-workspace/.derivedData/SDKExplicitPrecompiledModules/AVFAudio-8NW4NDEP5052P5EQPU4CJYSUE.pcm
SwiftExplicitDependencyGeneratePcm arm64 /Users/admin/builder/spi-builder-workspace/.derivedData/SDKExplicitPrecompiledModules/MediaToolbox-BE3KU6HBZSJI7WDP3WV3ZD4H.pcm
SwiftExplicitDependencyGeneratePcm arm64 /Users/admin/builder/spi-builder-workspace/.derivedData/SDKExplicitPrecompiledModules/VideoToolbox-6AXV5B7IB0FN5DXUTUG5ITQEA.pcm
SwiftExplicitDependencyCompileModuleFromInterface arm64 /Users/admin/builder/spi-builder-workspace/.derivedData/SDKExplicitPrecompiledModules/RealityCoreRenderer-3SBOP64S8Z6MO.swiftmodule
SwiftExplicitDependencyGeneratePcm arm64 /Users/admin/builder/spi-builder-workspace/.derivedData/SDKExplicitPrecompiledModules/AVFoundation-EIWJ6PBPOZ2W1SBMRDTGJLC8P.pcm
SwiftExplicitDependencyGeneratePcm arm64 /Users/admin/builder/spi-builder-workspace/.derivedData/SDKExplicitPrecompiledModules/SwiftUI-B634212FU5XQXG1OEBY2WYYH3.pcm
SwiftExplicitDependencyGeneratePcm arm64 /Users/admin/builder/spi-builder-workspace/.derivedData/SDKExplicitPrecompiledModules/GameController-85BV0613965JLRGMUHUK2NCZN.pcm
SwiftExplicitDependencyGeneratePcm arm64 /Users/admin/builder/spi-builder-workspace/.derivedData/SDKExplicitPrecompiledModules/MultipeerConnectivity-SSTHXEPZO0CKZ0VJ85I4GH3K.pcm
SwiftCompile normal arm64 Compiling\ ProductionProgram.swift,\ LogicElements.swift,\ ModifierElements.swift /Users/admin/builder/spi-builder-workspace/Sources/IndustrialKit/Programs/ProductionProgram.swift /Users/admin/builder/spi-builder-workspace/Sources/IndustrialKit/Programs/ProductionProgramElements/LogicElements.swift /Users/admin/builder/spi-builder-workspace/Sources/IndustrialKit/Programs/ProductionProgramElements/ModifierElements.swift (in target 'IndustrialKit' from project 'IndustrialKit')
SwiftCompile normal arm64 /Users/admin/builder/spi-builder-workspace/Sources/IndustrialKit/Programs/ProductionProgram.swift (in target 'IndustrialKit' from project 'IndustrialKit')
cd /Users/admin/builder/spi-builder-workspace/.swiftpm/xcode
builtin-SwiftPerFileCompile ProductionProgram.swift
SwiftCompile normal arm64 /Users/admin/builder/spi-builder-workspace/Sources/IndustrialKit/Programs/ProductionProgramElements/LogicElements.swift (in target 'IndustrialKit' from project 'IndustrialKit')
cd /Users/admin/builder/spi-builder-workspace/.swiftpm/xcode
builtin-SwiftPerFileCompile LogicElements.swift
SwiftCompile normal arm64 /Users/admin/builder/spi-builder-workspace/Sources/IndustrialKit/Programs/ProductionProgramElements/ModifierElements.swift (in target 'IndustrialKit' from project 'IndustrialKit')
cd /Users/admin/builder/spi-builder-workspace/.swiftpm/xcode
builtin-SwiftPerFileCompile ModifierElements.swift
SwiftCompile normal arm64 Compiling\ PerformerElements.swift,\ ProductionProgramElement.swift,\ Workspace.swift /Users/admin/builder/spi-builder-workspace/Sources/IndustrialKit/Programs/ProductionProgramElements/PerformerElements.swift /Users/admin/builder/spi-builder-workspace/Sources/IndustrialKit/Programs/ProductionProgramElements/ProductionProgramElement.swift /Users/admin/builder/spi-builder-workspace/Sources/IndustrialKit/Workspace.swift (in target 'IndustrialKit' from project 'IndustrialKit')
/Users/admin/builder/spi-builder-workspace/Sources/IndustrialKit/Programs/ProductionProgramElements/ProductionProgramElement.swift:87:13: warning: initialization of immutable value 'container' was never used; consider replacing with assignment to '_' or removing it [#NoUsage]
85 | public required init(from decoder: Decoder) throws
86 | {
87 | let container = try decoder.container(keyedBy: CodingKeys.self)
| `- warning: initialization of immutable value 'container' was never used; consider replacing with assignment to '_' or removing it [#NoUsage]
88 | }
89 |
/Users/admin/builder/spi-builder-workspace/Sources/IndustrialKit/Programs/ProductionProgramElements/ProductionProgramElement.swift:92:13: warning: initialization of variable 'container' was never used; consider replacing with assignment to '_' or removing it [#NoUsage]
90 | public func encode(to encoder: Encoder) throws
91 | {
92 | var container = encoder.container(keyedBy: CodingKeys.self)
| `- warning: initialization of variable 'container' was never used; consider replacing with assignment to '_' or removing it [#NoUsage]
93 | }
94 | }
/Users/admin/builder/spi-builder-workspace/Sources/IndustrialKit/Workspace.swift:1673:32: error: cannot find type 'RealityViewContent' in scope
1671 | private var scene_content: RealityViewCameraContent?
1672 | #else
1673 | private var scene_content: RealityViewContent?
| `- error: cannot find type 'RealityViewContent' in scope
1674 | #endif
1675 |
/Users/admin/builder/spi-builder-workspace/Sources/IndustrialKit/Workspace.swift:1782:21: error: cannot find type 'RealityViewContent' in scope
1780 | #else
1781 | public func place_entity(
1782 | in content: RealityViewContent,
| `- error: cannot find type 'RealityViewContent' in scope
1783 | completion: @escaping () -> () = {}
1784 | )
/Users/admin/builder/spi-builder-workspace/Sources/IndustrialKit/Workspace.swift:1845:45: error: cannot find type 'RealityViewContent' in scope
1843 | }
1844 | #else
1845 | public func remove_entity(from content: RealityViewContent)
| `- error: cannot find type 'RealityViewContent' in scope
1846 | {
1847 | content.remove(workspace_entity)
/Users/admin/builder/spi-builder-workspace/Sources/IndustrialKit/Workspace.swift:2385:36: error: 'EntityTargetValue' is unavailable in tvOS
2383 | /// - Part selection
2384 | /// - Nested tool-in-robot detection
2385 | public func process_tap(value: EntityTargetValue<TapGesture.Value>)
| `- error: 'EntityTargetValue' is unavailable in tvOS
2386 | {
2387 | var entity: Entity? = value.entity
_RealityKit_SwiftUI.EntityTargetValue:4:36: note: 'EntityTargetValue' has been explicitly marked unavailable here
2 | @available(watchOS, unavailable)
3 | @available(tvOS, unavailable)
4 | @dynamicMemberLookup public struct EntityTargetValue<Value> {
| `- note: 'EntityTargetValue' has been explicitly marked unavailable here
5 | public var gestureValue: Value
6 | public var entity: Entity
/Users/admin/builder/spi-builder-workspace/Sources/IndustrialKit/Workspace.swift:137:18: warning: immutable value 'part' was never used; consider replacing with '_' or removing it [#NoUsage]
135 | case let tool as Tool:
136 | tool.deselect_program() // Deselect program
137 | case let part as Part:
| `- warning: immutable value 'part' was never used; consider replacing with '_' or removing it [#NoUsage]
138 | break
139 | default:
/Users/admin/builder/spi-builder-workspace/Sources/IndustrialKit/Workspace.swift:383:39: warning: immutable value 'error' was never used; consider replacing with '_' or removing it [#NoUsage]
381 | case .success:
382 | self.performing_state = .completed
383 | case .failure(let error):
| `- warning: immutable value 'error' was never used; consider replacing with '_' or removing it [#NoUsage]
384 | self.performing_state = .error
385 | }
SwiftCompile normal arm64 /Users/admin/builder/spi-builder-workspace/Sources/IndustrialKit/Programs/ProductionProgramElements/PerformerElements.swift (in target 'IndustrialKit' from project 'IndustrialKit')
cd /Users/admin/builder/spi-builder-workspace/.swiftpm/xcode
builtin-SwiftPerFileCompile PerformerElements.swift
SwiftCompile normal arm64 /Users/admin/builder/spi-builder-workspace/Sources/IndustrialKit/Programs/ProductionProgramElements/ProductionProgramElement.swift (in target 'IndustrialKit' from project 'IndustrialKit')
cd /Users/admin/builder/spi-builder-workspace/.swiftpm/xcode
builtin-SwiftPerFileCompile ProductionProgramElement.swift
SwiftCompile normal arm64 /Users/admin/builder/spi-builder-workspace/Sources/IndustrialKit/Workspace.swift (in target 'IndustrialKit' from project 'IndustrialKit')
cd /Users/admin/builder/spi-builder-workspace/.swiftpm/xcode
builtin-SwiftPerFileCompile Workspace.swift
SwiftEmitModule normal arm64 Emitting\ module\ for\ IndustrialKit (in target 'IndustrialKit' from project 'IndustrialKit')
/Users/admin/builder/spi-builder-workspace/Sources/IndustrialKit/ProductionObjects/ProductionObject.swift:329:21: error: cannot find type 'RealityViewContent' in scope
327 | #else
328 | public func place_entity(
329 | in content: RealityViewContent,
| `- error: cannot find type 'RealityViewContent' in scope
330 | applying_position: Bool = false
331 | )
/Users/admin/builder/spi-builder-workspace/Sources/IndustrialKit/Workspace.swift:1673:32: error: cannot find type 'RealityViewContent' in scope
1671 | private var scene_content: RealityViewCameraContent?
1672 | #else
1673 | private var scene_content: RealityViewContent?
| `- error: cannot find type 'RealityViewContent' in scope
1674 | #endif
1675 |
/Users/admin/builder/spi-builder-workspace/Sources/IndustrialKit/Workspace.swift:1782:21: error: cannot find type 'RealityViewContent' in scope
1780 | #else
1781 | public func place_entity(
1782 | in content: RealityViewContent,
| `- error: cannot find type 'RealityViewContent' in scope
1783 | completion: @escaping () -> () = {}
1784 | )
/Users/admin/builder/spi-builder-workspace/Sources/IndustrialKit/Workspace.swift:1845:45: error: cannot find type 'RealityViewContent' in scope
1843 | }
1844 | #else
1845 | public func remove_entity(from content: RealityViewContent)
| `- error: cannot find type 'RealityViewContent' in scope
1846 | {
1847 | content.remove(workspace_entity)
/Users/admin/builder/spi-builder-workspace/Sources/IndustrialKit/Workspace.swift:2385:36: error: 'EntityTargetValue' is unavailable in tvOS
2383 | /// - Part selection
2384 | /// - Nested tool-in-robot detection
2385 | public func process_tap(value: EntityTargetValue<TapGesture.Value>)
| `- error: 'EntityTargetValue' is unavailable in tvOS
2386 | {
2387 | var entity: Entity? = value.entity
_RealityKit_SwiftUI.EntityTargetValue:4:36: note: 'EntityTargetValue' has been explicitly marked unavailable here
2 | @available(watchOS, unavailable)
3 | @available(tvOS, unavailable)
4 | @dynamicMemberLookup public struct EntityTargetValue<Value> {
| `- note: 'EntityTargetValue' has been explicitly marked unavailable here
5 | public var gestureValue: Value
6 | public var entity: Entity
Failed frontend command:
/Applications/Xcode-27.0.0-Release.Candidate.app/Contents/Developer/Toolchains/XcodeDefault.xctoolchain/usr/bin/swift-frontend -frontend -emit-module -experimental-skip-non-inlinable-function-bodies-without-types /Users/admin/builder/spi-builder-workspace/Sources/IndustrialKit/Connectors/ProductionObjectConnector.swift /Users/admin/builder/spi-builder-workspace/Sources/IndustrialKit/Connectors/RobotConnector.swift /Users/admin/builder/spi-builder-workspace/Sources/IndustrialKit/Connectors/ToolConnector.swift /Users/admin/builder/spi-builder-workspace/Sources/IndustrialKit/Extensions.swift /Users/admin/builder/spi-builder-workspace/Sources/IndustrialKit/Functions.swift /Users/admin/builder/spi-builder-workspace/Sources/IndustrialKit/JSEnvironment.swift /Users/admin/builder/spi-builder-workspace/Sources/IndustrialKit/ModelControllers/ModelController.swift /Users/admin/builder/spi-builder-workspace/Sources/IndustrialKit/ModelControllers/RobotModelController.swift /Users/admin/builder/spi-builder-workspace/Sources/IndustrialKit/ModelControllers/ToolModelController.swift /Users/admin/builder/spi-builder-workspace/Sources/IndustrialKit/OutputState/DeviceOutputData.swift /Users/admin/builder/spi-builder-workspace/Sources/IndustrialKit/OutputState/StateChart.swift /Users/admin/builder/spi-builder-workspace/Sources/IndustrialKit/OutputState/StateItem.swift /Users/admin/builder/spi-builder-workspace/Sources/IndustrialKit/PhysicsBodyData.swift /Users/admin/builder/spi-builder-workspace/Sources/IndustrialKit/ProductionObjects/Modules/ChangerModule.swift /Users/admin/builder/spi-builder-workspace/Sources/IndustrialKit/ProductionObjects/Modules/IndustrialModule.swift /Users/admin/builder/spi-builder-workspace/Sources/IndustrialKit/ProductionObjects/Modules/PartModule.swift /Users/admin/builder/spi-builder-workspace/Sources/IndustrialKit/ProductionObjects/Modules/RobotModule.swift /Users/admin/builder/spi-builder-workspace/Sources/IndustrialKit/ProductionObjects/Modules/ToolModule.swift /Users/admin/builder/spi-builder-workspace/Sources/IndustrialKit/ProductionObjects/Part.swift /Users/admin/builder/spi-builder-workspace/Sources/IndustrialKit/ProductionObjects/ProductionObject.swift /Users/admin/builder/spi-builder-workspace/Sources/IndustrialKit/ProductionObjects/Robot.swift /Users/admin/builder/spi-builder-workspace/Sources/IndustrialKit/ProductionObjects/Tool.swift /Users/admin/builder/spi-builder-workspace/Sources/IndustrialKit/Programs/OperationCode.swift /Users/admin/builder/spi-builder-workspace/Sources/IndustrialKit/Programs/OperationProgram.swift /Users/admin/builder/spi-builder-workspace/Sources/IndustrialKit/Programs/PositionPoint.swift /Users/admin/builder/spi-builder-workspace/Sources/IndustrialKit/Programs/PositionProgram.swift /Users/admin/builder/spi-builder-workspace/Sources/IndustrialKit/Programs/ProductionProgram.swift /Users/admin/builder/spi-builder-workspace/Sources/IndustrialKit/Programs/ProductionProgramElements/LogicElements.swift /Users/admin/builder/spi-builder-workspace/Sources/IndustrialKit/Programs/ProductionProgramElements/ModifierElements.swift /Users/admin/builder/spi-builder-workspace/Sources/IndustrialKit/Programs/ProductionProgramElements/PerformerElements.swift /Users/admin/builder/spi-builder-workspace/Sources/IndustrialKit/Programs/ProductionProgramElements/ProductionProgramElement.swift /Users/admin/builder/spi-builder-workspace/Sources/IndustrialKit/Workspace.swift -target arm64-apple-tvos26.0 -module-can-import-version RealityKit 453.3.1 0 -disable-cross-import-overlay-search -swift-module-cross-import RealityKit /Applications/Xcode-27.0.0-Release.Candidate.app/Contents/Developer/Platforms/AppleTVOS.platform/Developer/SDKs/AppleTVOS27.0.sdk/System/Library/Frameworks/RealityKit.framework/Modules/RealityKit.swiftcrossimport/ComputeGraph.swiftoverlay -swift-module-cross-import RealityKit /Applications/Xcode-27.0.0-Release.Candidate.app/Contents/Developer/Platforms/AppleTVOS.platform/Developer/SDKs/AppleTVOS27.0.sdk/System/Library/Frameworks/RealityKit.framework/Modules/RealityKit.swiftcrossimport/SwiftUI.swiftoverlay -load-resolved-plugin /Applications/Xcode-27.0.0-Release.Candidate.app/Contents/Developer/Platforms/AppleTVOS.platform/Developer/usr/lib/swift/host/plugins/libFoundationMacros.dylib\#/Applications/Xcode-27.0.0-Release.Candidate.app/Contents/Developer/Platforms/AppleTVOS.platform/Developer/usr/bin/swift-plugin-server\#FoundationMacros -load-resolved-plugin /Applications/Xcode-27.0.0-Release.Candidate.app/Contents/Developer/Platforms/AppleTVOS.platform/Developer/usr/lib/swift/host/plugins/libObservationMacros.dylib\#/Applications/Xcode-27.0.0-Release.Candidate.app/Contents/Developer/Platforms/AppleTVOS.platform/Developer/usr/bin/swift-plugin-server\#ObservationMacros -load-resolved-plugin /Applications/Xcode-27.0.0-Release.Candidate.app/Contents/Developer/Platforms/AppleTVOS.platform/Developer/usr/lib/swift/host/plugins/libPreviewsMacros.dylib\#/Applications/Xcode-27.0.0-Release.Candidate.app/Contents/Developer/Platforms/AppleTVOS.platform/Developer/usr/bin/swift-plugin-server\#PreviewsMacros -load-resolved-plugin /Applications/Xcode-27.0.0-Release.Candidate.app/Contents/Developer/Platforms/AppleTVOS.platform/Developer/usr/lib/swift/host/plugins/libSwiftMacros.dylib\#/Applications/Xcode-27.0.0-Release.Candidate.app/Contents/Developer/Platforms/AppleTVOS.platform/Developer/usr/bin/swift-plugin-server\#SwiftMacros -load-resolved-plugin /Applications/Xcode-27.0.0-Release.Candidate.app/Contents/Developer/Platforms/AppleTVOS.platform/Developer/usr/lib/swift/host/plugins/libSwiftUIMacros.dylib\#/Applications/Xcode-27.0.0-Release.Candidate.app/Contents/Developer/Platforms/AppleTVOS.platform/Developer/usr/bin/swift-plugin-server\#SwiftUIMacros -disable-implicit-swift-modules -Xcc -fno-implicit-modules -Xcc -fno-implicit-module-maps -explicit-swift-module-map-file /Users/admin/builder/spi-builder-workspace/.derivedData/Build/Intermediates.noindex/IndustrialKit.build/Debug-appletvos/IndustrialKit-t.build/Objects-normal/arm64/IndustrialKit-dependencies-1.json -Xllvm -aarch64-use-tbi -enable-objc-interop -stack-check -sdk /Applications/Xcode-27.0.0-Release.Candidate.app/Contents/Developer/Platforms/AppleTVOS.platform/Developer/SDKs/AppleTVOS27.0.sdk -I /Users/admin/builder/spi-builder-workspace/.derivedData/Build/Products/Debug-appletvos -Isystem /Applications/Xcode-27.0.0-Release.Candidate.app/Contents/Developer/Platforms/AppleTVOS.platform/Developer/usr/lib -F /Users/admin/builder/spi-builder-workspace/.derivedData/Build/Products/Debug-appletvos -F /Applications/Xcode-27.0.0-Release.Candidate.app/Contents/Developer/Platforms/AppleTVOS.platform/Developer/Library/Frameworks -F /Applications/Xcode-27.0.0-Release.Candidate.app/Contents/Developer/Platforms/AppleTVOS.platform/Developer/SDKs/AppleTVOS27.0.sdk/Developer/Library/Frameworks -module-cache-path /Users/admin/builder/spi-builder-workspace/.derivedData/Build/Intermediates.noindex/SwiftExplicitPrecompiledModules -no-color-diagnostics -Xcc -fno-color-diagnostics -enable-testing -g -debug-info-format\=dwarf -dwarf-version\=5 -profile-generate -profile-coverage-mapping -swift-version 6 -Onone -D SWIFT_PACKAGE -D DEBUG -D SWIFT_MODULE_RESOURCE_BUNDLE_UNAVAILABLE -D Xcode -serialize-debugging-options -enable-experimental-feature DebugDescriptionMacro -empty-abi-descriptor -validate-clang-modules-once -clang-build-session-file /Users/admin/builder/spi-builder-workspace/.derivedData/ModuleCache.noindex/Session.modulevalidation -Xcc -working-directory -Xcc /Users/admin/builder/spi-builder-workspace/.swiftpm/xcode -enable-anonymous-context-mangled-names -file-compilation-dir /Users/admin/builder/spi-builder-workspace/.swiftpm/xcode -Xcc -D_LIBCPP_HARDENING_MODE\=_LIBCPP_HARDENING_MODE_DEBUG -Xcc -ivfsstatcache -Xcc /Users/admin/builder/spi-builder-workspace/.derivedData/SDKStatCaches.noindex/appletvos27.0-24J360-e829b21a6f8c9b70876ba0858053c044b32bfd8d43560033f8d89884cdb90028.sdkstatcache -Xcc -fmodules-prune-interval\=86400 -Xcc -fmodules-prune-after\=345600 -Xcc -I/Users/admin/builder/spi-builder-workspace/.derivedData/Build/Products/Debug-appletvos/include -Xcc -I/Users/admin/builder/spi-builder-workspace/.derivedData/Build/Intermediates.noindex/IndustrialKit.build/Debug-appletvos/IndustrialKit-t.build/DerivedSources-normal/arm64 -Xcc -I/Users/admin/builder/spi-builder-workspace/.derivedData/Build/Intermediates.noindex/IndustrialKit.build/Debug-appletvos/IndustrialKit-t.build/DerivedSources/arm64 -Xcc -I/Users/admin/builder/spi-builder-workspace/.derivedData/Build/Intermediates.noindex/IndustrialKit.build/Debug-appletvos/IndustrialKit-t.build/DerivedSources -Xcc -DSWIFT_PACKAGE -Xcc -DDEBUG\=1 -no-auto-bridging-header-chaining -module-name IndustrialKit -package-name spi_builder_workspace -const-gather-protocols-file /Users/admin/builder/spi-builder-workspace/.derivedData/Build/Intermediates.noindex/IndustrialKit.build/Debug-appletvos/IndustrialKit-t.build/Objects-normal/arm64/IndustrialKit_const_extract_protocols.json -disable-clang-spi -clang-target arm64-apple-tvos27.0 -target-sdk-version 27.0 -target-sdk-name appletvos27.0 -in-process-plugin-server-path /Applications/Xcode-27.0.0-Release.Candidate.app/Contents/Developer/Toolchains/XcodeDefault.xctoolchain/usr/lib/swift/host/libSwiftInProcPluginServer.dylib -emit-module-doc-path /Users/admin/builder/spi-builder-workspace/.derivedData/Build/Intermediates.noindex/IndustrialKit.build/Debug-appletvos/IndustrialKit-t.build/Objects-normal/arm64/IndustrialKit.swiftdoc -emit-module-source-info-path /Users/admin/builder/spi-builder-workspace/.derivedData/Build/Intermediates.noindex/IndustrialKit.build/Debug-appletvos/IndustrialKit-t.build/Objects-normal/arm64/IndustrialKit.swiftsourceinfo -emit-objc-header-path /Users/admin/builder/spi-builder-workspace/.derivedData/Build/Intermediates.noindex/IndustrialKit.build/Debug-appletvos/IndustrialKit-t.build/Objects-normal/arm64/IndustrialKit-Swift.h -serialize-diagnostics-path /Users/admin/builder/spi-builder-workspace/.derivedData/Build/Intermediates.noindex/IndustrialKit.build/Debug-appletvos/IndustrialKit-t.build/Objects-normal/arm64/IndustrialKit-primary-emit-module.dia -emit-dependencies-path /Users/admin/builder/spi-builder-workspace/.derivedData/Build/Intermediates.noindex/IndustrialKit.build/Debug-appletvos/IndustrialKit-t.build/Objects-normal/arm64/IndustrialKit-primary-emit-module.d -parse-as-library -o /Users/admin/builder/spi-builder-workspace/.derivedData/Build/Intermediates.noindex/IndustrialKit.build/Debug-appletvos/IndustrialKit-t.build/Objects-normal/arm64/IndustrialKit.swiftmodule -emit-abi-descriptor-path /Users/admin/builder/spi-builder-workspace/.derivedData/Build/Intermediates.noindex/IndustrialKit.build/Debug-appletvos/IndustrialKit-t.build/Objects-normal/arm64/IndustrialKit.abi.json
SwiftCompile normal arm64 (in target 'IndustrialKit' from project 'IndustrialKit')
cd /Users/admin/builder/spi-builder-workspace/.swiftpm/xcode
SwiftCompile normal arm64 Compiling\ ToolModule.swift,\ Part.swift,\ ProductionObject.swift /Users/admin/builder/spi-builder-workspace/Sources/IndustrialKit/ProductionObjects/Modules/ToolModule.swift /Users/admin/builder/spi-builder-workspace/Sources/IndustrialKit/ProductionObjects/Part.swift /Users/admin/builder/spi-builder-workspace/Sources/IndustrialKit/ProductionObjects/ProductionObject.swift (in target 'IndustrialKit' from project 'IndustrialKit')
SwiftCompile normal arm64 /Users/admin/builder/spi-builder-workspace/Sources/IndustrialKit/ProductionObjects/Modules/ToolModule.swift (in target 'IndustrialKit' from project 'IndustrialKit')
cd /Users/admin/builder/spi-builder-workspace/.swiftpm/xcode
builtin-SwiftPerFileCompile ToolModule.swift
SwiftCompile normal arm64 /Users/admin/builder/spi-builder-workspace/Sources/IndustrialKit/ProductionObjects/Part.swift (in target 'IndustrialKit' from project 'IndustrialKit')
cd /Users/admin/builder/spi-builder-workspace/.swiftpm/xcode
builtin-SwiftPerFileCompile Part.swift
SwiftCompile normal arm64 /Users/admin/builder/spi-builder-workspace/Sources/IndustrialKit/ProductionObjects/ProductionObject.swift (in target 'IndustrialKit' from project 'IndustrialKit')
cd /Users/admin/builder/spi-builder-workspace/.swiftpm/xcode
builtin-SwiftPerFileCompile ProductionObject.swift
/Users/admin/builder/spi-builder-workspace/Sources/IndustrialKit/ProductionObjects/Part.swift:128:9: warning: unstructured throwing task created by 'init(name:priority:operation:)' is not used, which may accidentally ignore errors thrown inside the task [#NoUseUnstructuredThrowingTask]
126 | module_name = module.name
127 |
128 | Task
| |- warning: unstructured throwing task created by 'init(name:priority:operation:)' is not used, which may accidentally ignore errors thrown inside the task [#NoUseUnstructuredThrowingTask]
| `- note: to silence this warning, handle the error inside the task, or store/discard the task value explicitly
129 | {
130 | while module.entity == nil
SwiftCompile normal arm64 Compiling\ Robot.swift,\ Tool.swift,\ OperationCode.swift /Users/admin/builder/spi-builder-workspace/Sources/IndustrialKit/ProductionObjects/Robot.swift /Users/admin/builder/spi-builder-workspace/Sources/IndustrialKit/ProductionObjects/Tool.swift /Users/admin/builder/spi-builder-workspace/Sources/IndustrialKit/Programs/OperationCode.swift (in target 'IndustrialKit' from project 'IndustrialKit')
/Users/admin/builder/spi-builder-workspace/Sources/IndustrialKit/ProductionObjects/Robot.swift:230:9: warning: unstructured throwing task created by 'init(name:priority:operation:)' is not used, which may accidentally ignore errors thrown inside the task [#NoUseUnstructuredThrowingTask]
228 | module_name = module.name
229 |
230 | Task
| |- warning: unstructured throwing task created by 'init(name:priority:operation:)' is not used, which may accidentally ignore errors thrown inside the task [#NoUseUnstructuredThrowingTask]
| `- note: to silence this warning, handle the error inside the task, or store/discard the task value explicitly
231 | {
232 | while module.entity == nil
/Users/admin/builder/spi-builder-workspace/Sources/IndustrialKit/ProductionObjects/Tool.swift:177:9: warning: unstructured throwing task created by 'init(name:priority:operation:)' is not used, which may accidentally ignore errors thrown inside the task [#NoUseUnstructuredThrowingTask]
175 | module_name = module.name
176 |
177 | Task
| |- warning: unstructured throwing task created by 'init(name:priority:operation:)' is not used, which may accidentally ignore errors thrown inside the task [#NoUseUnstructuredThrowingTask]
| `- note: to silence this warning, handle the error inside the task, or store/discard the task value explicitly
178 | {
179 | while module.entity == nil
SwiftCompile normal arm64 /Users/admin/builder/spi-builder-workspace/Sources/IndustrialKit/ProductionObjects/Robot.swift (in target 'IndustrialKit' from project 'IndustrialKit')
cd /Users/admin/builder/spi-builder-workspace/.swiftpm/xcode
builtin-SwiftPerFileCompile Robot.swift
SwiftCompile normal arm64 /Users/admin/builder/spi-builder-workspace/Sources/IndustrialKit/ProductionObjects/Tool.swift (in target 'IndustrialKit' from project 'IndustrialKit')
cd /Users/admin/builder/spi-builder-workspace/.swiftpm/xcode
builtin-SwiftPerFileCompile Tool.swift
SwiftCompile normal arm64 /Users/admin/builder/spi-builder-workspace/Sources/IndustrialKit/Programs/OperationCode.swift (in target 'IndustrialKit' from project 'IndustrialKit')
cd /Users/admin/builder/spi-builder-workspace/.swiftpm/xcode
builtin-SwiftPerFileCompile OperationCode.swift
SwiftCompile normal arm64 Compiling\ Functions.swift,\ JSEnvironment.swift,\ ModelController.swift,\ RobotModelController.swift /Users/admin/builder/spi-builder-workspace/Sources/IndustrialKit/Functions.swift /Users/admin/builder/spi-builder-workspace/Sources/IndustrialKit/JSEnvironment.swift /Users/admin/builder/spi-builder-workspace/Sources/IndustrialKit/ModelControllers/ModelController.swift /Users/admin/builder/spi-builder-workspace/Sources/IndustrialKit/ModelControllers/RobotModelController.swift (in target 'IndustrialKit' from project 'IndustrialKit')
/Users/admin/builder/spi-builder-workspace/Sources/IndustrialKit/ModelControllers/ModelController.swift:72:42: warning: call to main actor-isolated instance method 'child_entity(withName:recursively:)' in a synchronous nonisolated context [#ActorIsolatedCall]
64 | ///
65 | /// - Parameter entity: A root entity of the workspace object model.
66 | open func connect_entities(of entity: Entity)
| `- note: add '@MainActor' to make instance method 'connect_entities(of:)' part of global actor 'MainActor'
67 | {
68 | entities.removeAll()
:
70 | for entity_name in entity_names
71 | {
72 | if let found_entity = entity.child_entity(withName: entity_name, recursively: true)
| `- warning: call to main actor-isolated instance method 'child_entity(withName:recursively:)' in a synchronous nonisolated context [#ActorIsolatedCall]
73 | {
74 | entities[entity_name] = found_entity
/Users/admin/builder/spi-builder-workspace/Sources/IndustrialKit/Extensions.swift:311:10: note: calls to instance method 'child_entity(withName:recursively:)' from outside of its actor context are implicitly asynchronous
309 | public extension Entity
310 | {
311 | func child_entity(withName name: String, recursively: Bool) -> Entity?
| `- note: calls to instance method 'child_entity(withName:recursively:)' from outside of its actor context are implicitly asynchronous
312 | {
313 | for child in children
SwiftCompile normal arm64 /Users/admin/builder/spi-builder-workspace/Sources/IndustrialKit/Functions.swift (in target 'IndustrialKit' from project 'IndustrialKit')
cd /Users/admin/builder/spi-builder-workspace/.swiftpm/xcode
builtin-SwiftPerFileCompile Functions.swift
SwiftCompile normal arm64 /Users/admin/builder/spi-builder-workspace/Sources/IndustrialKit/JSEnvironment.swift (in target 'IndustrialKit' from project 'IndustrialKit')
cd /Users/admin/builder/spi-builder-workspace/.swiftpm/xcode
builtin-SwiftPerFileCompile JSEnvironment.swift
SwiftCompile normal arm64 /Users/admin/builder/spi-builder-workspace/Sources/IndustrialKit/ModelControllers/ModelController.swift (in target 'IndustrialKit' from project 'IndustrialKit')
cd /Users/admin/builder/spi-builder-workspace/.swiftpm/xcode
builtin-SwiftPerFileCompile ModelController.swift
SwiftCompile normal arm64 /Users/admin/builder/spi-builder-workspace/Sources/IndustrialKit/ModelControllers/RobotModelController.swift (in target 'IndustrialKit' from project 'IndustrialKit')
cd /Users/admin/builder/spi-builder-workspace/.swiftpm/xcode
builtin-SwiftPerFileCompile RobotModelController.swift
SwiftCompile normal arm64 Compiling\ StateItem.swift,\ PhysicsBodyData.swift,\ ChangerModule.swift /Users/admin/builder/spi-builder-workspace/Sources/IndustrialKit/OutputState/StateItem.swift /Users/admin/builder/spi-builder-workspace/Sources/IndustrialKit/PhysicsBodyData.swift /Users/admin/builder/spi-builder-workspace/Sources/IndustrialKit/ProductionObjects/Modules/ChangerModule.swift (in target 'IndustrialKit' from project 'IndustrialKit')
SwiftCompile normal arm64 /Users/admin/builder/spi-builder-workspace/Sources/IndustrialKit/OutputState/StateItem.swift (in target 'IndustrialKit' from project 'IndustrialKit')
cd /Users/admin/builder/spi-builder-workspace/.swiftpm/xcode
builtin-SwiftPerFileCompile StateItem.swift
SwiftCompile normal arm64 /Users/admin/builder/spi-builder-workspace/Sources/IndustrialKit/PhysicsBodyData.swift (in target 'IndustrialKit' from project 'IndustrialKit')
cd /Users/admin/builder/spi-builder-workspace/.swiftpm/xcode
builtin-SwiftPerFileCompile PhysicsBodyData.swift
SwiftCompile normal arm64 /Users/admin/builder/spi-builder-workspace/Sources/IndustrialKit/ProductionObjects/Modules/ChangerModule.swift (in target 'IndustrialKit' from project 'IndustrialKit')
cd /Users/admin/builder/spi-builder-workspace/.swiftpm/xcode
builtin-SwiftPerFileCompile ChangerModule.swift
SwiftCompile normal arm64 Compiling\ IndustrialModule.swift,\ PartModule.swift,\ RobotModule.swift /Users/admin/builder/spi-builder-workspace/Sources/IndustrialKit/ProductionObjects/Modules/IndustrialModule.swift /Users/admin/builder/spi-builder-workspace/Sources/IndustrialKit/ProductionObjects/Modules/PartModule.swift /Users/admin/builder/spi-builder-workspace/Sources/IndustrialKit/ProductionObjects/Modules/RobotModule.swift (in target 'IndustrialKit' from project 'IndustrialKit')
SwiftCompile normal arm64 /Users/admin/builder/spi-builder-workspace/Sources/IndustrialKit/ProductionObjects/Modules/IndustrialModule.swift (in target 'IndustrialKit' from project 'IndustrialKit')
cd /Users/admin/builder/spi-builder-workspace/.swiftpm/xcode
builtin-SwiftPerFileCompile IndustrialModule.swift
SwiftCompile normal arm64 /Users/admin/builder/spi-builder-workspace/Sources/IndustrialKit/ProductionObjects/Modules/PartModule.swift (in target 'IndustrialKit' from project 'IndustrialKit')
cd /Users/admin/builder/spi-builder-workspace/.swiftpm/xcode
builtin-SwiftPerFileCompile PartModule.swift
SwiftCompile normal arm64 /Users/admin/builder/spi-builder-workspace/Sources/IndustrialKit/ProductionObjects/Modules/RobotModule.swift (in target 'IndustrialKit' from project 'IndustrialKit')
cd /Users/admin/builder/spi-builder-workspace/.swiftpm/xcode
builtin-SwiftPerFileCompile RobotModule.swift
SwiftCompile normal arm64 Compiling\ ToolModelController.swift,\ DeviceOutputData.swift,\ StateChart.swift /Users/admin/builder/spi-builder-workspace/Sources/IndustrialKit/ModelControllers/ToolModelController.swift /Users/admin/builder/spi-builder-workspace/Sources/IndustrialKit/OutputState/DeviceOutputData.swift /Users/admin/builder/spi-builder-workspace/Sources/IndustrialKit/OutputState/StateChart.swift (in target 'IndustrialKit' from project 'IndustrialKit')
/Users/admin/builder/spi-builder-workspace/Sources/IndustrialKit/ModelControllers/ToolModelController.swift:133:54: warning: call to main actor-isolated static method 'generate(with:)' in a synchronous nonisolated context [#ActorIsolatedCall]
131 | do
132 | {
133 | let resource = try AnimationResource.generate(with: animation_view)
| `- warning: call to main actor-isolated static method 'generate(with:)' in a synchronous nonisolated context [#ActorIsolatedCall]
134 | if let entity = entities[data.entity_name]
135 | {
RealityKit.AnimationResource.generate:2:47: note: calls to static method 'generate(with:)' from outside of its actor context are implicitly asynchronous
1 | class AnimationResource {
2 | @MainActor @preconcurrency public static func generate(with definition: any AnimationDefinition) throws -> AnimationResource}
| `- note: calls to static method 'generate(with:)' from outside of its actor context are implicitly asynchronous
3 |
/Users/admin/builder/spi-builder-workspace/Sources/IndustrialKit/ModelControllers/ToolModelController.swift:139:32: warning: call to main actor-isolated instance method 'playAnimation(_:transitionDuration:blendLayerOffset:separateAnimatedValue:startsPaused:clock:)' in a synchronous nonisolated context [#ActorIsolatedCall]
137 | {
138 | case 1:
139 | entity.playAnimation(resource)
| `- warning: call to main actor-isolated instance method 'playAnimation(_:transitionDuration:blendLayerOffset:separateAnimatedValue:startsPaused:clock:)' in a synchronous nonisolated context [#ActorIsolatedCall]
140 | case 0:
141 | break
RealityKit.Entity.playAnimation:3:42: note: calls to instance method 'playAnimation(_:transitionDuration:blendLayerOffset:separateAnimatedValue:startsPaused:clock:)' from outside of its actor context are implicitly asynchronous
1 | class Entity {
2 | @discardableResult
3 | @MainActor @preconcurrency public func playAnimation(_ animation: AnimationResource, transitionDuration: TimeInterval = 0, blendLayerOffset: Int = 0, separateAnimatedValue: Bool = false, startsPaused: Bool = false, clock: CMClockOrTimebase? = nil) -> AnimationPlaybackController}
| `- note: calls to instance method 'playAnimation(_:transitionDuration:blendLayerOffset:separateAnimatedValue:startsPaused:clock:)' from outside of its actor context are implicitly asynchronous
4 |
/Users/admin/builder/spi-builder-workspace/Sources/IndustrialKit/ModelControllers/ToolModelController.swift:143:32: warning: call to main actor-isolated instance method 'playAnimation(_:transitionDuration:blendLayerOffset:separateAnimatedValue:startsPaused:clock:)' in a synchronous nonisolated context [#ActorIsolatedCall]
141 | break
142 | case nil:
143 | entity.playAnimation(resource.repeat(duration: .infinity))
| `- warning: call to main actor-isolated instance method 'playAnimation(_:transitionDuration:blendLayerOffset:separateAnimatedValue:startsPaused:clock:)' in a synchronous nonisolated context [#ActorIsolatedCall]
144 | default:
145 | if data.repeat_count ?? 1 > 0
RealityKit.Entity.playAnimation:3:42: note: calls to instance method 'playAnimation(_:transitionDuration:blendLayerOffset:separateAnimatedValue:startsPaused:clock:)' from outside of its actor context are implicitly asynchronous
1 | class Entity {
2 | @discardableResult
3 | @MainActor @preconcurrency public func playAnimation(_ animation: AnimationResource, transitionDuration: TimeInterval = 0, blendLayerOffset: Int = 0, separateAnimatedValue: Bool = false, startsPaused: Bool = false, clock: CMClockOrTimebase? = nil) -> AnimationPlaybackController}
| `- note: calls to instance method 'playAnimation(_:transitionDuration:blendLayerOffset:separateAnimatedValue:startsPaused:clock:)' from outside of its actor context are implicitly asynchronous
4 |
/Users/admin/builder/spi-builder-workspace/Sources/IndustrialKit/ModelControllers/ToolModelController.swift:143:55: warning: call to main actor-isolated instance method 'repeat(duration:)' in a synchronous nonisolated context [#ActorIsolatedCall]
141 | break
142 | case nil:
143 | entity.playAnimation(resource.repeat(duration: .infinity))
| `- warning: call to main actor-isolated instance method 'repeat(duration:)' in a synchronous nonisolated context [#ActorIsolatedCall]
144 | default:
145 | if data.repeat_count ?? 1 > 0
RealityKit.AnimationResource.repeat:2:40: note: calls to instance method 'repeat(duration:)' from outside of its actor context are implicitly asynchronous
1 | class AnimationResource {
2 | @MainActor @preconcurrency public func `repeat`(duration: TimeInterval = .infinity) -> AnimationResource}
| `- note: calls to instance method 'repeat(duration:)' from outside of its actor context are implicitly asynchronous
3 |
/Users/admin/builder/spi-builder-workspace/Sources/IndustrialKit/ModelControllers/ToolModelController.swift:147:36: warning: call to main actor-isolated instance method 'playAnimation(_:transitionDuration:blendLayerOffset:separateAnimatedValue:startsPaused:clock:)' in a synchronous nonisolated context [#ActorIsolatedCall]
145 | if data.repeat_count ?? 1 > 0
146 | {
147 | entity.playAnimation(resource.repeat(count: data.repeat_count ?? 1))
| `- warning: call to main actor-isolated instance method 'playAnimation(_:transitionDuration:blendLayerOffset:separateAnimatedValue:startsPaused:clock:)' in a synchronous nonisolated context [#ActorIsolatedCall]
148 | }
149 | else // repeat_count < 0
RealityKit.Entity.playAnimation:3:42: note: calls to instance method 'playAnimation(_:transitionDuration:blendLayerOffset:separateAnimatedValue:startsPaused:clock:)' from outside of its actor context are implicitly asynchronous
1 | class Entity {
2 | @discardableResult
3 | @MainActor @preconcurrency public func playAnimation(_ animation: AnimationResource, transitionDuration: TimeInterval = 0, blendLayerOffset: Int = 0, separateAnimatedValue: Bool = false, startsPaused: Bool = false, clock: CMClockOrTimebase? = nil) -> AnimationPlaybackController}
| `- note: calls to instance method 'playAnimation(_:transitionDuration:blendLayerOffset:separateAnimatedValue:startsPaused:clock:)' from outside of its actor context are implicitly asynchronous
4 |
/Users/admin/builder/spi-builder-workspace/Sources/IndustrialKit/ModelControllers/ToolModelController.swift:147:59: warning: call to main actor-isolated instance method 'repeat(count:)' in a synchronous nonisolated context [#ActorIsolatedCall]
145 | if data.repeat_count ?? 1 > 0
146 | {
147 | entity.playAnimation(resource.repeat(count: data.repeat_count ?? 1))
| `- warning: call to main actor-isolated instance method 'repeat(count:)' in a synchronous nonisolated context [#ActorIsolatedCall]
148 | }
149 | else // repeat_count < 0
RealityKit.AnimationResource.repeat:2:40: note: calls to instance method 'repeat(count:)' from outside of its actor context are implicitly asynchronous
1 | class AnimationResource {
2 | @MainActor @preconcurrency public func `repeat`(count: Int) -> AnimationResource}
| `- note: calls to instance method 'repeat(count:)' from outside of its actor context are implicitly asynchronous
3 |
/Users/admin/builder/spi-builder-workspace/Sources/IndustrialKit/ModelControllers/ToolModelController.swift:151:36: warning: call to main actor-isolated instance method 'stopAllAnimations(recursive:)' in a synchronous nonisolated context [#ActorIsolatedCall]
149 | else // repeat_count < 0
150 | {
151 | entity.stopAllAnimations()
| `- warning: call to main actor-isolated instance method 'stopAllAnimations(recursive:)' in a synchronous nonisolated context [#ActorIsolatedCall]
152 | }
153 | }
RealityKit.Entity.stopAllAnimations:2:40: note: calls to instance method 'stopAllAnimations(recursive:)' from outside of its actor context are implicitly asynchronous
1 | class Entity {
2 | @MainActor @preconcurrency public func stopAllAnimations(recursive: Bool = true)}
| `- note: calls to instance method 'stopAllAnimations(recursive:)' from outside of its actor context are implicitly asynchronous
3 |
SwiftCompile normal arm64 /Users/admin/builder/spi-builder-workspace/Sources/IndustrialKit/ModelControllers/ToolModelController.swift (in target 'IndustrialKit' from project 'IndustrialKit')
cd /Users/admin/builder/spi-builder-workspace/.swiftpm/xcode
builtin-SwiftPerFileCompile ToolModelController.swift
SwiftCompile normal arm64 /Users/admin/builder/spi-builder-workspace/Sources/IndustrialKit/OutputState/DeviceOutputData.swift (in target 'IndustrialKit' from project 'IndustrialKit')
cd /Users/admin/builder/spi-builder-workspace/.swiftpm/xcode
builtin-SwiftPerFileCompile DeviceOutputData.swift
SwiftCompile normal arm64 /Users/admin/builder/spi-builder-workspace/Sources/IndustrialKit/OutputState/StateChart.swift (in target 'IndustrialKit' from project 'IndustrialKit')
cd /Users/admin/builder/spi-builder-workspace/.swiftpm/xcode
builtin-SwiftPerFileCompile StateChart.swift
SwiftCompile normal arm64 Compiling\ ProductionObjectConnector.swift,\ RobotConnector.swift,\ ToolConnector.swift,\ Extensions.swift /Users/admin/builder/spi-builder-workspace/Sources/IndustrialKit/Connectors/ProductionObjectConnector.swift /Users/admin/builder/spi-builder-workspace/Sources/IndustrialKit/Connectors/RobotConnector.swift /Users/admin/builder/spi-builder-workspace/Sources/IndustrialKit/Connectors/ToolConnector.swift /Users/admin/builder/spi-builder-workspace/Sources/IndustrialKit/Extensions.swift (in target 'IndustrialKit' from project 'IndustrialKit')
/Users/admin/builder/spi-builder-workspace/Sources/IndustrialKit/Connectors/ToolConnector.swift:121:30: warning: result of call to 'process_animation(by:)' is unused [#NoUsage]
119 | performing_state == .processing
120 | {
121 | model_controller.process_animation(by: entity_animations)
| `- warning: result of call to 'process_animation(by:)' is unused [#NoUsage]
122 | }
123 | }
SwiftCompile normal arm64 /Users/admin/builder/spi-builder-workspace/Sources/IndustrialKit/Connectors/ProductionObjectConnector.swift (in target 'IndustrialKit' from project 'IndustrialKit')
cd /Users/admin/builder/spi-builder-workspace/.swiftpm/xcode
builtin-SwiftPerFileCompile ProductionObjectConnector.swift
SwiftCompile normal arm64 /Users/admin/builder/spi-builder-workspace/Sources/IndustrialKit/Connectors/RobotConnector.swift (in target 'IndustrialKit' from project 'IndustrialKit')
cd /Users/admin/builder/spi-builder-workspace/.swiftpm/xcode
builtin-SwiftPerFileCompile RobotConnector.swift
SwiftCompile normal arm64 /Users/admin/builder/spi-builder-workspace/Sources/IndustrialKit/Connectors/ToolConnector.swift (in target 'IndustrialKit' from project 'IndustrialKit')
cd /Users/admin/builder/spi-builder-workspace/.swiftpm/xcode
builtin-SwiftPerFileCompile ToolConnector.swift
SwiftCompile normal arm64 /Users/admin/builder/spi-builder-workspace/Sources/IndustrialKit/Extensions.swift (in target 'IndustrialKit' from project 'IndustrialKit')
cd /Users/admin/builder/spi-builder-workspace/.swiftpm/xcode
builtin-SwiftPerFileCompile Extensions.swift
SwiftCompile normal arm64 Compiling\ OperationProgram.swift,\ PositionPoint.swift,\ PositionProgram.swift /Users/admin/builder/spi-builder-workspace/Sources/IndustrialKit/Programs/OperationProgram.swift /Users/admin/builder/spi-builder-workspace/Sources/IndustrialKit/Programs/PositionPoint.swift /Users/admin/builder/spi-builder-workspace/Sources/IndustrialKit/Programs/PositionProgram.swift (in target 'IndustrialKit' from project 'IndustrialKit')
SwiftCompile normal arm64 /Users/admin/builder/spi-builder-workspace/Sources/IndustrialKit/Programs/OperationProgram.swift (in target 'IndustrialKit' from project 'IndustrialKit')
cd /Users/admin/builder/spi-builder-workspace/.swiftpm/xcode
builtin-SwiftPerFileCompile OperationProgram.swift
SwiftCompile normal arm64 /Users/admin/builder/spi-builder-workspace/Sources/IndustrialKit/Programs/PositionPoint.swift (in target 'IndustrialKit' from project 'IndustrialKit')
cd /Users/admin/builder/spi-builder-workspace/.swiftpm/xcode
builtin-SwiftPerFileCompile PositionPoint.swift
SwiftCompile normal arm64 /Users/admin/builder/spi-builder-workspace/Sources/IndustrialKit/Programs/PositionProgram.swift (in target 'IndustrialKit' from project 'IndustrialKit')
cd /Users/admin/builder/spi-builder-workspace/.swiftpm/xcode
builtin-SwiftPerFileCompile PositionProgram.swift
PruneExplicitPrecompiledModules /Users/admin/builder/spi-builder-workspace/.derivedData/Build/Intermediates.noindex/SwiftExplicitPrecompiledModules
PruneExplicitPrecompiledModules /Users/admin/builder/spi-builder-workspace/.derivedData/SDKExplicitPrecompiledModules
PruneExplicitPrecompiledModules /Users/admin/builder/spi-builder-workspace/.derivedData/Build/Intermediates.noindex/ExplicitPrecompiledModules
2026-09-26 03:54:37.667 xcodebuild[627:3877] [MT] IDERunDestination: Supported platforms for the buildables in the current scheme is empty.
2026-09-26 03:54:37.807 xcodebuild[627:3877] [MT] IDERunDestination: Supported platforms for the buildables in the current scheme is empty.
** BUILD FAILED **
The following build commands failed:
SwiftEmitModule normal arm64 Emitting\ module\ for\ IndustrialKit (in target 'IndustrialKit' from project 'IndustrialKit')
SwiftCompile normal arm64 (in target 'IndustrialKit' from project 'IndustrialKit')
Building workspace IndustrialKit with scheme IndustrialKit-Package
(3 failures)
Command line invocation:
/Applications/Xcode-27.0.0-Release.Candidate.app/Contents/Developer/usr/bin/xcodebuild -IDEClonedSourcePackagesDirPathOverride=/Users/admin/builder/spi-builder-workspace/.dependencies -resolvePackageDependencies
Resolve Package Graph
Resolved source packages:
IndustrialKit: /Users/admin/builder/spi-builder-workspace
resolved source packages: IndustrialKit
2026-09-26 03:54:45.204 xcodebuild[752:4483] [MT] IDERunDestination: Supported platforms for the buildables in the current scheme is empty.
2026-09-26 03:54:45.347 xcodebuild[752:4483] [MT] IDERunDestination: Supported platforms for the buildables in the current scheme is empty.
{
"dependencies" : [
],
"manifest_display_name" : "IndustrialKit",
"name" : "IndustrialKit",
"path" : "/Users/admin/builder/spi-builder-workspace",
"platforms" : [
{
"name" : "macos",
"version" : "26.0"
},
{
"name" : "ios",
"version" : "26.0"
},
{
"name" : "visionos",
"version" : "26.0"
}
],
"products" : [
{
"name" : "IndustrialKit",
"targets" : [
"IndustrialKit"
],
"type" : {
"library" : [
"automatic"
]
}
},
{
"name" : "IndustrialKitUI",
"targets" : [
"IndustrialKitUI"
],
"type" : {
"library" : [
"automatic"
]
}
}
],
"targets" : [
{
"c99name" : "IndustrialKitUI",
"module_type" : "SwiftTarget",
"name" : "IndustrialKitUI",
"path" : "Sources/IndustrialKitUI",
"product_memberships" : [
"IndustrialKitUI"
],
"sources" : [
"Borderers.swift",
"Cards.swift",
"ConnectorView.swift",
"DeviceOutput/DeviceOutputView.swift",
"DeviceOutput/StateChartsView.swift",
"DeviceOutput/StateItemsView.swift",
"DynamicStack.swift",
"Functions.swift",
"GlassStyleBindings.swift",
"InspectorModifier.swift",
"PositionView.swift",
"SheetCaption.swift",
"SpatialPendant/AdaptiveDotGrid.swift",
"SpatialPendant/FloatingView.swift",
"SpatialPendant/NewElementButton.swift",
"SpatialPendant/PendantController.swift",
"SpatialPendant/PerformingCaptionView.swift",
"SpatialPendant/ProgramItemView.swift",
"SpatialPendant/RegistersView.swift",
"SpatialPendant/Robot/PositionControl.swift",
"SpatialPendant/Robot/RobotControlView.swift",
"SpatialPendant/SpatialPendant.swift",
"SpatialPendant/Tool/OperationControl.swift",
"SpatialPendant/Tool/ToolControlView.swift",
"SpatialPendant/Workspace/ElementControl.swift",
"SpatialPendant/Workspace/ProgramElements/ControlProgramTextView.swift",
"SpatialPendant/Workspace/ProgramElements/LogicElementsViews.swift",
"SpatialPendant/Workspace/ProgramElements/ModifierElementsViews.swift",
"SpatialPendant/Workspace/ProgramElements/PerformerElementsViews.swift",
"SpatialPendant/Workspace/WorkspaceControlView.swift",
"ViewCloseButton.swift"
],
"target_dependencies" : [
"IndustrialKit"
],
"type" : "library"
},
{
"c99name" : "IndustrialKitTests",
"module_type" : "SwiftTarget",
"name" : "IndustrialKitTests",
"path" : "Tests/IndustrialKitTests",
"sources" : [
"IndustrialKitTests.swift"
],
"target_dependencies" : [
"IndustrialKit"
],
"type" : "test"
},
{
"c99name" : "IndustrialKit",
"module_type" : "SwiftTarget",
"name" : "IndustrialKit",
"path" : "Sources/IndustrialKit",
"product_memberships" : [
"IndustrialKit",
"IndustrialKitUI"
],
"sources" : [
"Connectors/ProductionObjectConnector.swift",
"Connectors/RobotConnector.swift",
"Connectors/ToolConnector.swift",
"Extensions.swift",
"Functions.swift",
"JSEnvironment.swift",
"ModelControllers/ModelController.swift",
"ModelControllers/RobotModelController.swift",
"ModelControllers/ToolModelController.swift",
"OutputState/DeviceOutputData.swift",
"OutputState/StateChart.swift",
"OutputState/StateItem.swift",
"PhysicsBodyData.swift",
"ProductionObjects/Modules/ChangerModule.swift",
"ProductionObjects/Modules/IndustrialModule.swift",
"ProductionObjects/Modules/PartModule.swift",
"ProductionObjects/Modules/RobotModule.swift",
"ProductionObjects/Modules/ToolModule.swift",
"ProductionObjects/Part.swift",
"ProductionObjects/ProductionObject.swift",
"ProductionObjects/Robot.swift",
"ProductionObjects/Tool.swift",
"Programs/OperationCode.swift",
"Programs/OperationProgram.swift",
"Programs/PositionPoint.swift",
"Programs/PositionProgram.swift",
"Programs/ProductionProgram.swift",
"Programs/ProductionProgramElements/LogicElements.swift",
"Programs/ProductionProgramElements/ModifierElements.swift",
"Programs/ProductionProgramElements/PerformerElements.swift",
"Programs/ProductionProgramElements/ProductionProgramElement.swift",
"Workspace.swift"
],
"type" : "library"
}
],
"tools_version" : "6.2"
}
{
"workspace" : {
"name" : "IndustrialKit",
"schemes" : [
"IndustrialKit",
"IndustrialKit-Package",
"IndustrialKitUI"
]
}
}
2026-09-26 03:54:46.466 xcodebuild[760:4548] [MT] IDERunDestination: Supported platforms for the buildables in the current scheme is empty.
2026-09-26 03:54:46.569 xcodebuild[760:4548] [MT] IDERunDestination: Supported platforms for the buildables in the current scheme is empty.
Running build ...
env DEVELOPER_DIR=/Applications/Xcode-27.0.0-Release.Candidate.app xcrun xcodebuild -IDEClonedSourcePackagesDirPathOverride=$PWD/.dependencies -skipMacroValidation -skipPackagePluginValidation -derivedDataPath $PWD/.derivedData build -scheme IndustrialKit-Package -destination generic/platform=tvOS
Command line invocation:
/Applications/Xcode-27.0.0-Release.Candidate.app/Contents/Developer/usr/bin/xcodebuild -IDEClonedSourcePackagesDirPathOverride=/Users/admin/builder/spi-builder-workspace/.dependencies -skipMacroValidation -skipPackagePluginValidation -derivedDataPath /Users/admin/builder/spi-builder-workspace/.derivedData build -scheme IndustrialKit-Package -destination generic/platform=tvOS
Resolve Package Graph
Resolved source packages:
IndustrialKit: /Users/admin/builder/spi-builder-workspace
ComputePackagePrebuildTargetDependencyGraph
Prepare packages
CreateBuildRequest
SendProjectDescription
CreateBuildOperation
ComputeTargetDependencyGraph
note: Building targets in dependency order
note: Target dependency graph (4 targets)
Target 'IndustrialKitUI-product' in project 'IndustrialKit'
➜ Explicit dependency on target 'IndustrialKitUI' in project 'IndustrialKit'
➜ Explicit dependency on target 'IndustrialKit' in project 'IndustrialKit'
Target 'IndustrialKitUI' in project 'IndustrialKit'
➜ Explicit dependency on target 'IndustrialKit' in project 'IndustrialKit'
Target 'IndustrialKit-product' in project 'IndustrialKit'
➜ Explicit dependency on target 'IndustrialKit' in project 'IndustrialKit'
Target 'IndustrialKit' in project 'IndustrialKit' (no dependencies)
GatherProvisioningInputs
CreateBuildDescription
ClangStatCache /Applications/Xcode-27.0.0-Release.Candidate.app/Contents/Developer/Toolchains/XcodeDefault.xctoolchain/usr/bin/clang-stat-cache /Applications/Xcode-27.0.0-Release.Candidate.app/Contents/Developer/Platforms/AppleTVOS.platform/Developer/SDKs/AppleTVOS27.0.sdk /Users/admin/builder/spi-builder-workspace/.derivedData/SDKStatCaches.noindex/appletvos27.0-24J360-e829b21a6f8c9b70876ba0858053c044b32bfd8d43560033f8d89884cdb90028.sdkstatcache
cd /Users/admin/builder/spi-builder-workspace/.swiftpm/xcode
/Applications/Xcode-27.0.0-Release.Candidate.app/Contents/Developer/Toolchains/XcodeDefault.xctoolchain/usr/bin/clang-stat-cache /Applications/Xcode-27.0.0-Release.Candidate.app/Contents/Developer/Platforms/AppleTVOS.platform/Developer/SDKs/AppleTVOS27.0.sdk -o /Users/admin/builder/spi-builder-workspace/.derivedData/SDKStatCaches.noindex/appletvos27.0-24J360-e829b21a6f8c9b70876ba0858053c044b32bfd8d43560033f8d89884cdb90028.sdkstatcache
SwiftDriver IndustrialKit normal arm64 com.apple.xcode.tools.swift.compiler (in target 'IndustrialKit' from project 'IndustrialKit')
cd /Users/admin/builder/spi-builder-workspace/.swiftpm/xcode
builtin-SwiftDriver -- /Applications/Xcode-27.0.0-Release.Candidate.app/Contents/Developer/Toolchains/XcodeDefault.xctoolchain/usr/bin/swiftc -parse-as-library -module-name IndustrialKit -Onone @/Users/admin/builder/spi-builder-workspace/.derivedData/Build/Intermediates.noindex/IndustrialKit.build/Debug-appletvos/IndustrialKit-t.build/Objects-normal/arm64/IndustrialKit.SwiftFileList -DSWIFT_PACKAGE -DDEBUG -DSWIFT_MODULE_RESOURCE_BUNDLE_UNAVAILABLE -DXcode -plugin-path /Applications/Xcode-27.0.0-Release.Candidate.app/Contents/Developer/Toolchains/XcodeDefault.xctoolchain/usr/lib/swift/host/plugins/testing -enable-experimental-feature DebugDescriptionMacro -sdk /Applications/Xcode-27.0.0-Release.Candidate.app/Contents/Developer/Platforms/AppleTVOS.platform/Developer/SDKs/AppleTVOS27.0.sdk -target arm64-apple-tvos26.0 -g -module-cache-path /Users/admin/builder/spi-builder-workspace/.derivedData/ModuleCache.noindex -Xfrontend -serialize-debugging-options -profile-coverage-mapping -profile-generate -enable-testing -index-store-path /Users/admin/builder/spi-builder-workspace/.derivedData/Index.noindex/DataStore -Xcc -D_LIBCPP_HARDENING_MODE\=_LIBCPP_HARDENING_MODE_DEBUG -swift-version 6 -I /Users/admin/builder/spi-builder-workspace/.derivedData/Build/Products/Debug-appletvos -Isystem /Applications/Xcode-27.0.0-Release.Candidate.app/Contents/Developer/Platforms/AppleTVOS.platform/Developer/usr/lib -F /Users/admin/builder/spi-builder-workspace/.derivedData/Build/Products/Debug-appletvos -F /Applications/Xcode-27.0.0-Release.Candidate.app/Contents/Developer/Platforms/AppleTVOS.platform/Developer/Library/Frameworks -F /Applications/Xcode-27.0.0-Release.Candidate.app/Contents/Developer/Platforms/AppleTVOS.platform/Developer/SDKs/AppleTVOS27.0.sdk/Developer/Library/Frameworks -c -j10 -enable-batch-mode -incremental -Xcc -ivfsstatcache -Xcc /Users/admin/builder/spi-builder-workspace/.derivedData/SDKStatCaches.noindex/appletvos27.0-24J360-e829b21a6f8c9b70876ba0858053c044b32bfd8d43560033f8d89884cdb90028.sdkstatcache -output-file-map /Users/admin/builder/spi-builder-workspace/.derivedData/Build/Intermediates.noindex/IndustrialKit.build/Debug-appletvos/IndustrialKit-t.build/Objects-normal/arm64/IndustrialKit-OutputFileMap.json -save-temps -no-color-diagnostics -explicit-module-build -module-cache-path /Users/admin/builder/spi-builder-workspace/.derivedData/Build/Intermediates.noindex/SwiftExplicitPrecompiledModules -clang-scanner-module-cache-path /Users/admin/builder/spi-builder-workspace/.derivedData/ModuleCache.noindex -sdk-module-cache-path /Users/admin/builder/spi-builder-workspace/.derivedData/SDKExplicitPrecompiledModules -emit-dependencies -emit-module -emit-module-path /Users/admin/builder/spi-builder-workspace/.derivedData/Build/Intermediates.noindex/IndustrialKit.build/Debug-appletvos/IndustrialKit-t.build/Objects-normal/arm64/IndustrialKit.swiftmodule -serialize-diagnostics -dependency-scan-serialize-diagnostics-path /Users/admin/builder/spi-builder-workspace/.derivedData/Build/Intermediates.noindex/IndustrialKit.build/Debug-appletvos/IndustrialKit-t.build/Objects-normal/arm64/IndustrialKit-dependency-scan.dia -validate-clang-modules-once -clang-build-session-file /Users/admin/builder/spi-builder-workspace/.derivedData/ModuleCache.noindex/Session.modulevalidation -Xcc -fmodules-prune-interval\=86400 -Xcc -fmodules-prune-after\=345600 -package-name spi_builder_workspace -emit-const-values -const-gather-protocols-list /Users/admin/builder/spi-builder-workspace/.derivedData/Build/Intermediates.noindex/IndustrialKit.build/Debug-appletvos/IndustrialKit-t.build/Objects-normal/arm64/IndustrialKit_const_extract_protocols.json -Xcc -I/Users/admin/builder/spi-builder-workspace/.derivedData/Build/Products/Debug-appletvos/include -Xcc -I/Users/admin/builder/spi-builder-workspace/.derivedData/Build/Intermediates.noindex/IndustrialKit.build/Debug-appletvos/IndustrialKit-t.build/DerivedSources-normal/arm64 -Xcc -I/Users/admin/builder/spi-builder-workspace/.derivedData/Build/Intermediates.noindex/IndustrialKit.build/Debug-appletvos/IndustrialKit-t.build/DerivedSources/arm64 -Xcc -I/Users/admin/builder/spi-builder-workspace/.derivedData/Build/Intermediates.noindex/IndustrialKit.build/Debug-appletvos/IndustrialKit-t.build/DerivedSources -Xcc -DSWIFT_PACKAGE -Xcc -DDEBUG\=1 -emit-objc-header -emit-objc-header-path /Users/admin/builder/spi-builder-workspace/.derivedData/Build/Intermediates.noindex/IndustrialKit.build/Debug-appletvos/IndustrialKit-t.build/Objects-normal/arm64/IndustrialKit-Swift.h -working-directory /Users/admin/builder/spi-builder-workspace/.swiftpm/xcode -experimental-emit-module-separately -disable-cmo
SwiftCompile normal arm64 Compiling\ StateItem.swift,\ PhysicsBodyData.swift,\ ChangerModule.swift /Users/admin/builder/spi-builder-workspace/Sources/IndustrialKit/OutputState/StateItem.swift /Users/admin/builder/spi-builder-workspace/Sources/IndustrialKit/PhysicsBodyData.swift /Users/admin/builder/spi-builder-workspace/Sources/IndustrialKit/ProductionObjects/Modules/ChangerModule.swift (in target 'IndustrialKit' from project 'IndustrialKit')
SwiftCompile normal arm64 /Users/admin/builder/spi-builder-workspace/Sources/IndustrialKit/OutputState/StateItem.swift (in target 'IndustrialKit' from project 'IndustrialKit')
cd /Users/admin/builder/spi-builder-workspace/.swiftpm/xcode
builtin-SwiftPerFileCompile StateItem.swift
SwiftCompile normal arm64 /Users/admin/builder/spi-builder-workspace/Sources/IndustrialKit/PhysicsBodyData.swift (in target 'IndustrialKit' from project 'IndustrialKit')
cd /Users/admin/builder/spi-builder-workspace/.swiftpm/xcode
builtin-SwiftPerFileCompile PhysicsBodyData.swift
SwiftCompile normal arm64 /Users/admin/builder/spi-builder-workspace/Sources/IndustrialKit/ProductionObjects/Modules/ChangerModule.swift (in target 'IndustrialKit' from project 'IndustrialKit')
cd /Users/admin/builder/spi-builder-workspace/.swiftpm/xcode
builtin-SwiftPerFileCompile ChangerModule.swift
SwiftCompile normal arm64 Compiling\ Functions.swift,\ JSEnvironment.swift,\ ModelController.swift,\ RobotModelController.swift /Users/admin/builder/spi-builder-workspace/Sources/IndustrialKit/Functions.swift /Users/admin/builder/spi-builder-workspace/Sources/IndustrialKit/JSEnvironment.swift /Users/admin/builder/spi-builder-workspace/Sources/IndustrialKit/ModelControllers/ModelController.swift /Users/admin/builder/spi-builder-workspace/Sources/IndustrialKit/ModelControllers/RobotModelController.swift (in target 'IndustrialKit' from project 'IndustrialKit')
SwiftCompile normal arm64 /Users/admin/builder/spi-builder-workspace/Sources/IndustrialKit/Functions.swift (in target 'IndustrialKit' from project 'IndustrialKit')
cd /Users/admin/builder/spi-builder-workspace/.swiftpm/xcode
builtin-SwiftPerFileCompile Functions.swift
SwiftCompile normal arm64 /Users/admin/builder/spi-builder-workspace/Sources/IndustrialKit/JSEnvironment.swift (in target 'IndustrialKit' from project 'IndustrialKit')
cd /Users/admin/builder/spi-builder-workspace/.swiftpm/xcode
builtin-SwiftPerFileCompile JSEnvironment.swift
SwiftCompile normal arm64 /Users/admin/builder/spi-builder-workspace/Sources/IndustrialKit/ModelControllers/ModelController.swift (in target 'IndustrialKit' from project 'IndustrialKit')
cd /Users/admin/builder/spi-builder-workspace/.swiftpm/xcode
builtin-SwiftPerFileCompile ModelController.swift
SwiftCompile normal arm64 /Users/admin/builder/spi-builder-workspace/Sources/IndustrialKit/ModelControllers/RobotModelController.swift (in target 'IndustrialKit' from project 'IndustrialKit')
cd /Users/admin/builder/spi-builder-workspace/.swiftpm/xcode
builtin-SwiftPerFileCompile RobotModelController.swift
/Users/admin/builder/spi-builder-workspace/Sources/IndustrialKit/ModelControllers/ModelController.swift:72:42: warning: call to main actor-isolated instance method 'child_entity(withName:recursively:)' in a synchronous nonisolated context [#ActorIsolatedCall]
64 | ///
65 | /// - Parameter entity: A root entity of the workspace object model.
66 | open func connect_entities(of entity: Entity)
| `- note: add '@MainActor' to make instance method 'connect_entities(of:)' part of global actor 'MainActor'
67 | {
68 | entities.removeAll()
:
70 | for entity_name in entity_names
71 | {
72 | if let found_entity = entity.child_entity(withName: entity_name, recursively: true)
| `- warning: call to main actor-isolated instance method 'child_entity(withName:recursively:)' in a synchronous nonisolated context [#ActorIsolatedCall]
73 | {
74 | entities[entity_name] = found_entity
/Users/admin/builder/spi-builder-workspace/Sources/IndustrialKit/Extensions.swift:311:10: note: calls to instance method 'child_entity(withName:recursively:)' from outside of its actor context are implicitly asynchronous
309 | public extension Entity
310 | {
311 | func child_entity(withName name: String, recursively: Bool) -> Entity?
| `- note: calls to instance method 'child_entity(withName:recursively:)' from outside of its actor context are implicitly asynchronous
312 | {
313 | for child in children
SwiftCompile normal arm64 Compiling\ ToolModule.swift,\ Part.swift,\ ProductionObject.swift /Users/admin/builder/spi-builder-workspace/Sources/IndustrialKit/ProductionObjects/Modules/ToolModule.swift /Users/admin/builder/spi-builder-workspace/Sources/IndustrialKit/ProductionObjects/Part.swift /Users/admin/builder/spi-builder-workspace/Sources/IndustrialKit/ProductionObjects/ProductionObject.swift (in target 'IndustrialKit' from project 'IndustrialKit')
/Users/admin/builder/spi-builder-workspace/Sources/IndustrialKit/ProductionObjects/Part.swift:128:9: warning: unstructured throwing task created by 'init(name:priority:operation:)' is not used, which may accidentally ignore errors thrown inside the task [#NoUseUnstructuredThrowingTask]
126 | module_name = module.name
127 |
128 | Task
| |- warning: unstructured throwing task created by 'init(name:priority:operation:)' is not used, which may accidentally ignore errors thrown inside the task [#NoUseUnstructuredThrowingTask]
| `- note: to silence this warning, handle the error inside the task, or store/discard the task value explicitly
129 | {
130 | while module.entity == nil
SwiftCompile normal arm64 /Users/admin/builder/spi-builder-workspace/Sources/IndustrialKit/ProductionObjects/Modules/ToolModule.swift (in target 'IndustrialKit' from project 'IndustrialKit')
cd /Users/admin/builder/spi-builder-workspace/.swiftpm/xcode
builtin-SwiftPerFileCompile ToolModule.swift
SwiftCompile normal arm64 /Users/admin/builder/spi-builder-workspace/Sources/IndustrialKit/ProductionObjects/Part.swift (in target 'IndustrialKit' from project 'IndustrialKit')
cd /Users/admin/builder/spi-builder-workspace/.swiftpm/xcode
builtin-SwiftPerFileCompile Part.swift
SwiftCompile normal arm64 /Users/admin/builder/spi-builder-workspace/Sources/IndustrialKit/ProductionObjects/ProductionObject.swift (in target 'IndustrialKit' from project 'IndustrialKit')
cd /Users/admin/builder/spi-builder-workspace/.swiftpm/xcode
builtin-SwiftPerFileCompile ProductionObject.swift
SwiftCompile normal arm64 Compiling\ IndustrialModule.swift,\ PartModule.swift,\ RobotModule.swift /Users/admin/builder/spi-builder-workspace/Sources/IndustrialKit/ProductionObjects/Modules/IndustrialModule.swift /Users/admin/builder/spi-builder-workspace/Sources/IndustrialKit/ProductionObjects/Modules/PartModule.swift /Users/admin/builder/spi-builder-workspace/Sources/IndustrialKit/ProductionObjects/Modules/RobotModule.swift (in target 'IndustrialKit' from project 'IndustrialKit')
SwiftCompile normal arm64 /Users/admin/builder/spi-builder-workspace/Sources/IndustrialKit/ProductionObjects/Modules/IndustrialModule.swift (in target 'IndustrialKit' from project 'IndustrialKit')
cd /Users/admin/builder/spi-builder-workspace/.swiftpm/xcode
builtin-SwiftPerFileCompile IndustrialModule.swift
SwiftCompile normal arm64 /Users/admin/builder/spi-builder-workspace/Sources/IndustrialKit/ProductionObjects/Modules/PartModule.swift (in target 'IndustrialKit' from project 'IndustrialKit')
cd /Users/admin/builder/spi-builder-workspace/.swiftpm/xcode
builtin-SwiftPerFileCompile PartModule.swift
SwiftCompile normal arm64 /Users/admin/builder/spi-builder-workspace/Sources/IndustrialKit/ProductionObjects/Modules/RobotModule.swift (in target 'IndustrialKit' from project 'IndustrialKit')
cd /Users/admin/builder/spi-builder-workspace/.swiftpm/xcode
builtin-SwiftPerFileCompile RobotModule.swift
SwiftCompile normal arm64 Compiling\ Robot.swift,\ Tool.swift,\ OperationCode.swift /Users/admin/builder/spi-builder-workspace/Sources/IndustrialKit/ProductionObjects/Robot.swift /Users/admin/builder/spi-builder-workspace/Sources/IndustrialKit/ProductionObjects/Tool.swift /Users/admin/builder/spi-builder-workspace/Sources/IndustrialKit/Programs/OperationCode.swift (in target 'IndustrialKit' from project 'IndustrialKit')
/Users/admin/builder/spi-builder-workspace/Sources/IndustrialKit/ProductionObjects/Robot.swift:230:9: warning: unstructured throwing task created by 'init(name:priority:operation:)' is not used, which may accidentally ignore errors thrown inside the task [#NoUseUnstructuredThrowingTask]
228 | module_name = module.name
229 |
230 | Task
| |- warning: unstructured throwing task created by 'init(name:priority:operation:)' is not used, which may accidentally ignore errors thrown inside the task [#NoUseUnstructuredThrowingTask]
| `- note: to silence this warning, handle the error inside the task, or store/discard the task value explicitly
231 | {
232 | while module.entity == nil
/Users/admin/builder/spi-builder-workspace/Sources/IndustrialKit/ProductionObjects/Tool.swift:177:9: warning: unstructured throwing task created by 'init(name:priority:operation:)' is not used, which may accidentally ignore errors thrown inside the task [#NoUseUnstructuredThrowingTask]
175 | module_name = module.name
176 |
177 | Task
| |- warning: unstructured throwing task created by 'init(name:priority:operation:)' is not used, which may accidentally ignore errors thrown inside the task [#NoUseUnstructuredThrowingTask]
| `- note: to silence this warning, handle the error inside the task, or store/discard the task value explicitly
178 | {
179 | while module.entity == nil
SwiftCompile normal arm64 /Users/admin/builder/spi-builder-workspace/Sources/IndustrialKit/ProductionObjects/Robot.swift (in target 'IndustrialKit' from project 'IndustrialKit')
cd /Users/admin/builder/spi-builder-workspace/.swiftpm/xcode
builtin-SwiftPerFileCompile Robot.swift
SwiftCompile normal arm64 /Users/admin/builder/spi-builder-workspace/Sources/IndustrialKit/ProductionObjects/Tool.swift (in target 'IndustrialKit' from project 'IndustrialKit')
cd /Users/admin/builder/spi-builder-workspace/.swiftpm/xcode
builtin-SwiftPerFileCompile Tool.swift
SwiftCompile normal arm64 /Users/admin/builder/spi-builder-workspace/Sources/IndustrialKit/Programs/OperationCode.swift (in target 'IndustrialKit' from project 'IndustrialKit')
cd /Users/admin/builder/spi-builder-workspace/.swiftpm/xcode
builtin-SwiftPerFileCompile OperationCode.swift
SwiftCompile normal arm64 Compiling\ ProductionObjectConnector.swift,\ RobotConnector.swift,\ ToolConnector.swift,\ Extensions.swift /Users/admin/builder/spi-builder-workspace/Sources/IndustrialKit/Connectors/ProductionObjectConnector.swift /Users/admin/builder/spi-builder-workspace/Sources/IndustrialKit/Connectors/RobotConnector.swift /Users/admin/builder/spi-builder-workspace/Sources/IndustrialKit/Connectors/ToolConnector.swift /Users/admin/builder/spi-builder-workspace/Sources/IndustrialKit/Extensions.swift (in target 'IndustrialKit' from project 'IndustrialKit')
/Users/admin/builder/spi-builder-workspace/Sources/IndustrialKit/Connectors/ToolConnector.swift:121:30: warning: result of call to 'process_animation(by:)' is unused [#NoUsage]
119 | performing_state == .processing
120 | {
121 | model_controller.process_animation(by: entity_animations)
| `- warning: result of call to 'process_animation(by:)' is unused [#NoUsage]
122 | }
123 | }
SwiftCompile normal arm64 /Users/admin/builder/spi-builder-workspace/Sources/IndustrialKit/Connectors/ProductionObjectConnector.swift (in target 'IndustrialKit' from project 'IndustrialKit')
cd /Users/admin/builder/spi-builder-workspace/.swiftpm/xcode
builtin-SwiftPerFileCompile ProductionObjectConnector.swift
SwiftCompile normal arm64 /Users/admin/builder/spi-builder-workspace/Sources/IndustrialKit/Connectors/RobotConnector.swift (in target 'IndustrialKit' from project 'IndustrialKit')
cd /Users/admin/builder/spi-builder-workspace/.swiftpm/xcode
builtin-SwiftPerFileCompile RobotConnector.swift
SwiftCompile normal arm64 /Users/admin/builder/spi-builder-workspace/Sources/IndustrialKit/Connectors/ToolConnector.swift (in target 'IndustrialKit' from project 'IndustrialKit')
cd /Users/admin/builder/spi-builder-workspace/.swiftpm/xcode
builtin-SwiftPerFileCompile ToolConnector.swift
SwiftCompile normal arm64 /Users/admin/builder/spi-builder-workspace/Sources/IndustrialKit/Extensions.swift (in target 'IndustrialKit' from project 'IndustrialKit')
cd /Users/admin/builder/spi-builder-workspace/.swiftpm/xcode
builtin-SwiftPerFileCompile Extensions.swift
SwiftCompile normal arm64 Compiling\ ProductionProgram.swift,\ LogicElements.swift,\ ModifierElements.swift /Users/admin/builder/spi-builder-workspace/Sources/IndustrialKit/Programs/ProductionProgram.swift /Users/admin/builder/spi-builder-workspace/Sources/IndustrialKit/Programs/ProductionProgramElements/LogicElements.swift /Users/admin/builder/spi-builder-workspace/Sources/IndustrialKit/Programs/ProductionProgramElements/ModifierElements.swift (in target 'IndustrialKit' from project 'IndustrialKit')
SwiftCompile normal arm64 /Users/admin/builder/spi-builder-workspace/Sources/IndustrialKit/Programs/ProductionProgram.swift (in target 'IndustrialKit' from project 'IndustrialKit')
cd /Users/admin/builder/spi-builder-workspace/.swiftpm/xcode
builtin-SwiftPerFileCompile ProductionProgram.swift
SwiftCompile normal arm64 /Users/admin/builder/spi-builder-workspace/Sources/IndustrialKit/Programs/ProductionProgramElements/LogicElements.swift (in target 'IndustrialKit' from project 'IndustrialKit')
cd /Users/admin/builder/spi-builder-workspace/.swiftpm/xcode
builtin-SwiftPerFileCompile LogicElements.swift
SwiftCompile normal arm64 /Users/admin/builder/spi-builder-workspace/Sources/IndustrialKit/Programs/ProductionProgramElements/ModifierElements.swift (in target 'IndustrialKit' from project 'IndustrialKit')
cd /Users/admin/builder/spi-builder-workspace/.swiftpm/xcode
builtin-SwiftPerFileCompile ModifierElements.swift
SwiftEmitModule normal arm64 Emitting\ module\ for\ IndustrialKit (in target 'IndustrialKit' from project 'IndustrialKit')
/Users/admin/builder/spi-builder-workspace/Sources/IndustrialKit/ProductionObjects/ProductionObject.swift:329:21: error: cannot find type 'RealityViewContent' in scope
327 | #else
328 | public func place_entity(
329 | in content: RealityViewContent,
| `- error: cannot find type 'RealityViewContent' in scope
330 | applying_position: Bool = false
331 | )
/Users/admin/builder/spi-builder-workspace/Sources/IndustrialKit/Workspace.swift:1673:32: error: cannot find type 'RealityViewContent' in scope
1671 | private var scene_content: RealityViewCameraContent?
1672 | #else
1673 | private var scene_content: RealityViewContent?
| `- error: cannot find type 'RealityViewContent' in scope
1674 | #endif
1675 |
/Users/admin/builder/spi-builder-workspace/Sources/IndustrialKit/Workspace.swift:1782:21: error: cannot find type 'RealityViewContent' in scope
1780 | #else
1781 | public func place_entity(
1782 | in content: RealityViewContent,
| `- error: cannot find type 'RealityViewContent' in scope
1783 | completion: @escaping () -> () = {}
1784 | )
/Users/admin/builder/spi-builder-workspace/Sources/IndustrialKit/Workspace.swift:1845:45: error: cannot find type 'RealityViewContent' in scope
1843 | }
1844 | #else
1845 | public func remove_entity(from content: RealityViewContent)
| `- error: cannot find type 'RealityViewContent' in scope
1846 | {
1847 | content.remove(workspace_entity)
/Users/admin/builder/spi-builder-workspace/Sources/IndustrialKit/Workspace.swift:2385:36: error: 'EntityTargetValue' is unavailable in tvOS
2383 | /// - Part selection
2384 | /// - Nested tool-in-robot detection
2385 | public func process_tap(value: EntityTargetValue<TapGesture.Value>)
| `- error: 'EntityTargetValue' is unavailable in tvOS
2386 | {
2387 | var entity: Entity? = value.entity
_RealityKit_SwiftUI.EntityTargetValue:4:36: note: 'EntityTargetValue' has been explicitly marked unavailable here
2 | @available(watchOS, unavailable)
3 | @available(tvOS, unavailable)
4 | @dynamicMemberLookup public struct EntityTargetValue<Value> {
| `- note: 'EntityTargetValue' has been explicitly marked unavailable here
5 | public var gestureValue: Value
6 | public var entity: Entity
Failed frontend command:
/Applications/Xcode-27.0.0-Release.Candidate.app/Contents/Developer/Toolchains/XcodeDefault.xctoolchain/usr/bin/swift-frontend -frontend -emit-module -experimental-skip-non-inlinable-function-bodies-without-types /Users/admin/builder/spi-builder-workspace/Sources/IndustrialKit/Connectors/ProductionObjectConnector.swift /Users/admin/builder/spi-builder-workspace/Sources/IndustrialKit/Connectors/RobotConnector.swift /Users/admin/builder/spi-builder-workspace/Sources/IndustrialKit/Connectors/ToolConnector.swift /Users/admin/builder/spi-builder-workspace/Sources/IndustrialKit/Extensions.swift /Users/admin/builder/spi-builder-workspace/Sources/IndustrialKit/Functions.swift /Users/admin/builder/spi-builder-workspace/Sources/IndustrialKit/JSEnvironment.swift /Users/admin/builder/spi-builder-workspace/Sources/IndustrialKit/ModelControllers/ModelController.swift /Users/admin/builder/spi-builder-workspace/Sources/IndustrialKit/ModelControllers/RobotModelController.swift /Users/admin/builder/spi-builder-workspace/Sources/IndustrialKit/ModelControllers/ToolModelController.swift /Users/admin/builder/spi-builder-workspace/Sources/IndustrialKit/OutputState/DeviceOutputData.swift /Users/admin/builder/spi-builder-workspace/Sources/IndustrialKit/OutputState/StateChart.swift /Users/admin/builder/spi-builder-workspace/Sources/IndustrialKit/OutputState/StateItem.swift /Users/admin/builder/spi-builder-workspace/Sources/IndustrialKit/PhysicsBodyData.swift /Users/admin/builder/spi-builder-workspace/Sources/IndustrialKit/ProductionObjects/Modules/ChangerModule.swift /Users/admin/builder/spi-builder-workspace/Sources/IndustrialKit/ProductionObjects/Modules/IndustrialModule.swift /Users/admin/builder/spi-builder-workspace/Sources/IndustrialKit/ProductionObjects/Modules/PartModule.swift /Users/admin/builder/spi-builder-workspace/Sources/IndustrialKit/ProductionObjects/Modules/RobotModule.swift /Users/admin/builder/spi-builder-workspace/Sources/IndustrialKit/ProductionObjects/Modules/ToolModule.swift /Users/admin/builder/spi-builder-workspace/Sources/IndustrialKit/ProductionObjects/Part.swift /Users/admin/builder/spi-builder-workspace/Sources/IndustrialKit/ProductionObjects/ProductionObject.swift /Users/admin/builder/spi-builder-workspace/Sources/IndustrialKit/ProductionObjects/Robot.swift /Users/admin/builder/spi-builder-workspace/Sources/IndustrialKit/ProductionObjects/Tool.swift /Users/admin/builder/spi-builder-workspace/Sources/IndustrialKit/Programs/OperationCode.swift /Users/admin/builder/spi-builder-workspace/Sources/IndustrialKit/Programs/OperationProgram.swift /Users/admin/builder/spi-builder-workspace/Sources/IndustrialKit/Programs/PositionPoint.swift /Users/admin/builder/spi-builder-workspace/Sources/IndustrialKit/Programs/PositionProgram.swift /Users/admin/builder/spi-builder-workspace/Sources/IndustrialKit/Programs/ProductionProgram.swift /Users/admin/builder/spi-builder-workspace/Sources/IndustrialKit/Programs/ProductionProgramElements/LogicElements.swift /Users/admin/builder/spi-builder-workspace/Sources/IndustrialKit/Programs/ProductionProgramElements/ModifierElements.swift /Users/admin/builder/spi-builder-workspace/Sources/IndustrialKit/Programs/ProductionProgramElements/PerformerElements.swift /Users/admin/builder/spi-builder-workspace/Sources/IndustrialKit/Programs/ProductionProgramElements/ProductionProgramElement.swift /Users/admin/builder/spi-builder-workspace/Sources/IndustrialKit/Workspace.swift -target arm64-apple-tvos26.0 -module-can-import-version RealityKit 453.3.1 0 -disable-cross-import-overlay-search -swift-module-cross-import RealityKit /Applications/Xcode-27.0.0-Release.Candidate.app/Contents/Developer/Platforms/AppleTVOS.platform/Developer/SDKs/AppleTVOS27.0.sdk/System/Library/Frameworks/RealityKit.framework/Modules/RealityKit.swiftcrossimport/ComputeGraph.swiftoverlay -swift-module-cross-import RealityKit /Applications/Xcode-27.0.0-Release.Candidate.app/Contents/Developer/Platforms/AppleTVOS.platform/Developer/SDKs/AppleTVOS27.0.sdk/System/Library/Frameworks/RealityKit.framework/Modules/RealityKit.swiftcrossimport/SwiftUI.swiftoverlay -load-resolved-plugin /Applications/Xcode-27.0.0-Release.Candidate.app/Contents/Developer/Platforms/AppleTVOS.platform/Developer/usr/lib/swift/host/plugins/libFoundationMacros.dylib\#/Applications/Xcode-27.0.0-Release.Candidate.app/Contents/Developer/Platforms/AppleTVOS.platform/Developer/usr/bin/swift-plugin-server\#FoundationMacros -load-resolved-plugin /Applications/Xcode-27.0.0-Release.Candidate.app/Contents/Developer/Platforms/AppleTVOS.platform/Developer/usr/lib/swift/host/plugins/libObservationMacros.dylib\#/Applications/Xcode-27.0.0-Release.Candidate.app/Contents/Developer/Platforms/AppleTVOS.platform/Developer/usr/bin/swift-plugin-server\#ObservationMacros -load-resolved-plugin /Applications/Xcode-27.0.0-Release.Candidate.app/Contents/Developer/Platforms/AppleTVOS.platform/Developer/usr/lib/swift/host/plugins/libPreviewsMacros.dylib\#/Applications/Xcode-27.0.0-Release.Candidate.app/Contents/Developer/Platforms/AppleTVOS.platform/Developer/usr/bin/swift-plugin-server\#PreviewsMacros -load-resolved-plugin /Applications/Xcode-27.0.0-Release.Candidate.app/Contents/Developer/Platforms/AppleTVOS.platform/Developer/usr/lib/swift/host/plugins/libSwiftMacros.dylib\#/Applications/Xcode-27.0.0-Release.Candidate.app/Contents/Developer/Platforms/AppleTVOS.platform/Developer/usr/bin/swift-plugin-server\#SwiftMacros -load-resolved-plugin /Applications/Xcode-27.0.0-Release.Candidate.app/Contents/Developer/Platforms/AppleTVOS.platform/Developer/usr/lib/swift/host/plugins/libSwiftUIMacros.dylib\#/Applications/Xcode-27.0.0-Release.Candidate.app/Contents/Developer/Platforms/AppleTVOS.platform/Developer/usr/bin/swift-plugin-server\#SwiftUIMacros -disable-implicit-swift-modules -Xcc -fno-implicit-modules -Xcc -fno-implicit-module-maps -explicit-swift-module-map-file /Users/admin/builder/spi-builder-workspace/.derivedData/Build/Intermediates.noindex/IndustrialKit.build/Debug-appletvos/IndustrialKit-t.build/Objects-normal/arm64/IndustrialKit-dependencies-1.json -Xllvm -aarch64-use-tbi -enable-objc-interop -stack-check -sdk /Applications/Xcode-27.0.0-Release.Candidate.app/Contents/Developer/Platforms/AppleTVOS.platform/Developer/SDKs/AppleTVOS27.0.sdk -I /Users/admin/builder/spi-builder-workspace/.derivedData/Build/Products/Debug-appletvos -Isystem /Applications/Xcode-27.0.0-Release.Candidate.app/Contents/Developer/Platforms/AppleTVOS.platform/Developer/usr/lib -F /Users/admin/builder/spi-builder-workspace/.derivedData/Build/Products/Debug-appletvos -F /Applications/Xcode-27.0.0-Release.Candidate.app/Contents/Developer/Platforms/AppleTVOS.platform/Developer/Library/Frameworks -F /Applications/Xcode-27.0.0-Release.Candidate.app/Contents/Developer/Platforms/AppleTVOS.platform/Developer/SDKs/AppleTVOS27.0.sdk/Developer/Library/Frameworks -module-cache-path /Users/admin/builder/spi-builder-workspace/.derivedData/Build/Intermediates.noindex/SwiftExplicitPrecompiledModules -no-color-diagnostics -Xcc -fno-color-diagnostics -enable-testing -g -debug-info-format\=dwarf -dwarf-version\=5 -profile-generate -profile-coverage-mapping -swift-version 6 -Onone -D SWIFT_PACKAGE -D DEBUG -D SWIFT_MODULE_RESOURCE_BUNDLE_UNAVAILABLE -D Xcode -serialize-debugging-options -enable-experimental-feature DebugDescriptionMacro -empty-abi-descriptor -validate-clang-modules-once -clang-build-session-file /Users/admin/builder/spi-builder-workspace/.derivedData/ModuleCache.noindex/Session.modulevalidation -Xcc -working-directory -Xcc /Users/admin/builder/spi-builder-workspace/.swiftpm/xcode -enable-anonymous-context-mangled-names -file-compilation-dir /Users/admin/builder/spi-builder-workspace/.swiftpm/xcode -Xcc -D_LIBCPP_HARDENING_MODE\=_LIBCPP_HARDENING_MODE_DEBUG -Xcc -ivfsstatcache -Xcc /Users/admin/builder/spi-builder-workspace/.derivedData/SDKStatCaches.noindex/appletvos27.0-24J360-e829b21a6f8c9b70876ba0858053c044b32bfd8d43560033f8d89884cdb90028.sdkstatcache -Xcc -fmodules-prune-interval\=86400 -Xcc -fmodules-prune-after\=345600 -Xcc -I/Users/admin/builder/spi-builder-workspace/.derivedData/Build/Products/Debug-appletvos/include -Xcc -I/Users/admin/builder/spi-builder-workspace/.derivedData/Build/Intermediates.noindex/IndustrialKit.build/Debug-appletvos/IndustrialKit-t.build/DerivedSources-normal/arm64 -Xcc -I/Users/admin/builder/spi-builder-workspace/.derivedData/Build/Intermediates.noindex/IndustrialKit.build/Debug-appletvos/IndustrialKit-t.build/DerivedSources/arm64 -Xcc -I/Users/admin/builder/spi-builder-workspace/.derivedData/Build/Intermediates.noindex/IndustrialKit.build/Debug-appletvos/IndustrialKit-t.build/DerivedSources -Xcc -DSWIFT_PACKAGE -Xcc -DDEBUG\=1 -no-auto-bridging-header-chaining -module-name IndustrialKit -package-name spi_builder_workspace -const-gather-protocols-file /Users/admin/builder/spi-builder-workspace/.derivedData/Build/Intermediates.noindex/IndustrialKit.build/Debug-appletvos/IndustrialKit-t.build/Objects-normal/arm64/IndustrialKit_const_extract_protocols.json -disable-clang-spi -clang-target arm64-apple-tvos27.0 -target-sdk-version 27.0 -target-sdk-name appletvos27.0 -in-process-plugin-server-path /Applications/Xcode-27.0.0-Release.Candidate.app/Contents/Developer/Toolchains/XcodeDefault.xctoolchain/usr/lib/swift/host/libSwiftInProcPluginServer.dylib -emit-module-doc-path /Users/admin/builder/spi-builder-workspace/.derivedData/Build/Intermediates.noindex/IndustrialKit.build/Debug-appletvos/IndustrialKit-t.build/Objects-normal/arm64/IndustrialKit.swiftdoc -emit-module-source-info-path /Users/admin/builder/spi-builder-workspace/.derivedData/Build/Intermediates.noindex/IndustrialKit.build/Debug-appletvos/IndustrialKit-t.build/Objects-normal/arm64/IndustrialKit.swiftsourceinfo -emit-objc-header-path /Users/admin/builder/spi-builder-workspace/.derivedData/Build/Intermediates.noindex/IndustrialKit.build/Debug-appletvos/IndustrialKit-t.build/Objects-normal/arm64/IndustrialKit-Swift.h -serialize-diagnostics-path /Users/admin/builder/spi-builder-workspace/.derivedData/Build/Intermediates.noindex/IndustrialKit.build/Debug-appletvos/IndustrialKit-t.build/Objects-normal/arm64/IndustrialKit-primary-emit-module.dia -emit-dependencies-path /Users/admin/builder/spi-builder-workspace/.derivedData/Build/Intermediates.noindex/IndustrialKit.build/Debug-appletvos/IndustrialKit-t.build/Objects-normal/arm64/IndustrialKit-primary-emit-module.d -parse-as-library -o /Users/admin/builder/spi-builder-workspace/.derivedData/Build/Intermediates.noindex/IndustrialKit.build/Debug-appletvos/IndustrialKit-t.build/Objects-normal/arm64/IndustrialKit.swiftmodule -emit-abi-descriptor-path /Users/admin/builder/spi-builder-workspace/.derivedData/Build/Intermediates.noindex/IndustrialKit.build/Debug-appletvos/IndustrialKit-t.build/Objects-normal/arm64/IndustrialKit.abi.json
SwiftCompile normal arm64 (in target 'IndustrialKit' from project 'IndustrialKit')
cd /Users/admin/builder/spi-builder-workspace/.swiftpm/xcode
SwiftCompile normal arm64 Compiling\ PerformerElements.swift,\ ProductionProgramElement.swift,\ Workspace.swift /Users/admin/builder/spi-builder-workspace/Sources/IndustrialKit/Programs/ProductionProgramElements/PerformerElements.swift /Users/admin/builder/spi-builder-workspace/Sources/IndustrialKit/Programs/ProductionProgramElements/ProductionProgramElement.swift /Users/admin/builder/spi-builder-workspace/Sources/IndustrialKit/Workspace.swift (in target 'IndustrialKit' from project 'IndustrialKit')
SwiftCompile normal arm64 /Users/admin/builder/spi-builder-workspace/Sources/IndustrialKit/Programs/ProductionProgramElements/PerformerElements.swift (in target 'IndustrialKit' from project 'IndustrialKit')
cd /Users/admin/builder/spi-builder-workspace/.swiftpm/xcode
builtin-SwiftPerFileCompile PerformerElements.swift
SwiftCompile normal arm64 /Users/admin/builder/spi-builder-workspace/Sources/IndustrialKit/Programs/ProductionProgramElements/ProductionProgramElement.swift (in target 'IndustrialKit' from project 'IndustrialKit')
cd /Users/admin/builder/spi-builder-workspace/.swiftpm/xcode
builtin-SwiftPerFileCompile ProductionProgramElement.swift
SwiftCompile normal arm64 /Users/admin/builder/spi-builder-workspace/Sources/IndustrialKit/Workspace.swift (in target 'IndustrialKit' from project 'IndustrialKit')
cd /Users/admin/builder/spi-builder-workspace/.swiftpm/xcode
builtin-SwiftPerFileCompile Workspace.swift
/Users/admin/builder/spi-builder-workspace/Sources/IndustrialKit/Programs/ProductionProgramElements/ProductionProgramElement.swift:87:13: warning: initialization of immutable value 'container' was never used; consider replacing with assignment to '_' or removing it [#NoUsage]
85 | public required init(from decoder: Decoder) throws
86 | {
87 | let container = try decoder.container(keyedBy: CodingKeys.self)
| `- warning: initialization of immutable value 'container' was never used; consider replacing with assignment to '_' or removing it [#NoUsage]
88 | }
89 |
/Users/admin/builder/spi-builder-workspace/Sources/IndustrialKit/Programs/ProductionProgramElements/ProductionProgramElement.swift:92:13: warning: initialization of variable 'container' was never used; consider replacing with assignment to '_' or removing it [#NoUsage]
90 | public func encode(to encoder: Encoder) throws
91 | {
92 | var container = encoder.container(keyedBy: CodingKeys.self)
| `- warning: initialization of variable 'container' was never used; consider replacing with assignment to '_' or removing it [#NoUsage]
93 | }
94 | }
/Users/admin/builder/spi-builder-workspace/Sources/IndustrialKit/Workspace.swift:1673:32: error: cannot find type 'RealityViewContent' in scope
1671 | private var scene_content: RealityViewCameraContent?
1672 | #else
1673 | private var scene_content: RealityViewContent?
| `- error: cannot find type 'RealityViewContent' in scope
1674 | #endif
1675 |
/Users/admin/builder/spi-builder-workspace/Sources/IndustrialKit/Workspace.swift:1782:21: error: cannot find type 'RealityViewContent' in scope
1780 | #else
1781 | public func place_entity(
1782 | in content: RealityViewContent,
| `- error: cannot find type 'RealityViewContent' in scope
1783 | completion: @escaping () -> () = {}
1784 | )
/Users/admin/builder/spi-builder-workspace/Sources/IndustrialKit/Workspace.swift:1845:45: error: cannot find type 'RealityViewContent' in scope
1843 | }
1844 | #else
1845 | public func remove_entity(from content: RealityViewContent)
| `- error: cannot find type 'RealityViewContent' in scope
1846 | {
1847 | content.remove(workspace_entity)
/Users/admin/builder/spi-builder-workspace/Sources/IndustrialKit/Workspace.swift:2385:36: error: 'EntityTargetValue' is unavailable in tvOS
2383 | /// - Part selection
2384 | /// - Nested tool-in-robot detection
2385 | public func process_tap(value: EntityTargetValue<TapGesture.Value>)
| `- error: 'EntityTargetValue' is unavailable in tvOS
2386 | {
2387 | var entity: Entity? = value.entity
_RealityKit_SwiftUI.EntityTargetValue:4:36: note: 'EntityTargetValue' has been explicitly marked unavailable here
2 | @available(watchOS, unavailable)
3 | @available(tvOS, unavailable)
4 | @dynamicMemberLookup public struct EntityTargetValue<Value> {
| `- note: 'EntityTargetValue' has been explicitly marked unavailable here
5 | public var gestureValue: Value
6 | public var entity: Entity
/Users/admin/builder/spi-builder-workspace/Sources/IndustrialKit/Workspace.swift:137:18: warning: immutable value 'part' was never used; consider replacing with '_' or removing it [#NoUsage]
135 | case let tool as Tool:
136 | tool.deselect_program() // Deselect program
137 | case let part as Part:
| `- warning: immutable value 'part' was never used; consider replacing with '_' or removing it [#NoUsage]
138 | break
139 | default:
/Users/admin/builder/spi-builder-workspace/Sources/IndustrialKit/Workspace.swift:383:39: warning: immutable value 'error' was never used; consider replacing with '_' or removing it [#NoUsage]
381 | case .success:
382 | self.performing_state = .completed
383 | case .failure(let error):
| `- warning: immutable value 'error' was never used; consider replacing with '_' or removing it [#NoUsage]
384 | self.performing_state = .error
385 | }
SwiftCompile normal arm64 Compiling\ OperationProgram.swift,\ PositionPoint.swift,\ PositionProgram.swift /Users/admin/builder/spi-builder-workspace/Sources/IndustrialKit/Programs/OperationProgram.swift /Users/admin/builder/spi-builder-workspace/Sources/IndustrialKit/Programs/PositionPoint.swift /Users/admin/builder/spi-builder-workspace/Sources/IndustrialKit/Programs/PositionProgram.swift (in target 'IndustrialKit' from project 'IndustrialKit')
SwiftCompile normal arm64 /Users/admin/builder/spi-builder-workspace/Sources/IndustrialKit/Programs/OperationProgram.swift (in target 'IndustrialKit' from project 'IndustrialKit')
cd /Users/admin/builder/spi-builder-workspace/.swiftpm/xcode
builtin-SwiftPerFileCompile OperationProgram.swift
SwiftCompile normal arm64 /Users/admin/builder/spi-builder-workspace/Sources/IndustrialKit/Programs/PositionPoint.swift (in target 'IndustrialKit' from project 'IndustrialKit')
cd /Users/admin/builder/spi-builder-workspace/.swiftpm/xcode
builtin-SwiftPerFileCompile PositionPoint.swift
SwiftCompile normal arm64 /Users/admin/builder/spi-builder-workspace/Sources/IndustrialKit/Programs/PositionProgram.swift (in target 'IndustrialKit' from project 'IndustrialKit')
cd /Users/admin/builder/spi-builder-workspace/.swiftpm/xcode
builtin-SwiftPerFileCompile PositionProgram.swift
SwiftCompile normal arm64 Compiling\ ToolModelController.swift,\ DeviceOutputData.swift,\ StateChart.swift /Users/admin/builder/spi-builder-workspace/Sources/IndustrialKit/ModelControllers/ToolModelController.swift /Users/admin/builder/spi-builder-workspace/Sources/IndustrialKit/OutputState/DeviceOutputData.swift /Users/admin/builder/spi-builder-workspace/Sources/IndustrialKit/OutputState/StateChart.swift (in target 'IndustrialKit' from project 'IndustrialKit')
SwiftCompile normal arm64 /Users/admin/builder/spi-builder-workspace/Sources/IndustrialKit/ModelControllers/ToolModelController.swift (in target 'IndustrialKit' from project 'IndustrialKit')
cd /Users/admin/builder/spi-builder-workspace/.swiftpm/xcode
builtin-SwiftPerFileCompile ToolModelController.swift
SwiftCompile normal arm64 /Users/admin/builder/spi-builder-workspace/Sources/IndustrialKit/OutputState/DeviceOutputData.swift (in target 'IndustrialKit' from project 'IndustrialKit')
cd /Users/admin/builder/spi-builder-workspace/.swiftpm/xcode
builtin-SwiftPerFileCompile DeviceOutputData.swift
SwiftCompile normal arm64 /Users/admin/builder/spi-builder-workspace/Sources/IndustrialKit/OutputState/StateChart.swift (in target 'IndustrialKit' from project 'IndustrialKit')
cd /Users/admin/builder/spi-builder-workspace/.swiftpm/xcode
builtin-SwiftPerFileCompile StateChart.swift
PruneExplicitPrecompiledModules /Users/admin/builder/spi-builder-workspace/.derivedData/SDKExplicitPrecompiledModules
PruneExplicitPrecompiledModules /Users/admin/builder/spi-builder-workspace/.derivedData/Build/Intermediates.noindex/SwiftExplicitPrecompiledModules
PruneExplicitPrecompiledModules /Users/admin/builder/spi-builder-workspace/.derivedData/Build/Intermediates.noindex/ExplicitPrecompiledModules
2026-09-26 03:54:47.393 xcodebuild[761:4575] [MT] IDERunDestination: Supported platforms for the buildables in the current scheme is empty.
2026-09-26 03:54:47.532 xcodebuild[761:4575] [MT] IDERunDestination: Supported platforms for the buildables in the current scheme is empty.
** BUILD FAILED **
The following build commands failed:
SwiftEmitModule normal arm64 Emitting\ module\ for\ IndustrialKit (in target 'IndustrialKit' from project 'IndustrialKit')
SwiftCompile normal arm64 (in target 'IndustrialKit' from project 'IndustrialKit')
Building workspace IndustrialKit with scheme IndustrialKit-Package
(3 failures)
BUILD FAILURE 6.4 tvOS