Build Information
Failed to build swift-indefinite-loader, reference v2.0.0 (6baee8), with Swift 6.1 for macOS (Xcode) using Xcode 16.3 on 1 Oct 2026 06:36:01 UTC.
Build Command
No build command. This typically means the build failed at an early stage where we determine the build command.Build Log
========================================
RunAll
========================================
Builder version: 5.1.1
Interrupt handler set up.
========================================
Checkout
========================================
Clone URL: https://github.com/KalebCooper/swift-indefinite-loader.git
Reference: v2.0.0
Initialized empty Git repository in /Users/admin/builder/spi-builder-workspace/.git/
From https://github.com/KalebCooper/swift-indefinite-loader
* tag v2.0.0 -> FETCH_HEAD
HEAD is now at 6baee84 test: bound the negative-case drain to 100 yields
Cloned https://github.com/KalebCooper/swift-indefinite-loader.git
Revision (git rev-parse @):
6baee842c1820c2d783e97e835711a98bf03abbb
SPI manifest file found: $PWD/.spi.yml
SUCCESS checkout https://github.com/KalebCooper/swift-indefinite-loader.git at v2.0.0
========================================
Build
========================================
Selected platform: macosXcodebuild
Swift version: 6.1
Building package at path: $PWD
https://github.com/KalebCooper/swift-indefinite-loader.git
https://github.com/KalebCooper/swift-indefinite-loader.git
error: 'spi-builder-workspace': package 'spi-builder-workspace' is using Swift tools version 6.2.0 but the installed version is 6.1.0
error: fatalError
Command line invocation:
/Applications/Xcode-16.3.0.app/Contents/Developer/usr/bin/xcodebuild -IDEClonedSourcePackagesDirPathOverride=/Users/admin/builder/spi-builder-workspace/.dependencies -resolvePackageDependencies
Resolve Package Graph
package 'spi-builder-workspace' is using Swift tools version 6.2.0 but the installed version is 6.1.0
Resolved source packages:
spi-builder-workspace: (null)
2026-09-30 23:36:00.311 xcodebuild[503:2856] Writing error result bundle to /var/folders/5k/5yc19ymj0jqd5v0zvgfqz0xw0000gn/T/ResultBundle_2026-30-09_23-36-0000.xcresult
xcodebuild: error: Could not resolve package dependencies:
package 'spi-builder-workspace' is using Swift tools version 6.2.0 but the installed version is 6.1.0
Command line invocation:
/Applications/Xcode-16.3.0.app/Contents/Developer/usr/bin/xcodebuild -IDEClonedSourcePackagesDirPathOverride=/Users/admin/builder/spi-builder-workspace/.dependencies -resolvePackageDependencies
Resolve Package Graph
package 'spi-builder-workspace' is using Swift tools version 6.2.0 but the installed version is 6.1.0
Resolved source packages:
spi-builder-workspace: (null)
2026-09-30 23:36:01.035 xcodebuild[512:2942] Writing error result bundle to /var/folders/5k/5yc19ymj0jqd5v0zvgfqz0xw0000gn/T/ResultBundle_2026-30-09_23-36-0001.xcresult
xcodebuild: error: Could not resolve package dependencies:
package 'spi-builder-workspace' is using Swift tools version 6.2.0 but the installed version is 6.1.0
BUILD FAILURE 6.1 macosXcodebuild