The Swift Package Index logo.Swift Package Index

Build Information

Failed to build TransitionRouter, reference 0.2.1 (9645d5), with Swift 6.4 for watchOS using Xcode 27.0 on 16 Sep 2026 23:17:54 UTC.

Build Command

No build command. This typically means the build failed at an early stage where we determine the build command.

Build Log

========================================
RunAll
========================================
Builder version: 5.1.0
Interrupt handler set up.
========================================
Checkout
========================================
Clone URL: https://github.com/artemnovichkov/TransitionRouter.git
Reference: 0.2.1
Initialized empty Git repository in /Users/admin/builder/spi-builder-workspace/.git/
From https://github.com/artemnovichkov/TransitionRouter
 * tag               0.2.1      -> FETCH_HEAD
HEAD is now at 9645d58 Small fix
Cloned https://github.com/artemnovichkov/TransitionRouter.git
Revision (git rev-parse @):
9645d589df988cf3f2c174aab43e55b7a7e865a3
SUCCESS checkout https://github.com/artemnovichkov/TransitionRouter.git at 0.2.1
========================================
Build
========================================
Selected platform:         watchOS
Swift version:             6.4
Building package at path:  $PWD
https://github.com/artemnovichkov/TransitionRouter.git
Command line invocation:
    /Applications/Xcode-27.0.0-Release.Candidate.app/Contents/Developer/usr/bin/xcodebuild -IDEClonedSourcePackagesDirPathOverride=/Users/admin/builder/spi-builder-workspace/.dependencies -resolvePackageDependencies
Resolve Package Graph
package 'package.swift' is using Swift tools version 3.1.0 which is no longer supported; consider using '// swift-tools-version: 6.4' to specify the current tools version
Resolved source packages:
  spi-builder-workspace: (null)
2026-09-16 19:17:52.638 xcodebuild[529:3012] Writing error result bundle to /var/folders/xq/y_g06wb113726d38xsyx71_h0000gn/T/ResultBundle_2026-16-09_19-17-0052.xcresult
xcodebuild: error: Could not resolve package dependencies:
  package 'package.swift' is using Swift tools version 3.1.0 which is no longer supported; consider using '// swift-tools-version: 6.4' to specify the current tools version
Command line invocation:
    /Applications/Xcode-27.0.0-Release.Candidate.app/Contents/Developer/usr/bin/xcodebuild -IDEClonedSourcePackagesDirPathOverride=/Users/admin/builder/spi-builder-workspace/.dependencies -resolvePackageDependencies
Resolve Package Graph
package 'package.swift' is using Swift tools version 3.1.0 which is no longer supported; consider using '// swift-tools-version: 6.4' to specify the current tools version
Resolved source packages:
  spi-builder-workspace: (null)
2026-09-16 19:17:54.396 xcodebuild[574:3375] Writing error result bundle to /var/folders/xq/y_g06wb113726d38xsyx71_h0000gn/T/ResultBundle_2026-16-09_19-17-0054.xcresult
xcodebuild: error: Could not resolve package dependencies:
  package 'package.swift' is using Swift tools version 3.1.0 which is no longer supported; consider using '// swift-tools-version: 6.4' to specify the current tools version
BUILD FAILURE 6.4 watchOS