Build Information
Failed to build WaterStates, reference master (a1f909), with Swift 6.4 for tvOS using Xcode 27.0 on 19 Sep 2026 02:52:30 UTC.
Build Command
No build command. This typically means the build failed at an early stage where we determine the build command.Build Log
========================================
RunAll
========================================
Builder version: 5.1.0
Interrupt handler set up.
========================================
Checkout
========================================
Clone URL: https://github.com/BarredEwe/WaterStates.git
Reference: master
Initialized empty Git repository in /Users/admin/builder/spi-builder-workspace/.git/
From https://github.com/BarredEwe/WaterStates
* branch master -> FETCH_HEAD
* [new branch] master -> origin/master
HEAD is now at a1f9099 Fixed retain cycle
Cloned https://github.com/BarredEwe/WaterStates.git
Revision (git rev-parse @):
a1f90991e612fb7bf5a36262b06805dfc765e3af
SUCCESS checkout https://github.com/BarredEwe/WaterStates.git at master
========================================
Build
========================================
Selected platform: tvOS
Swift version: 6.4
Building package at path: $PWD
https://github.com/BarredEwe/WaterStates.git
Command line invocation:
/Applications/Xcode-27.0.0-Release.Candidate.app/Contents/Developer/usr/bin/xcodebuild -IDEClonedSourcePackagesDirPathOverride=/Users/admin/builder/spi-builder-workspace/.dependencies -resolvePackageDependencies
2026-09-18 22:52:29.669 xcodebuild[525:2996] Writing error result bundle to /var/folders/xq/y_g06wb113726d38xsyx71_h0000gn/T/ResultBundle_2026-18-09_22-52-0029.xcresult
xcodebuild: error: '_Pods.xcodeproj' does not exist.
Command line invocation:
/Applications/Xcode-27.0.0-Release.Candidate.app/Contents/Developer/usr/bin/xcodebuild -IDEClonedSourcePackagesDirPathOverride=/Users/admin/builder/spi-builder-workspace/.dependencies -resolvePackageDependencies
2026-09-18 22:52:30.687 xcodebuild[535:3073] Writing error result bundle to /var/folders/xq/y_g06wb113726d38xsyx71_h0000gn/T/ResultBundle_2026-18-09_22-52-0030.xcresult
xcodebuild: error: '_Pods.xcodeproj' does not exist.
BUILD FAILURE 6.4 tvOS