Build Information
Failed to build GoogleCloudBigtableAdminV2, reference main (f3a5f8), with Swift 6.2 for Android on 11 Oct 2026 11:33:50 UTC.
Build Command
bash -c docker run --pull=always --rm -v "checkouts-54344847-1":/host -w "$PWD" -e JAVA_HOME="/root/.sdkman/candidates/java/current" -e SPI_BUILD="1" -e SPI_PROCESSING="1" registry.gitlab.com/saguaro1/spi-images:android-6.2-latest swift build --swift-sdk aarch64-unknown-linux-android28 2>&1Build Log
========================================
RunAll
========================================
Builder version: 5.1.1
Interrupt handler set up.
========================================
Checkout
========================================
Clone URL: https://github.com/googleapis/swift-google-bigtable-admin-v2.git
Reference: main
Initialized empty Git repository in /host/spi-builder-workspace/.git/
hint: Using 'master' as the name for the initial branch. This default branch name
hint: is subject to change. To configure the initial branch name to use in all
hint: of your new repositories, which will suppress this warning, call:
hint:
hint: git config --global init.defaultBranch <name>
hint:
hint: Names commonly chosen instead of 'master' are 'main', 'trunk' and
hint: 'development'. The just-created branch can be renamed via this command:
hint:
hint: git branch -m <name>
From https://github.com/googleapis/swift-google-bigtable-admin-v2
* branch main -> FETCH_HEAD
* [new branch] main -> origin/main
HEAD is now at f3a5f8f chore: release circa 2026-10-07 (#1382)
Cloned https://github.com/googleapis/swift-google-bigtable-admin-v2.git
Revision (git rev-parse @):
f3a5f8ff89bc499f3500ee48f6917e2d28285ebb
SPI manifest file found: $PWD/.spi.yml
SUCCESS checkout https://github.com/googleapis/swift-google-bigtable-admin-v2.git at main
========================================
Build
========================================
Selected platform: android
Swift version: 6.2
Building package at path: $PWD
https://github.com/googleapis/swift-google-bigtable-admin-v2.git
Running build ...
bash -c docker run --pull=always --rm -v "checkouts-54344847-1":/host -w "$PWD" -e JAVA_HOME="/root/.sdkman/candidates/java/current" -e SPI_BUILD="1" -e SPI_PROCESSING="1" registry.gitlab.com/saguaro1/spi-images:android-6.2-latest swift build --swift-sdk aarch64-unknown-linux-android28 2>&1
android-6.2-latest: Pulling from saguaro1/spi-images
Digest: sha256:a839c9ce201f1dacc8eb056626ec7ab0a1c6d53d7b77c83feda395f4507c51be
Status: Image is up to date for registry.gitlab.com/saguaro1/spi-images:android-6.2-latest
Fetching https://github.com/googleapis/swift-google-iam-v1
Fetching https://github.com/googleapis/swift-google-longrunning
Fetching https://github.com/googleapis/swift-google-gax
Fetching https://github.com/googleapis/swift-google-wkt
Fetching https://github.com/apple/swift-log
Fetching https://github.com/googleapis/swift-google-rpc
[1/422] Fetching swift-google-rpc
[423/1128] Fetching swift-google-rpc, swift-google-iam-v1
Fetched https://github.com/googleapis/swift-google-rpc from cache (0.46s)
[565/706] Fetching swift-google-iam-v1
Fetching https://github.com/googleapis/swift-google-auth
[707/1325] Fetching swift-google-iam-v1, swift-google-longrunning
[1190/2348] Fetching swift-google-iam-v1, swift-google-longrunning, swift-google-wkt
[2094/10605] Fetching swift-google-iam-v1, swift-google-longrunning, swift-google-wkt, swift-log
[2350/12353] Fetching swift-google-iam-v1, swift-google-longrunning, swift-google-wkt, swift-log, swift-google-gax
Fetched https://github.com/googleapis/swift-google-longrunning from cache (0.84s)
Fetched https://github.com/googleapis/swift-google-gax from cache (0.84s)
[4950/9986] Fetching swift-google-iam-v1, swift-google-wkt, swift-log
[6850/11009] Fetching swift-google-iam-v1, swift-google-wkt, swift-log, swift-google-auth
Fetched https://github.com/googleapis/swift-google-auth from cache (0.45s)
Fetched https://github.com/googleapis/swift-google-wkt from cache (0.95s)
Fetched https://github.com/googleapis/swift-google-iam-v1 from cache (0.95s)
Fetched https://github.com/apple/swift-log from cache (0.95s)
Computing version for https://github.com/googleapis/swift-google-wkt
Computed https://github.com/googleapis/swift-google-wkt at 0.5.0 (1.10s)
Fetching https://github.com/swift-extras/swift-extras-base64
[1/954] Fetching swift-extras-base64
Fetched https://github.com/swift-extras/swift-extras-base64 from cache (0.43s)
Computing version for https://github.com/googleapis/swift-google-rpc
Computed https://github.com/googleapis/swift-google-rpc at 0.5.0 (0.60s)
Computing version for https://github.com/googleapis/swift-google-longrunning
Computed https://github.com/googleapis/swift-google-longrunning at 0.5.0 (0.16s)
Computing version for https://github.com/googleapis/swift-google-iam-v1
Computed https://github.com/googleapis/swift-google-iam-v1 at 0.5.0 (0.14s)
Fetching https://github.com/googleapis/swift-google-type
[1/437] Fetching swift-google-type
Fetched https://github.com/googleapis/swift-google-type from cache (0.40s)
Computing version for https://github.com/googleapis/swift-google-gax
Computed https://github.com/googleapis/swift-google-gax at 0.5.0 (0.58s)
Fetching https://github.com/apple/swift-nio
Fetching https://github.com/swift-server/async-http-client.git
[1/16464] Fetching async-http-client
[16465/102838] Fetching async-http-client, swift-nio
Fetched https://github.com/swift-server/async-http-client.git from cache (1.37s)
[864/86374] Fetching swift-nio
Fetched https://github.com/apple/swift-nio from cache (4.87s)
Computing version for https://github.com/googleapis/swift-google-auth
Computed https://github.com/googleapis/swift-google-auth at 0.5.0 (5.07s)
Fetching https://github.com/vapor/jwt-kit.git
Fetching https://github.com/apple/swift-system.git
[1/7241] Fetching swift-system
[7098/17495] Fetching swift-system, jwt-kit
Fetched https://github.com/apple/swift-system.git from cache (1.08s)
Fetched https://github.com/vapor/jwt-kit.git from cache (1.09s)
Computing version for https://github.com/googleapis/swift-google-type
Computed https://github.com/googleapis/swift-google-type at 0.5.0 (1.31s)
Computing version for https://github.com/swift-extras/swift-extras-base64
Computed https://github.com/swift-extras/swift-extras-base64 at 1.2.0 (0.17s)
Computing version for https://github.com/swift-server/async-http-client.git
Computed https://github.com/swift-server/async-http-client.git at 1.36.2 (0.25s)
Fetching https://github.com/apple/swift-atomics.git
Fetching https://github.com/apple/swift-configuration.git
Fetching https://github.com/apple/swift-algorithms.git
Fetching https://github.com/apple/swift-nio-http2.git
Fetching https://github.com/apple/swift-nio-transport-services.git
Fetching https://github.com/apple/swift-service-context.git
[1/1889] Fetching swift-atomics
[20/5817] Fetching swift-atomics, swift-configuration
[99/7317] Fetching swift-atomics, swift-configuration, swift-service-context
[3366/10184] Fetching swift-atomics, swift-configuration, swift-service-context, swift-nio-transport-services
[5983/16348] Fetching swift-atomics, swift-configuration, swift-service-context, swift-nio-transport-services, swift-algorithms
Fetched https://github.com/apple/swift-service-context.git from cache (0.51s)
[9877/14848] Fetching swift-atomics, swift-configuration, swift-nio-transport-services, swift-algorithms
Fetching https://github.com/apple/swift-nio-extras.git
[10401/27142] Fetching swift-atomics, swift-configuration, swift-nio-transport-services, swift-algorithms, swift-nio-http2
[27143/33845] Fetching swift-atomics, swift-configuration, swift-nio-transport-services, swift-algorithms, swift-nio-http2, swift-nio-extras
Fetched https://github.com/apple/swift-nio-extras.git from cache (0.65s)
Fetching https://github.com/apple/swift-nio-ssl.git
Fetched https://github.com/apple/swift-configuration.git from cache (1.22s)
Fetched https://github.com/apple/swift-atomics.git from cache (1.22s)
Fetched https://github.com/apple/swift-nio-transport-services.git from cache (1.22s)
Fetched https://github.com/apple/swift-algorithms.git from cache (1.22s)
Fetching https://github.com/apple/swift-distributed-tracing.git
Fetched https://github.com/apple/swift-nio-http2.git from cache (1.23s)
[1/16871] Fetching swift-nio-ssl
[1182/23422] Fetching swift-nio-ssl, swift-distributed-tracing
Fetched https://github.com/apple/swift-distributed-tracing.git from cache (0.59s)
[4556/16871] Fetching swift-nio-ssl
Fetched https://github.com/apple/swift-nio-ssl.git from cache (1.26s)
Computing version for https://github.com/apple/swift-service-context.git
Computed https://github.com/apple/swift-service-context.git at 1.3.0 (2.59s)
Computing version for https://github.com/apple/swift-algorithms.git
Computed https://github.com/apple/swift-algorithms.git at 1.2.1 (1.24s)
Fetching https://github.com/apple/swift-numerics.git
[1/6733] Fetching swift-numerics
Fetched https://github.com/apple/swift-numerics.git from cache (0.95s)
Computing version for https://github.com/apple/swift-log
Computed https://github.com/apple/swift-log at 1.16.1 (1.17s)
Computing version for https://github.com/apple/swift-distributed-tracing.git
Computed https://github.com/apple/swift-distributed-tracing.git at 1.5.0 (0.21s)
Computing version for https://github.com/apple/swift-atomics.git
Computed https://github.com/apple/swift-atomics.git at 1.3.1 (0.15s)
Computing version for https://github.com/apple/swift-numerics.git
Computed https://github.com/apple/swift-numerics.git at 1.1.1 (0.14s)
Computing version for https://github.com/apple/swift-nio
Computed https://github.com/apple/swift-nio at 2.104.0 (0.44s)
Fetching https://github.com/apple/swift-collections.git
[1/28703] Fetching swift-collections
Fetched https://github.com/apple/swift-collections.git from cache (1.57s)
Computing version for https://github.com/apple/swift-configuration.git
Computed https://github.com/apple/swift-configuration.git at 1.2.2 (2.87s)
Fetching https://github.com/swift-server/swift-service-lifecycle
[1/2867] Fetching swift-service-lifecycle
Fetched https://github.com/swift-server/swift-service-lifecycle from cache (0.49s)
Computing version for https://github.com/apple/swift-nio-transport-services.git
Computed https://github.com/apple/swift-nio-transport-services.git at 1.28.0 (0.73s)
Computing version for https://github.com/swift-server/swift-service-lifecycle
Computed https://github.com/swift-server/swift-service-lifecycle at 2.12.1 (0.24s)
Fetching https://github.com/apple/swift-async-algorithms.git
[1/6820] Fetching swift-async-algorithms
Fetched https://github.com/apple/swift-async-algorithms.git from cache (0.65s)
Computing version for https://github.com/apple/swift-async-algorithms.git
Computed https://github.com/apple/swift-async-algorithms.git at 1.1.7 (0.98s)
Computing version for https://github.com/apple/swift-collections.git
Computed https://github.com/apple/swift-collections.git at 1.7.2 (0.46s)
Computing version for https://github.com/apple/swift-nio-http2.git
Computed https://github.com/apple/swift-nio-http2.git at 1.46.0 (0.27s)
Computing version for https://github.com/vapor/jwt-kit.git
Computed https://github.com/vapor/jwt-kit.git at 5.7.1 (0.23s)
Fetching https://github.com/apple/swift-crypto.git
Fetching https://github.com/apple/swift-certificates.git
[1/18629] Fetching swift-crypto
[933/26238] Fetching swift-crypto, swift-certificates
Fetched https://github.com/apple/swift-certificates.git from cache (0.75s)
[2236/18629] Fetching swift-crypto
Fetched https://github.com/apple/swift-crypto.git from cache (1.90s)
Computing version for https://github.com/apple/swift-crypto.git
Computed https://github.com/apple/swift-crypto.git at 4.5.2 (2.90s)
Fetching https://github.com/apple/swift-asn1.git
[21/2009] Fetching swift-asn1
Fetched https://github.com/apple/swift-asn1.git from cache (0.48s)
Computing version for https://github.com/apple/swift-asn1.git
Computed https://github.com/apple/swift-asn1.git at 1.7.3 (0.92s)
Computing version for https://github.com/apple/swift-certificates.git
Computed https://github.com/apple/swift-certificates.git at 1.21.0 (0.38s)
Computing version for https://github.com/apple/swift-nio-ssl.git
Computed https://github.com/apple/swift-nio-ssl.git at 2.37.5 (0.37s)
Computing version for https://github.com/apple/swift-system.git
Computed https://github.com/apple/swift-system.git at 1.8.1 (0.33s)
Computing version for https://github.com/apple/swift-nio-extras.git
Computed https://github.com/apple/swift-nio-extras.git at 1.35.1 (0.45s)
Fetching https://github.com/apple/swift-http-structured-headers.git
Fetching https://github.com/apple/swift-http-types.git
[1/1253] Fetching swift-http-structured-headers
[14/3192] Fetching swift-http-structured-headers, swift-http-types
Fetched https://github.com/apple/swift-http-structured-headers.git from cache (0.48s)
Fetched https://github.com/apple/swift-http-types.git from cache (0.49s)
Computing version for https://github.com/apple/swift-http-structured-headers.git
Computed https://github.com/apple/swift-http-structured-headers.git at 1.7.0 (0.78s)
Computing version for https://github.com/apple/swift-http-types.git
Computed https://github.com/apple/swift-http-types.git at 1.8.0 (0.32s)
Creating working copy for https://github.com/apple/swift-distributed-tracing.git
Working copy of https://github.com/apple/swift-distributed-tracing.git resolved at 1.5.0
Creating working copy for https://github.com/apple/swift-nio-transport-services.git
Working copy of https://github.com/apple/swift-nio-transport-services.git resolved at 1.28.0
Creating working copy for https://github.com/googleapis/swift-google-auth
Working copy of https://github.com/googleapis/swift-google-auth resolved at 0.5.0
Creating working copy for https://github.com/apple/swift-system.git
Working copy of https://github.com/apple/swift-system.git resolved at 1.8.1
Creating working copy for https://github.com/swift-extras/swift-extras-base64
Working copy of https://github.com/swift-extras/swift-extras-base64 resolved at 1.2.0
Creating working copy for https://github.com/apple/swift-numerics.git
Working copy of https://github.com/apple/swift-numerics.git resolved at 1.1.1
Creating working copy for https://github.com/apple/swift-configuration.git
Working copy of https://github.com/apple/swift-configuration.git resolved at 1.2.2
Creating working copy for https://github.com/apple/swift-algorithms.git
Working copy of https://github.com/apple/swift-algorithms.git resolved at 1.2.1
Creating working copy for https://github.com/apple/swift-service-context.git
Working copy of https://github.com/apple/swift-service-context.git resolved at 1.3.0
Creating working copy for https://github.com/googleapis/swift-google-type
Working copy of https://github.com/googleapis/swift-google-type resolved at 0.5.0
Creating working copy for https://github.com/apple/swift-atomics.git
Working copy of https://github.com/apple/swift-atomics.git resolved at 1.3.1
Creating working copy for https://github.com/googleapis/swift-google-wkt
Working copy of https://github.com/googleapis/swift-google-wkt resolved at 0.5.0
Creating working copy for https://github.com/vapor/jwt-kit.git
Working copy of https://github.com/vapor/jwt-kit.git resolved at 5.7.1
Creating working copy for https://github.com/apple/swift-crypto.git
Working copy of https://github.com/apple/swift-crypto.git resolved at 4.5.2
Creating working copy for https://github.com/apple/swift-asn1.git
Working copy of https://github.com/apple/swift-asn1.git resolved at 1.7.3
Creating working copy for https://github.com/apple/swift-nio
Working copy of https://github.com/apple/swift-nio resolved at 2.104.0
Creating working copy for https://github.com/googleapis/swift-google-gax
Working copy of https://github.com/googleapis/swift-google-gax resolved at 0.5.0
Creating working copy for https://github.com/apple/swift-log
Working copy of https://github.com/apple/swift-log resolved at 1.16.1
Creating working copy for https://github.com/apple/swift-nio-ssl.git
Working copy of https://github.com/apple/swift-nio-ssl.git resolved at 2.37.5
Creating working copy for https://github.com/swift-server/async-http-client.git
Working copy of https://github.com/swift-server/async-http-client.git resolved at 1.36.2
Creating working copy for https://github.com/apple/swift-http-types.git
Working copy of https://github.com/apple/swift-http-types.git resolved at 1.8.0
Creating working copy for https://github.com/apple/swift-nio-extras.git
Working copy of https://github.com/apple/swift-nio-extras.git resolved at 1.35.1
Creating working copy for https://github.com/googleapis/swift-google-iam-v1
Working copy of https://github.com/googleapis/swift-google-iam-v1 resolved at 0.5.0
Creating working copy for https://github.com/apple/swift-collections.git
Working copy of https://github.com/apple/swift-collections.git resolved at 1.7.2
Creating working copy for https://github.com/apple/swift-async-algorithms.git
Working copy of https://github.com/apple/swift-async-algorithms.git resolved at 1.1.7
Creating working copy for https://github.com/googleapis/swift-google-rpc
Working copy of https://github.com/googleapis/swift-google-rpc resolved at 0.5.0
Creating working copy for https://github.com/apple/swift-certificates.git
Working copy of https://github.com/apple/swift-certificates.git resolved at 1.21.0
Creating working copy for https://github.com/apple/swift-http-structured-headers.git
Working copy of https://github.com/apple/swift-http-structured-headers.git resolved at 1.7.0
Creating working copy for https://github.com/googleapis/swift-google-longrunning
Working copy of https://github.com/googleapis/swift-google-longrunning resolved at 0.5.0
Creating working copy for https://github.com/swift-server/swift-service-lifecycle
Working copy of https://github.com/swift-server/swift-service-lifecycle resolved at 2.12.1
Creating working copy for https://github.com/apple/swift-nio-http2.git
Working copy of https://github.com/apple/swift-nio-http2.git resolved at 1.46.0
Building for debugging...
[0/1200] Compiling aes.cc
[1/1200] Compiling f_int.cc
[2/1200] Compiling a_dup.cc
[2/1200] Write sources
[2/1200] Compiling f_string.cc
[2/1200] Write sources
[47/1200] Compiling _NumericsShims _NumericsShims.c
[48/1200] Compiling _AtomicsShims.c
[49/1200] Compiling CXKCPShims shims.c
[50/1200] Compiling SimpleFIPS202.c
[51/1200] Write swift-version--11D90AFD9DD3AB2.txt
[52/1200] Compiling KeccakSponge.c
[53/1200] Compiling KeccakHash.c
[54/1200] Compiling CSystem shims.c
[55/1208] Compiling a_gentm.cc
[56/1209] Compiling tasn_new.cc
[57/1242] Compiling a_bitstr.cc
[58/1248] Compiling by_file.cc
[59/1259] Compiling KeccakP-1600-opt64.c
[61/1287] Emitting module SystemPackage
[62/1292] Emitting module Logging
[63/1293] Compiling SwiftASN1 TimeUtilities.swift
[64/1293] Compiling SwiftASN1 UTCTime.swift
[65/1295] Compiling Logging Logger+With.swift
[66/1295] Compiling Logging LoggingSystem.swift
[67/1295] Compiling RealModule RealFunctions.swift
[68/1295] Compiling RealModule Float80+Real.swift
[69/1295] Compiling RealModule Real.swift
[70/1295] Compiling ServiceContextModule ServiceContext.swift
[71/1296] Compiling Logging Locks.swift
[72/1296] Compiling Logging LogEvent.swift
[73/1296] Compiling Logging LogHandler.swift
[74/1296] Compiling SwiftASN1 ASN1Integer.swift
[75/1296] Compiling SwiftASN1 ASN1Null.swift
[76/1296] Compiling Logging MultiplexLogHandler.swift
[77/1296] Compiling Logging StreamLogHandler.swift
[80/1296] Compiling Logging SwiftLogNoOpLogHandler.swift
[83/1296] Compiling RealModule Float16+Real.swift
[84/1296] Emitting module _NIODataStructures
[85/1296] Emitting module _CertificateInternals
[86/1296] Compiling _CertificateInternals _TinyArray.swift
[87/1296] Emitting module ServiceContextModule
[88/1297] Compiling SystemPackage SystemString.swift
[89/1297] Compiling SystemPackage Util+StringArray.swift
[90/1297] Compiling SystemPackage Util.swift
[91/1297] Compiling SystemPackage UtilConsumers.swift
[92/1297] Compiling SystemPackage WinSDK+Overlay.swift
[93/1297] Compiling ServiceContextModule ServiceContextKey.swift
[94/1298] Compiling Logging Logger.swift
[95/1298] Emitting module RealModule
[101/1298] Compiling _NIOBase64 Base64.swift
[104/1298] Emitting module _NIOBase64
[105/1299] Compiling Logging Logger+Attributes.swift
[108/1299] Compiling RealModule RelaxedArithmetic.swift
[116/1300] Compiling SwiftASN1 ASN1OctetString.swift
[117/1300] Compiling SwiftASN1 ASN1Strings.swift
[118/1300] Compiling SwiftASN1 ObjectIdentifier.swift
[119/1311] Compiling _NIODataStructures Heap.swift
[120/1311] Compiling _NIODataStructures PriorityQueue.swift
[121/1311] Compiling _NIODataStructures _TinyArray.swift
[121/1340] Wrapping AST for _NIOBase64 for debugging
[122/1340] Wrapping AST for _CertificateInternals for debugging
[124/1340] Compiling Instrumentation NoOpInstrument.swift
[125/1340] Wrapping AST for ServiceContextModule for debugging
[126/1340] Wrapping AST for RealModule for debugging
[127/1340] Compiling Instrumentation MultiplexInstrument.swift
[128/1340] Compiling CNIOWindows shim.c
[130/1340] Compiling InternalCollectionsUtilities UnsafeMutablePointer+Extras.swift
[131/1340] Compiling InternalCollectionsUtilities UnsafeMutableRawBufferPointer+Extras.swift
[132/1340] Compiling InternalCollectionsUtilities UnsafePointer+Extras.swift
[132/1340] Wrapping AST for _NIODataStructures for debugging
[134/1343] Emitting module Instrumentation
[134/1343] Compiling CNIOWindows WSAStartup.c
[135/1343] Compiling CNIOWASI CNIOWASI.c
[136/1343] Compiling CNIOPosix event_loop_id.c
[137/1343] Compiling CNIOOpenBSD shim.c
[139/1343] Emitting module SwiftASN1
[139/1343] Compiling CNIOLinux liburing_shims.c
[140/1343] Compiling CNIOLinux shim.c
[141/1343] Compiling CNIOLLHTTP c_nio_http.c
[143/1343] Compiling Instrumentation Instrument.swift
[144/1343] Compiling InternalCollectionsUtilities UnsafeRawBufferPointer+Extras.swift
[145/1343] Compiling InternalCollectionsUtilities _SortedCollection.swift
[146/1343] Compiling InternalCollectionsUtilities _UniqueCollection.swift
[146/1343] Compiling CNIOLLHTTP c_nio_api.c
[147/1343] Compiling CNIOFreeBSD shim.c
[149/1343] Compiling InternalCollectionsUtilities Strideable+LimitHelpers.swift
[150/1343] Compiling InternalCollectionsUtilities String+Padding.swift
[151/1343] Compiling InternalCollectionsUtilities TemporaryAllocation.swift
[152/1343] Compiling InternalCollectionsUtilities _UnsafeBitSet+Index.swift
[152/1343] Compiling CNIOExtrasZlib zutil.c
[153/1343] Compiling CNIOLLHTTP c_nio_llhttp.c
[155/1343] Compiling InternalCollectionsUtilities BorrowingIteratorProtocol+Equality.swift
[156/1343] Compiling InternalCollectionsUtilities BorrowingIteratorProtocol+Extras.swift
[157/1343] Compiling InternalCollectionsUtilities Debugging.swift
[158/1343] Compiling InternalCollectionsUtilities Descriptions.swift
[159/1343] Compiling InternalCollectionsUtilities Iterable+CopyContents.swift
[160/1343] Compiling InternalCollectionsUtilities Iterable+Equality.swift
[161/1343] Compiling InternalCollectionsUtilities LifetimeOverride.swift
[162/1343] Compiling InternalCollectionsUtilities MutableRef.swift
[162/1343] Compiling CNIOExtrasZlib trees.c
[163/1343] Compiling CNIOExtrasZlib inftrees.c
[164/1343] Compiling CNIOExtrasZlib inffast.c
[165/1343] Compiling CNIOExtrasZlib inflate.c
[168/1343] Compiling CNIOExtrasZlib crc32.c
[169/1343] Compiling CNIOExtrasZlib deflate.c
[170/1343] Compiling CNIODarwin shim.c
[171/1343] Compiling CNIOExtrasZlib adler32.c
[172/1343] Compiling fiat_p256_adx_sqr.S
[173/1343] Compiling fiat_p256_adx_mul.S
[174/1343] Compiling fiat_curve25519_adx_square.S
[175/1343] Compiling fiat_curve25519_adx_mul.S
[177/1343] Emitting module InternalCollectionsUtilities
[177/1343] Compiling CNIOBoringSSLShims shims.c
[179/1343] Compiling InternalCollectionsUtilities FixedWidthInteger+roundUpToPowerOfTwo.swift
[180/1343] Compiling InternalCollectionsUtilities Integer rank.swift
[181/1343] Compiling InternalCollectionsUtilities UInt+first and last set bit.swift
[182/1343] Compiling InternalCollectionsUtilities UInt+reversed.swift
[183/1343] Compiling InternalCollectionsUtilities MutableSpan+Extras.swift
[184/1343] Compiling InternalCollectionsUtilities OutputSpan+Extras.swift
[185/1343] Compiling InternalCollectionsUtilities RandomAccessCollection+Offsets.swift
[186/1343] Compiling InternalCollectionsUtilities Span+Extras.swift
[187/1343] Compiling InternalCollectionsUtilities _UnsafeBitSet+_Word.swift
[188/1343] Compiling InternalCollectionsUtilities _UnsafeBitSet.swift
[189/1343] Compiling InternalCollectionsUtilities UnsafeBufferPointer+Extras.swift
[190/1343] Compiling InternalCollectionsUtilities UnsafeMutableBufferPointer+Extras.swift
[191/1344] Compiling ExtrasBase64 Base32+Span.swift
[193/1344] Compiling Instrumentation InstrumentationSystem.swift
[194/1344] Compiling Instrumentation Locks.swift
[200/1345] Compiling Logging MetadataProvider.swift
[201/1346] Compiling SystemPackage RawBuffer.swift
[202/1346] Compiling SystemPackage Syscalls.swift
[203/1346] Compiling SystemPackage WindowsSyscallAdapters.swift
[204/1346] Compiling SystemPackage MachPort.swift
[205/1346] Compiling SystemPackage PlatformString.swift
[216/1350] Compiling SystemPackage Mocking.swift
[226/1350] Compiling SpanPreview OutputSpan+InputSpanHelpers.swift
[234/1350] Compiling SpanPreview InputSpan.swift
[235/1350] Emitting module SpanPreview
[236/1350] Compiling SpanPreview MutableSpan+InputSpanHelpers.swift
[239/1361] Wrapping AST for SpanPreview for debugging
[240/1361] Wrapping AST for SwiftASN1 for debugging
[241/1403] Wrapping AST for SystemPackage for debugging
[242/1403] Wrapping AST for Logging for debugging
[244/1403] Compiling Tracing InstrumentationSystem+Tracing.swift
[244/1404] Wrapping AST for Instrumentation for debugging
[245/1404] Wrapping AST for InternalCollectionsUtilities for debugging
[247/1404] Compiling Tracing WithTracer.swift
[248/1404] Compiling Tracing TracerProtocol.swift
[249/1404] Compiling Tracing TracingTime.swift
[250/1404] Compiling DequeModule UniqueDeque+Consumption.swift
[251/1404] Compiling DequeModule UniqueDeque+ContainerOperations.swift
[252/1404] Compiling DequeModule UniqueDeque+Deprecations.swift
[253/1404] Compiling DequeModule UniqueDeque+Descriptions.swift
[254/1404] Compiling DequeModule UniqueDeque+Equatable.swift
[255/1404] Compiling DequeModule UniqueDeque+Hashable.swift
[256/1409] Compiling Tracing TracerProtocol+Legacy.swift
[257/1409] Compiling Tracing Tracer.swift
[258/1409] Compiling DequeModule UniqueDeque+Initializers.swift
[259/1409] Compiling DequeModule UniqueDeque+Insertions.swift
[260/1409] Compiling DequeModule UniqueDeque+Iterable.swift
[261/1409] Compiling DequeModule UniqueDeque+Prepend.swift
[262/1409] Compiling DequeModule UniqueDeque+Removals.swift
[263/1409] Compiling Tracing SpanProtocol.swift
[264/1409] Emitting module Tracing
[265/1409] Compiling Tracing NoOpTracer.swift
[267/1410] Compiling DequeModule _DequeBuffer.swift
[268/1410] Compiling DequeModule _DequeBufferHeader.swift
[269/1410] Compiling DequeModule RigidDeque+Append.swift
[270/1410] Compiling DequeModule RigidDeque+Consumption.swift
[271/1410] Compiling DequeModule RigidDeque+ContainerOperations.swift
[272/1410] Compiling DequeModule RigidDeque+Deprecations.swift
[273/1410] Compiling DequeModule RigidDeque+Descriptions.swift
[274/1410] Compiling DequeModule RigidDeque+Equatable.swift
[275/1410] Compiling DequeModule RigidDeque+Hashable.swift
[276/1410] Compiling DequeModule RigidDeque+Initializers.swift
[277/1410] Compiling DequeModule RigidDeque+Insertions.swift
[278/1410] Compiling DequeModule RigidDeque+Iterable.swift
[279/1410] Compiling DequeModule RigidDeque+Prepend.swift
[280/1410] Compiling DequeModule RigidDeque+Removals.swift
[281/1410] Compiling DequeModule RigidDeque+Replacements.swift
[282/1410] Compiling DequeModule RigidDeque+Testing.swift
[283/1410] Compiling DequeModule RigidDeque.swift
[284/1410] Compiling DequeModule UniqueDeque+Append.swift
[284/1410] Compiling tls_record.cc
[285/1410] Wrapping AST for Tracing for debugging
[287/1410] Compiling DequeModule Deque+Extras.swift
[288/1410] Compiling DequeModule Deque+Hashable.swift
[289/1410] Compiling DequeModule Deque+Testing.swift
[290/1410] Compiling DequeModule Deque._Storage.swift
[291/1410] Compiling DequeModule Deque._UnsafeHandle.swift
[292/1410] Compiling DequeModule Deque.swift
[292/1410] Compiling tls_method.cc
[294/1410] Compiling DequeModule Deque+Codable.swift
[295/1410] Compiling DequeModule Deque+Collection.swift
[296/1410] Compiling DequeModule Deque+CustomReflectable.swift
[297/1410] Compiling DequeModule Deque+Descriptions.swift
[298/1410] Compiling DequeModule Deque+Equatable.swift
[299/1410] Compiling DequeModule Deque+ExpressibleByArrayLiteral.swift
[299/1410] Compiling tls13_server.cc
[300/1410] Compiling tls13_client.cc
[301/1410] Compiling tls13_enc.cc
[302/1410] Compiling tls13_both.cc
[303/1410] Compiling t1_enc.cc
[304/1410] Compiling ssl_x509.cc
[305/1410] Compiling ssl_versions.cc
[306/1410] Compiling ssl_transcript.cc
[307/1410] Compiling ssl_stat.cc
[309/1410] Emitting module DequeModule
[310/1410] Compiling DequeModule UniqueDeque+Replacements.swift
[311/1410] Compiling DequeModule UniqueDeque.swift
[312/1410] Compiling DequeModule _DequeSlot.swift
[313/1410] Compiling DequeModule _UnsafeDequeHandle.swift
[314/1410] Compiling DequeModule _UnsafeDequeSegments.swift
[315/1411] Compiling ssl_session.cc
[316/1454] Compiling ssl_privkey.cc
[317/1454] Wrapping AST for DequeModule for debugging
[319/1454] Compiling ExtrasBase64 Base64+Span.swift
[320/1454] Compiling ExtrasBase64 Base64.swift
[321/1454] Compiling ExtrasBase64 Base32.swift
[321/1454] Compiling ssl_key_share.cc
[323/1454] Compiling Configuration JSONSnapshot.swift
[324/1454] Compiling Configuration PropertyListSnapshot.swift
[325/1454] Compiling Configuration ReloadingFileProvider.swift
[326/1454] Compiling Configuration ReloadingFileProviderMetrics.swift
[327/1454] Compiling Configuration YAMLSnapshot.swift
[328/1454] Compiling Configuration InMemoryProvider.swift
[328/1459] Compiling ssl_file.cc
[329/1459] Compiling ssl_lib.cc
[330/1459] Compiling ssl_buffer.cc
[332/1459] Emitting module ExtrasBase64
[333/1460] Compiling ssl_credential.cc
[334/1491] Compiling ssl_cert.cc
[335/1491] Wrapping AST for ExtrasBase64 for debugging
[336/1491] Compiling ssl_asn1.cc
[337/1491] Compiling ssl_cipher.cc
[338/1491] Compiling ssl_aead_ctx.cc
[339/1491] Compiling s3_pkt.cc
[341/1491] Emitting module GoogleWKT
[341/1495] Compiling s3_lib.cc
[342/1495] Compiling s3_both.cc
[344/1495] Compiling GoogleWKT WKTValue.swift
[345/1495] Compiling GoogleWKT WKTApi.swift
[346/1495] Compiling GoogleWKT WKTEnum.swift
[347/1495] Compiling GoogleWKT WKTEnumValue.swift
[348/1495] Compiling GoogleWKT WKTFloatValue.swift
[349/1495] Compiling GoogleWKT WKTInt32Value.swift
[350/1495] Compiling GoogleWKT WKTInt64Value.swift
[351/1495] Compiling GoogleWKT WKTRecursive.swift
[352/1495] Compiling GoogleWKT WKTStringValue.swift
[353/1495] Compiling GoogleWKT WKTTimestamp.swift
[354/1495] Compiling GoogleWKT WKTUInt32Value.swift
[355/1495] Compiling GoogleWKT WKTUInt64Value.swift
[356/1495] Compiling GoogleWKT WKTField.swift
[357/1495] Compiling GoogleWKT WKTMethod.swift
[358/1495] Compiling GoogleWKT WKTMixin.swift
[359/1495] Compiling GoogleWKT WKTOption.swift
[360/1495] Compiling GoogleWKT WKTSourceContext.swift
[361/1495] Compiling GoogleWKT WKTSyntax.swift
[362/1495] Compiling GoogleWKT WKTType.swift
[363/1495] Compiling GoogleWKT PackageVersion.swift
[364/1495] Compiling GoogleWKT WKTDoubleValue.swift
[365/1495] Compiling GoogleWKT WKTDuration.swift
[366/1495] Compiling GoogleWKT WKTEmpty.swift
[367/1495] Compiling GoogleWKT WKTFieldMask.swift
[368/1495] Compiling GoogleWKT UnknownFields.swift
[369/1495] Compiling GoogleWKT WKTAny.swift
[370/1495] Compiling GoogleWKT WKTAnyError.swift
[371/1495] Compiling GoogleWKT WKTBoolValue.swift
[372/1495] Compiling GoogleWKT WKTBytesValue.swift
[391/1495] Compiling Configuration CombineLatestManyStorage.swift
[392/1495] Compiling Configuration AsyncSequences.swift
[393/1495] Compiling Configuration FoundationExtensions.swift
[394/1495] Compiling Configuration Span.swift
[395/1495] Compiling Configuration ConfigBytesFromStringDecoder.swift
[400/1495] Compiling Configuration AsyncCombineLatestManySequence.swift
[401/1495] Compiling Configuration CombineLatestManyStateMachine.swift
[401/1495] Compiling handshake.cc
[402/1495] Compiling handshake_server.cc
[403/1495] Compiling handshake_client.cc
[405/1495] Compiling GoogleWKT AnyPackable.swift
[406/1495] Compiling GoogleWKT DecodeToDefault.swift
[407/1495] Compiling GoogleWKT DiscoveryBase64.swift
[408/1495] Compiling GoogleWKT ProtoJSONDecoder.swift
[409/1495] Compiling GoogleWKT ProtoJSONEncoder.swift
[410/1496] Compiling handoff.cc
[412/1514] Emitting module GoogleType
[413/1516] Compiling GoogleType Money.swift
[414/1516] Compiling GoogleType Month.swift
[415/1516] Compiling GoogleType LatLng.swift
[416/1516] Compiling GoogleType LocalizedText.swift
[417/1516] Compiling GoogleType PostalAddress.swift
[418/1516] Compiling GoogleType Quaternion.swift
[419/1516] Compiling GoogleType PackageVersion.swift
[420/1516] Compiling GoogleType PhoneNumber.swift
[421/1516] Compiling GoogleType Expr.swift
[422/1516] Compiling GoogleType Fraction.swift
[423/1516] Compiling GoogleType Interval.swift
[423/1516] Compiling encrypted_client_hello.cc
[425/1521] Compiling GoogleType CalendarPeriod.swift
[426/1521] Compiling GoogleType Color.swift
[427/1521] Compiling GoogleType Date.swift
[428/1529] Compiling GoogleRpc Code.swift
[429/1529] Compiling GoogleRpc DebugInfo.swift
[430/1529] Compiling GoogleRpc ErrorInfo.swift
[431/1531] Compiling GoogleType TimeOfDay.swift
[432/1531] Compiling GoogleType TimeZone.swift
[434/1532] Compiling GoogleRpc RequestInfo.swift
[435/1532] Compiling GoogleRpc ResourceInfo.swift
[440/1532] Compiling GoogleRpc Help.swift
[441/1532] Compiling GoogleRpc HttpHeader.swift
[442/1532] Compiling GoogleRpc BadRequest.swift
[446/1532] Emitting module Configuration
[446/1533] Wrapping AST for GoogleWKT for debugging
[448/1533] Compiling d1_srtp.cc
[449/1533] Compiling dtls_record.cc
[450/1533] Wrapping AST for GoogleType for debugging
[451/1533] Wrapping AST for Configuration for debugging
[452/1533] Compiling md5-x86_64-linux.S
[453/1533] Compiling extensions.cc
[454/1533] Compiling md5-x86_64-apple.S
[455/1533] Compiling md5-586-linux.S
[456/1533] Compiling md5-586-apple.S
[457/1533] Compiling chacha20_poly1305_x86_64-linux.S
[459/1533] Compiling GoogleRpc LocalizedMessage.swift
[460/1533] Compiling GoogleRpc PackageVersion.swift
[462/1535] Compiling chacha20_poly1305_x86_64-apple.S
[465/1535] Compiling dtls_method.cc
[466/1535] Compiling chacha20_poly1305_armv8-win.S
[470/1535] Emitting module GoogleRpc
[470/1535] Compiling chacha20_poly1305_armv8-apple.S
[474/1535] Compiling GoogleRpc HttpRequest.swift
[475/1535] Compiling GoogleRpc HttpResponse.swift
[476/1535] Compiling GoogleRpc PreconditionFailure.swift
[477/1535] Compiling GoogleRpc QuotaFailure.swift
[477/1535] Compiling chacha-x86_64-linux.S
[478/1535] Compiling chacha20_poly1305_armv8-linux.S
[479/1535] Compiling d1_pkt.cc
[480/1535] Compiling chacha-x86_64-apple.S
[481/1535] Compiling chacha-x86-linux.S
[482/1535] Compiling chacha-x86-apple.S
[483/1535] Compiling chacha-armv8-win.S
[484/1535] Compiling chacha-armv8-linux.S
[485/1535] Compiling chacha-armv8-apple.S
[486/1535] Compiling aes128gcmsiv-x86_64-linux.S
[487/1535] Compiling chacha-armv4-linux.S
[488/1535] Compiling aes128gcmsiv-x86_64-apple.S
[489/1535] Compiling err_data.cc
[490/1535] Compiling x86_64-mont5-linux.S
[491/1535] Compiling x86_64-mont-linux.S
[492/1535] Compiling x86_64-mont5-apple.S
[493/1535] Compiling x86-mont-linux.S
[494/1535] Compiling x86_64-mont-apple.S
[495/1535] Compiling x86-mont-apple.S
[496/1535] Compiling vpaes-x86_64-apple.S
[497/1535] Compiling vpaes-armv8-win.S
[498/1535] Compiling vpaes-x86_64-linux.S
[499/1535] Compiling vpaes-x86-linux.S
[500/1535] Compiling vpaes-armv8-linux.S
[501/1535] Compiling vpaes-x86-apple.S
[502/1535] Compiling sha512-x86_64-linux.S
[503/1535] Compiling vpaes-armv8-apple.S
[504/1535] Compiling vpaes-armv7-linux.S
[505/1535] Compiling sha512-x86_64-apple.S
[507/1535] Compiling GoogleRpc RetryInfo.swift
[508/1535] Compiling GoogleRpc Status.swift
[508/1536] Compiling sha512-armv8-win.S
[509/1536] Compiling sha512-armv8-apple.S
[510/1536] Compiling sha512-armv8-linux.S
[511/1536] Compiling sha512-armv4-linux.S
[512/1536] Compiling sha512-586-linux.S
[514/1536] Compiling sha512-586-apple.S
[515/1536] Compiling sha256-x86_64-apple.S
[516/1536] Compiling sha256-x86_64-linux.S
[517/1536] Compiling sha256-armv8-win.S
[518/1536] Compiling sha256-586-linux.S
[519/1536] Compiling sha256-586-apple.S
[520/1536] Compiling sha256-armv4-linux.S
[521/1536] Compiling sha256-armv8-apple.S
[522/1536] Compiling sha256-armv8-linux.S
[523/1536] Compiling sha1-x86_64-linux.S
[524/1536] Compiling sha1-x86_64-apple.S
[525/1536] Wrapping AST for GoogleRpc for debugging
[526/1536] Compiling sha1-armv8-win.S
[527/1536] Compiling sha1-armv8-apple.S
[528/1536] Compiling sha1-armv8-linux.S
[529/1536] Compiling sha1-586-linux.S
[530/1536] Compiling sha1-armv4-large-linux.S
[531/1536] Compiling rsaz-avx2-linux.S
[532/1536] Compiling sha1-586-apple.S
[533/1536] Compiling rsaz-avx2-apple.S
[534/1536] Compiling rdrand-x86_64-linux.S
[535/1536] Compiling rdrand-x86_64-apple.S
[536/1536] Compiling p256_beeu-x86_64-asm-apple.S
[537/1536] Compiling p256_beeu-armv8-asm-linux.S
[538/1536] Compiling p256_beeu-armv8-asm-win.S
[539/1536] Compiling bio_ssl.cc
[540/1536] Compiling p256_beeu-x86_64-asm-linux.S
[541/1536] Compiling p256_beeu-armv8-asm-apple.S
[542/1536] Compiling p256-x86_64-asm-apple.S
[543/1536] Compiling p256-x86_64-asm-linux.S
[544/1536] Compiling p256-armv8-asm-win.S
[545/1536] Compiling d1_both.cc
[546/1536] Compiling ghashv8-armv8-win.S
[546/1536] Compiling p256-armv8-asm-apple.S
[548/1536] Compiling ghashv8-armv8-apple.S
[549/1536] Compiling ghashv8-armv8-linux.S
[550/1536] Compiling p256-armv8-asm-linux.S
[551/1536] Compiling ghash-x86_64-apple.S
[552/1536] Compiling ghash-x86-linux.S
[552/1536] Compiling ghash-x86_64-linux.S
[554/1536] Compiling ghashv8-armv7-linux.S
[555/1536] Compiling ghash-neon-armv8-win.S
[556/1536] Compiling ghash-ssse3-x86-linux.S
[557/1536] Compiling ghash-x86-apple.S
[558/1536] Compiling ghash-ssse3-x86_64-apple.S
[559/1536] Compiling ghash-ssse3-x86_64-linux.S
[560/1536] Compiling ghash-ssse3-x86-apple.S
[561/1536] Compiling ghash-neon-armv8-linux.S
[562/1536] Compiling ghash-neon-armv8-apple.S
[563/1536] Compiling ghash-armv4-linux.S
[564/1536] Compiling bsaes-armv7-linux.S
[565/1536] Compiling bn-armv8-win.S
[566/1536] Compiling co-586-apple.S
[567/1536] Compiling co-586-linux.S
[568/1536] Compiling bn-586-linux.S
[569/1536] Compiling bn-armv8-apple.S
[570/1536] Compiling bn-586-apple.S
[571/1536] Compiling bn-armv8-linux.S
[572/1536] Compiling armv8-mont-apple.S
[573/1536] Compiling armv8-mont-win.S
[574/1536] Compiling aesv8-gcm-armv8-apple.S
[575/1536] Compiling armv4-mont-linux.S
[576/1536] Compiling aesv8-gcm-armv8-linux.S
[577/1536] Compiling aesv8-gcm-armv8-win.S
[577/1536] Compiling armv8-mont-linux.S
[579/1536] Compiling aesv8-armv8-win.S
[580/1536] Compiling aesv8-armv8-linux.S
[581/1536] Compiling aesv8-armv8-apple.S
[582/1536] Compiling aesv8-armv7-linux.S
[583/1536] Compiling aesni-x86-apple.S
[584/1536] Compiling aesni-gcm-x86_64-linux.S
[585/1536] Compiling aesni-x86_64-linux.S
[586/1536] Compiling aesni-x86-linux.S
[587/1536] Compiling aes-gcm-avx2-x86_64-apple.S
[588/1536] Compiling aesni-x86_64-apple.S
[589/1536] Compiling aesni-gcm-x86_64-apple.S
[590/1536] Compiling aes-gcm-avx2-x86_64-linux.S
[591/1536] Compiling aes-gcm-avx10-x86_64-linux.S
[592/1536] Compiling aes-gcm-avx10-x86_64-apple.S
[593/1536] Compiling d1_lib.cc
[594/1536] Compiling x_val.cc
[595/1536] Compiling x_x509.cc
[596/1536] Compiling x_pubkey.cc
[597/1536] Compiling x_spki.cc
[598/1536] Compiling x_x509a.cc
[599/1536] Compiling x_req.cc
[600/1536] Compiling x_sig.cc
[601/1536] Compiling x_name.cc
[602/1536] Compiling x_exten.cc
[603/1536] Compiling x509rset.cc
[604/1536] Compiling x_crl.cc
[605/1536] Compiling x_attrib.cc
[606/1536] Compiling x_algor.cc
[607/1536] Compiling x509name.cc
[608/1536] Compiling x509spki.cc
[609/1536] Compiling x_all.cc
[610/1536] Compiling x509_v3.cc
[611/1536] Compiling x509cset.cc
[612/1536] Compiling x509_vfy.cc
[613/1536] Compiling x509_vpm.cc
[614/1536] Compiling x509_set.cc
[615/1536] Compiling x509_txt.cc
[616/1536] Compiling x509_trs.cc
[617/1536] Compiling x509_obj.cc
[618/1536] Compiling x509_req.cc
[619/1536] Compiling x509_def.cc
[620/1536] Compiling x509_lu.cc
[621/1536] Compiling x509_d2.cc
[622/1536] Compiling x509_ext.cc
[623/1536] Compiling x509_att.cc
[624/1536] Compiling x509_cmp.cc
[625/1536] Compiling x509.cc
[626/1536] Compiling v3_skey.cc
[627/1536] Compiling v3_utl.cc
[628/1536] Compiling v3_purp.cc
[629/1536] Compiling v3_prn.cc
[630/1536] Compiling v3_pmaps.cc
[631/1536] Compiling v3_lib.cc
[632/1536] Compiling v3_ncons.cc
[633/1536] Compiling v3_ocsp.cc
[634/1536] Compiling v3_pcons.cc
[635/1536] Compiling v3_int.cc
[636/1536] Compiling v3_info.cc
[637/1536] Compiling v3_ia5.cc
[638/1536] Compiling v3_extku.cc
[639/1536] Compiling v3_genn.cc
[640/1536] Compiling v3_enum.cc
[641/1536] Compiling v3_cpols.cc
[642/1536] Compiling v3_crld.cc
[643/1536] Compiling v3_conf.cc
[644/1536] Compiling v3_bcons.cc
[645/1536] Compiling v3_bitst.cc
[646/1536] Compiling v3_alt.cc
[647/1536] Compiling t_x509.cc
[648/1536] Compiling v3_akey.cc
[649/1536] Compiling t_req.cc
[650/1536] Compiling v3_akeya.cc
[651/1536] Compiling t_x509a.cc
[652/1536] Compiling t_crl.cc
[653/1536] Compiling i2d_pr.cc
[654/1536] Compiling rsa_pss.cc
[655/1536] Compiling policy.cc
[656/1536] Compiling name_print.cc
[657/1536] Compiling by_file.cc
[658/1536] Compiling by_dir.cc
[659/1536] Compiling asn1_gen.cc
[660/1536] Compiling algorithm.cc
[661/1536] Compiling a_verify.cc
[662/1536] Compiling a_sign.cc
[663/1536] Compiling thread_win.cc
[664/1536] Compiling a_digest.cc
[665/1536] Compiling trust_token.cc
[666/1536] Compiling voprf.cc
[667/1536] Compiling pmbtoken.cc
[668/1536] Compiling thread_pthread.cc
[669/1536] Compiling thread.cc
[670/1536] Compiling thread_none.cc
[671/1536] Compiling stack.cc
[672/1536] Compiling siphash.cc
[673/1536] Compiling sha512.cc
[674/1536] Compiling sha1.cc
[675/1536] Compiling spake2plus.cc
[676/1536] Compiling slhdsa.cc
[677/1536] Compiling sha256.cc
[678/1536] Compiling rsa_extra.cc
[679/1536] Compiling rsa_print.cc
[680/1536] Compiling rsa_crypt.cc
[681/1536] Compiling windows.cc
[682/1536] Compiling trusty.cc
[683/1536] Compiling rc4.cc
[684/1536] Compiling rsa_asn1.cc
[685/1536] Compiling refcount.cc
[686/1536] Compiling urandom.cc
[687/1536] Compiling rand.cc
[688/1536] Compiling passive.cc
[689/1536] Compiling fork_detect.cc
[690/1536] Compiling ios.cc
[691/1536] Compiling poly1305_arm_asm.S
[692/1536] Compiling forkunsafe.cc
[693/1536] Compiling getentropy.cc
[694/1536] Compiling deterministic.cc
[695/1536] Compiling poly1305_vec.cc
[696/1536] Compiling poly1305_arm.cc
[697/1536] Compiling pool.cc
[698/1536] Compiling poly1305.cc
[699/1536] Compiling p5_pbev2.cc
[700/1536] Compiling pkcs8.cc
[701/1536] Compiling pkcs7_x509.cc
[702/1536] Compiling pkcs8_x509.cc
[703/1536] Compiling pkcs7.cc
[704/1536] Compiling pem_x509.cc
[705/1536] Compiling pem_xaux.cc
[706/1536] Compiling pem_pkey.cc
[707/1536] Compiling pem_lib.cc
[708/1536] Compiling pem_info.cc
[709/1536] Compiling mlkem.cc
[710/1536] Compiling pem_pk8.cc
[711/1536] Compiling pem_oth.cc
[712/1536] Compiling pem_all.cc
[713/1536] Compiling obj_xref.cc
[714/1536] Compiling mem.cc
[715/1536] Compiling mldsa.cc
[716/1536] Compiling poly_rq_mul.S
[717/1536] Compiling fips_shared_support.cc
[718/1536] Compiling md5.cc
[719/1536] Compiling obj.cc
[720/1536] Compiling md4.cc
[721/1536] Compiling lhash.cc
[722/1536] Compiling ex_data.cc
[723/1536] Compiling sign.cc
[724/1536] Compiling hrss.cc
[725/1536] Compiling scrypt.cc
[726/1536] Compiling kyber.cc
[727/1536] Compiling hpke.cc
[728/1536] Compiling print.cc
[729/1536] Compiling pbkdf.cc
[730/1536] Compiling p_rsa_asn1.cc
[731/1536] Compiling p_ed25519.cc
[732/1536] Compiling p_x25519.cc
[733/1536] Compiling p_rsa.cc
[734/1536] Compiling p_ec.cc
[735/1536] Compiling p_hkdf.cc
[736/1536] Compiling p_x25519_asn1.cc
[737/1536] Compiling p_ed25519_asn1.cc
[738/1536] Compiling p_ec_asn1.cc
[739/1536] Compiling p_dh_asn1.cc
[740/1536] Compiling p_dh.cc
[741/1536] Compiling evp_ctx.cc
[742/1536] Compiling p_dsa_asn1.cc
[743/1536] Compiling evp.cc
[744/1536] Compiling err.cc
[745/1536] Compiling engine.cc
[746/1536] Compiling evp_asn1.cc
[747/1536] Compiling dsa_asn1.cc
[748/1536] Compiling hash_to_curve.cc
[749/1536] Compiling ecdh.cc
[750/1536] Compiling ec_derive.cc
[751/1536] Compiling ec_asn1.cc
[752/1536] Compiling ecdsa_asn1.cc
[753/1536] Compiling dsa.cc
[754/1536] Compiling params.cc
[755/1536] Compiling x25519-asm-arm.S
[756/1536] Compiling dh_asn1.cc
[757/1536] Compiling bcm.cc
[758/1536] Compiling des.cc
[759/1536] Compiling digest_extra.cc
[760/1536] Compiling curve25519_64_adx.cc
[761/1536] Compiling cpu_arm_linux.cc
[762/1536] Compiling spake25519.cc
[763/1536] Compiling cpu_aarch64_win.cc
[764/1536] Compiling crypto.cc
[765/1536] Compiling cpu_intel.cc
[766/1536] Compiling curve25519.cc
[767/1536] Compiling cpu_arm_freebsd.cc
[768/1536] Compiling cpu_aarch64_sysreg.cc
[769/1536] Compiling cpu_aarch64_openbsd.cc
[770/1536] Compiling cpu_aarch64_fuchsia.cc
[771/1536] Compiling cpu_aarch64_linux.cc
[772/1536] Compiling cpu_aarch64_apple.cc
[773/1536] Compiling conf.cc
[774/1536] Compiling tls_cbc.cc
[775/1536] Compiling e_tls.cc
[776/1536] Compiling get_cipher.cc
[777/1536] Compiling e_rc4.cc
[778/1536] Compiling e_des.cc
[779/1536] Compiling e_rc2.cc
[780/1536] Compiling e_null.cc
[781/1536] Compiling e_chacha20poly1305.cc
[782/1536] Compiling e_aesctrhmac.cc
[783/1536] Compiling e_aesgcmsiv.cc
[784/1536] Compiling derive_key.cc
[785/1536] Compiling chacha.cc
[786/1536] Compiling convert.cc
[787/1536] Compiling ber.cc
[788/1536] Compiling unicode.cc
[789/1536] Compiling blake2.cc
[790/1536] Compiling buf.cc
[791/1536] Compiling cbb.cc
[792/1536] Compiling cbs.cc
[793/1536] Compiling asn1_compat.cc
[794/1536] Compiling socket_helper.cc
[795/1536] Compiling bn_asn1.cc
[796/1536] Compiling socket.cc
[797/1536] Compiling printf.cc
[798/1536] Compiling file.cc
[799/1536] Compiling pair.cc
[800/1536] Compiling hexdump.cc
[801/1536] Compiling fd.cc
[802/1536] Compiling errno.cc
[803/1536] Compiling connect.cc
[804/1536] Compiling bio_mem.cc
[805/1536] Compiling base64.cc
[806/1536] Compiling bio.cc
[807/1536] Compiling tasn_typ.cc
[808/1536] Compiling tasn_fre.cc
[809/1536] Compiling tasn_new.cc
[810/1536] Compiling tasn_utl.cc
[811/1536] Compiling tasn_enc.cc
[812/1536] Compiling posix_time.cc
[813/1536] Compiling tasn_dec.cc
[814/1536] Compiling asn_pack.cc
[815/1536] Compiling f_string.cc
[816/1536] Compiling f_int.cc
[817/1536] Compiling asn1_par.cc
[818/1536] Compiling a_utctm.cc
[819/1536] Compiling asn1_lib.cc
[820/1536] Compiling a_time.cc
[821/1536] Compiling a_octet.cc
[822/1536] Compiling a_type.cc
[823/1536] Compiling a_strnid.cc
[824/1536] Compiling a_strex.cc
[825/1536] Compiling a_object.cc
[826/1536] Compiling a_i2d_fp.cc
[827/1536] Compiling a_d2i_fp.cc
[828/1536] Compiling a_dup.cc
[829/1536] Compiling CGoogleGaxCRC32C CGoogleGaxCRC32C.c
[830/1536] Compiling a_bitstr.cc
[831/1536] Compiling fiat_p256_adx_sqr.S
[832/1536] Compiling fiat_p256_adx_mul.S
[833/1536] Compiling fiat_curve25519_adx_square.S
[834/1536] Compiling fiat_curve25519_adx_mul.S
[835/1536] Compiling a_mbstr.cc
[836/1536] Compiling md5-x86_64-linux.S
[837/1536] Compiling md5-x86_64-apple.S
[837/1536] Compiling md5-586-linux.S
[839/1536] Compiling md5-586-apple.S
[840/1536] Compiling chacha20_poly1305_x86_64-linux.S
[841/1536] Compiling chacha20_poly1305_x86_64-apple.S
[842/1536] Compiling chacha20_poly1305_armv8-win.S
[843/1536] Compiling a_int.cc
[844/1536] Compiling chacha20_poly1305_armv8-linux.S
[845/1536] Compiling chacha20_poly1305_armv8-apple.S
[846/1536] Compiling chacha-x86_64-apple.S
[847/1536] Compiling a_bool.cc
[848/1536] Compiling chacha-x86-linux.S
[849/1536] Compiling chacha-x86_64-linux.S
[850/1536] Compiling a_gentm.cc
[851/1536] Compiling chacha-armv8-win.S
[852/1536] Compiling chacha-x86-apple.S
[853/1536] Compiling chacha-armv4-linux.S
[854/1536] Compiling chacha-armv8-apple.S
[855/1536] Compiling aes128gcmsiv-x86_64-linux.S
[856/1536] Compiling CCryptoBoringSSLShims shims.c
[857/1536] Compiling aes128gcmsiv-x86_64-apple.S
[858/1536] Compiling x86_64-mont5-linux.S
[859/1536] Compiling chacha-armv8-linux.S
[859/1536] Compiling x86_64-mont5-apple.S
[861/1536] Compiling x86_64-mont-linux.S
[862/1536] Compiling x86-mont-linux.S
[863/1536] Compiling vpaes-x86_64-linux.S
[864/1536] Compiling x86_64-mont-apple.S
[865/1536] Compiling x86-mont-apple.S
[866/1536] Compiling vpaes-x86-apple.S
[867/1536] Compiling vpaes-x86_64-apple.S
[868/1536] Compiling vpaes-armv8-win.S
[869/1536] Compiling vpaes-x86-linux.S
[870/1536] Compiling vpaes-armv8-linux.S
[871/1536] Compiling vpaes-armv7-linux.S
[872/1536] Compiling vpaes-armv8-apple.S
[873/1536] Compiling sha512-x86_64-linux.S
[874/1536] Compiling sha512-armv8-win.S
[875/1536] Compiling sha512-x86_64-apple.S
[876/1536] Compiling sha512-armv8-apple.S
[877/1536] Compiling sha512-armv4-linux.S
[878/1536] Compiling sha512-armv8-linux.S
[879/1536] Compiling sha512-586-apple.S
[880/1536] Compiling sha512-586-linux.S
[881/1536] Compiling sha256-x86_64-apple.S
[882/1536] Compiling sha256-armv8-win.S
[883/1536] Compiling sha256-x86_64-linux.S
[884/1536] Compiling sha256-armv8-apple.S
[885/1536] Compiling sha256-586-linux.S
[886/1536] Compiling sha256-armv4-linux.S
[886/1536] Compiling sha256-armv8-linux.S
[888/1536] Compiling sha256-586-apple.S
[889/1536] Compiling sha1-x86_64-linux.S
[890/1536] Compiling sha1-armv8-win.S
[891/1536] Compiling sha1-x86_64-apple.S
[892/1536] Compiling sha1-armv8-apple.S
[893/1536] Compiling sha1-armv4-large-linux.S
[894/1536] Compiling sha1-armv8-linux.S
[895/1536] Compiling sha1-586-linux.S
[896/1536] Compiling err_data.cc
[897/1536] Compiling sha1-586-apple.S
[898/1536] Compiling rsaz-avx2-linux.S
[899/1536] Compiling p256_beeu-x86_64-asm-apple.S
[900/1536] Compiling rsaz-avx2-apple.S
[901/1536] Compiling rdrand-x86_64-apple.S
[902/1536] Compiling rdrand-x86_64-linux.S
[903/1536] Compiling p256_beeu-x86_64-asm-linux.S
[904/1536] Compiling p256_beeu-armv8-asm-win.S
[905/1536] Compiling p256-x86_64-asm-apple.S
[906/1536] Compiling p256_beeu-armv8-asm-linux.S
[907/1536] Compiling p256-x86_64-asm-linux.S
[908/1536] Compiling p256_beeu-armv8-asm-apple.S
[909/1536] Compiling p256-armv8-asm-win.S
[910/1536] Compiling ghashv8-armv8-apple.S
[911/1536] Compiling p256-armv8-asm-apple.S
[912/1536] Compiling ghashv8-armv8-win.S
[913/1536] Compiling p256-armv8-asm-linux.S
[913/1536] Compiling ghashv8-armv8-linux.S
[915/1536] Compiling ghashv8-armv7-linux.S
[916/1536] Compiling ghash-x86_64-apple.S
[917/1536] Compiling ghash-x86-apple.S
[918/1536] Compiling ghash-x86-linux.S
[919/1536] Compiling ghash-x86_64-linux.S
[920/1536] Compiling ghash-ssse3-x86_64-apple.S
[921/1536] Compiling ghash-ssse3-x86_64-linux.S
[922/1536] Compiling ghash-ssse3-x86-linux.S
[923/1536] Compiling ghash-neon-armv8-linux.S
[924/1536] Compiling ghash-ssse3-x86-apple.S
[925/1536] Compiling ghash-neon-armv8-win.S
[926/1536] Compiling ghash-neon-armv8-apple.S
[927/1536] Compiling ghash-armv4-linux.S
[928/1536] Compiling co-586-linux.S
[929/1536] Compiling bn-armv8-win.S
[930/1536] Compiling co-586-apple.S
[931/1536] Compiling bsaes-armv7-linux.S
[932/1536] Compiling bn-armv8-linux.S
[933/1536] Compiling bn-586-linux.S
[934/1536] Compiling bn-armv8-apple.S
[935/1536] Compiling bn-586-apple.S
[936/1536] Compiling armv4-mont-linux.S
[937/1536] Compiling armv8-mont-win.S
[938/1536] Compiling armv8-mont-apple.S
[939/1536] Compiling armv8-mont-linux.S
[940/1536] Compiling aesv8-gcm-armv8-win.S
[941/1536] Compiling aesv8-gcm-armv8-linux.S
[942/1536] Compiling aesv8-armv8-win.S
[943/1536] Compiling aesv8-gcm-armv8-apple.S
[944/1536] Compiling aesv8-armv8-apple.S
[945/1536] Compiling aesv8-armv7-linux.S
[946/1536] Compiling aesv8-armv8-linux.S
[947/1536] Compiling aesni-x86_64-linux.S
[948/1536] Compiling aesni-gcm-x86_64-linux.S
[949/1536] Compiling aesni-x86-apple.S
[950/1536] Compiling aesni-x86_64-apple.S
[951/1536] Compiling aesni-x86-linux.S
[952/1536] Compiling aesni-gcm-x86_64-apple.S
[953/1536] Compiling aes-gcm-avx512-x86_64-apple.S
[953/1536] Compiling aes-gcm-avx2-x86_64-linux.S
[955/1536] Compiling aes-gcm-avx512-x86_64-linux.S
[956/1536] Compiling aes-gcm-avx2-x86_64-apple.S
[957/1536] Compiling xwing.cc
[958/1536] Compiling x_req.cc
[959/1536] Compiling x_sig.cc
[960/1536] Compiling x_x509a.cc
[961/1536] Compiling x_x509.cc
[962/1536] Compiling x_spki.cc
[963/1536] Compiling c-nioatomics.c
[964/1536] Compiling x_exten.cc
[965/1536] Compiling x_name.cc
[966/1536] Compiling x_pubkey.cc
[967/1536] Compiling x_attrib.cc
[968/1536] Compiling x_crl.cc
[969/1536] Compiling x_all.cc
[970/1536] Compiling c-atomics.c
[971/1536] Compiling x_algor.cc
[972/1540] Compiling x509rset.cc
[973/1543] Compiling x509spki.cc
[974/1543] Compiling x509cset.cc
[976/1543] Compiling NIOConcurrencyHelpers NIOLockedValueBox.swift
[976/1543] Compiling x509name.cc
[977/1543] Compiling x509_vpm.cc
[979/1543] Compiling NIOConcurrencyHelpers lock.swift
[980/1543] Compiling NIOConcurrencyHelpers NIOThreadPoolWorkAvailable.swift
[981/1543] Emitting module NIOConcurrencyHelpers
[982/1543] Compiling NIOConcurrencyHelpers atomics.swift
[983/1543] Compiling NIOConcurrencyHelpers NIOLock.swift
[984/1543] Compiling NIOConcurrencyHelpers NIOAtomic.swift
[985/1544] Compiling x509_vfy.cc
[986/1544] Wrapping AST for NIOConcurrencyHelpers for debugging
[987/1544] Compiling x509_v3.cc
[988/1544] Compiling x509_txt.cc
[989/1544] Compiling x509_req.cc
[990/1544] Compiling x509_trs.cc
[991/1544] Compiling x509_set.cc
[992/1544] Compiling x509_def.cc
[993/1544] Compiling x509_obj.cc
[994/1544] Compiling x509_lu.cc
[995/1544] Compiling x509_ext.cc
[996/1544] Compiling x509_att.cc
[997/1544] Compiling v3_utl.cc
[998/1544] Compiling x509_d2.cc
[999/1544] Compiling x509_cmp.cc
[1000/1544] Compiling x509.cc
[1001/1544] Compiling v3_lib.cc
[1002/1544] Compiling v3_skey.cc
[1003/1544] Compiling v3_pmaps.cc
[1004/1544] Compiling v3_prn.cc
[1005/1544] Compiling v3_ocsp.cc
[1006/1544] Compiling v3_int.cc
[1007/1544] Compiling v3_purp.cc
[1008/1544] Compiling v3_pcons.cc
[1009/1544] Compiling v3_ncons.cc
[1010/1544] Compiling v3_enum.cc
[1011/1544] Compiling v3_genn.cc
[1012/1544] Compiling v3_extku.cc
[1013/1544] Compiling v3_ia5.cc
[1014/1544] Compiling v3_crld.cc
[1015/1544] Compiling v3_info.cc
[1016/1544] Compiling v3_akeya.cc
[1017/1544] Compiling v3_cpols.cc
[1018/1544] Compiling v3_bitst.cc
[1019/1544] Compiling v3_conf.cc
[1020/1544] Compiling v3_bcons.cc
[1021/1544] Compiling v3_alt.cc
[1022/1544] Compiling v3_akey.cc
[1023/1544] Compiling t_x509a.cc
[1024/1544] Compiling i2d_pr.cc
[1025/1544] Compiling t_crl.cc
[1026/1544] Compiling rsa_pss.cc
[1027/1544] Compiling t_x509.cc
[1028/1544] Compiling t_req.cc
[1029/1544] Compiling name_print.cc
[1030/1544] Compiling policy.cc
[1031/1544] Compiling by_dir.cc
[1032/1544] Compiling asn1_gen.cc
[1033/1544] Compiling a_verify.cc
[1034/1544] Compiling algorithm.cc
[1035/1544] Compiling a_sign.cc
[1036/1544] Compiling a_digest.cc
[1037/1544] Compiling thread_win.cc
[1038/1544] Compiling thread_pthread.cc
[1039/1544] Compiling voprf.cc
[1040/1544] Compiling thread_none.cc
[1041/1544] Compiling trust_token.cc
[1042/1544] Compiling pmbtoken.cc
[1043/1544] Compiling thread.cc
[1044/1544] Compiling stack.cc
[1045/1544] Compiling siphash.cc
[1046/1544] Compiling slhdsa.cc
[1047/1544] Compiling sha512.cc
[1048/1544] Compiling sha256.cc
[1049/1544] Compiling sha1.cc
[1050/1544] Compiling spake2plus.cc
[1051/1544] Compiling rsa_extra.cc
[1052/1544] Compiling rsa_print.cc
[1053/1544] Compiling refcount.cc
[1054/1544] Compiling rsa_crypt.cc
[1055/1544] Compiling windows.cc
[1056/1544] Compiling rc4.cc
[1057/1544] Compiling rand.cc
[1058/1544] Compiling trusty.cc
[1059/1544] Compiling urandom.cc
[1060/1544] Compiling rsa_asn1.cc
[1061/1544] Compiling getentropy.cc
[1062/1544] Compiling poly1305_arm_asm.S
[1063/1544] Compiling ios.cc
[1064/1544] Compiling passive.cc
[1065/1544] Compiling forkunsafe.cc
[1066/1544] Compiling deterministic.cc
[1067/1544] Compiling fork_detect.cc
[1068/1544] Compiling poly1305_arm.cc
[1069/1544] Compiling poly1305_vec.cc
[1070/1544] Compiling pool.cc
[1071/1544] Compiling poly1305.cc
[1072/1544] Compiling pkcs8_x509.cc
[1073/1544] Compiling p5_pbev2.cc
[1074/1544] Compiling pkcs8.cc
[1075/1544] Compiling pkcs7.cc
[1076/1544] Compiling pkcs7_x509.cc
[1077/1544] Compiling pem_x509.cc
[1078/1544] Compiling pem_pkey.cc
[1079/1544] Compiling pem_xaux.cc
[1080/1544] Compiling pem_pk8.cc
[1081/1544] Compiling pem_oth.cc
[1082/1544] Compiling mlkem.cc
[1083/1544] Compiling pem_lib.cc
[1084/1544] Compiling obj_xref.cc
[1085/1544] Compiling pem_info.cc
[1086/1544] Compiling obj.cc
[1087/1544] Compiling pem_all.cc
[1088/1544] Compiling mldsa.cc
[1089/1544] Compiling poly_rq_mul.S
[1090/1544] Compiling lhash.cc
[1091/1544] Compiling fips_shared_support.cc
[1092/1544] Compiling mem.cc
[1093/1544] Compiling md5.cc
[1094/1544] Compiling md4.cc
[1095/1544] Compiling kyber.cc
[1096/1544] Compiling fuzzer_mode.cc
[1097/1544] Compiling ex_data.cc
[1098/1544] Compiling hpke.cc
[1099/1544] Compiling hrss.cc
[1100/1544] Compiling scrypt.cc
[1101/1544] Compiling sign.cc
[1102/1544] Compiling pbkdf.cc
[1103/1544] Compiling print.cc
[1104/1544] Compiling p_x25519_asn1.cc
[1105/1544] Compiling p_x25519.cc
[1106/1544] Compiling p_rsa_asn1.cc
[1107/1544] Compiling p_hkdf.cc
[1108/1544] Compiling p_rsa.cc
[1109/1544] Compiling p_ed25519.cc
[1110/1544] Compiling p_ed25519_asn1.cc
[1111/1544] Compiling p_ec.cc
[1112/1544] Compiling p_ec_asn1.cc
[1113/1544] Compiling p_dh_asn1.cc
[1114/1544] Compiling p_dh.cc
[1115/1544] Compiling p_dsa_asn1.cc
[1116/1544] Compiling err.cc
[1117/1544] Compiling evp_ctx.cc
[1118/1544] Compiling engine.cc
[1119/1544] Compiling evp_asn1.cc
[1120/1544] Compiling evp.cc
[1121/1544] Compiling ecdsa_p1363.cc
[1122/1544] Compiling ecdh.cc
[1123/1544] Compiling ecdsa_asn1.cc
[1124/1544] Compiling ec_derive.cc
[1125/1544] Compiling hash_to_curve.cc
[1126/1544] Compiling dsa.cc
[1127/1544] Compiling ec_asn1.cc
[1128/1544] Compiling dsa_asn1.cc
[1129/1544] Compiling digest_extra.cc
[1130/1544] Compiling x25519-asm-arm.S
[1131/1544] Compiling params.cc
[1132/1544] Compiling dh_asn1.cc
[1133/1544] Compiling des.cc
[1134/1544] Compiling curve25519_64_adx.cc
[1135/1544] Compiling spake25519.cc
[1136/1544] Compiling cpu_intel.cc
[1137/1544] Compiling crypto.cc
[1138/1544] Compiling cpu_arm_linux.cc
[1139/1544] Compiling curve25519.cc
[1140/1544] Compiling cpu_arm_freebsd.cc
[1141/1544] Compiling cpu_aarch64_win.cc
[1142/1544] Compiling cpu_aarch64_apple.cc
[1143/1544] Compiling cpu_aarch64_openbsd.cc
[1144/1544] Compiling cpu_aarch64_sysreg.cc
[1145/1544] Compiling cpu_aarch64_fuchsia.cc
[1146/1544] Compiling cpu_aarch64_linux.cc
[1147/1544] Compiling conf.cc
[1148/1544] Compiling tls_cbc.cc
[1149/1544] Compiling get_cipher.cc
[1149/1544] Compiling e_tls.cc
[1151/1544] Compiling e_rc4.cc
[1152/1544] Compiling e_rc2.cc
[1153/1544] Compiling cms.cc
[1154/1544] Compiling e_null.cc
[1155/1544] Compiling e_des.cc
[1156/1544] Compiling e_chacha20poly1305.cc
[1157/1544] Compiling e_aeseax.cc
[1158/1544] Compiling e_aesgcmsiv.cc
[1159/1544] Compiling derive_key.cc
[1160/1544] Compiling chacha.cc
[1161/1544] Compiling e_aesctrhmac.cc
[1162/1544] Compiling unicode.cc
[1163/1544] Compiling sqrt.cc
[1164/1544] Compiling buf.cc
[1165/1544] Compiling cbs.cc
[1166/1544] Compiling ber.cc
[1167/1544] Compiling cbb.cc
[1168/1544] Compiling asn1_compat.cc
[1169/1544] Compiling exponentiation.cc
[1170/1544] Compiling div.cc
[1171/1544] Compiling blake2.cc
[1172/1544] Compiling printf.cc
[1173/1544] Compiling bn_asn1.cc
[1174/1544] Compiling pair.cc
[1175/1544] Compiling convert.cc
[1176/1544] Compiling hexdump.cc
[1177/1544] Compiling file.cc
[1178/1544] Compiling fd.cc
[1179/1544] Compiling errno.cc
[1180/1544] Compiling bio_mem.cc
[1181/1544] Compiling base64.cc
[1182/1544] Compiling bio.cc
[1183/1544] Compiling tasn_enc.cc
[1184/1544] Compiling tasn_typ.cc
[1185/1544] Compiling tasn_fre.cc
[1186/1544] Compiling tasn_utl.cc
[1187/1544] Compiling posix_time.cc
[1188/1544] Compiling bcm.cc
[1189/1544] Compiling asn_pack.cc
[1190/1544] Compiling tasn_dec.cc
[1191/1544] Compiling asn1_par.cc
[1192/1544] Compiling a_utctm.cc
[1193/1544] Compiling a_type.cc
[1194/1544] Compiling asn1_lib.cc
[1195/1544] Compiling a_strnid.cc
[1196/1544] Compiling a_time.cc
[1197/1544] Compiling a_octet.cc
[1198/1544] Compiling CAsyncHTTPClient CAsyncHTTPClient.c
[1198/1544] Write sources
[1279/1544] Compiling a_d2i_fp.cc
[1280/1587] Compiling a_strex.cc
[1281/1587] Compiling a_object.cc
[1282/1587] Compiling a_i2d_fp.cc
[1284/1587] Compiling Algorithms Split.swift
[1285/1587] Compiling Algorithms Stride.swift
[1286/1587] Compiling Algorithms Suffix.swift
[1287/1587] Compiling Algorithms Joined.swift
[1288/1589] Compiling Algorithms Permutations.swift
[1289/1589] Compiling Algorithms Product.swift
[1290/1589] Compiling Algorithms Keyed.swift
[1291/1589] Compiling Algorithms MinMax.swift
[1291/1589] Compiling a_int.cc
[1292/1589] Compiling a_mbstr.cc
[1294/1589] Compiling Atomics IntegerOperations.swift
[1295/1589] Compiling Atomics Unmanaged extensions.swift
[1296/1589] Compiling Atomics AtomicInteger.swift
[1297/1589] Compiling Atomics AtomicOptionalWrappable.swift
[1298/1589] Compiling Atomics AtomicReference.swift
[1298/1589] Compiling a_bool.cc
[1300/1597] Compiling Algorithms RandomSample.swift
[1301/1597] Compiling Algorithms Reductions.swift
[1302/1597] Compiling Algorithms Rotate.swift
[1306/1600] Compiling Algorithms Compacted.swift
[1307/1600] Compiling Algorithms Cycle.swift
[1308/1600] Compiling Algorithms EitherSequence.swift
[1309/1600] Compiling Algorithms FirstNonNil.swift
[1313/1600] Compiling Algorithms Partition.swift
[1316/1600] Compiling CryptoBoringWrapper RandomBytes.swift
[1319/1600] Compiling Algorithms Indexed.swift
[1320/1600] Compiling Algorithms Intersperse.swift
[1321/1600] Compiling Algorithms Trim.swift
[1322/1600] Compiling Algorithms Unique.swift
[1323/1600] Compiling Algorithms Windows.swift
[1324/1600] Compiling CryptoBoringWrapper CryptoKitErrors_boring.swift
[1325/1600] Emitting module CryptoBoringWrapper
[1326/1600] Compiling CryptoBoringWrapper BoringSSLAEAD.swift
[1327/1600] Compiling CryptoBoringWrapper EllipticCurvePoint.swift
[1328/1600] Compiling CryptoBoringWrapper EllipticCurve.swift
[1329/1600] Compiling CryptoBoringWrapper FiniteFieldArithmeticContext.swift
[1330/1600] Compiling CryptoBoringWrapper ArbitraryPrecisionInteger.swift
[1335/1601] Compiling Atomics OptionalRawRepresentable.swift
[1335/1601] Wrapping AST for CryptoBoringWrapper for debugging
[1337/1685] Compiling Crypto ASN1.swift
[1338/1685] Compiling Crypto ASN1Any.swift
[1339/1685] Compiling Crypto ASN1BitString.swift
[1340/1685] Compiling Crypto ChaChaPoly.swift
[1341/1685] Compiling Crypto Cipher.swift
[1342/1685] Compiling Crypto Nonces.swift
[1343/1685] Emitting module Atomics
[1344/1686] Wrapping AST for Atomics for debugging
[1346/1750] Emitting module Algorithms
[1347/1751] Wrapping AST for Algorithms for debugging
[1349/1751] Compiling NIOCore NIOCoreSendableMetatype.swift
[1350/1751] Compiling NIOCore NIODecodedAsyncSequence.swift
[1351/1751] Compiling NIOCore NIOLoopBound.swift
[1352/1751] Compiling NIOCore NIOPooledRecvBufferAllocator.swift
[1353/1751] Compiling NIOCore NIOScheduledCallback.swift
[1354/1751] Compiling NIOCore NIOSendable.swift
[1355/1751] Compiling NIOCore NIOSplitLinesMessageDecoder.swift
[1356/1751] Compiling NIOCore NIOTransportAccessibleChannelCore.swift
[1357/1751] Compiling NIOCore RecvByteBufferAllocator.swift
[1358/1759] Compiling NIOCore ChannelInvoker.swift
[1359/1759] Compiling NIOCore ChannelOption.swift
[1360/1759] Compiling NIOCore ChannelPipeline.swift
[1361/1759] Compiling NIOCore IPProtocol.swift
[1362/1759] Compiling NIOCore IntegerBitPacking.swift
[1363/1759] Compiling NIOCore IntegerTypes.swift
[1364/1759] Compiling NIOCore Interfaces.swift
[1365/1759] Compiling NIOCore Linux.swift
[1366/1759] Compiling NIOCore MarkedCircularBuffer.swift
[1367/1759] Compiling NIOCore MulticastChannel.swift
[1368/1759] Compiling NIOCore NIOAny.swift
[1369/1759] Compiling NIOCore NIOCloseOnErrorHandler.swift
[1370/1759] Compiling NIOCore ByteBuffer-binaryEncodedLengthPrefix.swift
[1371/1759] Compiling NIOCore ByteBuffer-conversions.swift
[1372/1759] Compiling NIOCore ByteBuffer-core.swift
[1373/1759] Compiling NIOCore ByteBuffer-hex.swift
[1374/1759] Compiling NIOCore ByteBuffer-int.swift
[1375/1759] Compiling NIOCore ByteBuffer-lengthPrefix.swift
[1376/1759] Compiling NIOCore ByteBuffer-multi-int.swift
[1377/1759] Compiling NIOCore ByteBuffer-quicBinaryEncodingStrategy.swift
[1378/1759] Compiling NIOCore ByteBuffer-views.swift
[1379/1759] Compiling NIOCore Channel.swift
[1380/1759] Compiling NIOCore ChannelHandler.swift
[1381/1759] Compiling NIOCore ChannelHandlers.swift
[1382/1770] Compiling NIOCore AddressedEnvelope.swift
[1383/1770] Compiling NIOCore AsyncAwaitSupport.swift
[1384/1770] Compiling NIOCore AsyncChannel.swift
[1385/1770] Compiling NIOCore AsyncChannelHandler.swift
[1386/1770] Compiling NIOCore AsyncChannelInboundStream.swift
[1387/1770] Compiling NIOCore AsyncChannelOutboundWriter.swift
[1388/1770] Compiling NIOCore NIOAsyncSequenceProducer.swift
[1389/1770] Compiling NIOCore NIOAsyncSequenceProducerStrategies.swift
[1390/1770] Compiling NIOCore NIOAsyncWriter.swift
[1391/1770] Compiling NIOCore NIOThrowingAsyncSequenceProducer.swift
[1392/1770] Compiling NIOCore BSDSocketAPI.swift
[1393/1770] Compiling NIOCore ByteBuffer-aux.swift
[1394/1770] Emitting module Crypto
[1395/1770] Compiling NIOCore EventLoopFuture+Deprecated.swift
[1396/1770] Compiling NIOCore EventLoopFuture+WithEventLoop.swift
[1397/1770] Compiling NIOCore EventLoopFuture.swift
[1398/1770] Compiling NIOCore FileDescriptor.swift
[1399/1770] Compiling NIOCore FileHandle.swift
[1400/1770] Compiling NIOCore FileRegion.swift
[1401/1770] Compiling NIOCore GlobalSingletons.swift
[1402/1770] Compiling NIOCore IO.swift
[1403/1770] Compiling NIOCore IOData.swift
[1413/1770] Compiling Crypto Signature.swift
[1414/1770] Compiling Crypto CryptoKitErrors_boring.swift
[1415/1770] Compiling Crypto Optional+withUnsafeBytes_boring.swift
[1416/1770] Compiling Crypto RNG_boring.swift
[1417/1770] Compiling Crypto SafeCompare_boring.swift
[1418/1770] Compiling Crypto Zeroization_boring.swift
[1419/1770] Compiling Crypto _CryptoModuleAnchor.swift
[1420/1770] Compiling Crypto PrettyBytes.swift
[1421/1770] Compiling Crypto SafeCompare.swift
[1422/1770] Compiling Crypto SecureBytes.swift
[1423/1770] Compiling Crypto Zeroization.swift
[1424/1770] Compiling Crypto MACFunctions.swift
[1425/1770] Compiling Crypto MessageAuthenticationCode.swift
[1426/1770] Compiling Crypto AES.swift
[1427/1770] Compiling Crypto ECDSASignature_boring.swift
[1428/1770] Compiling Crypto ECDSA_boring.swift
[1429/1770] Compiling Crypto EdDSA_boring.swift
[1430/1770] Compiling Crypto MLDSA_boring.swift
[1431/1770] Compiling Crypto MLDSA_wrapper.swift
[1432/1770] Compiling Crypto ECDSA.swift
[1433/1770] Compiling Crypto Ed25519.swift
[1434/1770] Compiling Crypto MLDSA.swift
[1447/1770] Compiling NIOCore EventLoop+SerialExecutor.swift
[1448/1770] Compiling NIOCore EventLoop.swift
[1449/1770] Compiling NIOCore EventLoopFuture+AssumeIsolated.swift
[1450/1770] Compiling NIOCore SingleStepByteToMessageDecoder.swift
[1451/1770] Compiling NIOCore SocketAddresses.swift
[1452/1770] Compiling NIOCore SocketOptionProvider.swift
[1453/1770] Compiling NIOCore SystemCallHelpers.swift
[1454/1770] Compiling NIOCore TimeAmount+Duration.swift
[1455/1770] Compiling NIOCore TypeAssistedChannelHandler.swift
[1456/1770] Compiling NIOCore UniversalBootstrapSupport.swift
[1457/1770] Compiling NIOCore Utilities.swift
[1458/1770] Compiling Crypto ANSIx963.swift
[1465/1770] Compiling NIOCore CircularBuffer.swift
[1466/1770] Compiling NIOCore Codec.swift
[1467/1770] Compiling NIOCore ConvenienceOptionSupport.swift
[1468/1770] Compiling NIOCore DeadChannel.swift
[1469/1770] Compiling NIOCore DispatchQueue+WithFuture.swift
[1470/1770] Compiling NIOCore EventLoop+Deprecated.swift
[1480/1771] Wrapping AST for Crypto for debugging
[1490/1833] Compiling CryptoExtras CMAC.swift
[1491/1833] Compiling CryptoExtras ARC+API.swift
[1492/1833] Compiling CryptoExtras ARC.swift
[1493/1833] Compiling CryptoExtras ARCCredential.swift
[1494/1833] Compiling CryptoExtras ARCEncoding.swift
[1495/1833] Compiling CryptoExtras ARCPrecredential.swift
[1496/1833] Compiling CryptoExtras ARCPresentation.swift
[1497/1833] Compiling CryptoExtras ARCRequest.swift
[1498/1833] Compiling CryptoExtras ARCResponse.swift
[1499/1833] Emitting module CryptoExtras
[1500/1841] Compiling CryptoExtras Data+Extensions.swift
[1501/1841] Compiling CryptoExtras DigestType.swift
[1502/1841] Compiling CryptoExtras Error.swift
[1503/1841] Compiling CryptoExtras I2OSP.swift
[1504/1841] Compiling CryptoExtras IntegerEncoding.swift
[1505/1841] Compiling CryptoExtras PEMDocument.swift
[1506/1841] Compiling CryptoExtras PrettyBytes.swift
[1507/1841] Compiling CryptoExtras SubjectPublicKeyInfo.swift
[1508/1841] Compiling CryptoExtras PKCS8DERRepresentation.swift
[1509/1841] Compiling CryptoExtras PKCS8PrivateKey.swift
[1510/1841] Compiling CryptoExtras RFC8410AlgorithmIdentifier.swift
[1511/1841] Compiling CryptoExtras ECToolbox_boring.swift
[1512/1841] Compiling CryptoExtras ECToolbox.swift
[1513/1841] Compiling CryptoExtras HashToField.swift
[1514/1841] Compiling CryptoExtras KDF.swift
[1515/1841] Compiling CryptoExtras PBKDF2_boring.swift
[1516/1841] Compiling CryptoExtras PBKDF2_commoncrypto.swift
[1517/1841] Compiling CryptoExtras ThreadOps.swift
[1518/1841] Compiling CryptoExtras ThreadPosix.swift
[1519/1841] Compiling CryptoExtras ThreadSpecific.swift
[1520/1841] Compiling CryptoExtras ThreadWindows.swift
[1521/1841] Compiling CryptoExtras DLEQ.swift
[1522/1841] Compiling CryptoExtras Prover.swift
[1523/1841] Compiling CryptoExtras Verifier.swift
[1524/1841] Compiling CryptoExtras ZKPToolbox.swift
[1525/1841] Compiling CryptoExtras PBKDF2.swift
[1526/1841] Compiling CryptoExtras Scrypt_boring.swift
[1527/1841] Compiling CryptoExtras Scrypt.swift
[1528/1841] Compiling CryptoExtras OPRF.swift
[1529/1841] Compiling CryptoExtras OPRFClient.swift
[1530/1841] Compiling CryptoExtras OPRFServer.swift
[1531/1841] Compiling CryptoExtras VOPRF+API.swift
[1532/1841] Compiling CryptoExtras VOPRFClient.swift
[1533/1841] Compiling CryptoExtras VOPRFServer.swift
[1534/1841] Compiling CryptoExtras BoringSSLPassphraseCallbackManager.swift
[1535/1841] Compiling CryptoExtras RSA+BlindSigning.swift
[1536/1841] Compiling CryptoExtras RSA.swift
[1537/1841] Compiling CryptoExtras RSA_boring.swift
[1538/1841] Compiling CryptoExtras Reexport.swift
[1539/1841] Compiling CryptoExtras Zeroization_boring.swift
[1540/1841] Compiling CryptoExtras BoringSSLHelpers.swift
[1541/1841] Compiling CryptoExtras CryptoKitErrors_boring.swift
[1542/1841] Compiling CryptoExtras AES_CBC.swift
[1543/1841] Compiling CryptoExtras AES_CFB.swift
[1544/1841] Compiling CryptoExtras AES_CTR.swift
[1545/1841] Compiling CryptoExtras AES_GCM_SIV.swift
[1546/1841] Compiling CryptoExtras Block Function.swift
[1547/1841] Compiling CryptoExtras AES_CBC_boring.swift
[1548/1841] Compiling CryptoExtras AES_CFB_boring.swift
[1549/1841] Compiling CryptoExtras AES_CTR_boring.swift
[1550/1841] Compiling CryptoExtras AES_GCM_SIV_boring.swift
[1551/1841] Compiling CryptoExtras ARCServer.swift
[1552/1841] Compiling CryptoExtras ChaCha20CTR_boring.swift
[1553/1841] Compiling CryptoExtras ChaCha20CTR.swift
[1554/1841] Compiling CryptoExtras BoringSSLSHA512256Context.swift
[1555/1841] Compiling CryptoExtras BoringSSLSHA512256HashFunction.swift
[1556/1841] Compiling CryptoExtras SHA512256.swift
[1557/1841] Compiling CryptoExtras SHA512256Digest.swift
[1558/1841] Compiling CryptoExtras Curve25519+PEM.swift
[1559/1841] Compiling CryptoExtras ObjectIdentifier.swift
[1569/1843] Wrapping AST for CryptoExtras for debugging
[1571/1844] Compiling _CryptoExtras Exports.swift
[1572/1844] Emitting module _CryptoExtras
[1573/1845] Wrapping AST for _CryptoExtras for debugging
[1575/1940] Compiling X509 CertificateSerialNumber.swift
[1576/1940] Compiling X509 CertificateVersion.swift
[1577/1940] Compiling X509 CMSAttribute.swift
[1578/1940] Compiling X509 CMSContentInfo.swift
[1579/1940] Compiling X509 CMSEncapsulatedContentInfo.swift
[1580/1940] Compiling X509 NameConstraints.swift
[1581/1940] Compiling X509 SubjectAlternativeName.swift
[1582/1940] Compiling X509 SubjectKeyIdentifier.swift
[1583/1940] Compiling X509 Extension.swift
[1584/1940] Compiling X509 Extensions.swift
[1585/1940] Compiling X509 ExtensionsBuilder.swift
[1586/1940] Compiling X509 GeneralName.swift
[1587/1940] Compiling X509 Lock.swift
[1588/1940] Compiling X509 LockedValueBox.swift
[1589/1940] Compiling X509 BasicOCSPResponse.swift
[1590/1940] Compiling X509 DirectoryString.swift
[1591/1940] Compiling X509 OCSPCertID.swift
[1592/1940] Compiling X509 OCSPCertStatus.swift
[1593/1940] Emitting module NIOCore
[1594/1951] Wrapping AST for NIOCore for debugging
[1596/1998] Compiling NIOFoundationEssentialsCompat Codable+ByteBuffer.swift
[1597/1998] Emitting module NIOEmbedded
[1598/1998] Compiling NIOFoundationEssentialsCompat ByteBuffer-foundation.swift
[1599/1998] Emitting module NIOFoundationEssentialsCompat
[1600/1999] Wrapping AST for NIOFoundationEssentialsCompat for debugging
[1602/1999] Compiling NIOPosix BSDSocketAPICommon.swift
[1603/1999] Compiling NIOPosix BSDSocketAPIPosix.swift
[1604/1999] Compiling NIOPosix BSDSocketAPIWindows.swift
[1605/1999] Compiling NIOPosix BaseSocket.swift
[1606/1999] Compiling NIOPosix BaseSocketChannel+AccessibleTransport.swift
[1607/1999] Compiling NIOPosix BaseSocketChannel+SocketOptionProvider.swift
[1608/1999] Compiling NIOPosix BaseSocketChannel.swift
[1609/1999] Compiling NIOPosix BaseStreamSocketChannel.swift
[1610/1999] Compiling NIOPosix Bootstrap.swift
[1611/1999] Compiling NIOPosix ControlMessage.swift
[1612/1999] Compiling NIOPosix DatagramVectorReadManager.swift
[1613/1999] Compiling NIOPosix Errors+Any.swift
[1614/1999] Compiling NIOPosix FileDescriptor.swift
[1615/1999] Compiling NIOPosix GetaddrinfoResolver.swift
[1616/2012] Compiling NIOPosix HappyEyeballs.swift
[1617/2012] Compiling NIOPosix IO.swift
[1618/2012] Compiling NIOPosix IntegerBitPacking.swift
[1619/2012] Compiling NIOPosix IntegerTypes.swift
[1620/2012] Compiling NIOPosix Linux.swift
[1621/2012] Compiling NIOPosix LinuxCPUSet.swift
[1622/2012] Compiling NIOPosix LinuxUring.swift
[1623/2019] Compiling NIOEmbedded Embedded.swift
[1624/2019] Compiling NIOEmbedded AsyncTestingChannel.swift
[1625/2019] Compiling NIOEmbedded AsyncTestingEventLoop.swift
[1626/2019] Compiling X509 PKCS8PrivateKey.swift
[1627/2019] Compiling X509 PromiseAndFuture.swift
[1628/2019] Compiling X509 RDNAttribute.swift
[1629/2019] Compiling X509 RandomNumberGenerator+bytes.swift
[1630/2019] Compiling X509 RelativeDistinguishedName.swift
[1631/2019] Compiling X509 SEC1PrivateKey.swift
[1632/2019] Compiling X509 SecKeyWrapper.swift
[1633/2019] Compiling X509 Signature.swift
[1634/2019] Compiling X509 SignatureAlgorithm.swift
[1635/2019] Compiling X509 AllOfPolicies.swift
[1636/2019] Compiling X509 AnyPolicy.swift
[1637/2019] Compiling X509 CertificateStore.swift
[1638/2019] Compiling X509 CustomCertificateStore.swift
[1639/2019] Compiling X509 OneOfPolicies.swift
[1640/2019] Compiling X509 PolicyBuilder.swift
[1641/2019] Compiling X509 BasicConstraintsPolicy.swift
[1642/2019] Compiling X509 DNSNames.swift
[1643/2019] Compiling X509 ExpiryPolicy.swift
[1644/2019] Compiling X509 IPConstraints.swift
[1645/2019] Compiling X509 NameConstraintsPolicy.swift
[1646/2019] Compiling X509 RFC5280Policy.swift
[1647/2019] Compiling X509 URIConstraints.swift
[1648/2019] Compiling X509 VersionPolicy.swift
[1649/2019] Compiling X509 ServerIdentityPolicy.swift
[1650/2019] Compiling X509 TrustRootLoading.swift
[1651/2019] Compiling X509 UnverifiedChain.swift
[1652/2019] Compiling NIOPosix Windows.swift
[1653/2019] Compiling X509 OCSPNonce.swift
[1654/2019] Compiling X509 OCSPPolicy.swift
[1655/2019] Compiling X509 OCSPRequest.swift
[1656/2019] Compiling X509 OCSPResponse.swift
[1657/2019] Compiling X509 OCSPResponseBytes.swift
[1658/2019] Compiling X509 OCSPResponseData.swift
[1659/2019] Compiling X509 OCSPResponseStatus.swift
[1660/2019] Compiling X509 OCSPSignature.swift
[1661/2019] Compiling X509 OCSPSingleRequest.swift
[1662/2019] Compiling X509 OCSPSingleResponse.swift
[1663/2019] Compiling X509 OCSPTBSRequest.swift
[1664/2019] Compiling X509 OCSPVersion.swift
[1665/2020] Wrapping AST for NIOEmbedded for debugging
[1667/2020] Compiling NIOPosix PendingWritesManager.swift
[1668/2020] Compiling NIOPosix PipeChannel.swift
[1669/2020] Compiling NIOPosix PipePair.swift
[1670/2020] Compiling NIOPosix Pool.swift
[1671/2020] Compiling NIOPosix PosixSingletons+ConcurrencyTakeOver.swift
[1672/2020] Compiling NIOPosix PosixSingletons.swift
[1673/2020] Compiling NIOPosix RawSocketBootstrap.swift
[1674/2020] Compiling NIOPosix Resolver.swift
[1675/2020] Compiling NIOPosix SelectorWSAPoll.swift
[1676/2020] Compiling NIOPosix ServerSocket.swift
[1677/2020] Compiling NIOPosix Socket.swift
[1678/2020] Compiling NIOPosix SocketChannel.swift
[1679/2020] Compiling NIOPosix SocketProtocols.swift
[1680/2020] Compiling NIOPosix StructuredConcurrencyHelpers.swift
[1688/2020] Compiling NIOPosix MultiThreadedEventLoopGroup.swift
[1689/2020] Compiling NIOPosix NIOPosixSendableMetatype.swift
[1690/2020] Compiling NIOPosix NIORandomizedDNSResolver.swift
[1691/2020] Compiling NIOPosix NIOThreadPool.swift
[1692/2020] Compiling NIOPosix NonBlockingFileIO.swift
[1693/2020] Compiling NIOPosix PendingDatagramWritesManager.swift
[1694/2020] Compiling NIOPosix System.swift
[1695/2020] Compiling NIOPosix Selectable.swift
[1696/2020] Compiling NIOPosix SelectableChannel.swift
[1697/2020] Compiling NIOPosix SelectableEventLoop.swift
[1698/2020] Compiling NIOPosix SelectorEpoll.swift
[1699/2020] Compiling NIOPosix SelectorGeneric.swift
[1700/2020] Compiling NIOPosix SelectorKqueue.swift
[1701/2020] Compiling NIOPosix SelectorUring.swift
[1702/2020] Compiling NIOPosix Thread.swift
[1703/2020] Compiling NIOPosix ThreadPosix.swift
[1704/2020] Compiling NIOPosix ThreadWindows.swift
[1705/2020] Compiling NIOPosix Utilities.swift
[1706/2020] Compiling NIOPosix VsockAddress.swift
[1707/2020] Compiling NIOPosix VsockChannelEvents.swift
[1750/2020] Emitting module NIOPosix
[1751/2020] Emitting module X509
[1759/2021] Wrapping AST for NIOPosix for debugging
[1761/2023] Emitting module NIO
[1762/2023] Compiling NIO Exports.swift
[1763/2023] Compiling X509 ValidatedCertificateChain.swift
[1764/2023] Compiling X509 VerificationDiagnostic.swift
[1765/2023] Compiling X509 Verifier.swift
[1766/2023] Compiling X509 VerifierPolicy.swift
[1767/2023] Compiling X509 AlgorithmIdentifier.swift
[1768/2023] Compiling X509 ECDSASignature.swift
[1769/2023] Compiling X509 RSAPKCS1PublicKey.swift
[1770/2023] Compiling X509 SubjectPublicKeyInfo.swift
[1771/2023] Compiling X509 TBSCertificate.swift
[1772/2023] Compiling X509 Time.swift
[1773/2023] Compiling X509 TimeCalculations.swift
[1774/2023] Compiling X509 Validity.swift
[1775/2023] Compiling X509 X509SendableMetatype.swift
[1777/2025] Wrapping AST for NIO for debugging
[1778/2064] Wrapping AST for X509 for debugging
[1780/2095] Compiling NIOFoundationCompat JSONSerialization+ByteBuffer.swift
[1781/2131] Compiling NIOFoundationCompat WaitSpinningRunLoop.swift
[1782/2131] Compiling NIOFoundationCompat Exports.swift
[1783/2131] Compiling NIOSOCKS ClientStateMachine.swift
[1784/2131] Emitting module NIOFoundationCompat
[1785/2133] Compiling NIOTLS TLSEvents.swift
[1786/2133] Compiling NIOTLS NIOTypedApplicationProtocolNegotiationHandler.swift
[1788/2133] Compiling NIOSOCKS SelectedAuthenticationMethod.swift
[1789/2133] Compiling NIOTLS ApplicationProtocolNegotiationHandler.swift
[1789/2133] Wrapping AST for NIOFoundationCompat for debugging
[1791/2133] Compiling JWTKit AudienceClaim.swift
[1792/2133] Compiling JWTKit BoolClaim.swift
[1793/2133] Compiling NIOSOCKS SOCKSResponse.swift
[1794/2133] Compiling JWTKit ExpirationClaim.swift
[1795/2133] Compiling JWTKit GoogleHostedDomainClaim.swift
[1796/2133] Compiling JWTKit IDClaim.swift
[1797/2133] Compiling JWTKit IssuedAtClaim.swift
[1798/2133] Emitting module NIOSOCKS
[1799/2133] Compiling NIOSOCKS ServerStateMachine.swift
[1800/2133] Compiling JWTKit IssuerClaim.swift
[1801/2133] Compiling JWTKit JWTClaim.swift
[1802/2134] Emitting module NIOHTTP1
[1804/2136] Compiling NIOTLS SNIHandler.swift
[1805/2136] Emitting module NIOTLS
[1806/2136] Compiling NIOTLS ProtocolNegotiationHandlerStateMachine.swift
[1807/2137] Compiling JWTKit ECDSASigningAlgorithm.swift
[1808/2137] Compiling JWTKit JWTKeyCollection+ECDSA.swift
[1809/2137] Wrapping AST for NIOSOCKS for debugging
[1819/2137] Compiling JWTKit JWTMultiValueClaim.swift
[1820/2137] Compiling JWTKit JWTUnixEpochClaim.swift
[1825/2150] Wrapping AST for NIOTLS for debugging
[1827/2176] Compiling JWTKit JWTSerializer.swift
[1828/2176] Compiling JWTKit JWTSigner.swift
[1829/2176] Compiling JWTKit JWTKeyCollection+MLDSA.swift
[1830/2176] Compiling JWTKit MLDSA.swift
[1831/2176] Compiling JWTKit MLDSA65+MLDSAKey.swift
[1832/2176] Compiling JWTKit MLDSA87+MLDSAKey.swift
[1833/2176] Compiling JWTKit MLDSAError.swift
[1834/2176] Compiling JWTKit MLDSAKey.swift
[1835/2176] Compiling JWTKit MLDSASigner.swift
[1836/2176] Compiling JWTKit MLDSAType.swift
[1837/2176] Compiling JWTKit JWTKeyCollection+UnsecuredNone.swift
[1838/2176] Compiling JWTKit UnsecuredNoneSigner.swift
[1839/2176] Compiling JWTKit JWTKeyCollection+RSA.swift
[1840/2176] Compiling JWTKit RSA.swift
[1841/2176] Compiling JWTKit RSAError.swift
[1842/2176] Compiling JWTKit RSASigner.swift
[1843/2176] Compiling JWTKit Base64URL.swift
[1844/2176] Compiling JWTKit CryptoSigner.swift
[1845/2176] Emitting module JWTKit
[1846/2176] Compiling NIOSSL SafeCompare.swift
[1847/2176] Compiling NIOSSL SSLPrivateKey.swift
[1848/2176] Compiling NIOSSL SSLPublicKey.swift
[1849/2176] Compiling NIOSSL SecurityFrameworkCertificateVerification.swift
[1850/2176] Compiling NIOSSL String+unsafeUninitializedCapacity.swift
[1851/2176] Compiling NIOSSL SSLContext.swift
[1852/2176] Compiling NIOSSL SSLErrors.swift
[1853/2176] Compiling NIOSSL SSLInit.swift
[1854/2176] Compiling NIOSSL SSLPKCS12Bundle.swift
[1855/2176] Compiling JWTKit ECDSASigner.swift
[1856/2176] Compiling NIOSSL SSLCertificateExtensions.swift
[1857/2176] Compiling NIOSSL SSLCertificateName.swift
[1858/2176] Compiling NIOSSL SSLConnection.swift
[1859/2176] Compiling NIOSSL NIOSSLServerHandler.swift
[1860/2176] Compiling NIOSSL ObjectIdentifier.swift
[1861/2176] Compiling NIOSSL PosixPort.swift
[1862/2176] Compiling NIOSSL SSLCallbacks.swift
[1863/2176] Compiling NIOSSL SubjectAlternativeName.swift
[1864/2176] Compiling NIOSSL NIOSSLSecureBytes.swift
[1865/2176] Compiling NIOSSL RNG.swift
[1870/2176] Compiling JWTKit HMAC.swift
[1871/2176] Compiling JWTKit HMACError.swift
[1872/2176] Compiling JWTKit HMACSigner.swift
[1873/2176] Compiling JWTKit JWTKeyCollection+HMAC.swift
[1874/2176] Compiling JWTKit Insecure.swift
[1875/2176] Compiling JWTKit JWK.swift
[1876/2176] Compiling JWTKit JWKIdentifier.swift
[1877/2176] Compiling JWTKit JWKS.swift
[1878/2176] Compiling JWTKit JWKSigner.swift
[1879/2176] Compiling JWTKit JWTAlgorithm.swift
[1880/2176] Compiling JWTKit JWTError.swift
[1881/2176] Compiling JWTKit JWTHeader+CommonFields.swift
[1882/2176] Compiling JWTKit JWTHeader.swift
[1883/2176] Compiling JWTKit JWTHeaderField.swift
[1884/2176] Compiling JWTKit JWTKeyCollection.swift
[1885/2176] Compiling JWTKit JWTParser+MandatoryVerificationFields.swift
[1886/2176] Compiling JWTKit JWTParser.swift
[1887/2176] Compiling JWTKit JWTPayload.swift
[1890/2176] Compiling JWTKit CustomizedJSONCoders.swift
[1891/2176] Compiling JWTKit Utilities.swift
[1892/2176] Compiling JWTKit AppleIdentityToken.swift
[1893/2176] Compiling JWTKit FirebaseAuthIdentityToken.swift
[1894/2176] Compiling JWTKit GoogleIdentityToken.swift
[1895/2176] Compiling JWTKit MicrosoftIdentityToken.swift
[1896/2176] Compiling JWTKit EmptyPolicy.swift
[1897/2176] Compiling JWTKit ValidationTimePayload.swift
[1898/2176] Compiling JWTKit X5CVerifier.swift
[1899/2177] Compiling NIOSSL LinuxCABundle.swift
[1900/2177] Compiling NIOSSL NIOSSLClientHandler.swift
[1901/2177] Compiling NIOSSL AndroidCABundle.swift
[1902/2177] Compiling NIOSSL ByteBufferBIO.swift
[1903/2177] Compiling NIOSSL CustomPrivateKey.swift
[1905/2178] Wrapping AST for JWTKit for debugging
[1906/2185] Wrapping AST for NIOHTTP1 for debugging
[1908/2195] Emitting module NIOSSL
[1909/2199] Compiling NIOHTTPCompression HTTPDecompression.swift
[1910/2199] Compiling NIOHPACK IndexedHeaderTable.swift
[1911/2200] Compiling NIOHPACK IntegerCoding.swift
[1912/2200] Compiling NIOHPACK HuffmanCoding.swift
[1913/2200] Compiling NIOHPACK HuffmanTables.swift
[1914/2200] Compiling NIOHPACK StaticHeaderTable.swift
[1915/2200] Emitting module NIOHTTPCompression
[1916/2200] Compiling NIOHTTPCompression HTTPDecompressor.swift
[1917/2200] Compiling NIOHTTPCompression HTTPResponseCompressor.swift
[1918/2200] Compiling NIOHTTPCompression HTTPRequestCompressor.swift
[1919/2200] Compiling NIOHTTPCompression HTTPCompression.swift
[1920/2201] Compiling NIOHPACK HPACKHeader.swift
[1921/2201] Compiling NIOHPACK HeaderTables.swift
[1923/2201] Compiling NIOSSL FreeBSDCABundle.swift
[1924/2201] Compiling NIOSSL IdentityVerification.swift
[1925/2201] Compiling NIOHPACK HPACKEncoder.swift
[1926/2201] Compiling NIOHPACK HPACKErrors.swift
[1927/2201] Compiling NIOHPACK DynamicHeaderTable.swift
[1928/2201] Compiling NIOHPACK HPACKDecoder.swift
[1929/2201] Emitting module NIOHPACK
[1931/2201] Compiling NIOSSL SSLCertificate.swift
[1942/2201] Wrapping AST for NIOHTTPCompression for debugging
[1958/2202] Wrapping AST for NIOHPACK for debugging
[1960/2210] Compiling NIOSSL Zeroization.swift
[1961/2210] Compiling NIOSSL TLSConfiguration.swift
[1962/2210] Compiling NIOSSL UniversalBootstrapSupport.swift
[1963/2210] Compiling NIOSSL UnsafeKeyAndChainTarget.swift
[1964/2266] Wrapping AST for NIOSSL for debugging
[1966/2266] Compiling NIOHTTP2 MaySendFrames.swift
[1967/2266] Compiling NIOHTTP2 SendingDataState.swift
[1968/2266] Compiling NIOHTTP2 SendingGoawayState.swift
[1969/2266] Compiling NIOHTTP2 SendingHeadersState.swift
[1970/2266] Compiling NIOHTTP2 SendingPushPromiseState.swift
[1971/2266] Compiling NIOHTTP2 SendingRstStreamState.swift
[1972/2266] Compiling NIOHTTP2 SendingWindowUpdateState.swift
[1973/2266] Compiling NIOHTTP2 HTTP2SettingsState.swift
[1974/2266] Compiling NIOHTTP2 HasExtendedConnectSettings.swift
[1975/2274] Compiling NIOHTTP2 HasFlowControlWindows.swift
[1976/2274] Compiling NIOHTTP2 HasLocalSettings.swift
[1977/2274] Compiling NIOHTTP2 HasRemoteSettings.swift
[1978/2274] Compiling NIOHTTP2 LocallyQuiescingState.swift
[1979/2274] Compiling NIOHTTP2 QuiescingState.swift
[1980/2274] Compiling NIOHTTP2 RemotelyQuiescingState.swift
[1981/2274] Compiling NIOHTTP2 SendAndReceiveGoawayState.swift
[1982/2274] Compiling NIOHTTP2 StateMachineResult.swift
[1983/2274] Compiling NIOHTTP2 ContentLengthVerifier.swift
[1984/2274] Emitting module NIOHTTP2
[1985/2274] Compiling NIOHTTP2 DOSHeuristics.swift
[1986/2274] Compiling NIOHTTP2 Error+Any.swift
[1987/2274] Compiling NIOHTTP2 ConcurrentStreamBuffer.swift
[1988/2274] Compiling NIOHTTP2 ControlFrameBuffer.swift
[1989/2274] Compiling NIOHTTP2 OutboundFlowControlBuffer.swift
[1990/2274] Compiling NIOHTTP2 OutboundFrameBuffer.swift
[1991/2274] Compiling NIOHTTP2 GlitchesMonitor.swift
[1992/2274] Compiling NIOHTTP2 HPACKHeaders+Validation.swift
[1993/2274] Compiling NIOHTTP2 HTTP2ChannelHandler+InboundStreamMultiplexer.swift
[1994/2274] Compiling NIOHTTP2 HTTP2StreamMultiplexer.swift
[1995/2274] Compiling NIOHTTP2 HTTP2ToHTTP1Codec.swift
[1996/2274] Compiling NIOHTTP2 HTTP2UserEvents.swift
[1997/2274] Compiling NIOHTTP2 InboundEventBuffer.swift
[1998/2274] Compiling NIOHTTP2 InboundWindowManager.swift
[1999/2274] Compiling NIOHTTP2 MultiplexerAbstractChannel.swift
[2000/2274] Compiling NIOHTTP2 NIOHTTP2FrameDelegate.swift
[2001/2274] Compiling NIOHTTP2 NIOHTTP2ServerConnectionManagementHandler+StateMachine.swift
[2002/2274] Compiling NIOHTTP2 NIOHTTP2ServerConnectionManagementHandler.swift
[2003/2274] Compiling NIOHTTP2 StreamChannelFlowController.swift
[2004/2274] Compiling NIOHTTP2 StreamChannelList.swift
[2005/2274] Compiling NIOHTTP2 StreamMap.swift
[2006/2274] Compiling NIOHTTP2 StreamStateMachine.swift
[2007/2274] Compiling NIOHTTP2 Timer.swift
[2008/2274] Compiling NIOHTTP2 UnsafeTransfer.swift
[2009/2274] Compiling NIOHTTP2 WatermarkedFlowController.swift
[2010/2274] Compiling NIOHTTP2 ConnectionStateMachine.swift
[2011/2274] Compiling NIOHTTP2 ConnectionStreamsState.swift
[2012/2274] Compiling NIOHTTP2 MayReceiveFrames.swift
[2013/2274] Compiling NIOHTTP2 ReceivingDataState.swift
[2014/2274] Compiling NIOHTTP2 ReceivingGoAwayState.swift
[2015/2274] Compiling NIOHTTP2 ReceivingHeadersState.swift
[2016/2274] Compiling NIOHTTP2 ReceivingPushPromiseState.swift
[2017/2274] Compiling NIOHTTP2 ReceivingRstStreamState.swift
[2018/2274] Compiling NIOHTTP2 ReceivingWindowUpdateState.swift
[2019/2274] Compiling NIOHTTP2 HTTP2FrameParser.swift
[2020/2274] Compiling NIOHTTP2 HTTP2PingData.swift
[2021/2274] Compiling NIOHTTP2 HTTP2PipelineHelpers.swift
[2022/2274] Compiling NIOHTTP2 HTTP2Settings.swift
[2023/2274] Compiling NIOHTTP2 HTTP2Stream.swift
[2024/2274] Compiling NIOHTTP2 HTTP2StreamChannel+OutboundStreamMultiplexer.swift
[2025/2274] Compiling NIOHTTP2 HTTP2StreamChannel.swift
[2026/2274] Compiling NIOHTTP2 HTTP2StreamDelegate.swift
[2027/2274] Compiling NIOHTTP2 HTTP2StreamID.swift
[2028/2274] Compiling NIOHTTP2 HTTP2ChannelHandler+InlineStreamMultiplexer.swift
[2029/2274] Compiling NIOHTTP2 HTTP2ChannelHandler.swift
[2030/2274] Compiling NIOHTTP2 HTTP2CommonInboundStreamMultiplexer.swift
[2031/2274] Compiling NIOHTTP2 HTTP2ConnectionStateChange.swift
[2032/2274] Compiling NIOHTTP2 HTTP2Error.swift
[2033/2274] Compiling NIOHTTP2 HTTP2ErrorCode.swift
[2034/2274] Compiling NIOHTTP2 HTTP2FlowControlWindow.swift
[2035/2274] Compiling NIOHTTP2 HTTP2Frame.swift
[2036/2274] Compiling NIOHTTP2 HTTP2FrameEncoder.swift
[2037/2275] Wrapping AST for NIOHTTP2 for debugging
[2039/2339] Compiling AsyncHTTPClient AnyAsyncSequence.swift
[2040/2339] Compiling AsyncHTTPClient AnyAsyncSequenceProucerDelete.swift
[2041/2339] Compiling AsyncHTTPClient AsyncLazySequence.swift
[2042/2339] Compiling AsyncHTTPClient HTTPClient+execute.swift
[2043/2339] Compiling AsyncHTTPClient HTTPClient+shutdown.swift
[2044/2339] Compiling AsyncHTTPClient HTTPClient+tracing.swift
[2045/2339] Compiling AsyncHTTPClient HTTPClientRequest+Prepared.swift
[2046/2339] Compiling AsyncHTTPClient HTTPClientRequest+auth.swift
[2047/2339] Compiling AsyncHTTPClient HTTPClientRequest.swift
[2048/2347] Emitting module AsyncHTTPClient
[2049/2347] Compiling AsyncHTTPClient LRUCache.swift
[2050/2347] Compiling AsyncHTTPClient NIOLoopBound+Execute.swift
[2051/2347] Compiling AsyncHTTPClient NWErrorHandler.swift
[2052/2347] Compiling AsyncHTTPClient NWWaitingHandler.swift
[2053/2347] Compiling AsyncHTTPClient TLSConfiguration.swift
[2054/2347] Compiling AsyncHTTPClient RedirectState.swift
[2055/2347] Compiling AsyncHTTPClient RequestBag+StateMachine.swift
[2056/2347] Compiling AsyncHTTPClient RequestBag+Tracing.swift
[2057/2347] Compiling AsyncHTTPClient RequestBag.swift
[2058/2347] Compiling AsyncHTTPClient RequestValidation.swift
[2059/2347] Compiling AsyncHTTPClient SSLContextCache.swift
[2060/2347] Compiling AsyncHTTPClient Scheme.swift
[2061/2347] Compiling AsyncHTTPClient Singleton.swift
[2062/2347] Compiling AsyncHTTPClient StringConvertibleInstances.swift
[2063/2347] Compiling AsyncHTTPClient StructuredConcurrencyHelpers.swift
[2064/2347] Compiling AsyncHTTPClient TracingSupport.swift
[2065/2347] Compiling AsyncHTTPClient Utils.swift
[2066/2347] Compiling AsyncHTTPClient HTTPConnectionEvent.swift
[2067/2347] Compiling AsyncHTTPClient HTTPConnectionPool+Factory.swift
[2068/2347] Compiling AsyncHTTPClient HTTPConnectionPool+Manager.swift
[2069/2347] Compiling AsyncHTTPClient HTTPConnectionPool.swift
[2070/2347] Compiling AsyncHTTPClient HTTPExecutableRequest.swift
[2071/2347] Compiling AsyncHTTPClient HTTPRequestStateMachine+Demand.swift
[2072/2347] Compiling AsyncHTTPClient HTTPRequestStateMachine.swift
[2073/2347] Compiling AsyncHTTPClient RequestBodyLength.swift
[2074/2347] Compiling AsyncHTTPClient RequestFramingMetadata.swift
[2075/2347] Compiling AsyncHTTPClient RequestOptions.swift
[2076/2347] Compiling AsyncHTTPClient HTTPConnectionPool+Backoff.swift
[2077/2347] Compiling AsyncHTTPClient HTTPConnectionPool+HTTP1Connections.swift
[2078/2347] Compiling AsyncHTTPClient HTTPConnectionPool+HTTP1StateMachine.swift
[2079/2347] Compiling AsyncHTTPClient HTTPConnectionPool+HTTP2Connections.swift
[2080/2347] Compiling AsyncHTTPClient HTTPConnectionPool+HTTP2StateMachine.swift
[2081/2347] Compiling AsyncHTTPClient HTTPConnectionPool+RequestQueue.swift
[2082/2347] Compiling AsyncHTTPClient HTTPConnectionPool+StateMachine.swift
[2083/2347] Compiling AsyncHTTPClient ConnectionTarget.swift
[2084/2347] Compiling AsyncHTTPClient HTTP1ProxyConnectHandler.swift
[2085/2347] Compiling AsyncHTTPClient SOCKSEventsHandler.swift
[2086/2347] Compiling AsyncHTTPClient TLSEventsHandler.swift
[2087/2347] Compiling AsyncHTTPClient HTTP1ClientChannelHandler.swift
[2088/2347] Compiling AsyncHTTPClient HTTP1Connection.swift
[2089/2347] Compiling AsyncHTTPClient HTTP1ConnectionStateMachine.swift
[2090/2347] Compiling AsyncHTTPClient HTTP2ClientRequestHandler.swift
[2091/2347] Compiling AsyncHTTPClient HTTP2Connection.swift
[2092/2347] Compiling AsyncHTTPClient HTTP2IdleHandler.swift
[2093/2347] Compiling AsyncHTTPClient HTTPClientResponse.swift
[2094/2347] Compiling AsyncHTTPClient SingleIteratorPrecondition.swift
[2095/2347] Compiling AsyncHTTPClient Transaction+StateMachine.swift
[2096/2347] Compiling AsyncHTTPClient Transaction.swift
[2097/2347] Compiling AsyncHTTPClient Base64.swift
[2098/2347] Compiling AsyncHTTPClient BasicAuth.swift
[2099/2347] Compiling AsyncHTTPClient BestEffortHashableTLSConfiguration.swift
[2100/2347] Compiling AsyncHTTPClient Configuration+BrowserLike.swift
[2101/2347] Compiling AsyncHTTPClient ConnectionPool.swift
[2102/2347] Compiling AsyncHTTPClient DeconstructedURL.swift
[2103/2347] Compiling AsyncHTTPClient FileDownloadDelegate.swift
[2104/2347] Compiling AsyncHTTPClient FoundationExtensions.swift
[2105/2347] Compiling AsyncHTTPClient HTTPClient+HTTPCookie.swift
[2106/2347] Compiling AsyncHTTPClient HTTPClient+Proxy.swift
[2107/2347] Compiling AsyncHTTPClient HTTPClient+StructuredConcurrency.swift
[2108/2347] Compiling AsyncHTTPClient HTTPClient.swift
[2109/2347] Compiling AsyncHTTPClient HTTPClientConfiguration+SwiftConfiguration.swift
[2110/2347] Compiling AsyncHTTPClient HTTPHandler.swift
[2111/2348] Wrapping AST for AsyncHTTPClient for debugging
[2113/2371] Compiling GoogleAuth UserAccountData.swift
[2114/2371] Compiling GoogleAuth UserAccountTokenProvider.swift
[2115/2371] Compiling GoogleAuth UserCredentials.swift
[2116/2374] Compiling GoogleAuth ServiceAccountCredentials.swift
[2117/2374] Compiling GoogleAuth ServiceAccountData.swift
[2118/2374] Compiling GoogleAuth ServiceAccountTokenProvider.swift
[2119/2374] Compiling GoogleAuth CredentialParserRegistry.swift
[2120/2374] Compiling GoogleAuth Credentials.swift
[2121/2374] Compiling GoogleAuth CredentialsError.swift
[2122/2374] Emitting module GoogleAuth
[2123/2374] Compiling GoogleAuth SubjectTokenProvider.swift
[2124/2374] Compiling GoogleAuth MDSAccessTokenProvider.swift
[2125/2374] Compiling GoogleAuth MDSCredentials.swift
[2126/2374] Compiling GoogleAuth ADC.swift
[2127/2374] Compiling GoogleAuth ADCPath.swift
[2128/2374] Compiling GoogleAuth ADCResolver.swift
[2129/2374] Compiling GoogleAuth AuthHeaders.swift
[2130/2374] Compiling GoogleAuth AuthHTTPClient.swift
[2131/2374] Compiling GoogleAuth AuthHTTPError.swift
[2132/2374] Compiling GoogleAuth RetryEngine.swift
[2133/2374] Compiling GoogleAuth AnonymousCredentials.swift
[2134/2374] Compiling GoogleAuth ApiKeyCredentials.swift
[2135/2374] Compiling GoogleAuth ExternalAccountCredentials.swift
[2136/2374] Compiling GoogleAuth STSHandler.swift
[2137/2374] Compiling GoogleAuth TokenCache.swift
[2138/2374] Compiling GoogleAuth PackageVersion.swift
[2139/2375] Wrapping AST for GoogleAuth for debugging
[2141/2433] Compiling GoogleGax AIP194+PollingErrorPolicy.swift
[2142/2433] Compiling GoogleGax AIP194+RetryPolicy.swift
[2143/2433] Compiling GoogleGax AIP194.swift
[2144/2433] Compiling GoogleGax AdaptiveThrottler.swift
[2145/2433] Compiling GoogleGax AlwaysPoll.swift
[2146/2433] Compiling GoogleGax AlwaysRetry.swift
[2147/2433] Compiling GoogleGax ApiClientHeader.swift
[2148/2433] Compiling GoogleGax BackoffPolicy.swift
[2149/2433] Compiling GoogleGax BasePollingErrorPolicy.swift
[2150/2441] Emitting module GoogleGax
[2151/2441] Compiling GoogleGax LimitedAttemptCount+PollingErrorPolicy.swift
[2152/2441] Compiling GoogleGax LimitedAttemptCount+RetryPolicy.swift
[2153/2441] Compiling GoogleGax LimitedAttemptCount.swift
[2154/2441] Compiling GoogleGax LimitedElapsedTime+PollingErrorPolicy.swift
[2155/2441] Compiling GoogleGax LimitedElapsedTime+RetryPolicy.swift
[2156/2441] Compiling GoogleGax LimitedElapsedTime.swift
[2157/2441] Compiling GoogleGax LongRunningOperations.swift
[2158/2441] Compiling GoogleGax NeverRetry.swift
[2159/2441] Compiling GoogleGax ServiceError.swift
[2160/2441] Compiling GoogleGax StatusDetail.swift
[2161/2441] Compiling GoogleGax StrictIdempotency.swift
[2162/2441] Compiling GoogleGax ThrottleResult.swift
[2163/2441] Compiling GoogleGax TooManyRequests+PollingErrorPolicy.swift
[2164/2441] Compiling GoogleGax TooManyRequests+RetryPolicy.swift
[2165/2441] Compiling GoogleGax TooManyRequests.swift
[2166/2441] Compiling GoogleGax PackageVersion.swift
[2167/2441] Compiling GoogleGax RequestOptions.swift
[2168/2441] Compiling GoogleGax RetryLoop.swift
[2169/2441] Compiling GoogleGax RetryPolicy.swift
[2170/2441] Compiling GoogleGax RetryResult.swift
[2171/2441] Compiling GoogleGax RetryState.swift
[2172/2441] Compiling GoogleGax RetryThrottler.swift
[2173/2441] Compiling GoogleGax RetryThrottlerError.swift
[2174/2441] Compiling GoogleGax RoutingMatcher.swift
[2175/2441] Compiling GoogleGax Pagination.swift
/host/spi-builder-workspace/.build/checkouts/swift-google-gax/Sources/GoogleGax/Pagination.swift:44:22: error: cannot convert '@Sendable (String) async throws -> (response: ResponseType, items: [Item], nextToken: String)' to 'nonisolated(nonsending) @Sendable (String) async throws -> (response: ResponseType, items: [Item], nextToken: String)' because crossing of an isolation boundary requires parameter and result types to conform to 'Sendable' protocol
42 | ) where ResponseType: _PaginatedResponse<Item> {
43 | self.initialPageToken = initialPageToken ?? ""
44 | self.fetchPage = { token in
| |- error: cannot convert '@Sendable (String) async throws -> (response: ResponseType, items: [Item], nextToken: String)' to 'nonisolated(nonsending) @Sendable (String) async throws -> (response: ResponseType, items: [Item], nextToken: String)' because crossing of an isolation boundary requires parameter and result types to conform to 'Sendable' protocol
| `- note: type 'Item' does not conform to 'Sendable' protocol
45 | let response = try await listRpc(token)
46 | return (response, response._getPaginatedItems(), response._nextPageToken())
[2176/2441] Compiling GoogleGax PollingBackoffPolicy.swift
/host/spi-builder-workspace/.build/checkouts/swift-google-gax/Sources/GoogleGax/Pagination.swift:44:22: error: cannot convert '@Sendable (String) async throws -> (response: ResponseType, items: [Item], nextToken: String)' to 'nonisolated(nonsending) @Sendable (String) async throws -> (response: ResponseType, items: [Item], nextToken: String)' because crossing of an isolation boundary requires parameter and result types to conform to 'Sendable' protocol
42 | ) where ResponseType: _PaginatedResponse<Item> {
43 | self.initialPageToken = initialPageToken ?? ""
44 | self.fetchPage = { token in
| |- error: cannot convert '@Sendable (String) async throws -> (response: ResponseType, items: [Item], nextToken: String)' to 'nonisolated(nonsending) @Sendable (String) async throws -> (response: ResponseType, items: [Item], nextToken: String)' because crossing of an isolation boundary requires parameter and result types to conform to 'Sendable' protocol
| `- note: type 'Item' does not conform to 'Sendable' protocol
45 | let response = try await listRpc(token)
46 | return (response, response._getPaginatedItems(), response._nextPageToken())
[2177/2441] Compiling GoogleGax PollingErrorPolicy.swift
/host/spi-builder-workspace/.build/checkouts/swift-google-gax/Sources/GoogleGax/Pagination.swift:44:22: error: cannot convert '@Sendable (String) async throws -> (response: ResponseType, items: [Item], nextToken: String)' to 'nonisolated(nonsending) @Sendable (String) async throws -> (response: ResponseType, items: [Item], nextToken: String)' because crossing of an isolation boundary requires parameter and result types to conform to 'Sendable' protocol
42 | ) where ResponseType: _PaginatedResponse<Item> {
43 | self.initialPageToken = initialPageToken ?? ""
44 | self.fetchPage = { token in
| |- error: cannot convert '@Sendable (String) async throws -> (response: ResponseType, items: [Item], nextToken: String)' to 'nonisolated(nonsending) @Sendable (String) async throws -> (response: ResponseType, items: [Item], nextToken: String)' because crossing of an isolation boundary requires parameter and result types to conform to 'Sendable' protocol
| `- note: type 'Item' does not conform to 'Sendable' protocol
45 | let response = try await listRpc(token)
46 | return (response, response._getPaginatedItems(), response._nextPageToken())
[2178/2441] Compiling GoogleGax PollingResult.swift
/host/spi-builder-workspace/.build/checkouts/swift-google-gax/Sources/GoogleGax/Pagination.swift:44:22: error: cannot convert '@Sendable (String) async throws -> (response: ResponseType, items: [Item], nextToken: String)' to 'nonisolated(nonsending) @Sendable (String) async throws -> (response: ResponseType, items: [Item], nextToken: String)' because crossing of an isolation boundary requires parameter and result types to conform to 'Sendable' protocol
42 | ) where ResponseType: _PaginatedResponse<Item> {
43 | self.initialPageToken = initialPageToken ?? ""
44 | self.fetchPage = { token in
| |- error: cannot convert '@Sendable (String) async throws -> (response: ResponseType, items: [Item], nextToken: String)' to 'nonisolated(nonsending) @Sendable (String) async throws -> (response: ResponseType, items: [Item], nextToken: String)' because crossing of an isolation boundary requires parameter and result types to conform to 'Sendable' protocol
| `- note: type 'Item' does not conform to 'Sendable' protocol
45 | let response = try await listRpc(token)
46 | return (response, response._getPaginatedItems(), response._nextPageToken())
[2179/2441] Compiling GoogleGax PollingState.swift
/host/spi-builder-workspace/.build/checkouts/swift-google-gax/Sources/GoogleGax/Pagination.swift:44:22: error: cannot convert '@Sendable (String) async throws -> (response: ResponseType, items: [Item], nextToken: String)' to 'nonisolated(nonsending) @Sendable (String) async throws -> (response: ResponseType, items: [Item], nextToken: String)' because crossing of an isolation boundary requires parameter and result types to conform to 'Sendable' protocol
42 | ) where ResponseType: _PaginatedResponse<Item> {
43 | self.initialPageToken = initialPageToken ?? ""
44 | self.fetchPage = { token in
| |- error: cannot convert '@Sendable (String) async throws -> (response: ResponseType, items: [Item], nextToken: String)' to 'nonisolated(nonsending) @Sendable (String) async throws -> (response: ResponseType, items: [Item], nextToken: String)' because crossing of an isolation boundary requires parameter and result types to conform to 'Sendable' protocol
| `- note: type 'Item' does not conform to 'Sendable' protocol
45 | let response = try await listRpc(token)
46 | return (response, response._getPaginatedItems(), response._nextPageToken())
[2180/2441] Compiling GoogleGax ProtobufConversionError.swift
/host/spi-builder-workspace/.build/checkouts/swift-google-gax/Sources/GoogleGax/Pagination.swift:44:22: error: cannot convert '@Sendable (String) async throws -> (response: ResponseType, items: [Item], nextToken: String)' to 'nonisolated(nonsending) @Sendable (String) async throws -> (response: ResponseType, items: [Item], nextToken: String)' because crossing of an isolation boundary requires parameter and result types to conform to 'Sendable' protocol
42 | ) where ResponseType: _PaginatedResponse<Item> {
43 | self.initialPageToken = initialPageToken ?? ""
44 | self.fetchPage = { token in
| |- error: cannot convert '@Sendable (String) async throws -> (response: ResponseType, items: [Item], nextToken: String)' to 'nonisolated(nonsending) @Sendable (String) async throws -> (response: ResponseType, items: [Item], nextToken: String)' because crossing of an isolation boundary requires parameter and result types to conform to 'Sendable' protocol
| `- note: type 'Item' does not conform to 'Sendable' protocol
45 | let response = try await listRpc(token)
46 | return (response, response._getPaginatedItems(), response._nextPageToken())
[2181/2441] Compiling GoogleGax QueryParameter.swift
/host/spi-builder-workspace/.build/checkouts/swift-google-gax/Sources/GoogleGax/Pagination.swift:44:22: error: cannot convert '@Sendable (String) async throws -> (response: ResponseType, items: [Item], nextToken: String)' to 'nonisolated(nonsending) @Sendable (String) async throws -> (response: ResponseType, items: [Item], nextToken: String)' because crossing of an isolation boundary requires parameter and result types to conform to 'Sendable' protocol
42 | ) where ResponseType: _PaginatedResponse<Item> {
43 | self.initialPageToken = initialPageToken ?? ""
44 | self.fetchPage = { token in
| |- error: cannot convert '@Sendable (String) async throws -> (response: ResponseType, items: [Item], nextToken: String)' to 'nonisolated(nonsending) @Sendable (String) async throws -> (response: ResponseType, items: [Item], nextToken: String)' because crossing of an isolation boundary requires parameter and result types to conform to 'Sendable' protocol
| `- note: type 'Item' does not conform to 'Sendable' protocol
45 | let response = try await listRpc(token)
46 | return (response, response._getPaginatedItems(), response._nextPageToken())
[2182/2441] Compiling GoogleGax RequestError.swift
/host/spi-builder-workspace/.build/checkouts/swift-google-gax/Sources/GoogleGax/Pagination.swift:44:22: error: cannot convert '@Sendable (String) async throws -> (response: ResponseType, items: [Item], nextToken: String)' to 'nonisolated(nonsending) @Sendable (String) async throws -> (response: ResponseType, items: [Item], nextToken: String)' because crossing of an isolation boundary requires parameter and result types to conform to 'Sendable' protocol
42 | ) where ResponseType: _PaginatedResponse<Item> {
43 | self.initialPageToken = initialPageToken ?? ""
44 | self.fetchPage = { token in
| |- error: cannot convert '@Sendable (String) async throws -> (response: ResponseType, items: [Item], nextToken: String)' to 'nonisolated(nonsending) @Sendable (String) async throws -> (response: ResponseType, items: [Item], nextToken: String)' because crossing of an isolation boundary requires parameter and result types to conform to 'Sendable' protocol
| `- note: type 'Item' does not conform to 'Sendable' protocol
45 | let response = try await listRpc(token)
46 | return (response, response._getPaginatedItems(), response._nextPageToken())
[2183/2441] Compiling GoogleGax BaseRetryPolicy.swift
[2184/2441] Compiling GoogleGax BindingError.swift
[2185/2441] Compiling GoogleGax CRC32C.swift
[2186/2441] Compiling GoogleGax CircuitBreaker.swift
[2187/2441] Compiling GoogleGax ClientError.swift
[2188/2441] Compiling GoogleGax ClientOptions.swift
[2189/2441] Compiling GoogleGax ContinueOnIO+PollingErrorPolicy.swift
[2190/2441] Compiling GoogleGax ContinueOnIO+RetryPolicy.swift
[2191/2441] Compiling GoogleGax HTTPClientProtocol.swift
[2192/2441] Compiling GoogleGax HTTPClientRequest.swift
[2193/2441] Compiling GoogleGax HTTPClientResponse.swift
[2194/2441] Compiling GoogleGax HTTPHeaders.swift
[2195/2441] Compiling GoogleGax HTTPResponseBody.swift
[2196/2441] Compiling GoogleGax HeaderNames.swift
[2197/2441] Compiling GoogleGax Host.swift
[2198/2441] Compiling GoogleGax InProgressResult.swift
[2199/2441] Compiling GoogleGax ContinueOnIO.swift
[2200/2441] Compiling GoogleGax CredentialsProtocol.swift
[2201/2441] Compiling GoogleGax ErrorWrapper.swift
[2202/2441] Compiling GoogleGax ExponentialBackoff+BackoffPolicy.swift
[2203/2441] Compiling GoogleGax ExponentialBackoff+PollingBackoffPolicy.swift
[2204/2441] Compiling GoogleGax ExponentialBackoff.swift
[2205/2441] Compiling GoogleGax HTTPClient.swift
[2206/2441] Compiling GoogleGax HTTPClientHolder.swift
BUILD FAILURE 6.2 android