The Swift Package Index logo.Swift Package Index

Build Information

Failed to build GoogleCloudVMMigrationV1, reference 0.5.0 (5c7258), with Swift 6.2 for Android on 11 Oct 2026 16:23:02 UTC.

Build Command

bash -c docker run --pull=always --rm -v "checkouts-53886768-0":/host -w "$PWD" -e JAVA_HOME="/root/.sdkman/candidates/java/current" -e SPI_BUILD="1" -e SPI_PROCESSING="1" registry.gitlab.com/saguaro1/spi-images:android-6.2-latest swift build --swift-sdk aarch64-unknown-linux-android28 2>&1

Build Log

========================================
RunAll
========================================
Builder version: 5.1.1
Interrupt handler set up.
========================================
Checkout
========================================
Clone URL: https://github.com/googleapis/swift-google-cloud-vmmigration-v1.git
Reference: 0.5.0
Initialized empty Git repository in /host/spi-builder-workspace/.git/
hint: Using 'master' as the name for the initial branch. This default branch name
hint: is subject to change. To configure the initial branch name to use in all
hint: of your new repositories, which will suppress this warning, call:
hint:
hint: 	git config --global init.defaultBranch <name>
hint:
hint: Names commonly chosen instead of 'master' are 'main', 'trunk' and
hint: 'development'. The just-created branch can be renamed via this command:
hint:
hint: 	git branch -m <name>
From https://github.com/googleapis/swift-google-cloud-vmmigration-v1
 * tag               0.5.0      -> FETCH_HEAD
HEAD is now at 5c72585 chore: release circa 2026-10-07 (#1382)
Cloned https://github.com/googleapis/swift-google-cloud-vmmigration-v1.git
Revision (git rev-parse @):
5c725857f4f184fb8d067dcb9a98fd67249ad814
SPI manifest file found: $PWD/.spi.yml
SUCCESS checkout https://github.com/googleapis/swift-google-cloud-vmmigration-v1.git at 0.5.0
========================================
Build
========================================
Selected platform:         android
Swift version:             6.2
Building package at path:  $PWD
https://github.com/googleapis/swift-google-cloud-vmmigration-v1.git
Running build ...
bash -c docker run --pull=always --rm -v "checkouts-53886768-0":/host -w "$PWD" -e JAVA_HOME="/root/.sdkman/candidates/java/current" -e SPI_BUILD="1" -e SPI_PROCESSING="1" registry.gitlab.com/saguaro1/spi-images:android-6.2-latest swift build --swift-sdk aarch64-unknown-linux-android28 2>&1
android-6.2-latest: Pulling from saguaro1/spi-images
Digest: sha256:a839c9ce201f1dacc8eb056626ec7ab0a1c6d53d7b77c83feda395f4507c51be
Status: Image is up to date for registry.gitlab.com/saguaro1/spi-images:android-6.2-latest
Fetching https://github.com/googleapis/swift-google-wkt
Fetching https://github.com/apple/swift-log
Fetching https://github.com/googleapis/swift-google-rpc
Fetching https://github.com/googleapis/swift-google-gax
Fetching https://github.com/googleapis/swift-google-auth
Fetching https://github.com/googleapis/swift-google-longrunning
[1/422] Fetching swift-google-rpc
[423/8679] Fetching swift-google-rpc, swift-log
[424/9298] Fetching swift-google-rpc, swift-log, swift-google-longrunning
[468/10321] Fetching swift-google-rpc, swift-log, swift-google-longrunning, swift-google-wkt
[908/12069] Fetching swift-google-rpc, swift-log, swift-google-longrunning, swift-google-wkt, swift-google-gax
[4291/13092] Fetching swift-google-rpc, swift-log, swift-google-longrunning, swift-google-wkt, swift-google-gax, swift-google-auth
Fetched https://github.com/googleapis/swift-google-wkt from cache (0.49s)
Fetched https://github.com/googleapis/swift-google-auth from cache (0.49s)
Fetching https://github.com/googleapis/swift-google-cloud-location
Fetched https://github.com/googleapis/swift-google-rpc from cache (0.57s)
Fetched https://github.com/googleapis/swift-google-gax from cache (0.57s)
Fetched https://github.com/googleapis/swift-google-longrunning from cache (0.57s)
Fetched https://github.com/apple/swift-log from cache (0.57s)
[1/552] Fetching swift-google-cloud-location
Fetched https://github.com/googleapis/swift-google-cloud-location from cache (0.39s)
Computing version for https://github.com/googleapis/swift-google-wkt
Computed https://github.com/googleapis/swift-google-wkt at 0.5.0 (1.03s)
Fetching https://github.com/swift-extras/swift-extras-base64
[1/954] Fetching swift-extras-base64
Fetched https://github.com/swift-extras/swift-extras-base64 from cache (0.41s)
Computing version for https://github.com/googleapis/swift-google-rpc
Computed https://github.com/googleapis/swift-google-rpc at 0.5.0 (0.56s)
Computing version for https://github.com/googleapis/swift-google-longrunning
Computed https://github.com/googleapis/swift-google-longrunning at 0.5.0 (0.15s)
Computing version for https://github.com/googleapis/swift-google-gax
Computed https://github.com/googleapis/swift-google-gax at 0.5.0 (0.15s)
Fetching https://github.com/apple/swift-nio
Fetching https://github.com/swift-server/async-http-client.git
[1/16464] Fetching async-http-client
Fetched https://github.com/swift-server/async-http-client.git from cache (1.00s)
[1/86374] Fetching swift-nio
Fetched https://github.com/apple/swift-nio from cache (3.27s)
Computing version for https://github.com/googleapis/swift-google-cloud-location
Computed https://github.com/googleapis/swift-google-cloud-location at 0.5.0 (3.43s)
Computing version for https://github.com/googleapis/swift-google-auth
Computed https://github.com/googleapis/swift-google-auth at 0.5.0 (0.14s)
Fetching https://github.com/apple/swift-system.git
Fetching https://github.com/vapor/jwt-kit.git
[1/7241] Fetching swift-system
[2/17495] Fetching swift-system, jwt-kit
Fetched https://github.com/vapor/jwt-kit.git from cache (0.92s)
Fetched https://github.com/apple/swift-system.git from cache (0.96s)
Computing version for https://github.com/swift-extras/swift-extras-base64
Computed https://github.com/swift-extras/swift-extras-base64 at 1.2.0 (1.10s)
Computing version for https://github.com/swift-server/async-http-client.git
Computed https://github.com/swift-server/async-http-client.git at 1.36.2 (0.17s)
Fetching https://github.com/apple/swift-algorithms.git
Fetching https://github.com/apple/swift-configuration.git
Fetching https://github.com/apple/swift-atomics.git
Fetching https://github.com/apple/swift-nio-extras.git
Fetching https://github.com/apple/swift-nio-transport-services.git
Fetching https://github.com/apple/swift-service-context.git
[1/2867] Fetching swift-nio-transport-services
[604/6795] Fetching swift-nio-transport-services, swift-configuration
[2986/8296] Fetching swift-nio-transport-services, swift-configuration, swift-service-context
[3002/14999] Fetching swift-nio-transport-services, swift-configuration, swift-service-context, swift-nio-extras
[3822/16888] Fetching swift-nio-transport-services, swift-configuration, swift-service-context, swift-nio-extras, swift-atomics
Fetched https://github.com/apple/swift-nio-transport-services.git from cache (0.43s)
[2226/14021] Fetching swift-configuration, swift-service-context, swift-nio-extras, swift-atomics
Fetching https://github.com/apple/swift-nio-http2.git
[3892/20185] Fetching swift-configuration, swift-service-context, swift-nio-extras, swift-atomics, swift-algorithms
Fetched https://github.com/apple/swift-nio-extras.git from cache (0.53s)
Fetching https://github.com/apple/swift-distributed-tracing.git
Fetched https://github.com/apple/swift-atomics.git from cache (0.53s)
[1015/11593] Fetching swift-configuration, swift-service-context, swift-algorithms
Fetched https://github.com/apple/swift-service-context.git from cache (0.71s)
[6702/10092] Fetching swift-configuration, swift-algorithms
Fetched https://github.com/apple/swift-configuration.git from cache (0.83s)
Fetched https://github.com/apple/swift-algorithms.git from cache (0.83s)
[1/6551] Fetching swift-distributed-tracing
[3932/18845] Fetching swift-distributed-tracing, swift-nio-http2
Fetching https://github.com/apple/swift-nio-ssl.git
Fetched https://github.com/apple/swift-distributed-tracing.git from cache (0.56s)
[2705/12294] Fetching swift-nio-http2
Fetched https://github.com/apple/swift-nio-http2.git from cache (0.98s)
[1/16871] Fetching swift-nio-ssl
Fetched https://github.com/apple/swift-nio-ssl.git from cache (1.09s)
Computing version for https://github.com/apple/swift-service-context.git
Computed https://github.com/apple/swift-service-context.git at 1.3.0 (2.32s)
Computing version for https://github.com/apple/swift-algorithms.git
Computed https://github.com/apple/swift-algorithms.git at 1.2.1 (0.95s)
Fetching https://github.com/apple/swift-numerics.git
[1/6733] Fetching swift-numerics
Fetched https://github.com/apple/swift-numerics.git from cache (1.13s)
Computing version for https://github.com/apple/swift-log
Computed https://github.com/apple/swift-log at 1.16.1 (1.29s)
Computing version for https://github.com/apple/swift-distributed-tracing.git
Computed https://github.com/apple/swift-distributed-tracing.git at 1.5.0 (0.15s)
Computing version for https://github.com/apple/swift-atomics.git
Computed https://github.com/apple/swift-atomics.git at 1.3.1 (0.14s)
Computing version for https://github.com/apple/swift-numerics.git
Computed https://github.com/apple/swift-numerics.git at 1.1.1 (0.14s)
Computing version for https://github.com/apple/swift-nio
Computed https://github.com/apple/swift-nio at 2.104.0 (0.35s)
Fetching https://github.com/apple/swift-collections.git
[1/28703] Fetching swift-collections
Fetched https://github.com/apple/swift-collections.git from cache (1.33s)
Computing version for https://github.com/apple/swift-configuration.git
Computed https://github.com/apple/swift-configuration.git at 1.2.2 (2.13s)
Fetching https://github.com/swift-server/swift-service-lifecycle
[1/2867] Fetching swift-service-lifecycle
Fetched https://github.com/swift-server/swift-service-lifecycle from cache (0.88s)
Computing version for https://github.com/apple/swift-nio-transport-services.git
Computed https://github.com/apple/swift-nio-transport-services.git at 1.28.0 (1.05s)
Computing version for https://github.com/swift-server/swift-service-lifecycle
Computed https://github.com/swift-server/swift-service-lifecycle at 2.12.1 (0.15s)
Fetching https://github.com/apple/swift-async-algorithms.git
[1/6820] Fetching swift-async-algorithms
Fetched https://github.com/apple/swift-async-algorithms.git from cache (0.59s)
Computing version for https://github.com/apple/swift-async-algorithms.git
Computed https://github.com/apple/swift-async-algorithms.git at 1.1.7 (0.81s)
Computing version for https://github.com/apple/swift-collections.git
Computed https://github.com/apple/swift-collections.git at 1.7.2 (0.24s)
Computing version for https://github.com/apple/swift-nio-http2.git
Computed https://github.com/apple/swift-nio-http2.git at 1.46.0 (0.16s)
Computing version for https://github.com/vapor/jwt-kit.git
Computed https://github.com/vapor/jwt-kit.git at 5.7.1 (0.14s)
Fetching https://github.com/apple/swift-certificates.git
Fetching https://github.com/apple/swift-crypto.git
[1/18629] Fetching swift-crypto
[747/26242] Fetching swift-crypto, swift-certificates
Fetched https://github.com/apple/swift-certificates.git from cache (1.17s)
Fetched https://github.com/apple/swift-crypto.git from cache (1.18s)
Computing version for https://github.com/apple/swift-crypto.git
Computed https://github.com/apple/swift-crypto.git at 4.5.2 (1.77s)
Fetching https://github.com/apple/swift-asn1.git
[1/2009] Fetching swift-asn1
Fetched https://github.com/apple/swift-asn1.git from cache (0.45s)
Computing version for https://github.com/apple/swift-asn1.git
Computed https://github.com/apple/swift-asn1.git at 1.7.3 (0.63s)
Computing version for https://github.com/apple/swift-certificates.git
Computed https://github.com/apple/swift-certificates.git at 1.21.0 (0.19s)
Computing version for https://github.com/apple/swift-nio-ssl.git
Computed https://github.com/apple/swift-nio-ssl.git at 2.37.5 (0.18s)
Computing version for https://github.com/apple/swift-system.git
Computed https://github.com/apple/swift-system.git at 1.8.1 (0.17s)
Computing version for https://github.com/apple/swift-nio-extras.git
Computed https://github.com/apple/swift-nio-extras.git at 1.35.1 (0.25s)
Fetching https://github.com/apple/swift-http-types.git
Fetching https://github.com/apple/swift-http-structured-headers.git
[1/1939] Fetching swift-http-types
[2/3192] Fetching swift-http-types, swift-http-structured-headers
Fetched https://github.com/apple/swift-http-structured-headers.git from cache (0.42s)
Fetched https://github.com/apple/swift-http-types.git from cache (0.42s)
Computing version for https://github.com/apple/swift-http-structured-headers.git
Computed https://github.com/apple/swift-http-structured-headers.git at 1.7.0 (0.57s)
Computing version for https://github.com/apple/swift-http-types.git
Computed https://github.com/apple/swift-http-types.git at 1.8.0 (0.17s)
Creating working copy for https://github.com/apple/swift-nio-extras.git
Working copy of https://github.com/apple/swift-nio-extras.git resolved at 1.35.1
Creating working copy for https://github.com/apple/swift-asn1.git
Working copy of https://github.com/apple/swift-asn1.git resolved at 1.7.3
Creating working copy for https://github.com/apple/swift-http-structured-headers.git
Working copy of https://github.com/apple/swift-http-structured-headers.git resolved at 1.7.0
Creating working copy for https://github.com/apple/swift-crypto.git
Working copy of https://github.com/apple/swift-crypto.git resolved at 4.5.2
Creating working copy for https://github.com/apple/swift-nio
Working copy of https://github.com/apple/swift-nio resolved at 2.104.0
Creating working copy for https://github.com/apple/swift-numerics.git
Working copy of https://github.com/apple/swift-numerics.git resolved at 1.1.1
Creating working copy for https://github.com/apple/swift-atomics.git
Working copy of https://github.com/apple/swift-atomics.git resolved at 1.3.1
Creating working copy for https://github.com/apple/swift-async-algorithms.git
Working copy of https://github.com/apple/swift-async-algorithms.git resolved at 1.1.7
Creating working copy for https://github.com/apple/swift-nio-transport-services.git
Working copy of https://github.com/apple/swift-nio-transport-services.git resolved at 1.28.0
Creating working copy for https://github.com/apple/swift-algorithms.git
Working copy of https://github.com/apple/swift-algorithms.git resolved at 1.2.1
Creating working copy for https://github.com/apple/swift-nio-ssl.git
Working copy of https://github.com/apple/swift-nio-ssl.git resolved at 2.37.5
Creating working copy for https://github.com/swift-server/async-http-client.git
Working copy of https://github.com/swift-server/async-http-client.git resolved at 1.36.2
Creating working copy for https://github.com/apple/swift-http-types.git
Working copy of https://github.com/apple/swift-http-types.git resolved at 1.8.0
Creating working copy for https://github.com/apple/swift-certificates.git
Working copy of https://github.com/apple/swift-certificates.git resolved at 1.21.0
Creating working copy for https://github.com/apple/swift-service-context.git
Working copy of https://github.com/apple/swift-service-context.git resolved at 1.3.0
Creating working copy for https://github.com/apple/swift-log
Working copy of https://github.com/apple/swift-log resolved at 1.16.1
Creating working copy for https://github.com/apple/swift-distributed-tracing.git
Working copy of https://github.com/apple/swift-distributed-tracing.git resolved at 1.5.0
Creating working copy for https://github.com/apple/swift-nio-http2.git
Working copy of https://github.com/apple/swift-nio-http2.git resolved at 1.46.0
Creating working copy for https://github.com/googleapis/swift-google-rpc
Working copy of https://github.com/googleapis/swift-google-rpc resolved at 0.5.0
Creating working copy for https://github.com/swift-extras/swift-extras-base64
Working copy of https://github.com/swift-extras/swift-extras-base64 resolved at 1.2.0
Creating working copy for https://github.com/apple/swift-system.git
Working copy of https://github.com/apple/swift-system.git resolved at 1.8.1
Creating working copy for https://github.com/apple/swift-configuration.git
Working copy of https://github.com/apple/swift-configuration.git resolved at 1.2.2
Creating working copy for https://github.com/vapor/jwt-kit.git
Working copy of https://github.com/vapor/jwt-kit.git resolved at 5.7.1
Creating working copy for https://github.com/swift-server/swift-service-lifecycle
Working copy of https://github.com/swift-server/swift-service-lifecycle resolved at 2.12.1
Creating working copy for https://github.com/googleapis/swift-google-longrunning
Working copy of https://github.com/googleapis/swift-google-longrunning resolved at 0.5.0
Creating working copy for https://github.com/apple/swift-collections.git
Working copy of https://github.com/apple/swift-collections.git resolved at 1.7.2
Creating working copy for https://github.com/googleapis/swift-google-wkt
Working copy of https://github.com/googleapis/swift-google-wkt resolved at 0.5.0
Creating working copy for https://github.com/googleapis/swift-google-gax
Working copy of https://github.com/googleapis/swift-google-gax resolved at 0.5.0
Creating working copy for https://github.com/googleapis/swift-google-auth
Working copy of https://github.com/googleapis/swift-google-auth resolved at 0.5.0
Creating working copy for https://github.com/googleapis/swift-google-cloud-location
Working copy of https://github.com/googleapis/swift-google-cloud-location resolved at 0.5.0
Building for debugging...
[0/1162] Write sources
[110/1162] Compiling _NumericsShims _NumericsShims.c
[111/1162] Write swift-version--11D90AFD9DD3AB2.txt
[112/1162] Compiling _AtomicsShims.c
[113/1162] Compiling KeccakHash.c
[113/1162] Compiling SimpleFIPS202.c
[114/1162] Compiling CXKCPShims shims.c
[116/1162] Compiling KeccakSponge.c
[117/1162] Compiling CNIOWindows shim.c
[118/1162] Compiling CSystem shims.c
[120/1212] Emitting module _CertificateInternals
[121/1212] Emitting module ServiceContextModule
[121/1212] Compiling KeccakP-1600-opt64.c
[123/1249] Emitting module SystemPackage
[124/1254] Compiling RealModule Float16+Real.swift
[125/1255] Compiling SystemPackage FilePathParsing.swift
[126/1255] Compiling SystemPackage FilePathString.swift
[127/1256] Emitting module RealModule
[128/1256] Compiling SystemPackage FilePathComponentView.swift
[129/1256] Compiling SystemPackage FilePathComponents.swift
[130/1256] Compiling _CertificateInternals _TinyArray.swift
[131/1257] Compiling Logging LoggingSystem.swift
[133/1257] Compiling RealModule RelaxedArithmetic.swift
[134/1257] Compiling SystemPackage FilePathSyntax.swift
[135/1257] Compiling SystemPackage FilePathTemp.swift
[138/1257] Compiling ServiceContextModule ServiceContextKey.swift
[139/1257] Compiling ServiceContextModule ServiceContext.swift
[140/1258] Emitting module _NIOBase64
[141/1258] Compiling _NIOBase64 Base64.swift
[142/1258] Compiling _NIODataStructures Heap.swift
[143/1259] Compiling RealModule Float80+Real.swift
[144/1259] Compiling RealModule RealFunctions.swift
[145/1259] Compiling RealModule Real.swift
[149/1288] Emitting module _NIODataStructures
[150/1288] Compiling _NIODataStructures PriorityQueue.swift
[151/1288] Compiling _NIODataStructures _TinyArray.swift
[152/1289] Wrapping AST for _NIOBase64 for debugging
[154/1294] Compiling SystemPackage SystemString.swift
[155/1294] Compiling SystemPackage Util+StringArray.swift
[156/1294] Compiling SystemPackage Util.swift
[157/1294] Compiling SystemPackage UtilConsumers.swift
[158/1294] Compiling SystemPackage WinSDK+Overlay.swift
[159/1298] Compiling InternalCollectionsUtilities UnsafeMutablePointer+Extras.swift
[160/1298] Compiling InternalCollectionsUtilities UnsafeMutableRawBufferPointer+Extras.swift
[161/1298] Compiling InternalCollectionsUtilities UnsafePointer+Extras.swift
[161/1299] Wrapping AST for _CertificateInternals for debugging
[162/1303] Wrapping AST for ServiceContextModule for debugging
[163/1303] Wrapping AST for _NIODataStructures for debugging
[164/1303] Wrapping AST for RealModule for debugging
[166/1303] Compiling Logging Logger+With.swift
[167/1303] Compiling Logging Logger+Attributes.swift
[168/1303] Compiling Logging Logger.swift
[169/1303] Compiling ExtrasBase64 Base32+Span.swift
[169/1303] Compiling CNIOWindows WSAStartup.c
[170/1303] Compiling CNIOWASI CNIOWASI.c
[171/1303] Compiling CNIOPosix event_loop_id.c
[172/1303] Compiling CNIOOpenBSD shim.c
[173/1303] Compiling CNIOLinux liburing_shims.c
[175/1303] Compiling Instrumentation MultiplexInstrument.swift
[176/1303] Compiling InternalCollectionsUtilities UnsafeRawBufferPointer+Extras.swift
[177/1303] Compiling InternalCollectionsUtilities _SortedCollection.swift
[178/1303] Compiling InternalCollectionsUtilities _UniqueCollection.swift
[178/1303] Compiling CNIOLinux shim.c
[180/1303] Compiling Instrumentation NoOpInstrument.swift
[181/1303] Compiling InternalCollectionsUtilities BorrowingIteratorProtocol+Equality.swift
[182/1303] Compiling InternalCollectionsUtilities BorrowingIteratorProtocol+Extras.swift
[183/1303] Compiling InternalCollectionsUtilities LifetimeOverride.swift
[184/1303] Compiling InternalCollectionsUtilities MutableRef.swift
[185/1305] Compiling Instrumentation Instrument.swift
[186/1305] Compiling Instrumentation InstrumentationSystem.swift
[186/1305] Compiling CNIOLLHTTP c_nio_http.c
[188/1305] Emitting module Instrumentation
[189/1305] Compiling SwiftASN1 DER.swift
[190/1305] Compiling SwiftASN1 Errors.swift
[191/1305] Compiling InternalCollectionsUtilities UInt+first and last set bit.swift
[192/1305] Compiling InternalCollectionsUtilities UInt+reversed.swift
[193/1305] Compiling InternalCollectionsUtilities MutableSpan+Extras.swift
[194/1305] Compiling InternalCollectionsUtilities OutputSpan+Extras.swift
[195/1305] Compiling InternalCollectionsUtilities RandomAccessCollection+Offsets.swift
[196/1305] Compiling InternalCollectionsUtilities _UnsafeBitSet+_Word.swift
[197/1305] Compiling InternalCollectionsUtilities _UnsafeBitSet.swift
[197/1305] Compiling CNIOLLHTTP c_nio_api.c
[198/1305] Compiling CNIOFreeBSD shim.c
[199/1305] Compiling CNIOLLHTTP c_nio_llhttp.c
[200/1305] Compiling CNIOExtrasZlib zutil.c
[202/1305] Compiling InternalCollectionsUtilities Iterable+CopyContents.swift
[203/1305] Compiling InternalCollectionsUtilities Iterable+Equality.swift
[205/1305] Compiling CNIOExtrasZlib inftrees.c
[209/1305] Compiling InternalCollectionsUtilities Debugging.swift
[210/1305] Compiling InternalCollectionsUtilities Descriptions.swift
[214/1305] Compiling InternalCollectionsUtilities Span+Extras.swift
[214/1305] Compiling CNIOExtrasZlib trees.c
[215/1305] Compiling CNIOExtrasZlib inffast.c
[219/1305] Compiling CNIOExtrasZlib inflate.c
[220/1305] Compiling CNIOExtrasZlib deflate.c
[221/1305] Compiling CNIOExtrasZlib crc32.c
[222/1305] Compiling CNIOExtrasZlib adler32.c
[223/1305] Compiling CNIODarwin shim.c
[224/1305] Compiling fiat_p256_adx_sqr.S
[225/1305] Compiling fiat_p256_adx_mul.S
[226/1305] Compiling fiat_curve25519_adx_square.S
[227/1305] Compiling fiat_curve25519_adx_mul.S
[229/1305] Emitting module SwiftASN1
[231/1305] Compiling CNIOBoringSSLShims shims.c
[235/1305] Compiling InternalCollectionsUtilities UnsafeBufferPointer+Extras.swift
[236/1305] Compiling InternalCollectionsUtilities UnsafeMutableBufferPointer+Extras.swift
[237/1305] Compiling InternalCollectionsUtilities Strideable+LimitHelpers.swift
[238/1305] Compiling InternalCollectionsUtilities String+Padding.swift
[239/1305] Compiling InternalCollectionsUtilities TemporaryAllocation.swift
[240/1305] Compiling InternalCollectionsUtilities _UnsafeBitSet+Index.swift
[241/1305] Emitting module InternalCollectionsUtilities
[242/1306] Compiling ExtrasBase64 Base32.swift
[249/1306] Compiling Instrumentation Locks.swift
[254/1307] Emitting module Logging
[261/1320] Emitting module SpanPreview
[262/1320] Compiling SpanPreview InputSpan.swift
[263/1320] Compiling SpanPreview OutputSpan+InputSpanHelpers.swift
[264/1320] Compiling SpanPreview MutableSpan+InputSpanHelpers.swift
[286/1321] Compiling SystemPackage RawIORequest.swift
[287/1321] Compiling SystemPackage Backcompat.swift
[288/1321] Compiling SystemPackage CInterop.swift
[289/1321] Compiling SystemPackage Constants.swift
[290/1321] Compiling SystemPackage Exports.swift
[291/1321] Compiling SystemPackage Mocking.swift
[296/1321] Wrapping AST for SwiftASN1 for debugging
[298/1321] Compiling Logging MetadataProvider.swift
[300/1323] Compiling Tracing NoOpTracer.swift
[301/1323] Compiling Tracing InstrumentationSystem+Tracing.swift
[303/1327] Emitting module Tracing
[303/1366] Wrapping AST for SpanPreview for debugging
[304/1366] Wrapping AST for Logging for debugging
[305/1366] Compiling Tracing TracingTime.swift
[306/1366] Wrapping AST for InternalCollectionsUtilities for debugging
[307/1366] Wrapping AST for SystemPackage for debugging
[309/1366] Compiling Tracing WithTracer.swift
[309/1366] Wrapping AST for Instrumentation for debugging
[311/1366] Compiling Tracing Tracer.swift
[312/1366] Compiling Tracing TracerProtocol+Legacy.swift
[313/1366] Compiling Tracing TracerProtocol.swift
[314/1366] Compiling DequeModule UniqueDeque+Consumption.swift
[315/1366] Compiling DequeModule UniqueDeque+ContainerOperations.swift
[316/1366] Compiling DequeModule UniqueDeque+Deprecations.swift
[317/1366] Compiling DequeModule UniqueDeque+Descriptions.swift
[318/1366] Compiling DequeModule UniqueDeque+Equatable.swift
[319/1366] Compiling DequeModule UniqueDeque+Hashable.swift
[320/1371] Compiling DequeModule _DequeBuffer.swift
[321/1371] Compiling DequeModule _DequeBufferHeader.swift
[322/1371] Compiling DequeModule RigidDeque+Append.swift
[323/1371] Compiling DequeModule RigidDeque+Consumption.swift
[324/1371] Compiling DequeModule RigidDeque+ContainerOperations.swift
[325/1371] Compiling DequeModule RigidDeque+Deprecations.swift
[326/1371] Compiling DequeModule UniqueDeque+Initializers.swift
[327/1371] Compiling DequeModule UniqueDeque+Insertions.swift
[328/1371] Compiling DequeModule UniqueDeque+Iterable.swift
[329/1371] Compiling DequeModule UniqueDeque+Prepend.swift
[330/1371] Compiling DequeModule UniqueDeque+Removals.swift
[331/1371] Compiling Tracing SpanProtocol.swift
[332/1372] Compiling tls13_server.cc
[333/1372] Compiling tls_record.cc
[334/1372] Compiling tls_method.cc
[336/1372] Compiling DequeModule RigidDeque+Prepend.swift
[337/1372] Compiling DequeModule RigidDeque+Removals.swift
[338/1372] Compiling DequeModule RigidDeque+Replacements.swift
[339/1372] Compiling DequeModule RigidDeque+Testing.swift
[340/1372] Compiling DequeModule RigidDeque.swift
[341/1372] Compiling DequeModule UniqueDeque+Append.swift
[342/1372] Compiling DequeModule RigidDeque+Descriptions.swift
[343/1372] Compiling DequeModule RigidDeque+Equatable.swift
[344/1372] Compiling DequeModule RigidDeque+Hashable.swift
[345/1372] Compiling DequeModule RigidDeque+Initializers.swift
[346/1372] Compiling DequeModule RigidDeque+Insertions.swift
[347/1372] Compiling DequeModule RigidDeque+Iterable.swift
[347/1372] Wrapping AST for Tracing for debugging
[349/1372] Compiling DequeModule Deque+Extras.swift
[350/1372] Compiling DequeModule Deque+Hashable.swift
[351/1372] Compiling DequeModule Deque+Testing.swift
[352/1372] Compiling DequeModule Deque._Storage.swift
[353/1372] Compiling DequeModule Deque._UnsafeHandle.swift
[354/1372] Compiling DequeModule Deque.swift
[354/1372] Compiling t1_enc.cc
[355/1372] Compiling ssl_versions.cc
[356/1372] Compiling tls13_enc.cc
[357/1372] Compiling tls13_client.cc
[358/1372] Compiling tls13_both.cc
[359/1372] Compiling ssl_x509.cc
[361/1372] Compiling DequeModule UniqueDeque+Replacements.swift
[362/1372] Compiling DequeModule UniqueDeque.swift
[363/1372] Compiling DequeModule _DequeSlot.swift
[364/1372] Compiling DequeModule _UnsafeDequeHandle.swift
[365/1372] Compiling DequeModule _UnsafeDequeSegments.swift
[366/1372] Compiling DequeModule Deque+Codable.swift
[367/1372] Compiling DequeModule Deque+Collection.swift
[368/1372] Compiling DequeModule Deque+CustomReflectable.swift
[369/1372] Compiling DequeModule Deque+Descriptions.swift
[370/1372] Compiling DequeModule Deque+Equatable.swift
[371/1372] Compiling DequeModule Deque+ExpressibleByArrayLiteral.swift
[372/1372] Emitting module DequeModule
[373/1373] Compiling ssl_stat.cc
[374/1373] Compiling ssl_transcript.cc
[375/1373] Wrapping AST for DequeModule for debugging
[376/1416] Compiling ssl_session.cc
[377/1416] Compiling ssl_key_share.cc
[378/1416] Compiling ssl_privkey.cc
[379/1416] Compiling ssl_lib.cc
[380/1416] Compiling ssl_file.cc
[382/1416] Emitting module Configuration
[383/1421] Compiling ExtrasBase64 Base64+Span.swift
[384/1421] Compiling ExtrasBase64 Base64.swift
[385/1421] Emitting module ExtrasBase64
[386/1422] Compiling ssl_credential.cc
[388/1453] Compiling Configuration EnvironmentKeyEncoder.swift
[389/1453] Compiling Configuration EnvironmentVariablesProvider.swift
[390/1453] Compiling Configuration CommonProviderFileSystem.swift
[391/1453] Compiling Configuration DirectoryFilesProvider.swift
[392/1453] Compiling Configuration FileProvider.swift
[393/1453] Compiling Configuration FileProviderSnapshot.swift
[393/1453] Compiling ssl_cipher.cc
[394/1453] Compiling ssl_cert.cc
[395/1453] Wrapping AST for ExtrasBase64 for debugging
[396/1453] Compiling ssl_buffer.cc
[397/1453] Compiling ssl_asn1.cc
[399/1453] Emitting module GoogleWKT
[399/1457] Compiling ssl_aead_ctx.cc
[400/1457] Compiling s3_pkt.cc
[402/1457] Compiling GoogleWKT WKTSourceContext.swift
[403/1457] Compiling GoogleWKT WKTSyntax.swift
[404/1457] Compiling GoogleWKT WKTType.swift
[405/1457] Compiling GoogleWKT PackageVersion.swift
[405/1457] Compiling s3_both.cc
[407/1457] Compiling GoogleWKT UnknownFields.swift
[408/1457] Compiling GoogleWKT WKTAny.swift
[409/1457] Compiling GoogleWKT WKTAnyError.swift
[410/1457] Compiling GoogleWKT WKTBoolValue.swift
[411/1457] Compiling GoogleWKT WKTBytesValue.swift
[411/1457] Compiling s3_lib.cc
[413/1457] Compiling GoogleWKT WKTField.swift
[414/1457] Compiling GoogleWKT WKTMethod.swift
[415/1457] Compiling GoogleWKT WKTMixin.swift
[416/1457] Compiling GoogleWKT WKTOption.swift
[417/1457] Compiling GoogleWKT WKTFloatValue.swift
[418/1457] Compiling GoogleWKT WKTInt32Value.swift
[419/1457] Compiling GoogleWKT WKTInt64Value.swift
[420/1457] Compiling GoogleWKT WKTRecursive.swift
[421/1457] Compiling GoogleWKT WKTValue.swift
[422/1457] Compiling GoogleWKT WKTApi.swift
[423/1457] Compiling GoogleWKT WKTEnum.swift
[424/1457] Compiling GoogleWKT WKTEnumValue.swift
[425/1457] Compiling GoogleWKT WKTDoubleValue.swift
[426/1457] Compiling GoogleWKT WKTDuration.swift
[427/1457] Compiling GoogleWKT WKTEmpty.swift
[428/1457] Compiling GoogleWKT WKTFieldMask.swift
[429/1457] Compiling GoogleWKT WKTStringValue.swift
[430/1457] Compiling GoogleWKT WKTTimestamp.swift
[431/1457] Compiling GoogleWKT WKTUInt32Value.swift
[432/1457] Compiling GoogleWKT WKTUInt64Value.swift
[432/1457] Compiling handshake_server.cc
[433/1457] Compiling handshake_client.cc
[447/1457] Compiling GoogleWKT AnyPackable.swift
[448/1457] Compiling GoogleWKT DecodeToDefault.swift
[449/1457] Compiling GoogleWKT DiscoveryBase64.swift
[450/1457] Compiling GoogleWKT ProtoJSONDecoder.swift
[451/1457] Compiling GoogleWKT ProtoJSONEncoder.swift
[452/1457] Compiling Configuration CombineLatestManyStorage.swift
[453/1457] Compiling Configuration AsyncSequences.swift
[454/1457] Compiling Configuration FoundationExtensions.swift
[455/1457] Compiling Configuration Span.swift
[456/1457] Compiling Configuration ConfigBytesFromStringDecoder.swift
[468/1458] Compiling Configuration YAMLSnapshot.swift
[469/1458] Compiling Configuration InMemoryProvider.swift
[469/1458] Compiling handoff.cc
[470/1458] Compiling handshake.cc
[472/1473] Compiling GoogleRpc BadRequest.swift
[473/1473] Compiling GoogleRpc Code.swift
[474/1473] Compiling GoogleRpc DebugInfo.swift
[475/1473] Compiling GoogleRpc ErrorInfo.swift
[476/1473] Compiling GoogleRpc LocalizedMessage.swift
[477/1473] Compiling GoogleRpc PackageVersion.swift
[478/1473] Compiling GoogleRpc Help.swift
[479/1473] Compiling GoogleRpc HttpHeader.swift
[480/1473] Compiling GoogleRpc PreconditionFailure.swift
[481/1473] Compiling GoogleRpc QuotaFailure.swift
[482/1473] Compiling GoogleRpc HttpRequest.swift
[483/1473] Compiling GoogleRpc HttpResponse.swift
[484/1474] Wrapping AST for GoogleWKT for debugging
[485/1474] Wrapping AST for Configuration for debugging
[489/1476] Compiling GoogleRpc RequestInfo.swift
[490/1476] Compiling GoogleRpc ResourceInfo.swift
[491/1476] Emitting module GoogleRpc
[501/1476] Compiling d1_pkt.cc
[502/1476] Compiling GoogleRpc RetryInfo.swift
[503/1476] Compiling GoogleRpc Status.swift
[503/1476] Compiling encrypted_client_hello.cc
[506/1477] Wrapping AST for GoogleRpc for debugging
[507/1477] Compiling extensions.cc
[507/1477] Compiling dtls_record.cc
[509/1477] Compiling md5-x86_64-linux.S
[510/1477] Compiling md5-x86_64-apple.S
[511/1477] Compiling md5-586-linux.S
[512/1477] Compiling md5-586-apple.S
[513/1477] Compiling dtls_method.cc
[514/1477] Compiling chacha20_poly1305_x86_64-linux.S
[515/1477] Compiling chacha20_poly1305_x86_64-apple.S
[516/1477] Compiling chacha20_poly1305_armv8-win.S
[517/1477] Compiling d1_srtp.cc
[518/1477] Compiling chacha20_poly1305_armv8-apple.S
[519/1477] Compiling chacha-x86_64-linux.S
[520/1477] Compiling chacha20_poly1305_armv8-linux.S
[521/1477] Compiling chacha-x86_64-apple.S
[522/1477] Compiling chacha-x86-linux.S
[523/1477] Compiling chacha-x86-apple.S
[524/1477] Compiling chacha-armv8-win.S
[525/1477] Compiling chacha-armv8-apple.S
[526/1477] Compiling chacha-armv4-linux.S
[527/1477] Compiling aes128gcmsiv-x86_64-linux.S
[528/1477] Compiling chacha-armv8-linux.S
[529/1477] Compiling aes128gcmsiv-x86_64-apple.S
[530/1477] Compiling x86_64-mont5-linux.S
[531/1477] Compiling x86_64-mont5-apple.S
[532/1477] Compiling x86_64-mont-linux.S
[533/1477] Compiling x86_64-mont-apple.S
[534/1477] Compiling x86-mont-linux.S
[535/1477] Compiling x86-mont-apple.S
[536/1477] Compiling vpaes-x86_64-linux.S
[537/1477] Compiling vpaes-x86_64-apple.S
[538/1477] Compiling vpaes-x86-linux.S
[539/1477] Compiling vpaes-x86-apple.S
[540/1477] Compiling vpaes-armv8-win.S
[541/1477] Compiling vpaes-armv8-apple.S
[542/1477] Compiling vpaes-armv8-linux.S
[543/1477] Compiling vpaes-armv7-linux.S
[544/1477] Compiling sha512-x86_64-linux.S
[545/1477] Compiling err_data.cc
[546/1477] Compiling sha512-armv8-win.S
[547/1477] Compiling sha512-armv8-apple.S
[548/1477] Compiling sha512-x86_64-apple.S
[549/1477] Compiling sha512-armv4-linux.S
[550/1477] Compiling sha512-armv8-linux.S
[551/1477] Compiling sha512-586-linux.S
[552/1477] Compiling sha512-586-apple.S
[553/1477] Compiling sha256-x86_64-linux.S
[553/1477] Compiling sha256-x86_64-apple.S
[555/1477] Compiling sha256-armv8-win.S
[556/1477] Compiling sha256-armv8-apple.S
[557/1477] Compiling sha256-armv8-linux.S
[558/1477] Compiling sha256-586-linux.S
[559/1477] Compiling sha256-armv4-linux.S
[560/1477] Compiling sha256-586-apple.S
[561/1477] Compiling sha1-x86_64-linux.S
[562/1477] Compiling sha1-armv8-win.S
[563/1477] Compiling sha1-armv8-apple.S
[564/1477] Compiling sha1-x86_64-apple.S
[565/1477] Compiling sha1-armv8-linux.S
[566/1477] Compiling sha1-armv4-large-linux.S
[567/1477] Compiling sha1-586-linux.S
[568/1477] Compiling sha1-586-apple.S
[569/1477] Compiling rsaz-avx2-linux.S
[570/1477] Compiling rsaz-avx2-apple.S
[571/1477] Compiling rdrand-x86_64-linux.S
[572/1477] Compiling rdrand-x86_64-apple.S
[573/1477] Compiling p256_beeu-x86_64-asm-linux.S
[574/1477] Compiling p256_beeu-x86_64-asm-apple.S
[575/1477] Compiling p256_beeu-armv8-asm-win.S
[576/1477] Compiling p256_beeu-armv8-asm-linux.S
[577/1477] Compiling p256_beeu-armv8-asm-apple.S
[578/1477] Compiling d1_lib.cc
[579/1477] Compiling p256-x86_64-asm-linux.S
[579/1477] Compiling p256-x86_64-asm-apple.S
[581/1477] Compiling p256-armv8-asm-win.S
[582/1477] Compiling ghashv8-armv8-win.S
[583/1477] Compiling p256-armv8-asm-linux.S
[584/1477] Compiling p256-armv8-asm-apple.S
[585/1477] Compiling ghashv8-armv8-apple.S
[586/1477] Compiling bio_ssl.cc
[587/1477] Compiling ghashv8-armv8-linux.S
[588/1477] Compiling ghashv8-armv7-linux.S
[589/1477] Compiling ghash-x86-linux.S
[589/1477] Compiling ghash-x86_64-apple.S
[589/1477] Compiling ghash-x86_64-linux.S
[592/1477] Compiling ghash-x86-apple.S
[593/1477] Compiling ghash-ssse3-x86_64-linux.S
[594/1477] Compiling ghash-ssse3-x86_64-apple.S
[595/1477] Compiling ghash-ssse3-x86-linux.S
[596/1477] Compiling ghash-ssse3-x86-apple.S
[597/1477] Compiling ghash-neon-armv8-linux.S
[598/1477] Compiling ghash-neon-armv8-win.S
[599/1477] Compiling ghash-neon-armv8-apple.S
[600/1477] Compiling co-586-linux.S
[601/1477] Compiling ghash-armv4-linux.S
[602/1477] Compiling co-586-apple.S
[602/1477] Compiling bsaes-armv7-linux.S
[604/1477] Compiling bn-armv8-win.S
[605/1477] Compiling bn-armv8-linux.S
[606/1477] Compiling bn-armv8-apple.S
[607/1477] Compiling bn-586-linux.S
[608/1477] Compiling bn-586-apple.S
[609/1477] Compiling armv8-mont-win.S
[610/1477] Compiling armv8-mont-apple.S
[610/1477] Compiling armv8-mont-linux.S
[612/1477] Compiling armv4-mont-linux.S
[612/1477] Compiling aesv8-gcm-armv8-win.S
[614/1477] Compiling aesv8-gcm-armv8-apple.S
[615/1477] Compiling aesv8-gcm-armv8-linux.S
[616/1477] Compiling aesv8-armv8-win.S
[617/1477] Compiling aesv8-armv8-apple.S
[618/1477] Compiling aesv8-armv8-linux.S
[619/1477] Compiling aesni-x86_64-linux.S
[620/1477] Compiling aesni-x86_64-apple.S
[620/1477] Compiling aesv8-armv7-linux.S
[622/1477] Compiling aesni-x86-linux.S
[622/1477] Compiling aesni-x86-apple.S
[624/1477] Compiling aesni-gcm-x86_64-linux.S
[625/1477] Compiling aesni-gcm-x86_64-apple.S
[626/1477] Compiling aes-gcm-avx2-x86_64-linux.S
[627/1477] Compiling aes-gcm-avx2-x86_64-apple.S
[628/1477] Compiling aes-gcm-avx10-x86_64-linux.S
[629/1477] Compiling aes-gcm-avx10-x86_64-apple.S
[630/1477] Compiling d1_both.cc
[631/1477] Compiling x_sig.cc
[632/1477] Compiling x_x509a.cc
[633/1477] Compiling x_spki.cc
[634/1477] Compiling x_val.cc
[635/1477] Compiling x_x509.cc
[636/1477] Compiling x_req.cc
[637/1477] Compiling x_pubkey.cc
[638/1477] Compiling x_name.cc
[639/1477] Compiling x_exten.cc
[640/1477] Compiling x_algor.cc
[641/1477] Compiling x_attrib.cc
[642/1477] Compiling x509spki.cc
[643/1477] Compiling x_crl.cc
[644/1477] Compiling x509rset.cc
[645/1477] Compiling x_all.cc
[646/1477] Compiling x509name.cc
[647/1477] Compiling x509_txt.cc
[648/1477] Compiling x509_vpm.cc
[649/1477] Compiling x509cset.cc
[650/1477] Compiling x509_v3.cc
[651/1477] Compiling x509_trs.cc
[652/1477] Compiling x509_set.cc
[652/1477] Compiling x509_vfy.cc
[654/1477] Compiling x509_req.cc
[655/1477] Compiling x509_def.cc
[656/1477] Compiling x509_obj.cc
[657/1477] Compiling x509_ext.cc
[658/1477] Compiling x509_d2.cc
[659/1477] Compiling x509_lu.cc
[660/1477] Compiling x509_att.cc
[661/1477] Compiling x509_cmp.cc
[662/1477] Compiling x509.cc
[663/1477] Compiling v3_skey.cc
[664/1477] Compiling v3_prn.cc
[665/1477] Compiling v3_utl.cc
[665/1477] Compiling v3_ocsp.cc
[667/1477] Compiling v3_purp.cc
[668/1477] Compiling v3_pmaps.cc
[669/1477] Compiling v3_pcons.cc
[670/1477] Compiling v3_ncons.cc
[671/1477] Compiling v3_lib.cc
[672/1477] Compiling v3_int.cc
[673/1477] Compiling v3_ia5.cc
[674/1477] Compiling v3_info.cc
[675/1477] Compiling v3_extku.cc
[676/1477] Compiling v3_enum.cc
[676/1477] Compiling v3_genn.cc
[678/1477] Compiling v3_crld.cc
[679/1477] Compiling v3_cpols.cc
[680/1477] Compiling v3_bitst.cc
[680/1477] Compiling v3_conf.cc
[680/1477] Compiling v3_bcons.cc
[683/1477] Compiling v3_akeya.cc
[684/1477] Compiling v3_alt.cc
[684/1477] Compiling v3_akey.cc
[686/1477] Compiling t_x509a.cc
[687/1477] Compiling i2d_pr.cc
[688/1477] Compiling t_crl.cc
[689/1477] Compiling t_x509.cc
[690/1477] Compiling t_req.cc
[691/1477] Compiling name_print.cc
[692/1477] Compiling rsa_pss.cc
[693/1477] Compiling policy.cc
[694/1477] Compiling by_file.cc
[695/1477] Compiling by_dir.cc
[696/1477] Compiling algorithm.cc
[697/1477] Compiling a_digest.cc
[698/1477] Compiling a_verify.cc
[698/1477] Compiling voprf.cc
[700/1477] Compiling asn1_gen.cc
[701/1477] Compiling a_sign.cc
[702/1477] Compiling trust_token.cc
[703/1477] Compiling thread.cc
[704/1477] Compiling thread_win.cc
[705/1477] Compiling thread_none.cc
[706/1477] Compiling thread_pthread.cc
[707/1477] Compiling stack.cc
[708/1477] Compiling pmbtoken.cc
[709/1477] Compiling spake2plus.cc
[710/1477] Compiling sha256.cc
[710/1477] Compiling sha512.cc
[711/1477] Compiling siphash.cc
[713/1477] Compiling sha1.cc
[714/1477] Compiling slhdsa.cc
[715/1477] Compiling rsa_print.cc
[716/1477] Compiling rsa_extra.cc
[717/1477] Compiling rsa_crypt.cc
[718/1477] Compiling rc4.cc
[719/1477] Compiling refcount.cc
[720/1477] Compiling windows.cc
[721/1477] Compiling trusty.cc
[722/1477] Compiling urandom.cc
[723/1477] Compiling rand.cc
[724/1477] Compiling rsa_asn1.cc
[725/1477] Compiling passive.cc
[726/1477] Compiling ios.cc
[727/1477] Compiling getentropy.cc
[727/1477] Compiling poly1305_arm_asm.S
[729/1477] Compiling forkunsafe.cc
[730/1477] Compiling deterministic.cc
[730/1477] Compiling fork_detect.cc
[732/1477] Compiling poly1305_vec.cc
[733/1477] Compiling pool.cc
[734/1477] Compiling poly1305_arm.cc
[735/1477] Compiling poly1305.cc
[736/1477] Compiling pkcs8_x509.cc
[737/1477] Compiling pkcs7_x509.cc
[738/1477] Compiling p5_pbev2.cc
[739/1477] Compiling pkcs7.cc
[740/1477] Compiling pkcs8.cc
[741/1477] Compiling pem_xaux.cc
[742/1477] Compiling pem_x509.cc
[743/1477] Compiling pem_pkey.cc
[744/1477] Compiling pem_oth.cc
[745/1477] Compiling pem_pk8.cc
[746/1477] Compiling mlkem.cc
[747/1477] Compiling pem_info.cc
[748/1477] Compiling pem_lib.cc
[749/1477] Compiling pem_all.cc
[750/1477] Compiling obj_xref.cc
[751/1477] Compiling obj.cc
[752/1477] Compiling poly_rq_mul.S
[753/1477] Compiling mldsa.cc
[754/1477] Compiling md5.cc
[755/1477] Compiling fips_shared_support.cc
[756/1477] Compiling mem.cc
[757/1477] Compiling md4.cc
[758/1477] Compiling lhash.cc
[759/1477] Compiling kyber.cc
[760/1477] Compiling ex_data.cc
[761/1477] Compiling hrss.cc
[762/1477] Compiling sign.cc
[763/1477] Compiling scrypt.cc
[764/1477] Compiling print.cc
[765/1477] Compiling hpke.cc
[766/1477] Compiling pbkdf.cc
[767/1477] Compiling p_x25519.cc
[768/1477] Compiling p_x25519_asn1.cc
[769/1477] Compiling p_rsa_asn1.cc
[770/1477] Compiling p_rsa.cc
[771/1477] Compiling p_hkdf.cc
[772/1477] Compiling p_ed25519_asn1.cc
[773/1477] Compiling p_ed25519.cc
[774/1477] Compiling p_ec_asn1.cc
[775/1477] Compiling p_ec.cc
[776/1477] Compiling p_dh.cc
[777/1477] Compiling p_dh_asn1.cc
[778/1477] Compiling evp_ctx.cc
[779/1477] Compiling p_dsa_asn1.cc
[780/1477] Compiling evp_asn1.cc
[781/1477] Compiling evp.cc
[782/1477] Compiling err.cc
[783/1477] Compiling engine.cc
[784/1477] Compiling ecdh.cc
[785/1477] Compiling hash_to_curve.cc
[786/1477] Compiling ecdsa_asn1.cc
[787/1477] Compiling ec_derive.cc
[788/1477] Compiling dsa.cc
[789/1477] Compiling dsa_asn1.cc
[790/1477] Compiling ec_asn1.cc
[791/1477] Compiling params.cc
[792/1477] Compiling x25519-asm-arm.S
[793/1477] Compiling bcm.cc
[794/1477] Compiling digest_extra.cc
[795/1477] Compiling des.cc
[796/1477] Compiling dh_asn1.cc
[797/1477] Compiling curve25519_64_adx.cc
[798/1477] Compiling cpu_intel.cc
[799/1477] Compiling crypto.cc
[800/1477] Compiling spake25519.cc
[801/1477] Compiling cpu_arm_linux.cc
[802/1477] Compiling cpu_arm_freebsd.cc
[803/1477] Compiling curve25519.cc
[803/1477] Compiling cpu_aarch64_win.cc
[805/1477] Compiling cpu_aarch64_sysreg.cc
[806/1477] Compiling cpu_aarch64_openbsd.cc
[807/1477] Compiling cpu_aarch64_linux.cc
[808/1477] Compiling cpu_aarch64_fuchsia.cc
[809/1477] Compiling cpu_aarch64_apple.cc
[810/1477] Compiling get_cipher.cc
[811/1477] Compiling conf.cc
[812/1477] Compiling tls_cbc.cc
[813/1477] Compiling e_rc4.cc
[814/1477] Compiling e_tls.cc
[815/1477] Compiling e_null.cc
[816/1477] Compiling e_rc2.cc
[817/1477] Compiling e_des.cc
[818/1477] Compiling e_chacha20poly1305.cc
[819/1477] Compiling e_aesgcmsiv.cc
[820/1477] Compiling e_aesctrhmac.cc
[821/1477] Compiling derive_key.cc
[822/1477] Compiling chacha.cc
[823/1477] Compiling unicode.cc
[824/1477] Compiling buf.cc
[825/1477] Compiling cbs.cc
[826/1477] Compiling cbb.cc
[827/1477] Compiling ber.cc
[828/1477] Compiling asn1_compat.cc
[829/1477] Compiling bn_asn1.cc
[830/1477] Compiling convert.cc
[831/1477] Compiling blake2.cc
[832/1477] Compiling socket_helper.cc
[833/1477] Compiling socket.cc
[834/1477] Compiling printf.cc
[835/1477] Compiling pair.cc
[836/1477] Compiling hexdump.cc
[837/1477] Compiling file.cc
[838/1477] Compiling fd.cc
[839/1477] Compiling errno.cc
[840/1477] Compiling connect.cc
[841/1477] Compiling bio_mem.cc
[842/1477] Compiling base64.cc
[843/1477] Compiling bio.cc
[844/1477] Compiling tasn_utl.cc
[845/1477] Compiling tasn_typ.cc
[846/1477] Compiling tasn_fre.cc
[847/1477] Compiling tasn_enc.cc
[848/1477] Compiling tasn_new.cc
[849/1477] Compiling posix_time.cc
[850/1477] Compiling f_string.cc
[851/1477] Compiling tasn_dec.cc
[852/1477] Compiling f_int.cc
[853/1477] Compiling asn_pack.cc
[854/1477] Compiling asn1_par.cc
[855/1477] Compiling asn1_lib.cc
[856/1477] Compiling a_utctm.cc
[857/1477] Compiling a_type.cc
[858/1477] Compiling a_time.cc
[859/1477] Compiling a_octet.cc
[860/1477] Compiling a_strnid.cc
[861/1477] Compiling a_object.cc
[861/1477] Compiling a_strex.cc
[863/1477] Compiling a_i2d_fp.cc
[864/1477] Compiling a_dup.cc
[865/1477] Compiling a_mbstr.cc
[866/1477] Compiling a_d2i_fp.cc
[867/1477] Compiling CGoogleGaxCRC32C CGoogleGaxCRC32C.c
[868/1477] Compiling a_int.cc
[869/1477] Compiling a_gentm.cc
[870/1477] Compiling fiat_p256_adx_sqr.S
[871/1477] Compiling fiat_p256_adx_mul.S
[872/1477] Compiling fiat_curve25519_adx_square.S
[873/1477] Compiling fiat_curve25519_adx_mul.S
[874/1477] Compiling md5-x86_64-apple.S
[874/1477] Compiling md5-x86_64-linux.S
[876/1477] Compiling md5-586-linux.S
[877/1477] Compiling a_bitstr.cc
[878/1477] Compiling md5-586-apple.S
[879/1477] Compiling chacha20_poly1305_x86_64-linux.S
[880/1477] Compiling chacha20_poly1305_x86_64-apple.S
[881/1477] Compiling chacha20_poly1305_armv8-win.S
[882/1477] Compiling chacha-x86_64-linux.S
[883/1477] Compiling chacha20_poly1305_armv8-apple.S
[884/1477] Compiling chacha20_poly1305_armv8-linux.S
[885/1477] Compiling CCryptoBoringSSLShims shims.c
[886/1477] Compiling chacha-x86_64-apple.S
[887/1477] Compiling chacha-x86-linux.S
[888/1477] Compiling a_bool.cc
[889/1477] Compiling chacha-x86-apple.S
[890/1477] Compiling chacha-armv8-win.S
[891/1477] Compiling chacha-armv8-apple.S
[892/1477] Compiling chacha-armv4-linux.S
[893/1477] Compiling aes128gcmsiv-x86_64-linux.S
[894/1477] Compiling chacha-armv8-linux.S
[895/1477] Compiling aes128gcmsiv-x86_64-apple.S
[896/1477] Compiling x86_64-mont5-apple.S
[897/1477] Compiling x86_64-mont5-linux.S
[898/1477] Compiling x86_64-mont-linux.S
[899/1477] Compiling x86-mont-linux.S
[899/1477] Compiling x86-mont-apple.S
[901/1477] Compiling x86_64-mont-apple.S
[902/1477] Compiling vpaes-x86_64-linux.S
[903/1477] Compiling vpaes-x86_64-apple.S
[904/1477] Compiling vpaes-x86-apple.S
[905/1477] Compiling vpaes-armv8-win.S
[906/1477] Compiling vpaes-x86-linux.S
[907/1477] Compiling vpaes-armv8-apple.S
[908/1477] Compiling vpaes-armv8-linux.S
[909/1477] Compiling vpaes-armv7-linux.S
[910/1477] Compiling sha512-x86_64-linux.S
[911/1477] Compiling sha512-x86_64-apple.S
[912/1477] Compiling sha512-armv8-win.S
[913/1477] Compiling sha512-armv8-apple.S
[914/1477] Compiling sha512-armv4-linux.S
[914/1477] Compiling sha512-armv8-linux.S
[916/1477] Compiling sha512-586-linux.S
[917/1477] Compiling sha512-586-apple.S
[918/1477] Compiling err_data.cc
[919/1477] Compiling sha256-x86_64-linux.S
[920/1477] Compiling sha256-x86_64-apple.S
[921/1477] Compiling sha256-armv8-win.S
[922/1477] Compiling sha256-armv8-apple.S
[923/1477] Compiling sha256-armv4-linux.S
[924/1477] Compiling sha256-armv8-linux.S
[925/1477] Compiling sha256-586-linux.S
[926/1477] Compiling sha1-x86_64-linux.S
[926/1477] Compiling sha256-586-apple.S
[928/1477] Compiling sha1-x86_64-apple.S
[929/1477] Compiling sha1-armv8-win.S
[930/1477] Compiling sha1-armv8-apple.S
[931/1477] Compiling sha1-armv8-linux.S
[932/1477] Compiling sha1-armv4-large-linux.S
[933/1477] Compiling sha1-586-linux.S
[934/1477] Compiling sha1-586-apple.S
[935/1477] Compiling rsaz-avx2-linux.S
[936/1477] Compiling rsaz-avx2-apple.S
[937/1477] Compiling p256_beeu-x86_64-asm-linux.S
[938/1477] Compiling rdrand-x86_64-apple.S
[939/1477] Compiling rdrand-x86_64-linux.S
[940/1477] Compiling p256_beeu-x86_64-asm-apple.S
[941/1477] Compiling p256_beeu-armv8-asm-win.S
[942/1477] Compiling p256_beeu-armv8-asm-linux.S
[943/1477] Compiling p256_beeu-armv8-asm-apple.S
[944/1477] Compiling p256-x86_64-asm-linux.S
[945/1477] Compiling p256-x86_64-asm-apple.S
[946/1477] Compiling p256-armv8-asm-win.S
[947/1477] Compiling p256-armv8-asm-apple.S
[948/1477] Compiling p256-armv8-asm-linux.S
[949/1477] Compiling ghashv8-armv8-linux.S
[950/1477] Compiling ghashv8-armv8-win.S
[951/1477] Compiling ghashv8-armv7-linux.S
[952/1477] Compiling ghashv8-armv8-apple.S
[953/1477] Compiling ghash-x86_64-linux.S
[954/1477] Compiling ghash-x86_64-apple.S
[955/1477] Compiling ghash-x86-apple.S
[956/1477] Compiling ghash-x86-linux.S
[957/1477] Compiling ghash-ssse3-x86_64-linux.S
[958/1477] Compiling ghash-ssse3-x86_64-apple.S
[959/1477] Compiling ghash-ssse3-x86-linux.S
[960/1477] Compiling ghash-ssse3-x86-apple.S
[961/1477] Compiling ghash-neon-armv8-linux.S
[962/1477] Compiling ghash-neon-armv8-apple.S
[963/1477] Compiling ghash-neon-armv8-win.S
[964/1477] Compiling ghash-armv4-linux.S
[965/1477] Compiling co-586-linux.S
[966/1477] Compiling bsaes-armv7-linux.S
[967/1477] Compiling co-586-apple.S
[968/1477] Compiling bn-armv8-win.S
[969/1477] Compiling bn-armv8-linux.S
[970/1477] Compiling bn-armv8-apple.S
[971/1477] Compiling bn-586-linux.S
[972/1477] Compiling bn-586-apple.S
[973/1477] Compiling armv8-mont-win.S
[974/1477] Compiling armv8-mont-linux.S
[975/1477] Compiling armv8-mont-apple.S
[976/1477] Compiling aesv8-gcm-armv8-win.S
[977/1477] Compiling armv4-mont-linux.S
[978/1477] Compiling aesv8-gcm-armv8-apple.S
[979/1477] Compiling aesv8-armv8-win.S
[980/1477] Compiling aesv8-gcm-armv8-linux.S
[981/1477] Compiling aesv8-armv8-linux.S
[982/1477] Compiling aesv8-armv8-apple.S
[983/1477] Compiling aesni-x86_64-linux.S
[983/1477] Compiling aesv8-armv7-linux.S
[985/1477] Compiling aesni-x86_64-apple.S
[986/1477] Compiling aesni-x86-linux.S
[987/1477] Compiling aesni-x86-apple.S
[988/1477] Compiling aes-gcm-avx512-x86_64-linux.S
[989/1477] Compiling aesni-gcm-x86_64-linux.S
[990/1477] Compiling aes-gcm-avx512-x86_64-apple.S
[991/1477] Compiling aesni-gcm-x86_64-apple.S
[992/1477] Compiling aes-gcm-avx2-x86_64-linux.S
[993/1477] Compiling aes-gcm-avx2-x86_64-apple.S
[994/1477] Compiling xwing.cc
[995/1477] Compiling x_x509a.cc
[996/1477] Compiling x_req.cc
[997/1477] Compiling x_x509.cc
[998/1477] Compiling x_spki.cc
[999/1477] Compiling x_sig.cc
[1000/1477] Compiling c-nioatomics.c
[1001/1477] Compiling x_pubkey.cc
[1002/1477] Compiling x_name.cc
[1003/1477] Compiling x_exten.cc
[1004/1477] Compiling x_crl.cc
[1005/1477] Compiling x_attrib.cc
[1006/1477] Compiling c-atomics.c
[1007/1477] Compiling x_all.cc
[1008/1484] Compiling x_algor.cc
[1010/1484] Compiling NIOConcurrencyHelpers NIOLockedValueBox.swift
[1011/1484] Compiling NIOConcurrencyHelpers NIOThreadPoolWorkAvailable.swift
[1012/1484] Emitting module NIOConcurrencyHelpers
[1013/1484] Compiling NIOConcurrencyHelpers NIOLock.swift
[1013/1484] Compiling x509spki.cc
[1015/1484] Compiling NIOConcurrencyHelpers lock.swift
[1016/1484] Compiling NIOConcurrencyHelpers atomics.swift
[1017/1484] Compiling NIOConcurrencyHelpers NIOAtomic.swift
[1017/1485] Compiling x509_vfy.cc
[1019/1485] Compiling x509_vpm.cc
[1020/1485] Compiling x509name.cc
[1021/1485] Compiling x509cset.cc
[1022/1485] Wrapping AST for NIOConcurrencyHelpers for debugging
[1023/1485] Compiling x509rset.cc
[1024/1485] Compiling x509_v3.cc
[1025/1485] Compiling x509_txt.cc
[1026/1485] Compiling x509_trs.cc
[1027/1485] Compiling x509_set.cc
[1028/1485] Compiling x509_req.cc
[1029/1485] Compiling x509_obj.cc
[1030/1485] Compiling x509_lu.cc
[1031/1485] Compiling x509_ext.cc
[1032/1485] Compiling x509_def.cc
[1033/1485] Compiling x509_d2.cc
[1034/1485] Compiling x509_cmp.cc
[1035/1485] Compiling x509.cc
[1036/1485] Compiling x509_att.cc
[1037/1485] Compiling v3_skey.cc
[1038/1485] Compiling v3_utl.cc
[1039/1485] Compiling v3_purp.cc
[1040/1485] Compiling v3_prn.cc
[1041/1485] Compiling v3_pmaps.cc
[1042/1485] Compiling v3_pcons.cc
[1042/1485] Compiling v3_ocsp.cc
[1044/1485] Compiling v3_ncons.cc
[1045/1485] Compiling v3_lib.cc
[1046/1485] Compiling v3_int.cc
[1047/1485] Compiling v3_info.cc
[1048/1485] Compiling v3_ia5.cc
[1049/1485] Compiling v3_genn.cc
[1050/1485] Compiling v3_extku.cc
[1051/1485] Compiling v3_enum.cc
[1052/1485] Compiling v3_crld.cc
[1053/1485] Compiling v3_bitst.cc
[1054/1485] Compiling v3_cpols.cc
[1055/1485] Compiling v3_conf.cc
[1056/1485] Compiling v3_bcons.cc
[1057/1485] Compiling v3_alt.cc
[1058/1485] Compiling v3_akeya.cc
[1059/1485] Compiling v3_akey.cc
[1060/1485] Compiling t_x509a.cc
[1061/1485] Compiling t_x509.cc
[1062/1485] Compiling t_crl.cc
[1063/1485] Compiling t_req.cc
[1064/1485] Compiling rsa_pss.cc
[1065/1485] Compiling i2d_pr.cc
[1066/1485] Compiling policy.cc
[1067/1485] Compiling name_print.cc
[1068/1485] Compiling by_file.cc
[1069/1485] Compiling by_dir.cc
[1070/1485] Compiling algorithm.cc
[1071/1485] Compiling asn1_gen.cc
[1072/1485] Compiling a_verify.cc
[1073/1485] Compiling a_sign.cc
[1074/1485] Compiling a_digest.cc
[1075/1485] Compiling thread_win.cc
[1076/1485] Compiling thread_pthread.cc
[1076/1485] Compiling voprf.cc
[1078/1485] Compiling trust_token.cc
[1079/1485] Compiling thread_none.cc
[1080/1485] Compiling thread.cc
[1081/1485] Compiling pmbtoken.cc
[1082/1485] Compiling stack.cc
[1083/1485] Compiling siphash.cc
[1084/1485] Compiling sha512.cc
[1085/1485] Compiling slhdsa.cc
[1086/1485] Compiling sha256.cc
[1087/1485] Compiling sha1.cc
[1088/1485] Compiling spake2plus.cc
[1089/1485] Compiling rsa_print.cc
[1090/1485] Compiling rsa_extra.cc
[1091/1485] Compiling rsa_crypt.cc
[1092/1485] Compiling rc4.cc
[1093/1485] Compiling refcount.cc
[1094/1485] Compiling windows.cc
[1095/1485] Compiling trusty.cc
[1096/1485] Compiling urandom.cc
[1097/1485] Compiling rand.cc
[1098/1485] Compiling rsa_asn1.cc
[1099/1485] Compiling passive.cc
[1100/1485] Compiling ios.cc
[1101/1485] Compiling getentropy.cc
[1102/1485] Compiling poly1305_arm_asm.S
[1103/1485] Compiling forkunsafe.cc
[1104/1485] Compiling deterministic.cc
[1105/1485] Compiling fork_detect.cc
[1106/1485] Compiling poly1305_vec.cc
[1107/1485] Compiling pool.cc
[1108/1485] Compiling poly1305_arm.cc
[1109/1485] Compiling poly1305.cc
[1110/1485] Compiling pkcs8_x509.cc
[1110/1485] Compiling pkcs8.cc
[1112/1485] Compiling p5_pbev2.cc
[1113/1485] Compiling pkcs7_x509.cc
[1114/1485] Compiling pkcs7.cc
[1115/1485] Compiling pem_xaux.cc
[1116/1485] Compiling pem_x509.cc
[1117/1485] Compiling pem_pkey.cc
[1118/1485] Compiling mlkem.cc
[1119/1485] Compiling pem_oth.cc
[1120/1485] Compiling pem_pk8.cc
[1121/1485] Compiling pem_lib.cc
[1122/1485] Compiling pem_info.cc
[1123/1485] Compiling pem_all.cc
[1124/1485] Compiling obj_xref.cc
[1125/1485] Compiling obj.cc
[1126/1485] Compiling poly_rq_mul.S
[1127/1485] Compiling mldsa.cc
[1128/1485] Compiling mem.cc
[1129/1485] Compiling fips_shared_support.cc
[1130/1485] Compiling lhash.cc
[1131/1485] Compiling md5.cc
[1132/1485] Compiling md4.cc
[1133/1485] Compiling kyber.cc
[1134/1485] Compiling fuzzer_mode.cc
[1135/1485] Compiling hrss.cc
[1136/1485] Compiling ex_data.cc
[1137/1485] Compiling hpke.cc
[1138/1485] Compiling scrypt.cc
[1139/1485] Compiling print.cc
[1140/1485] Compiling pbkdf.cc
[1141/1485] Compiling sign.cc
[1142/1485] Compiling p_x25519_asn1.cc
[1143/1485] Compiling p_x25519.cc
[1144/1485] Compiling p_rsa_asn1.cc
[1145/1485] Compiling p_hkdf.cc
[1145/1485] Compiling p_rsa.cc
[1147/1485] Compiling p_ed25519_asn1.cc
[1148/1485] Compiling p_ed25519.cc
[1149/1485] Compiling p_ec_asn1.cc
[1150/1485] Compiling p_ec.cc
[1151/1485] Compiling p_dsa_asn1.cc
[1152/1485] Compiling p_dh.cc
[1153/1485] Compiling p_dh_asn1.cc
[1154/1485] Compiling evp_ctx.cc
[1155/1485] Compiling evp_asn1.cc
[1156/1485] Compiling err.cc
[1157/1485] Compiling engine.cc
[1158/1485] Compiling evp.cc
[1159/1485] Compiling ecdsa_p1363.cc
[1160/1485] Compiling ecdh.cc
[1161/1485] Compiling hash_to_curve.cc
[1162/1485] Compiling ecdsa_asn1.cc
[1163/1485] Compiling ec_derive.cc
[1164/1485] Compiling dsa.cc
[1165/1485] Compiling ec_asn1.cc
[1166/1485] Compiling dsa_asn1.cc
[1167/1485] Compiling params.cc
[1168/1485] Compiling digest_extra.cc
[1169/1485] Compiling des.cc
[1170/1485] Compiling x25519-asm-arm.S
[1171/1485] Compiling dh_asn1.cc
[1172/1485] Compiling curve25519_64_adx.cc
[1173/1485] Compiling cpu_arm_linux.cc
[1174/1485] Compiling cpu_intel.cc
[1175/1485] Compiling spake25519.cc
[1176/1485] Compiling crypto.cc
[1177/1485] Compiling curve25519.cc
[1178/1485] Compiling cpu_arm_freebsd.cc
[1179/1485] Compiling cpu_aarch64_win.cc
[1180/1485] Compiling cpu_aarch64_sysreg.cc
[1181/1485] Compiling cpu_aarch64_openbsd.cc
[1182/1485] Compiling cpu_aarch64_linux.cc
[1183/1485] Compiling cpu_aarch64_fuchsia.cc
[1184/1485] Compiling cpu_aarch64_apple.cc
[1185/1485] Compiling conf.cc
[1186/1485] Compiling tls_cbc.cc
[1187/1485] Compiling get_cipher.cc
[1188/1485] Compiling e_rc4.cc
[1189/1485] Compiling e_tls.cc
[1190/1485] Compiling e_rc2.cc
[1191/1485] Compiling cms.cc
[1192/1485] Compiling e_null.cc
[1193/1485] Compiling e_des.cc
[1194/1485] Compiling e_chacha20poly1305.cc
[1195/1485] Compiling e_aeseax.cc
[1196/1485] Compiling e_aesgcmsiv.cc
[1197/1485] Compiling e_aesctrhmac.cc
[1198/1485] Compiling derive_key.cc
[1199/1485] Compiling chacha.cc
[1200/1485] Compiling unicode.cc
[1201/1485] Compiling sqrt.cc
[1201/1485] Compiling buf.cc
[1203/1485] Compiling cbs.cc
[1204/1485] Compiling cbb.cc
[1205/1485] Compiling ber.cc
[1206/1485] Compiling exponentiation.cc
[1207/1485] Compiling asn1_compat.cc
[1208/1485] Compiling div.cc
[1209/1485] Compiling printf.cc
[1210/1485] Compiling blake2.cc
[1211/1485] Compiling pair.cc
[1212/1485] Compiling hexdump.cc
[1213/1485] Compiling bn_asn1.cc
[1214/1485] Compiling convert.cc
[1215/1485] Compiling errno.cc
[1216/1485] Compiling file.cc
[1217/1485] Compiling bio_mem.cc
[1218/1485] Compiling fd.cc
[1219/1485] Compiling bio.cc
[1220/1485] Compiling base64.cc
[1221/1485] Compiling tasn_utl.cc
[1222/1485] Compiling tasn_typ.cc
[1223/1485] Compiling tasn_fre.cc
[1224/1485] Compiling tasn_enc.cc
[1225/1485] Compiling posix_time.cc
[1226/1485] Compiling tasn_new.cc
[1227/1485] Compiling tasn_dec.cc
[1228/1485] Compiling f_string.cc
[1229/1485] Compiling f_int.cc
[1230/1485] Compiling asn_pack.cc
[1231/1485] Compiling asn1_par.cc
[1232/1485] Compiling asn1_lib.cc
[1232/1485] Compiling a_utctm.cc
[1234/1485] Compiling a_octet.cc
[1235/1485] Compiling a_time.cc
[1236/1485] Compiling a_type.cc
[1237/1485] Compiling a_strnid.cc
[1238/1485] Compiling bcm.cc
[1239/1485] Compiling a_strex.cc
[1240/1485] Compiling a_mbstr.cc
[1241/1485] Compiling a_object.cc
[1242/1485] Compiling a_i2d_fp.cc
[1243/1485] Compiling a_dup.cc
[1243/1485] Write sources
[1243/1485] Compiling CAsyncHTTPClient CAsyncHTTPClient.c
[1248/1485] Compiling a_d2i_fp.cc
[1249/1485] Compiling a_int.cc
[1250/1528] Compiling a_bool.cc
[1251/1528] Compiling a_gentm.cc
[1253/1528] Compiling Atomics UnsafeAtomic.swift
[1254/1528] Compiling Atomics UnsafeAtomicLazyReference.swift
[1255/1530] Compiling Atomics IntegerOperations.swift
[1256/1530] Compiling Atomics Unmanaged extensions.swift
[1257/1530] Compiling Algorithms Compacted.swift
[1258/1530] Compiling Algorithms Cycle.swift
[1259/1530] Compiling Algorithms EitherSequence.swift
[1259/1530] Compiling aes.cc
[1261/1530] Compiling Atomics AtomicInteger.swift
[1262/1530] Compiling Algorithms RandomSample.swift
[1263/1530] Compiling Algorithms Reductions.swift
[1267/1530] Compiling Algorithms Split.swift
[1268/1530] Compiling Algorithms Stride.swift
[1269/1530] Compiling Algorithms Suffix.swift
[1269/1533] Compiling a_bitstr.cc
[1271/1541] Compiling Atomics ManagedAtomic.swift
[1272/1541] Compiling Atomics ManagedAtomicLazyReference.swift
[1275/1541] Compiling Algorithms Permutations.swift
[1276/1541] Compiling Algorithms Product.swift
[1277/1541] Compiling Algorithms Trim.swift
[1278/1541] Compiling Algorithms Unique.swift
[1279/1541] Compiling Algorithms Windows.swift
[1284/1541] Compiling Algorithms FlattenCollection.swift
[1285/1541] Compiling Algorithms Grouped.swift
[1286/1541] Compiling Atomics PointerConformances.swift
[1287/1541] Compiling Atomics Primitives.native.swift
[1289/1541] Compiling Atomics AtomicMemoryOrderings.swift
[1290/1541] Compiling Atomics DoubleWord.swift
[1291/1541] Compiling Atomics AtomicStorage.swift
[1292/1541] Compiling CryptoBoringWrapper CryptoKitErrors_boring.swift
[1293/1541] Emitting module Atomics
[1294/1541] Compiling CryptoBoringWrapper RandomBytes.swift
[1295/1541] Compiling CryptoBoringWrapper FiniteFieldArithmeticContext.swift
[1296/1541] Compiling CryptoBoringWrapper ArbitraryPrecisionInteger.swift
[1297/1541] Emitting module CryptoBoringWrapper
[1298/1541] Compiling CryptoBoringWrapper BoringSSLAEAD.swift
[1299/1541] Compiling CryptoBoringWrapper EllipticCurve.swift
[1300/1541] Compiling CryptoBoringWrapper EllipticCurvePoint.swift
[1301/1542] Emitting module Algorithms
[1313/1544] Wrapping AST for CryptoBoringWrapper for debugging
[1314/1544] Wrapping AST for Algorithms for debugging
[1315/1572] Wrapping AST for Atomics for debugging
[1317/1692] Compiling NIOCore NIOCoreSendableMetatype.swift
[1318/1692] Compiling NIOCore NIODecodedAsyncSequence.swift
[1319/1692] Compiling NIOCore NIOLoopBound.swift
[1320/1692] Compiling NIOCore NIOPooledRecvBufferAllocator.swift
[1321/1692] Compiling NIOCore NIOScheduledCallback.swift
[1322/1692] Compiling NIOCore NIOSendable.swift
[1323/1692] Compiling NIOCore NIOSplitLinesMessageDecoder.swift
[1324/1692] Compiling NIOCore NIOTransportAccessibleChannelCore.swift
[1325/1692] Compiling NIOCore RecvByteBufferAllocator.swift
[1326/1700] Compiling Crypto HKDF.swift
[1327/1700] Compiling Crypto AESWrap.swift
[1328/1700] Compiling Crypto AESWrap_boring.swift
[1329/1700] Compiling Crypto Ed25519_boring.swift
[1330/1700] Compiling Crypto NISTCurvesKeys_boring.swift
[1331/1700] Compiling Crypto X25519Keys_boring.swift
[1332/1700] Compiling Crypto Curve25519.swift
[1333/1700] Compiling Crypto Ed25519Keys.swift
[1334/1700] Compiling Crypto NISTCurvesKeys.swift
[1335/1700] Compiling Crypto X25519Keys.swift
[1336/1700] Compiling Crypto SymmetricKeys.swift
[1337/1700] Compiling Crypto HMAC.swift
[1338/1711] Compiling NIOCore IPProtocol.swift
[1339/1711] Compiling NIOCore IntegerBitPacking.swift
[1340/1711] Compiling NIOCore IntegerTypes.swift
[1341/1711] Compiling NIOCore Interfaces.swift
[1342/1711] Compiling NIOCore Linux.swift
[1343/1711] Compiling NIOCore MarkedCircularBuffer.swift
[1344/1711] Compiling NIOCore MulticastChannel.swift
[1345/1711] Compiling NIOCore NIOAny.swift
[1346/1711] Compiling NIOCore NIOCloseOnErrorHandler.swift
[1347/1711] Compiling NIOCore EventLoopFuture+Deprecated.swift
[1348/1711] Compiling NIOCore EventLoopFuture+WithEventLoop.swift
[1349/1711] Compiling NIOCore EventLoopFuture.swift
[1350/1711] Compiling NIOCore FileDescriptor.swift
[1351/1711] Compiling NIOCore FileHandle.swift
[1352/1711] Compiling NIOCore FileRegion.swift
[1353/1711] Compiling NIOCore GlobalSingletons.swift
[1354/1711] Compiling NIOCore IO.swift
[1355/1711] Compiling NIOCore IOData.swift
[1356/1711] Compiling NIOCore ChannelInvoker.swift
[1357/1711] Compiling NIOCore ChannelOption.swift
[1358/1711] Compiling NIOCore ChannelPipeline.swift
[1368/1711] Compiling NIOCore AddressedEnvelope.swift
[1369/1711] Compiling NIOCore AsyncAwaitSupport.swift
[1370/1711] Compiling NIOCore AsyncChannel.swift
[1371/1711] Compiling NIOCore AsyncChannelHandler.swift
[1372/1711] Compiling NIOCore AsyncChannelInboundStream.swift
[1373/1711] Compiling NIOCore AsyncChannelOutboundWriter.swift
[1374/1711] Compiling NIOCore NIOAsyncSequenceProducer.swift
[1375/1711] Compiling NIOCore NIOAsyncSequenceProducerStrategies.swift
[1376/1711] Compiling NIOCore NIOAsyncWriter.swift
[1377/1711] Compiling NIOCore NIOThrowingAsyncSequenceProducer.swift
[1378/1711] Compiling NIOCore BSDSocketAPI.swift
[1379/1711] Compiling NIOCore ByteBuffer-aux.swift
[1380/1711] Compiling NIOCore CircularBuffer.swift
[1381/1711] Compiling NIOCore Codec.swift
[1382/1711] Compiling NIOCore ConvenienceOptionSupport.swift
[1383/1711] Compiling NIOCore DeadChannel.swift
[1384/1711] Compiling NIOCore DispatchQueue+WithFuture.swift
[1385/1711] Compiling NIOCore EventLoop+Deprecated.swift
[1386/1711] Compiling NIOCore EventLoop+SerialExecutor.swift
[1387/1711] Compiling NIOCore EventLoop.swift
[1388/1711] Compiling NIOCore EventLoopFuture+AssumeIsolated.swift
[1404/1711] Compiling NIOCore SingleStepByteToMessageDecoder.swift
[1405/1711] Compiling NIOCore SocketAddresses.swift
[1406/1711] Compiling NIOCore SocketOptionProvider.swift
[1407/1711] Compiling NIOCore SystemCallHelpers.swift
[1408/1711] Compiling NIOCore TimeAmount+Duration.swift
[1409/1711] Compiling NIOCore TypeAssistedChannelHandler.swift
[1410/1711] Compiling NIOCore UniversalBootstrapSupport.swift
[1411/1711] Compiling NIOCore Utilities.swift
[1424/1711] Compiling Crypto Signature.swift
[1425/1711] Compiling Crypto CryptoKitErrors_boring.swift
[1426/1711] Compiling Crypto Optional+withUnsafeBytes_boring.swift
[1427/1711] Compiling Crypto RNG_boring.swift
[1428/1711] Compiling Crypto SafeCompare_boring.swift
[1429/1711] Compiling Crypto Zeroization_boring.swift
[1430/1711] Compiling Crypto _CryptoModuleAnchor.swift
[1431/1711] Compiling Crypto PrettyBytes.swift
[1432/1711] Compiling Crypto SafeCompare.swift
[1433/1711] Compiling Crypto SecureBytes.swift
[1434/1711] Compiling Crypto Zeroization.swift
[1435/1711] Emitting module Crypto
[1436/1711] Compiling NIOCore ByteBuffer-binaryEncodedLengthPrefix.swift
[1437/1711] Compiling NIOCore ByteBuffer-conversions.swift
[1438/1711] Compiling NIOCore ByteBuffer-core.swift
[1439/1711] Compiling NIOCore ByteBuffer-hex.swift
[1440/1711] Compiling NIOCore ByteBuffer-int.swift
[1441/1711] Compiling NIOCore ByteBuffer-lengthPrefix.swift
[1442/1711] Compiling NIOCore ByteBuffer-multi-int.swift
[1443/1711] Compiling NIOCore ByteBuffer-quicBinaryEncodingStrategy.swift
[1444/1711] Compiling NIOCore ByteBuffer-views.swift
[1445/1711] Compiling NIOCore Channel.swift
[1446/1711] Compiling NIOCore ChannelHandler.swift
[1447/1711] Compiling NIOCore ChannelHandlers.swift
[1474/1712] Wrapping AST for Crypto for debugging
[1476/1774] Compiling CryptoExtras PKCS8DERRepresentation.swift
[1477/1774] Compiling CryptoExtras PKCS8PrivateKey.swift
[1478/1774] Compiling CryptoExtras RFC8410AlgorithmIdentifier.swift
[1479/1774] Compiling CryptoExtras ECToolbox_boring.swift
[1480/1774] Compiling CryptoExtras ECToolbox.swift
[1481/1774] Compiling CryptoExtras HashToField.swift
[1482/1774] Compiling CryptoExtras KDF.swift
[1483/1774] Compiling CryptoExtras PBKDF2_boring.swift
[1484/1774] Compiling CryptoExtras PBKDF2_commoncrypto.swift
[1485/1782] Compiling CryptoExtras ARCServer.swift
[1486/1782] Compiling CryptoExtras ChaCha20CTR_boring.swift
[1487/1782] Compiling CryptoExtras ChaCha20CTR.swift
[1488/1782] Compiling CryptoExtras BoringSSLSHA512256Context.swift
[1489/1782] Compiling CryptoExtras BoringSSLSHA512256HashFunction.swift
[1490/1782] Compiling CryptoExtras SHA512256.swift
[1491/1782] Compiling CryptoExtras SHA512256Digest.swift
[1492/1782] Compiling CryptoExtras Curve25519+PEM.swift
[1493/1782] Compiling CryptoExtras ObjectIdentifier.swift
[1494/1782] Compiling CryptoExtras Data+Extensions.swift
[1495/1782] Compiling CryptoExtras DigestType.swift
[1496/1782] Compiling CryptoExtras Error.swift
[1497/1782] Compiling CryptoExtras I2OSP.swift
[1498/1782] Compiling CryptoExtras IntegerEncoding.swift
[1499/1782] Compiling CryptoExtras PEMDocument.swift
[1500/1782] Compiling CryptoExtras PrettyBytes.swift
[1501/1782] Compiling CryptoExtras SubjectPublicKeyInfo.swift
[1502/1782] Compiling CryptoExtras PBKDF2.swift
[1503/1782] Compiling CryptoExtras Scrypt_boring.swift
[1504/1782] Compiling CryptoExtras Scrypt.swift
[1505/1782] Compiling CryptoExtras OPRF.swift
[1506/1782] Compiling CryptoExtras OPRFClient.swift
[1507/1782] Compiling CryptoExtras OPRFServer.swift
[1508/1782] Compiling CryptoExtras VOPRF+API.swift
[1509/1782] Compiling CryptoExtras VOPRFClient.swift
[1510/1782] Compiling CryptoExtras VOPRFServer.swift
[1511/1782] Compiling CryptoExtras AES_CBC.swift
[1512/1782] Compiling CryptoExtras AES_CFB.swift
[1513/1782] Compiling CryptoExtras AES_CTR.swift
[1514/1782] Compiling CryptoExtras AES_GCM_SIV.swift
[1515/1782] Compiling CryptoExtras Block Function.swift
[1516/1782] Compiling CryptoExtras AES_CBC_boring.swift
[1517/1782] Compiling CryptoExtras AES_CFB_boring.swift
[1518/1782] Compiling CryptoExtras AES_CTR_boring.swift
[1519/1782] Compiling CryptoExtras AES_GCM_SIV_boring.swift
[1520/1782] Emitting module CryptoExtras
[1521/1782] Compiling CryptoExtras ThreadOps.swift
[1522/1782] Compiling CryptoExtras ThreadPosix.swift
[1523/1782] Compiling CryptoExtras ThreadSpecific.swift
[1524/1782] Compiling CryptoExtras ThreadWindows.swift
[1525/1782] Compiling CryptoExtras DLEQ.swift
[1526/1782] Compiling CryptoExtras Prover.swift
[1527/1782] Compiling CryptoExtras Verifier.swift
[1528/1782] Compiling CryptoExtras ZKPToolbox.swift
[1529/1782] Compiling CryptoExtras CMAC.swift
[1530/1782] Compiling CryptoExtras ARC+API.swift
[1531/1782] Compiling CryptoExtras ARC.swift
[1532/1782] Compiling CryptoExtras ARCCredential.swift
[1533/1782] Compiling CryptoExtras ARCEncoding.swift
[1534/1782] Compiling CryptoExtras ARCPrecredential.swift
[1535/1782] Compiling CryptoExtras ARCPresentation.swift
[1536/1782] Compiling CryptoExtras ARCRequest.swift
[1537/1782] Compiling CryptoExtras ARCResponse.swift
[1538/1782] Compiling CryptoExtras BoringSSLPassphraseCallbackManager.swift
[1539/1782] Compiling CryptoExtras RSA+BlindSigning.swift
[1540/1782] Compiling CryptoExtras RSA.swift
[1541/1782] Compiling CryptoExtras RSA_boring.swift
[1542/1782] Compiling CryptoExtras Reexport.swift
[1543/1782] Compiling CryptoExtras Zeroization_boring.swift
[1544/1782] Compiling CryptoExtras BoringSSLHelpers.swift
[1545/1782] Compiling CryptoExtras CryptoKitErrors_boring.swift
[1546/1783] Wrapping AST for CryptoExtras for debugging
[1548/1785] Compiling _CryptoExtras Exports.swift
[1549/1785] Emitting module _CryptoExtras
[1550/1786] Wrapping AST for _CryptoExtras for debugging
[1552/1881] Emitting module NIOCore
[1553/1881] Compiling X509 OrganizationalUnitName.swift
[1554/1881] Compiling X509 StateOrProvinceName.swift
[1555/1881] Compiling X509 StreetAddress.swift
[1556/1881] Compiling X509 Error.swift
[1557/1881] Compiling X509 AuthorityInformationAccess.swift
[1558/1881] Compiling X509 AuthorityKeyIdentifier.swift
[1559/1881] Compiling X509 BasicConstraints.swift
[1560/1881] Compiling X509 ExtendedKeyUsage.swift
[1561/1881] Compiling X509 ExtensionIdentifiers.swift
[1562/1889] Wrapping AST for NIOCore for debugging
[1564/1939] Emitting module NIOEmbedded
[1565/1939] Emitting module NIOFoundationEssentialsCompat
[1566/1939] Compiling NIOFoundationEssentialsCompat ByteBuffer-foundation.swift
[1567/1939] Compiling NIOFoundationEssentialsCompat Codable+ByteBuffer.swift
[1568/1940] Wrapping AST for NIOFoundationEssentialsCompat for debugging
[1570/1940] Compiling NIOEmbedded AsyncTestingChannel.swift
[1571/1940] Compiling NIOEmbedded Embedded.swift
[1572/1940] Compiling NIOEmbedded AsyncTestingEventLoop.swift
[1573/1941] Wrapping AST for NIOEmbedded for debugging
[1575/1941] Compiling NIOPosix BaseStreamSocketChannel.swift
[1576/1941] Compiling NIOPosix Bootstrap.swift
[1577/1941] Compiling NIOPosix ControlMessage.swift
[1578/1941] Compiling NIOPosix DatagramVectorReadManager.swift
[1579/1941] Compiling NIOPosix Errors+Any.swift
[1580/1941] Compiling NIOPosix FileDescriptor.swift
[1581/1941] Compiling NIOPosix GetaddrinfoResolver.swift
[1582/1941] Compiling NIOPosix BSDSocketAPICommon.swift
[1583/1941] Compiling NIOPosix BSDSocketAPIPosix.swift
[1584/1941] Compiling NIOPosix BSDSocketAPIWindows.swift
[1585/1941] Compiling NIOPosix BaseSocket.swift
[1586/1941] Compiling NIOPosix BaseSocketChannel+AccessibleTransport.swift
[1587/1941] Compiling NIOPosix BaseSocketChannel+SocketOptionProvider.swift
[1588/1941] Compiling NIOPosix BaseSocketChannel.swift
[1589/1954] Compiling NIOPosix PipeChannel.swift
[1590/1954] Compiling NIOPosix PipePair.swift
[1591/1954] Compiling NIOPosix Pool.swift
[1592/1954] Compiling NIOPosix PosixSingletons+ConcurrencyTakeOver.swift
[1593/1954] Compiling NIOPosix PosixSingletons.swift
[1594/1954] Compiling NIOPosix RawSocketBootstrap.swift
[1595/1954] Compiling NIOPosix Resolver.swift
[1596/1954] Compiling NIOPosix SelectorWSAPoll.swift
[1597/1954] Compiling NIOPosix ServerSocket.swift
[1598/1954] Compiling NIOPosix Socket.swift
[1599/1954] Compiling NIOPosix SocketChannel.swift
[1600/1954] Compiling NIOPosix SocketProtocols.swift
[1601/1954] Compiling NIOPosix StructuredConcurrencyHelpers.swift
[1602/1954] Compiling NIOPosix HappyEyeballs.swift
[1603/1954] Compiling NIOPosix IO.swift
[1604/1954] Compiling NIOPosix IntegerBitPacking.swift
[1605/1954] Compiling NIOPosix IntegerTypes.swift
[1606/1954] Compiling NIOPosix Linux.swift
[1607/1954] Compiling NIOPosix LinuxCPUSet.swift
[1608/1954] Compiling NIOPosix LinuxUring.swift
[1609/1954] Compiling NIOPosix MultiThreadedEventLoopGroup.swift
[1610/1954] Compiling NIOPosix NIOPosixSendableMetatype.swift
[1611/1954] Compiling NIOPosix NIORandomizedDNSResolver.swift
[1612/1954] Compiling NIOPosix NIOThreadPool.swift
[1613/1954] Compiling NIOPosix NonBlockingFileIO.swift
[1614/1954] Compiling NIOPosix PendingDatagramWritesManager.swift
[1615/1954] Compiling NIOPosix PendingWritesManager.swift
[1616/1954] Compiling X509 NameConstraints.swift
[1617/1954] Compiling X509 SubjectAlternativeName.swift
[1618/1954] Compiling X509 SubjectKeyIdentifier.swift
[1619/1954] Compiling X509 Extension.swift
[1620/1954] Compiling X509 Extensions.swift
[1621/1954] Compiling X509 ExtensionsBuilder.swift
[1622/1954] Compiling X509 GeneralName.swift
[1623/1954] Compiling X509 Lock.swift
[1624/1954] Compiling X509 LockedValueBox.swift
[1625/1954] Compiling X509 BasicOCSPResponse.swift
[1626/1954] Compiling X509 DirectoryString.swift
[1627/1954] Compiling X509 OCSPCertID.swift
[1628/1954] Compiling X509 OCSPCertStatus.swift
[1629/1954] Compiling X509 PKCS8PrivateKey.swift
[1630/1954] Compiling X509 PromiseAndFuture.swift
[1631/1954] Compiling X509 RDNAttribute.swift
[1632/1954] Compiling X509 RandomNumberGenerator+bytes.swift
[1633/1954] Compiling X509 RelativeDistinguishedName.swift
[1634/1954] Compiling X509 SEC1PrivateKey.swift
[1635/1954] Compiling X509 SecKeyWrapper.swift
[1636/1954] Compiling X509 Signature.swift
[1637/1954] Compiling X509 SignatureAlgorithm.swift
[1638/1954] Compiling X509 AllOfPolicies.swift
[1639/1954] Compiling X509 AnyPolicy.swift
[1640/1954] Compiling X509 CertificateStore.swift
[1641/1954] Compiling X509 CustomCertificateStore.swift
[1642/1954] Compiling NIOPosix System.swift
[1643/1954] Compiling NIOPosix Selectable.swift
[1644/1954] Compiling NIOPosix SelectableChannel.swift
[1645/1954] Compiling NIOPosix SelectableEventLoop.swift
[1646/1954] Compiling NIOPosix SelectorEpoll.swift
[1647/1954] Compiling NIOPosix SelectorGeneric.swift
[1648/1954] Compiling NIOPosix SelectorKqueue.swift
[1649/1954] Compiling NIOPosix SelectorUring.swift
[1650/1954] Compiling X509 CustomPrivateKey.swift
[1651/1954] Compiling X509 Digests.swift
[1652/1954] Compiling X509 DistinguishedName.swift
[1653/1954] Compiling X509 CommonName.swift
[1654/1954] Compiling X509 CountryName.swift
[1655/1954] Compiling X509 DNBuilder.swift
[1656/1954] Compiling X509 OneOfPolicies.swift
[1657/1954] Compiling X509 PolicyBuilder.swift
[1658/1954] Compiling X509 BasicConstraintsPolicy.swift
[1659/1954] Compiling X509 DNSNames.swift
[1660/1954] Compiling X509 ExpiryPolicy.swift
[1661/1954] Compiling X509 IPConstraints.swift
[1662/1954] Compiling X509 NameConstraintsPolicy.swift
[1663/1954] Compiling X509 RFC5280Policy.swift
[1664/1954] Compiling X509 URIConstraints.swift
[1665/1954] Compiling X509 VersionPolicy.swift
[1666/1954] Compiling X509 ServerIdentityPolicy.swift
[1667/1954] Compiling X509 TrustRootLoading.swift
[1668/1954] Compiling X509 UnverifiedChain.swift
[1704/1961] Emitting module X509
[1719/1961] Emitting module NIOPosix
[1720/1961] Compiling NIOPosix Thread.swift
[1721/1961] Compiling NIOPosix ThreadPosix.swift
[1722/1961] Compiling NIOPosix ThreadWindows.swift
[1723/1961] Compiling NIOPosix Utilities.swift
[1724/1961] Compiling NIOPosix VsockAddress.swift
[1725/1961] Compiling NIOPosix VsockChannelEvents.swift
[1726/1961] Compiling NIOPosix Windows.swift
[1727/1962] Wrapping AST for NIOPosix for debugging
[1729/1964] Emitting module NIO
[1730/1964] Compiling NIO Exports.swift
[1731/1965] Wrapping AST for NIO for debugging
[1733/2004] Emitting module NIOSOCKS
[1734/2004] Compiling NIOTLS TLSEvents.swift
[1735/2005] Compiling NIOFoundationCompat JSONSerialization+ByteBuffer.swift
[1736/2005] Compiling NIOFoundationCompat WaitSpinningRunLoop.swift
[1737/2005] Emitting module NIOFoundationCompat
[1738/2005] Compiling NIOFoundationCompat Exports.swift
[1739/2005] Compiling NIOTLS ApplicationProtocolNegotiationHandler.swift
[1740/2005] Emitting module NIOTLS
[1741/2005] Compiling NIOTLS NIOTypedApplicationProtocolNegotiationHandler.swift
[1743/2006] Compiling NIOTLS ProtocolNegotiationHandlerStateMachine.swift
[1744/2006] Compiling NIOSOCKS SelectedAuthenticationMethod.swift
[1745/2006] Compiling NIOSOCKS ClientStateMachine.swift
[1746/2006] Compiling NIOSOCKS SOCKSResponse.swift
[1747/2006] Compiling NIOHTTP1 ByteCollectionUtils.swift
[1748/2006] Compiling NIOHTTP1 HTTPDecoder.swift
[1748/2006] Wrapping AST for NIOFoundationCompat for debugging
[1750/2006] Compiling NIOSOCKS Messages.swift
[1751/2006] Compiling NIOSOCKS SOCKSRequest.swift
[1752/2006] Compiling NIOHTTP1 HTTPEncoder.swift
[1753/2006] Compiling NIOHTTP1 HTTPHeaderValidator.swift
[1754/2006] Compiling NIOHTTP1 HTTPHeaders+Validation.swift
[1755/2006] Compiling NIOHTTP1 HTTPPipelineSetup.swift
[1756/2006] Compiling NIOSOCKS ServerStateMachine.swift
[1757/2007] Wrapping AST for NIOSOCKS for debugging
[1762/2009] Compiling NIOTLS SNIHandler.swift
[1763/2010] Compiling NIOHTTP1 NIOTypedHTTPClientUpgradeHandler.swift
[1764/2010] Compiling NIOHTTP1 NIOTypedHTTPClientUpgraderStateMachine.swift
[1766/2010] Emitting module NIOHTTP1
[1766/2010] Wrapping AST for NIOTLS for debugging
[1768/2010] Compiling NIOHTTP1 NIOHTTPClientUpgradeHandler.swift
[1769/2010] Compiling NIOHTTP1 NIOHTTPObjectAggregator.swift
[1770/2040] Compiling X509 ValidatedCertificateChain.swift
[1771/2040] Compiling X509 VerificationDiagnostic.swift
[1772/2040] Compiling X509 Verifier.swift
[1773/2040] Compiling X509 VerifierPolicy.swift
[1774/2040] Compiling X509 AlgorithmIdentifier.swift
[1775/2040] Compiling X509 ECDSASignature.swift
[1776/2040] Compiling X509 RSAPKCS1PublicKey.swift
[1777/2040] Compiling X509 SubjectPublicKeyInfo.swift
[1778/2040] Compiling X509 TBSCertificate.swift
[1779/2040] Compiling X509 Time.swift
[1780/2040] Compiling X509 TimeCalculations.swift
[1781/2040] Compiling X509 Validity.swift
[1782/2040] Compiling X509 X509SendableMetatype.swift
[1783/2041] Wrapping AST for X509 for debugging
[1785/2108] Compiling JWTKit IssuerClaim.swift
[1786/2108] Compiling JWTKit JWTClaim.swift
[1787/2108] Compiling JWTKit HMACSigner.swift
[1788/2108] Compiling JWTKit JWTKeyCollection+HMAC.swift
[1789/2108] Compiling JWTKit JWTMultiValueClaim.swift
[1790/2108] Compiling JWTKit JWTUnixEpochClaim.swift
[1791/2108] Compiling JWTKit JWKIdentifier.swift
[1792/2108] Compiling JWTKit JWKS.swift
[1793/2108] Compiling JWTKit AudienceClaim.swift
[1794/2108] Compiling JWTKit BoolClaim.swift
[1795/2108] Compiling JWTKit ExpirationClaim.swift
[1797/2109] Compiling JWTKit ECDSASigningAlgorithm.swift
[1798/2109] Compiling JWTKit JWTKeyCollection+ECDSA.swift
[1799/2109] Compiling JWTKit P256+CurveType.swift
[1800/2109] Compiling JWTKit P384+CurveType.swift
[1801/2109] Compiling JWTKit P521+CurveType.swift
[1802/2109] Compiling JWTKit EdDSA.swift
[1803/2109] Compiling JWTKit EdDSACurve.swift
[1804/2109] Compiling JWTKit EdDSAError.swift
[1805/2109] Compiling JWTKit EdDSASigner.swift
[1806/2109] Compiling JWTKit JWTKeyCollection+EdDSA.swift
[1806/2125] Wrapping AST for NIOHTTP1 for debugging
[1808/2135] Compiling JWTKit MLDSAType.swift
[1809/2135] Compiling JWTKit JWTKeyCollection+UnsecuredNone.swift
[1810/2135] Compiling JWTKit UnsecuredNoneSigner.swift
[1811/2135] Compiling JWTKit JWTKeyCollection+RSA.swift
[1812/2135] Compiling JWTKit RSA.swift
[1813/2135] Compiling JWTKit RSAError.swift
[1814/2135] Compiling JWTKit RSASigner.swift
[1815/2135] Compiling JWTKit Base64URL.swift
[1816/2135] Compiling JWTKit CryptoSigner.swift
[1817/2135] Compiling JWTKit JWTSerializer.swift
[1818/2135] Compiling JWTKit JWTSigner.swift
[1819/2135] Compiling JWTKit JWTKeyCollection+MLDSA.swift
[1820/2135] Compiling JWTKit MLDSA.swift
[1821/2135] Compiling JWTKit MLDSA65+MLDSAKey.swift
[1822/2135] Compiling JWTKit MLDSA87+MLDSAKey.swift
[1823/2135] Compiling JWTKit MLDSAError.swift
[1824/2135] Compiling JWTKit MLDSAKey.swift
[1825/2135] Compiling JWTKit MLDSASigner.swift
[1826/2135] Compiling NIOHPACK HPACKHeader.swift
[1827/2135] Compiling NIOHPACK HeaderTables.swift
[1828/2135] Compiling NIOHPACK HPACKEncoder.swift
[1829/2135] Compiling NIOHPACK HPACKErrors.swift
[1830/2135] Compiling NIOHPACK DynamicHeaderTable.swift
[1831/2135] Compiling NIOHPACK HPACKDecoder.swift
[1836/2135] Compiling JWTKit HMAC.swift
[1837/2135] Compiling JWTKit HMACError.swift
[1840/2135] Compiling JWTKit Insecure.swift
[1841/2135] Compiling JWTKit JWK.swift
[1844/2135] Compiling JWTKit JWKSigner.swift
[1845/2135] Compiling NIOHTTPCompression HTTPDecompressor.swift
[1846/2135] Compiling NIOHPACK IntegerCoding.swift
[1847/2136] Emitting module JWTKit
[1848/2136] Compiling JWTKit LocaleClaim.swift
[1849/2136] Compiling JWTKit NotBeforeClaim.swift
[1850/2136] Compiling JWTKit SubjectClaim.swift
[1851/2136] Compiling JWTKit TenantIDClaim.swift
[1852/2136] Compiling JWTKit ECDSA.swift
[1853/2136] Compiling JWTKit ECDSACurve.swift
[1854/2136] Compiling JWTKit ECDSACurveType.swift
[1855/2136] Compiling JWTKit ECDSAError.swift
[1856/2136] Compiling JWTKit ECDSAKeyTypes.swift
[1857/2136] Compiling JWTKit ECDSASigner.swift
[1858/2136] Emitting module NIOHTTPCompression
[1859/2136] Compiling NIOHPACK HuffmanTables.swift
[1860/2136] Compiling NIOHTTPCompression HTTPDecompression.swift
[1861/2136] Compiling NIOHTTPCompression HTTPCompression.swift
[1862/2136] Emitting module NIOHPACK
[1863/2136] Compiling NIOHPACK IndexedHeaderTable.swift
[1864/2136] Compiling NIOHPACK HuffmanCoding.swift
[1865/2136] Compiling NIOHTTPCompression HTTPRequestCompressor.swift
[1866/2136] Compiling NIOHTTPCompression HTTPResponseCompressor.swift
[1867/2137] Compiling NIOHPACK StaticHeaderTable.swift
[1869/2137] Emitting module NIOSSL
[1874/2141] Wrapping AST for NIOHTTPCompression for debugging
[1876/2141] Compiling JWTKit JWTParser+MandatoryVerificationFields.swift
[1877/2141] Compiling JWTKit JWTParser.swift
[1878/2141] Compiling JWTKit JWTPayload.swift
[1890/2142] Compiling JWTKit JWTAlgorithm.swift
[1891/2142] Compiling JWTKit JWTError.swift
[1892/2142] Compiling JWTKit JWTHeader+CommonFields.swift
[1893/2142] Compiling JWTKit JWTHeader.swift
[1894/2142] Compiling JWTKit JWTHeaderField.swift
[1895/2142] Compiling JWTKit JWTKeyCollection.swift
[1899/2142] Wrapping AST for NIOHPACK for debugging
[1901/2205] Compiling NIOHTTP2 ConnectionStateMachine.swift
[1902/2205] Compiling NIOHTTP2 ConnectionStreamsState.swift
[1903/2205] Compiling NIOHTTP2 MayReceiveFrames.swift
[1904/2205] Compiling NIOHTTP2 ReceivingDataState.swift
[1905/2205] Compiling NIOHTTP2 SendingRstStreamState.swift
[1906/2205] Compiling NIOHTTP2 SendingWindowUpdateState.swift
[1907/2205] Compiling NIOHTTP2 HTTP2SettingsState.swift
[1908/2205] Compiling NIOHTTP2 HasExtendedConnectSettings.swift
[1909/2205] Compiling NIOHTTP2 ReceivingWindowUpdateState.swift
[1910/2205] Compiling NIOHTTP2 HasFlowControlWindows.swift
[1911/2205] Compiling NIOHTTP2 HasLocalSettings.swift
[1912/2205] Compiling NIOHTTP2 HasRemoteSettings.swift
[1913/2205] Compiling NIOHTTP2 LocallyQuiescingState.swift
[1914/2205] Compiling NIOHTTP2 QuiescingState.swift
[1915/2205] Compiling NIOHTTP2 RemotelyQuiescingState.swift
[1916/2205] Compiling NIOHTTP2 SendAndReceiveGoawayState.swift
[1917/2205] Compiling NIOHTTP2 MaySendFrames.swift
[1918/2205] Compiling NIOHTTP2 SendingDataState.swift
[1919/2205] Compiling NIOHTTP2 SendingGoawayState.swift
[1920/2205] Compiling NIOHTTP2 SendingHeadersState.swift
[1921/2205] Compiling NIOHTTP2 SendingPushPromiseState.swift
[1926/2213] Compiling NIOHTTP2 StreamStateMachine.swift
[1927/2213] Compiling NIOHTTP2 Timer.swift
[1928/2213] Compiling NIOHTTP2 UnsafeTransfer.swift
[1929/2213] Compiling NIOHTTP2 WatermarkedFlowController.swift
[1930/2213] Compiling JWTKit GoogleIdentityToken.swift
[1931/2213] Compiling JWTKit MicrosoftIdentityToken.swift
[1932/2213] Compiling JWTKit EmptyPolicy.swift
[1933/2213] Compiling JWTKit ValidationTimePayload.swift
[1934/2213] Compiling JWTKit X5CVerifier.swift
[1935/2214] Wrapping AST for JWTKit for debugging
[1937/2214] Compiling NIOHTTP2 HTTP2UserEvents.swift
[1938/2214] Compiling NIOHTTP2 InboundEventBuffer.swift
[1939/2214] Compiling NIOHTTP2 InboundWindowManager.swift
[1940/2214] Compiling NIOHTTP2 MultiplexerAbstractChannel.swift
[1941/2215] Wrapping AST for NIOSSL for debugging
[1950/2215] Compiling NIOHTTP2 StateMachineResult.swift
[1951/2215] Compiling NIOHTTP2 ContentLengthVerifier.swift
[1952/2215] Compiling NIOHTTP2 NIOHTTP2ServerConnectionManagementHandler.swift
[1953/2215] Compiling NIOHTTP2 StreamChannelFlowController.swift
[1954/2215] Compiling NIOHTTP2 StreamChannelList.swift
[1955/2215] Compiling NIOHTTP2 StreamMap.swift
[1960/2215] Emitting module NIOHTTP2
[1965/2215] Compiling NIOHTTP2 ReceivingGoAwayState.swift
[1966/2215] Compiling NIOHTTP2 ReceivingHeadersState.swift
[1967/2215] Compiling NIOHTTP2 ReceivingPushPromiseState.swift
[1968/2215] Compiling NIOHTTP2 ReceivingRstStreamState.swift
[1970/2215] Compiling NIOHTTP2 HTTP2StreamMultiplexer.swift
[1971/2215] Compiling NIOHTTP2 HTTP2ToHTTP1Codec.swift
[1976/2215] Compiling NIOHTTP2 NIOHTTP2FrameDelegate.swift
[1977/2215] Compiling NIOHTTP2 NIOHTTP2ServerConnectionManagementHandler+StateMachine.swift
[1978/2215] Compiling NIOHTTP2 HTTP2ChannelHandler+InlineStreamMultiplexer.swift
[1979/2215] Compiling NIOHTTP2 HTTP2ChannelHandler.swift
[1980/2215] Compiling NIOHTTP2 HTTP2CommonInboundStreamMultiplexer.swift
[1981/2215] Compiling NIOHTTP2 HTTP2ConnectionStateChange.swift
[1982/2215] Compiling NIOHTTP2 HTTP2Error.swift
[1983/2215] Compiling NIOHTTP2 HTTP2ErrorCode.swift
[1984/2215] Compiling NIOHTTP2 HTTP2FlowControlWindow.swift
[1985/2215] Compiling NIOHTTP2 HTTP2Frame.swift
[1986/2215] Compiling NIOHTTP2 HTTP2FrameEncoder.swift
[1987/2215] Compiling NIOHTTP2 DOSHeuristics.swift
[1988/2215] Compiling NIOHTTP2 Error+Any.swift
[1989/2215] Compiling NIOHTTP2 ConcurrentStreamBuffer.swift
[1990/2215] Compiling NIOHTTP2 ControlFrameBuffer.swift
[1991/2215] Compiling NIOHTTP2 OutboundFlowControlBuffer.swift
[1992/2215] Compiling NIOHTTP2 OutboundFrameBuffer.swift
[1993/2215] Compiling NIOHTTP2 GlitchesMonitor.swift
[1994/2215] Compiling NIOHTTP2 HPACKHeaders+Validation.swift
[1995/2215] Compiling NIOHTTP2 HTTP2ChannelHandler+InboundStreamMultiplexer.swift
[1996/2215] Compiling NIOHTTP2 HTTP2FrameParser.swift
[1997/2215] Compiling NIOHTTP2 HTTP2PingData.swift
[1998/2215] Compiling NIOHTTP2 HTTP2PipelineHelpers.swift
[1999/2215] Compiling NIOHTTP2 HTTP2Settings.swift
[2000/2215] Compiling NIOHTTP2 HTTP2Stream.swift
[2001/2215] Compiling NIOHTTP2 HTTP2StreamChannel+OutboundStreamMultiplexer.swift
[2002/2215] Compiling NIOHTTP2 HTTP2StreamChannel.swift
[2003/2215] Compiling NIOHTTP2 HTTP2StreamDelegate.swift
[2004/2215] Compiling NIOHTTP2 HTTP2StreamID.swift
[2005/2216] Wrapping AST for NIOHTTP2 for debugging
[2007/2280] Compiling AsyncHTTPClient AnyAsyncSequence.swift
[2008/2280] Compiling AsyncHTTPClient AnyAsyncSequenceProucerDelete.swift
[2009/2280] Compiling AsyncHTTPClient AsyncLazySequence.swift
[2010/2280] Compiling AsyncHTTPClient HTTPClient+execute.swift
[2011/2280] Compiling AsyncHTTPClient HTTPClient+shutdown.swift
[2012/2280] Compiling AsyncHTTPClient HTTPClient+tracing.swift
[2013/2280] Compiling AsyncHTTPClient HTTPClientRequest+Prepared.swift
[2014/2280] Compiling AsyncHTTPClient HTTPClientRequest+auth.swift
[2015/2280] Compiling AsyncHTTPClient HTTPClientRequest.swift
[2016/2288] Emitting module AsyncHTTPClient
[2017/2288] Compiling AsyncHTTPClient HTTPClientResponse.swift
[2018/2288] Compiling AsyncHTTPClient SingleIteratorPrecondition.swift
[2019/2288] Compiling AsyncHTTPClient Transaction+StateMachine.swift
[2020/2288] Compiling AsyncHTTPClient Transaction.swift
[2021/2288] Compiling AsyncHTTPClient Base64.swift
[2022/2288] Compiling AsyncHTTPClient BasicAuth.swift
[2023/2288] Compiling AsyncHTTPClient BestEffortHashableTLSConfiguration.swift
[2024/2288] Compiling AsyncHTTPClient Configuration+BrowserLike.swift
[2025/2288] Compiling AsyncHTTPClient ConnectionPool.swift
[2026/2288] Compiling AsyncHTTPClient RequestValidation.swift
[2027/2288] Compiling AsyncHTTPClient SSLContextCache.swift
[2028/2288] Compiling AsyncHTTPClient Scheme.swift
[2029/2288] Compiling AsyncHTTPClient Singleton.swift
[2030/2288] Compiling AsyncHTTPClient StringConvertibleInstances.swift
[2031/2288] Compiling AsyncHTTPClient StructuredConcurrencyHelpers.swift
[2032/2288] Compiling AsyncHTTPClient TracingSupport.swift
[2033/2288] Compiling AsyncHTTPClient Utils.swift
[2034/2288] Compiling AsyncHTTPClient HTTPConnectionEvent.swift
[2035/2288] Compiling AsyncHTTPClient HTTPConnectionPool+Factory.swift
[2036/2288] Compiling AsyncHTTPClient HTTPConnectionPool+Manager.swift
[2037/2288] Compiling AsyncHTTPClient HTTPConnectionPool.swift
[2038/2288] Compiling AsyncHTTPClient HTTPExecutableRequest.swift
[2039/2288] Compiling AsyncHTTPClient HTTPRequestStateMachine+Demand.swift
[2040/2288] Compiling AsyncHTTPClient HTTPRequestStateMachine.swift
[2041/2288] Compiling AsyncHTTPClient RequestBodyLength.swift
[2042/2288] Compiling AsyncHTTPClient RequestFramingMetadata.swift
[2043/2288] Compiling AsyncHTTPClient HTTP1ProxyConnectHandler.swift
[2044/2288] Compiling AsyncHTTPClient SOCKSEventsHandler.swift
[2045/2288] Compiling AsyncHTTPClient TLSEventsHandler.swift
[2046/2288] Compiling AsyncHTTPClient HTTP1ClientChannelHandler.swift
[2047/2288] Compiling AsyncHTTPClient HTTP1Connection.swift
[2048/2288] Compiling AsyncHTTPClient HTTP1ConnectionStateMachine.swift
[2049/2288] Compiling AsyncHTTPClient HTTP2ClientRequestHandler.swift
[2050/2288] Compiling AsyncHTTPClient HTTP2Connection.swift
[2051/2288] Compiling AsyncHTTPClient HTTP2IdleHandler.swift
[2052/2288] Compiling AsyncHTTPClient RequestOptions.swift
[2053/2288] Compiling AsyncHTTPClient HTTPConnectionPool+Backoff.swift
[2054/2288] Compiling AsyncHTTPClient HTTPConnectionPool+HTTP1Connections.swift
[2055/2288] Compiling AsyncHTTPClient HTTPConnectionPool+HTTP1StateMachine.swift
[2056/2288] Compiling AsyncHTTPClient HTTPConnectionPool+HTTP2Connections.swift
[2057/2288] Compiling AsyncHTTPClient HTTPConnectionPool+HTTP2StateMachine.swift
[2058/2288] Compiling AsyncHTTPClient HTTPConnectionPool+RequestQueue.swift
[2059/2288] Compiling AsyncHTTPClient HTTPConnectionPool+StateMachine.swift
[2060/2288] Compiling AsyncHTTPClient ConnectionTarget.swift
[2061/2288] Compiling AsyncHTTPClient LRUCache.swift
[2062/2288] Compiling AsyncHTTPClient NIOLoopBound+Execute.swift
[2063/2288] Compiling AsyncHTTPClient NWErrorHandler.swift
[2064/2288] Compiling AsyncHTTPClient NWWaitingHandler.swift
[2065/2288] Compiling AsyncHTTPClient TLSConfiguration.swift
[2066/2288] Compiling AsyncHTTPClient RedirectState.swift
[2067/2288] Compiling AsyncHTTPClient RequestBag+StateMachine.swift
[2068/2288] Compiling AsyncHTTPClient RequestBag+Tracing.swift
[2069/2288] Compiling AsyncHTTPClient RequestBag.swift
[2070/2288] Compiling AsyncHTTPClient DeconstructedURL.swift
[2071/2288] Compiling AsyncHTTPClient FileDownloadDelegate.swift
[2072/2288] Compiling AsyncHTTPClient FoundationExtensions.swift
[2073/2288] Compiling AsyncHTTPClient HTTPClient+HTTPCookie.swift
[2074/2288] Compiling AsyncHTTPClient HTTPClient+Proxy.swift
[2075/2288] Compiling AsyncHTTPClient HTTPClient+StructuredConcurrency.swift
[2076/2288] Compiling AsyncHTTPClient HTTPClient.swift
[2077/2288] Compiling AsyncHTTPClient HTTPClientConfiguration+SwiftConfiguration.swift
[2078/2288] Compiling AsyncHTTPClient HTTPHandler.swift
[2079/2289] Wrapping AST for AsyncHTTPClient for debugging
[2081/2312] Emitting module GoogleAuth
[2082/2315] Compiling GoogleAuth ADC.swift
[2083/2315] Compiling GoogleAuth ADCPath.swift
[2084/2315] Compiling GoogleAuth ADCResolver.swift
[2085/2315] Compiling GoogleAuth AuthHeaders.swift
[2086/2315] Compiling GoogleAuth SubjectTokenProvider.swift
[2087/2315] Compiling GoogleAuth MDSAccessTokenProvider.swift
[2088/2315] Compiling GoogleAuth MDSCredentials.swift
[2089/2315] Compiling GoogleAuth CredentialParserRegistry.swift
[2090/2315] Compiling GoogleAuth Credentials.swift
[2091/2315] Compiling GoogleAuth CredentialsError.swift
[2092/2315] Compiling GoogleAuth UserAccountData.swift
[2093/2315] Compiling GoogleAuth UserAccountTokenProvider.swift
[2094/2315] Compiling GoogleAuth UserCredentials.swift
[2095/2315] Compiling GoogleAuth AnonymousCredentials.swift
[2096/2315] Compiling GoogleAuth ApiKeyCredentials.swift
[2097/2315] Compiling GoogleAuth ExternalAccountCredentials.swift
[2098/2315] Compiling GoogleAuth AuthHTTPClient.swift
[2099/2315] Compiling GoogleAuth AuthHTTPError.swift
[2100/2315] Compiling GoogleAuth RetryEngine.swift
[2101/2315] Compiling GoogleAuth ServiceAccountCredentials.swift
[2102/2315] Compiling GoogleAuth ServiceAccountData.swift
[2103/2315] Compiling GoogleAuth ServiceAccountTokenProvider.swift
[2104/2315] Compiling GoogleAuth STSHandler.swift
[2105/2315] Compiling GoogleAuth TokenCache.swift
[2106/2315] Compiling GoogleAuth PackageVersion.swift
[2107/2316] Wrapping AST for GoogleAuth for debugging
[2109/2374] Compiling GoogleGax Pagination.swift
/host/spi-builder-workspace/.build/checkouts/swift-google-gax/Sources/GoogleGax/Pagination.swift:44:22: error: cannot convert '@Sendable (String) async throws -> (response: ResponseType, items: [Item], nextToken: String)' to 'nonisolated(nonsending) @Sendable (String) async throws -> (response: ResponseType, items: [Item], nextToken: String)' because crossing of an isolation boundary requires parameter and result types to conform to 'Sendable' protocol
 42 |   ) where ResponseType: _PaginatedResponse<Item> {
 43 |     self.initialPageToken = initialPageToken ?? ""
 44 |     self.fetchPage = { token in
    |                      |- error: cannot convert '@Sendable (String) async throws -> (response: ResponseType, items: [Item], nextToken: String)' to 'nonisolated(nonsending) @Sendable (String) async throws -> (response: ResponseType, items: [Item], nextToken: String)' because crossing of an isolation boundary requires parameter and result types to conform to 'Sendable' protocol
    |                      `- note: type 'Item' does not conform to 'Sendable' protocol
 45 |       let response = try await listRpc(token)
 46 |       return (response, response._getPaginatedItems(), response._nextPageToken())
[2110/2374] Compiling GoogleGax PollingBackoffPolicy.swift
/host/spi-builder-workspace/.build/checkouts/swift-google-gax/Sources/GoogleGax/Pagination.swift:44:22: error: cannot convert '@Sendable (String) async throws -> (response: ResponseType, items: [Item], nextToken: String)' to 'nonisolated(nonsending) @Sendable (String) async throws -> (response: ResponseType, items: [Item], nextToken: String)' because crossing of an isolation boundary requires parameter and result types to conform to 'Sendable' protocol
 42 |   ) where ResponseType: _PaginatedResponse<Item> {
 43 |     self.initialPageToken = initialPageToken ?? ""
 44 |     self.fetchPage = { token in
    |                      |- error: cannot convert '@Sendable (String) async throws -> (response: ResponseType, items: [Item], nextToken: String)' to 'nonisolated(nonsending) @Sendable (String) async throws -> (response: ResponseType, items: [Item], nextToken: String)' because crossing of an isolation boundary requires parameter and result types to conform to 'Sendable' protocol
    |                      `- note: type 'Item' does not conform to 'Sendable' protocol
 45 |       let response = try await listRpc(token)
 46 |       return (response, response._getPaginatedItems(), response._nextPageToken())
[2111/2374] Compiling GoogleGax PollingErrorPolicy.swift
/host/spi-builder-workspace/.build/checkouts/swift-google-gax/Sources/GoogleGax/Pagination.swift:44:22: error: cannot convert '@Sendable (String) async throws -> (response: ResponseType, items: [Item], nextToken: String)' to 'nonisolated(nonsending) @Sendable (String) async throws -> (response: ResponseType, items: [Item], nextToken: String)' because crossing of an isolation boundary requires parameter and result types to conform to 'Sendable' protocol
 42 |   ) where ResponseType: _PaginatedResponse<Item> {
 43 |     self.initialPageToken = initialPageToken ?? ""
 44 |     self.fetchPage = { token in
    |                      |- error: cannot convert '@Sendable (String) async throws -> (response: ResponseType, items: [Item], nextToken: String)' to 'nonisolated(nonsending) @Sendable (String) async throws -> (response: ResponseType, items: [Item], nextToken: String)' because crossing of an isolation boundary requires parameter and result types to conform to 'Sendable' protocol
    |                      `- note: type 'Item' does not conform to 'Sendable' protocol
 45 |       let response = try await listRpc(token)
 46 |       return (response, response._getPaginatedItems(), response._nextPageToken())
[2112/2374] Compiling GoogleGax PollingResult.swift
/host/spi-builder-workspace/.build/checkouts/swift-google-gax/Sources/GoogleGax/Pagination.swift:44:22: error: cannot convert '@Sendable (String) async throws -> (response: ResponseType, items: [Item], nextToken: String)' to 'nonisolated(nonsending) @Sendable (String) async throws -> (response: ResponseType, items: [Item], nextToken: String)' because crossing of an isolation boundary requires parameter and result types to conform to 'Sendable' protocol
 42 |   ) where ResponseType: _PaginatedResponse<Item> {
 43 |     self.initialPageToken = initialPageToken ?? ""
 44 |     self.fetchPage = { token in
    |                      |- error: cannot convert '@Sendable (String) async throws -> (response: ResponseType, items: [Item], nextToken: String)' to 'nonisolated(nonsending) @Sendable (String) async throws -> (response: ResponseType, items: [Item], nextToken: String)' because crossing of an isolation boundary requires parameter and result types to conform to 'Sendable' protocol
    |                      `- note: type 'Item' does not conform to 'Sendable' protocol
 45 |       let response = try await listRpc(token)
 46 |       return (response, response._getPaginatedItems(), response._nextPageToken())
[2113/2374] Compiling GoogleGax PollingState.swift
/host/spi-builder-workspace/.build/checkouts/swift-google-gax/Sources/GoogleGax/Pagination.swift:44:22: error: cannot convert '@Sendable (String) async throws -> (response: ResponseType, items: [Item], nextToken: String)' to 'nonisolated(nonsending) @Sendable (String) async throws -> (response: ResponseType, items: [Item], nextToken: String)' because crossing of an isolation boundary requires parameter and result types to conform to 'Sendable' protocol
 42 |   ) where ResponseType: _PaginatedResponse<Item> {
 43 |     self.initialPageToken = initialPageToken ?? ""
 44 |     self.fetchPage = { token in
    |                      |- error: cannot convert '@Sendable (String) async throws -> (response: ResponseType, items: [Item], nextToken: String)' to 'nonisolated(nonsending) @Sendable (String) async throws -> (response: ResponseType, items: [Item], nextToken: String)' because crossing of an isolation boundary requires parameter and result types to conform to 'Sendable' protocol
    |                      `- note: type 'Item' does not conform to 'Sendable' protocol
 45 |       let response = try await listRpc(token)
 46 |       return (response, response._getPaginatedItems(), response._nextPageToken())
[2114/2374] Compiling GoogleGax ProtobufConversionError.swift
/host/spi-builder-workspace/.build/checkouts/swift-google-gax/Sources/GoogleGax/Pagination.swift:44:22: error: cannot convert '@Sendable (String) async throws -> (response: ResponseType, items: [Item], nextToken: String)' to 'nonisolated(nonsending) @Sendable (String) async throws -> (response: ResponseType, items: [Item], nextToken: String)' because crossing of an isolation boundary requires parameter and result types to conform to 'Sendable' protocol
 42 |   ) where ResponseType: _PaginatedResponse<Item> {
 43 |     self.initialPageToken = initialPageToken ?? ""
 44 |     self.fetchPage = { token in
    |                      |- error: cannot convert '@Sendable (String) async throws -> (response: ResponseType, items: [Item], nextToken: String)' to 'nonisolated(nonsending) @Sendable (String) async throws -> (response: ResponseType, items: [Item], nextToken: String)' because crossing of an isolation boundary requires parameter and result types to conform to 'Sendable' protocol
    |                      `- note: type 'Item' does not conform to 'Sendable' protocol
 45 |       let response = try await listRpc(token)
 46 |       return (response, response._getPaginatedItems(), response._nextPageToken())
[2115/2374] Compiling GoogleGax QueryParameter.swift
/host/spi-builder-workspace/.build/checkouts/swift-google-gax/Sources/GoogleGax/Pagination.swift:44:22: error: cannot convert '@Sendable (String) async throws -> (response: ResponseType, items: [Item], nextToken: String)' to 'nonisolated(nonsending) @Sendable (String) async throws -> (response: ResponseType, items: [Item], nextToken: String)' because crossing of an isolation boundary requires parameter and result types to conform to 'Sendable' protocol
 42 |   ) where ResponseType: _PaginatedResponse<Item> {
 43 |     self.initialPageToken = initialPageToken ?? ""
 44 |     self.fetchPage = { token in
    |                      |- error: cannot convert '@Sendable (String) async throws -> (response: ResponseType, items: [Item], nextToken: String)' to 'nonisolated(nonsending) @Sendable (String) async throws -> (response: ResponseType, items: [Item], nextToken: String)' because crossing of an isolation boundary requires parameter and result types to conform to 'Sendable' protocol
    |                      `- note: type 'Item' does not conform to 'Sendable' protocol
 45 |       let response = try await listRpc(token)
 46 |       return (response, response._getPaginatedItems(), response._nextPageToken())
[2116/2374] Compiling GoogleGax RequestError.swift
/host/spi-builder-workspace/.build/checkouts/swift-google-gax/Sources/GoogleGax/Pagination.swift:44:22: error: cannot convert '@Sendable (String) async throws -> (response: ResponseType, items: [Item], nextToken: String)' to 'nonisolated(nonsending) @Sendable (String) async throws -> (response: ResponseType, items: [Item], nextToken: String)' because crossing of an isolation boundary requires parameter and result types to conform to 'Sendable' protocol
 42 |   ) where ResponseType: _PaginatedResponse<Item> {
 43 |     self.initialPageToken = initialPageToken ?? ""
 44 |     self.fetchPage = { token in
    |                      |- error: cannot convert '@Sendable (String) async throws -> (response: ResponseType, items: [Item], nextToken: String)' to 'nonisolated(nonsending) @Sendable (String) async throws -> (response: ResponseType, items: [Item], nextToken: String)' because crossing of an isolation boundary requires parameter and result types to conform to 'Sendable' protocol
    |                      `- note: type 'Item' does not conform to 'Sendable' protocol
 45 |       let response = try await listRpc(token)
 46 |       return (response, response._getPaginatedItems(), response._nextPageToken())
[2117/2382] Compiling GoogleGax AIP194+PollingErrorPolicy.swift
[2118/2382] Compiling GoogleGax AIP194+RetryPolicy.swift
[2119/2382] Compiling GoogleGax AIP194.swift
[2120/2382] Compiling GoogleGax AdaptiveThrottler.swift
[2121/2382] Compiling GoogleGax AlwaysPoll.swift
[2122/2382] Compiling GoogleGax AlwaysRetry.swift
[2123/2382] Compiling GoogleGax ApiClientHeader.swift
[2124/2382] Compiling GoogleGax BackoffPolicy.swift
[2125/2382] Compiling GoogleGax BasePollingErrorPolicy.swift
[2126/2382] Emitting module GoogleGax
[2127/2382] Compiling GoogleGax ContinueOnIO.swift
[2128/2382] Compiling GoogleGax CredentialsProtocol.swift
[2129/2382] Compiling GoogleGax ErrorWrapper.swift
[2130/2382] Compiling GoogleGax ExponentialBackoff+BackoffPolicy.swift
[2131/2382] Compiling GoogleGax ExponentialBackoff+PollingBackoffPolicy.swift
[2132/2382] Compiling GoogleGax ExponentialBackoff.swift
[2133/2382] Compiling GoogleGax HTTPClient.swift
[2134/2382] Compiling GoogleGax HTTPClientHolder.swift
[2135/2382] Compiling GoogleGax RequestOptions.swift
[2136/2382] Compiling GoogleGax RetryLoop.swift
[2137/2382] Compiling GoogleGax RetryPolicy.swift
[2138/2382] Compiling GoogleGax RetryResult.swift
[2139/2382] Compiling GoogleGax RetryState.swift
[2140/2382] Compiling GoogleGax RetryThrottler.swift
[2141/2382] Compiling GoogleGax RetryThrottlerError.swift
[2142/2382] Compiling GoogleGax RoutingMatcher.swift
[2143/2382] Compiling GoogleGax BaseRetryPolicy.swift
[2144/2382] Compiling GoogleGax BindingError.swift
[2145/2382] Compiling GoogleGax CRC32C.swift
[2146/2382] Compiling GoogleGax CircuitBreaker.swift
[2147/2382] Compiling GoogleGax ClientError.swift
[2148/2382] Compiling GoogleGax ClientOptions.swift
[2149/2382] Compiling GoogleGax ContinueOnIO+PollingErrorPolicy.swift
[2150/2382] Compiling GoogleGax ContinueOnIO+RetryPolicy.swift
[2151/2382] Compiling GoogleGax LimitedAttemptCount+PollingErrorPolicy.swift
[2152/2382] Compiling GoogleGax LimitedAttemptCount+RetryPolicy.swift
[2153/2382] Compiling GoogleGax LimitedAttemptCount.swift
[2154/2382] Compiling GoogleGax LimitedElapsedTime+PollingErrorPolicy.swift
[2155/2382] Compiling GoogleGax LimitedElapsedTime+RetryPolicy.swift
[2156/2382] Compiling GoogleGax LimitedElapsedTime.swift
[2157/2382] Compiling GoogleGax LongRunningOperations.swift
[2158/2382] Compiling GoogleGax NeverRetry.swift
[2159/2382] Compiling GoogleGax HTTPClientProtocol.swift
[2160/2382] Compiling GoogleGax HTTPClientRequest.swift
[2161/2382] Compiling GoogleGax HTTPClientResponse.swift
[2162/2382] Compiling GoogleGax HTTPHeaders.swift
[2163/2382] Compiling GoogleGax HTTPResponseBody.swift
[2164/2382] Compiling GoogleGax HeaderNames.swift
[2165/2382] Compiling GoogleGax Host.swift
[2166/2382] Compiling GoogleGax InProgressResult.swift
[2167/2382] Compiling GoogleGax ServiceError.swift
[2168/2382] Compiling GoogleGax StatusDetail.swift
[2169/2382] Compiling GoogleGax StrictIdempotency.swift
[2170/2382] Compiling GoogleGax ThrottleResult.swift
[2171/2382] Compiling GoogleGax TooManyRequests+PollingErrorPolicy.swift
[2172/2382] Compiling GoogleGax TooManyRequests+RetryPolicy.swift
[2173/2382] Compiling GoogleGax TooManyRequests.swift
[2174/2382] Compiling GoogleGax PackageVersion.swift
BUILD FAILURE 6.2 android