The Swift Package Index logo.Swift Package Index

Build Information

Failed to build ScrollEdgeControl, reference main (9b5231), with Swift 6.4 for Wasm on 20 Sep 2026 13:00:08 UTC.

Build Command

bash -c docker run --pull=always --rm -v "checkouts-54344844-0":/host -w "$PWD" -e JAVA_HOME="/root/.sdkman/candidates/java/current" -e SPI_BUILD="1" -e SPI_PROCESSING="1" registry.gitlab.com/saguaro1/spi-images:wasm-6.4-latest swift build --swift-sdk swift-6.4.x-DEVELOPMENT-SNAPSHOT-2026-09-04-a_wasm 2>&1

Build Log

========================================
RunAll
========================================
Builder version: 5.1.0
Interrupt handler set up.
========================================
Checkout
========================================
Clone URL: https://github.com/eure/ScrollEdgeControl.git
Reference: main
Initialized empty Git repository in /host/spi-builder-workspace/.git/
hint: Using 'master' as the name for the initial branch. This default branch name
hint: is subject to change. To configure the initial branch name to use in all
hint: of your new repositories, which will suppress this warning, call:
hint:
hint: 	git config --global init.defaultBranch <name>
hint:
hint: Names commonly chosen instead of 'master' are 'main', 'trunk' and
hint: 'development'. The just-created branch can be renamed via this command:
hint:
hint: 	git branch -m <name>
From https://github.com/eure/ScrollEdgeControl
 * branch            main       -> FETCH_HEAD
 * [new branch]      main       -> origin/main
HEAD is now at 9b52315 Prevent view from expanding accidentally (#12)
Cloned https://github.com/eure/ScrollEdgeControl.git
Revision (git rev-parse @):
9b52315392b3949dbc94ffd51788c31e7506f291
SUCCESS checkout https://github.com/eure/ScrollEdgeControl.git at main
========================================
Build
========================================
Selected platform:         wasm
Swift version:             6.4
Building package at path:  $PWD
https://github.com/eure/ScrollEdgeControl.git
Running build ...
bash -c docker run --pull=always --rm -v "checkouts-54344844-0":/host -w "$PWD" -e JAVA_HOME="/root/.sdkman/candidates/java/current" -e SPI_BUILD="1" -e SPI_PROCESSING="1" registry.gitlab.com/saguaro1/spi-images:wasm-6.4-latest swift build --swift-sdk swift-6.4.x-DEVELOPMENT-SNAPSHOT-2026-09-04-a_wasm 2>&1
wasm-6.4-latest: Pulling from saguaro1/spi-images
Digest: sha256:4328fdb43c680d205c1d6761b1e3267aa38277eefdda9ddfb17b6a0f1a77857a
Status: Image is up to date for registry.gitlab.com/saguaro1/spi-images:wasm-6.4-latest
Fetching http://github.com/timdonnelly/Advance
[1/3889] Fetching advance
Fetched http://github.com/timdonnelly/Advance (0.73s)
Computing version for http://github.com/timdonnelly/Advance
Computed http://github.com/timdonnelly/Advance at 3.1.1 (0.93s)
Creating working copy for http://github.com/timdonnelly/Advance
Working copy of http://github.com/timdonnelly/Advance resolved at 3.1.1
Building for debugging...
[Pre-planning 1 / 154]
error: SwiftCompile normal wasm32 failed with a nonzero exit code. Command line:     cd /host

/host/spi-builder-workspace/.build/checkouts/Advance/Sources/Advance/Animator.swift:26:13: error: cannot find 'dispatchPrecondition' in scope
 24 |     public var onChange: ((Value) -> Void)? = nil {
 25 |         didSet {
 26 |             dispatchPrecondition(condition: .onQueue(.main))
    |             `- error: cannot find 'dispatchPrecondition' in scope
 27 |         }
 28 |     }
/host/spi-builder-workspace/.build/checkouts/Advance/Sources/Advance/Animator.swift:34:13: error: cannot find 'dispatchPrecondition' in scope
 32 |     private var state: State {
 33 |         didSet {
 34 |             dispatchPrecondition(condition: .onQueue(.main))
    |             `- error: cannot find 'dispatchPrecondition' in scope
 35 |             displayLink.isPaused = state.isAtRest
 36 |             if state.value != oldValue.value {
Failed frontend command:
/usr/bin/swift-frontend -frontend -emit-module -experimental-skip-non-inlinable-function-bodies-without-types /host/spi-builder-workspace/.build/checkouts/Advance/Sources/Advance/Animator.swift /host/spi-builder-workspace/.build/checkouts/Advance/Sources/Advance/DecayFunction.swift /host/spi-builder-workspace/.build/checkouts/Advance/Sources/Advance/Internal/Animation.swift /host/spi-builder-workspace/.build/checkouts/Advance/Sources/Advance/Internal/DisplayLink.swift /host/spi-builder-workspace/.build/checkouts/Advance/Sources/Advance/Internal/Math.swift /host/spi-builder-workspace/.build/checkouts/Advance/Sources/Advance/Internal/Simulation.swift /host/spi-builder-workspace/.build/checkouts/Advance/Sources/Advance/Internal/SimulationFunction+Integration.swift /host/spi-builder-workspace/.build/checkouts/Advance/Sources/Advance/SimulationFunction.swift /host/spi-builder-workspace/.build/checkouts/Advance/Sources/Advance/Spring.swift /host/spi-builder-workspace/.build/checkouts/Advance/Sources/Advance/SpringFunction.swift /host/spi-builder-workspace/.build/checkouts/Advance/Sources/Advance/TimingFunction.swift /host/spi-builder-workspace/.build/checkouts/Advance/Sources/Advance/UnitBezier.swift /host/spi-builder-workspace/.build/checkouts/Advance/Sources/Advance/VectorConvertible.swift -target wasm32-unknown-wasip1 -disable-objc-interop -sdk /root/.swiftpm/swift-sdks/swift-6.4.x-DEVELOPMENT-SNAPSHOT-2026-09-04-a_wasm.artifactbundle/swift-6.4.x-DEVELOPMENT-SNAPSHOT-2026-09-04-a_wasm/wasm32-unknown-wasip1/WASI.sdk -sysroot /root/.swiftpm/swift-sdks/swift-6.4.x-DEVELOPMENT-SNAPSHOT-2026-09-04-a_wasm.artifactbundle/swift-6.4.x-DEVELOPMENT-SNAPSHOT-2026-09-04-a_wasm/wasm32-unknown-wasip1/WASI.sdk -I /host/spi-builder-workspace/.build/out/Products/Debug-webassembly-wasm32 -module-cache-path /host/spi-builder-workspace/.build/out/ModuleCache.noindex -color-diagnostics -Xcc -fcolor-diagnostics -enable-testing -g -debug-info-format\=dwarf -dwarf-version\=4 -suppress-warnings -swift-version 5 -Onone -D SWIFT_PACKAGE -D DEBUG -D SWIFT_MODULE_RESOURCE_BUNDLE_UNAVAILABLE -D Xcode -serialize-debugging-options -enable-experimental-feature DebugDescriptionMacro -empty-abi-descriptor -external-plugin-path /usr/lib/swift/host/plugins/testing\#/usr/bin/swift-plugin-server -validate-clang-modules-once -clang-build-session-file /host/spi-builder-workspace/.build/out/ModuleCache.noindex/Session.modulevalidation -Xcc -working-directory -Xcc /host -resource-dir /root/.swiftpm/swift-sdks/swift-6.4.x-DEVELOPMENT-SNAPSHOT-2026-09-04-a_wasm.artifactbundle/swift-6.4.x-DEVELOPMENT-SNAPSHOT-2026-09-04-a_wasm/wasm32-unknown-wasip1/swift.xctoolchain/usr/lib/swift_static -use-static-resource-dir -enable-anonymous-context-mangled-names -file-compilation-dir /host -Xcc -resource-dir -Xcc /root/.swiftpm/swift-sdks/swift-6.4.x-DEVELOPMENT-SNAPSHOT-2026-09-04-a_wasm.artifactbundle/swift-6.4.x-DEVELOPMENT-SNAPSHOT-2026-09-04-a_wasm/wasm32-unknown-wasip1/swift.xctoolchain/usr/lib/swift_static/clang -Xcc -D_LIBCPP_HARDENING_MODE\=_LIBCPP_HARDENING_MODE_DEBUG -Xcc -fmodules-prune-interval\=86400 -Xcc -fmodules-prune-after\=345600 -Xcc -I/host/spi-builder-workspace/.build/out/Products/Debug-webassembly-wasm32/include -Xcc -I/host/spi-builder-workspace/.build/out/Intermediates.noindex/Advance.build/Debug-webassembly-wasm32/Advance-t.build/DerivedSources-normal/wasm32 -Xcc -I/host/spi-builder-workspace/.build/out/Intermediates.noindex/Advance.build/Debug-webassembly-wasm32/Advance-t.build/DerivedSources/wasm32 -Xcc -I/host/spi-builder-workspace/.build/out/Intermediates.noindex/Advance.build/Debug-webassembly-wasm32/Advance-t.build/DerivedSources -Xcc -DSWIFT_PACKAGE -Xcc -DDEBUG\=1 -no-auto-bridging-header-chaining -module-name Advance -const-gather-protocols-file /host/spi-builder-workspace/.build/out/Intermediates.noindex/Advance.build/Debug-webassembly-wasm32/Advance-t.build/Objects-normal/wasm32/Advance_const_extract_protocols.json -in-process-plugin-server-path /usr/lib/swift/host/libSwiftInProcPluginServer.so -plugin-path /usr/lib/swift/host/plugins -plugin-path /usr/local/lib/swift/host/plugins -emit-module-doc-path /host/spi-builder-workspace/.build/out/Intermediates.noindex/Advance.build/Debug-webassembly-wasm32/Advance-t.build/Objects-normal/wasm32/Modules/Advance.swiftdoc -emit-module-source-info-path /host/spi-builder-workspace/.build/out/Intermediates.noindex/Advance.build/Debug-webassembly-wasm32/Advance-t.build/Objects-normal/wasm32/Modules/Advance.swiftsourceinfo -emit-objc-header-path /host/spi-builder-workspace/.build/out/Intermediates.noindex/Advance.build/Debug-webassembly-wasm32/Advance-t.build/Objects-normal/wasm32/Advance-Swift.h -serialize-diagnostics-path /host/spi-builder-workspace/.build/out/Intermediates.noindex/Advance.build/Debug-webassembly-wasm32/Advance-t.build/Objects-normal/wasm32/Advance-primary-emit-module.dia -emit-dependencies-path /host/spi-builder-workspace/.build/out/Intermediates.noindex/Advance.build/Debug-webassembly-wasm32/Advance-t.build/Objects-normal/wasm32/Advance-primary-emit-module.d -parse-as-library -o /host/spi-builder-workspace/.build/out/Intermediates.noindex/Advance.build/Debug-webassembly-wasm32/Advance-t.build/Objects-normal/wasm32/Modules/Advance.swiftmodule
[38 / 61] Advance
error: Build failed
BUILD FAILURE 6.4 wasm