The Swift Package Index logo.Swift Package Index

Build Information

Failed to build MarkdownView, reference 0.4.7 (4407b6), with Swift 6.4 for Wasm on 25 Sep 2026 21:22:39 UTC.

Build Command

bash -c docker run --pull=always --rm -v "checkouts-53886770-0":/host -w "$PWD" -e JAVA_HOME="/root/.sdkman/candidates/java/current" -e SPI_BUILD="1" -e SPI_PROCESSING="1" registry.gitlab.com/saguaro1/spi-images:wasm-6.4-latest swift build --swift-sdk swift-6.4.x-DEVELOPMENT-SNAPSHOT-2026-09-04-a_wasm 2>&1

Build Log

========================================
RunAll
========================================
Builder version: 5.1.0
Interrupt handler set up.
========================================
Checkout
========================================
Clone URL: https://github.com/zunda-pixel/MarkdownView.git
Reference: 0.4.7
Initialized empty Git repository in /host/spi-builder-workspace/.git/
hint: Using 'master' as the name for the initial branch. This default branch name
hint: is subject to change. To configure the initial branch name to use in all
hint: of your new repositories, which will suppress this warning, call:
hint:
hint: 	git config --global init.defaultBranch <name>
hint:
hint: Names commonly chosen instead of 'master' are 'main', 'trunk' and
hint: 'development'. The just-created branch can be renamed via this command:
hint:
hint: 	git branch -m <name>
From https://github.com/zunda-pixel/MarkdownView
 * tag               0.4.7      -> FETCH_HEAD
HEAD is now at 4407b65 Support DoxygenAbstractView (#45)
Cloned https://github.com/zunda-pixel/MarkdownView.git
Revision (git rev-parse @):
4407b6579ab4c49ed3c5ec275cec53c6a5f2a2e4
SUCCESS checkout https://github.com/zunda-pixel/MarkdownView.git at 0.4.7
========================================
Build
========================================
Selected platform:         wasm
Swift version:             6.4
Building package at path:  $PWD
https://github.com/zunda-pixel/MarkdownView.git
Running build ...
bash -c docker run --pull=always --rm -v "checkouts-53886770-0":/host -w "$PWD" -e JAVA_HOME="/root/.sdkman/candidates/java/current" -e SPI_BUILD="1" -e SPI_PROCESSING="1" registry.gitlab.com/saguaro1/spi-images:wasm-6.4-latest swift build --swift-sdk swift-6.4.x-DEVELOPMENT-SNAPSHOT-2026-09-04-a_wasm 2>&1
wasm-6.4-latest: Pulling from saguaro1/spi-images
Digest: sha256:4328fdb43c680d205c1d6761b1e3267aa38277eefdda9ddfb17b6a0f1a77857a
Status: Image is up to date for registry.gitlab.com/saguaro1/spi-images:wasm-6.4-latest
Fetching https://github.com/apple/swift-markdown
Fetching https://github.com/apple/swift-algorithms
[1/6159] Fetching swift-algorithms
[6160/13907] Fetching swift-algorithms, swift-markdown
Fetched https://github.com/apple/swift-algorithms (0.76s)
Fetched https://github.com/apple/swift-markdown (0.76s)
Computing version for https://github.com/apple/swift-markdown
Computed https://github.com/apple/swift-markdown at 0.9.0 (1.88s)
Fetching https://github.com/swiftlang/swift-cmark.git
[1/18601] Fetching swift-cmark
Fetched https://github.com/swiftlang/swift-cmark.git (0.90s)
Computing version for https://github.com/swiftlang/swift-cmark.git
Computed https://github.com/swiftlang/swift-cmark.git at 0.9.0 (1.97s)
Computing version for https://github.com/apple/swift-algorithms
Computed https://github.com/apple/swift-algorithms at 1.2.1 (0.18s)
Fetching https://github.com/apple/swift-numerics.git
[1/6640] Fetching swift-numerics
Fetched https://github.com/apple/swift-numerics.git (0.59s)
Computing version for https://github.com/apple/swift-numerics.git
Computed https://github.com/apple/swift-numerics.git at 1.1.1 (0.76s)
Creating working copy for https://github.com/swiftlang/swift-cmark.git
Working copy of https://github.com/swiftlang/swift-cmark.git resolved at 0.9.0
Creating working copy for https://github.com/apple/swift-algorithms
Working copy of https://github.com/apple/swift-algorithms resolved at 1.2.1
Creating working copy for https://github.com/apple/swift-markdown
Working copy of https://github.com/apple/swift-markdown resolved at 0.9.0
Creating working copy for https://github.com/apple/swift-numerics.git
Working copy of https://github.com/apple/swift-numerics.git resolved at 1.1.1
Building for debugging...
[Computing dependencies]
[Pre-planning 1 / 278]
[Constructing 108 / 607]
[49 / 106] cmark-gfm
[62 / 115] cmark-gfm
[76 / 115] RealModule
[78 / 115] RealModule
[78 / 115] cmark-gfm
[85 / 115] RealModule
[94 / 126] Markdown
[99 / 135] Markdown
[100 / 135] Markdown
[102 / 136] RealModule
[107 / 136] RealModule
[110 / 136] Markdown
[116 / 136] Algorithms
[123 / 136] Algorithms
[124 / 136] Markdown-product
[128 / 146] MarkdownView
[129 / 146] MarkdownView
[130 / 146] MarkdownView
[132 / 147] Markdown
[132 / 147] Algorithms
error: SwiftCompile normal wasm32 /host/spi-builder-workspace/Sources/MarkdownView/Components/DoxygenAbstractView.swift failed with a nonzero exit code. Command line:     cd /host
    builtin-SwiftPerFileCompile DoxygenAbstractView.swift
error: SwiftCompile normal wasm32 /host/spi-builder-workspace/Sources/MarkdownView/Components/DoxygenDiscussionView.swift failed with a nonzero exit code. Command line:     cd /host
    builtin-SwiftPerFileCompile DoxygenDiscussionView.swift
error: SwiftCompile normal wasm32 /host/spi-builder-workspace/Sources/MarkdownView/Components/DoxygenNoteView.swift failed with a nonzero exit code. Command line:     cd /host
    builtin-SwiftPerFileCompile DoxygenNoteView.swift
error: SwiftCompile normal wasm32 /host/spi-builder-workspace/Sources/MarkdownView/Components/DoxygenParameterView.swift failed with a nonzero exit code. Command line:     cd /host
    builtin-SwiftPerFileCompile DoxygenParameterView.swift
/host/spi-builder-workspace/Sources/MarkdownView/Components/BlockDirectiveView.swift:6:8: error: no such module 'SwiftUI'
 4 |
 5 | import Markdown
 6 | import SwiftUI
   |        `- error: no such module 'SwiftUI'
 7 |
 8 | public struct BlockDirectiveView: View {
Failed frontend command:
/usr/bin/swift-frontend -frontend -c /host/spi-builder-workspace/Sources/MarkdownView/Components/BlockDirectiveView.swift /host/spi-builder-workspace/Sources/MarkdownView/Components/BlockQuoteView.swift /host/spi-builder-workspace/Sources/MarkdownView/Components/CodeBlockView.swift /host/spi-builder-workspace/Sources/MarkdownView/Components/CustomRoundedRectangle.swift -primary-file /host/spi-builder-workspace/Sources/MarkdownView/Components/DoxygenAbstractView.swift -primary-file /host/spi-builder-workspace/Sources/MarkdownView/Components/DoxygenDiscussionView.swift -primary-file /host/spi-builder-workspace/Sources/MarkdownView/Components/DoxygenNoteView.swift -primary-file /host/spi-builder-workspace/Sources/MarkdownView/Components/DoxygenParameterView.swift /host/spi-builder-workspace/Sources/MarkdownView/Components/DoxygenReturnsView.swift /host/spi-builder-workspace/Sources/MarkdownView/Components/FlowLayout.swift /host/spi-builder-workspace/Sources/MarkdownView/Components/HTMLView.swift /host/spi-builder-workspace/Sources/MarkdownView/Components/HeadingView.swift /host/spi-builder-workspace/Sources/MarkdownView/Components/InlineCodeView.swift /host/spi-builder-workspace/Sources/MarkdownView/Components/LinkView.swift /host/spi-builder-workspace/Sources/MarkdownView/Components/ListDepthKey.swift /host/spi-builder-workspace/Sources/MarkdownView/Components/OrderedListView.swift /host/spi-builder-workspace/Sources/MarkdownView/Components/TableView.swift /host/spi-builder-workspace/Sources/MarkdownView/Components/UnorderedListView.swift /host/spi-builder-workspace/Sources/MarkdownView/Contents/InlineMarkupContent.swift /host/spi-builder-workspace/Sources/MarkdownView/Contents/ListItemContent.swift /host/spi-builder-workspace/Sources/MarkdownView/Contents/MarkupContent.swift /host/spi-builder-workspace/Sources/MarkdownView/Extension/Array++.swift /host/spi-builder-workspace/Sources/MarkdownView/Extension/Color++.swift /host/spi-builder-workspace/Sources/MarkdownView/Extension/View++.swift /host/spi-builder-workspace/Sources/MarkdownView/InlineMarkupContentView.swift /host/spi-builder-workspace/Sources/MarkdownView/MarkdownView.swift /host/spi-builder-workspace/Sources/MarkdownView/MarkupContentView.swift /host/spi-builder-workspace/Sources/MarkdownView/Parse/MarkdownViewParser.swift /host/spi-builder-workspace/Sources/MarkdownView/Parse/MultiContentParser.swift -supplementary-output-file-map /host/spi-builder-workspace/.build/out/Intermediates.noindex/MarkdownView.build/Debug-webassembly-wasm32/MarkdownView-t.build/Objects-normal/wasm32/supplementaryOutputs-18 -target wasm32-unknown-wasip1 -disable-objc-interop -sdk /root/.swiftpm/swift-sdks/swift-6.4.x-DEVELOPMENT-SNAPSHOT-2026-09-04-a_wasm.artifactbundle/swift-6.4.x-DEVELOPMENT-SNAPSHOT-2026-09-04-a_wasm/wasm32-unknown-wasip1/WASI.sdk -sysroot /root/.swiftpm/swift-sdks/swift-6.4.x-DEVELOPMENT-SNAPSHOT-2026-09-04-a_wasm.artifactbundle/swift-6.4.x-DEVELOPMENT-SNAPSHOT-2026-09-04-a_wasm/wasm32-unknown-wasip1/WASI.sdk -I /host/spi-builder-workspace/.build/out/Products/Debug-webassembly-wasm32 -module-cache-path /host/spi-builder-workspace/.build/out/ModuleCache.noindex -color-diagnostics -Xcc -fcolor-diagnostics -enable-testing -g -debug-info-format\=dwarf -dwarf-version\=4 -swift-version 6 -Onone -D SWIFT_PACKAGE -D DEBUG -D SWIFT_MODULE_RESOURCE_BUNDLE_UNAVAILABLE -D Xcode -serialize-debugging-options -enable-experimental-feature DebugDescriptionMacro -empty-abi-descriptor -external-plugin-path /usr/lib/swift/host/plugins/testing\#/usr/bin/swift-plugin-server -validate-clang-modules-once -clang-build-session-file /host/spi-builder-workspace/.build/out/ModuleCache.noindex/Session.modulevalidation -Xcc -working-directory -Xcc /host -resource-dir /root/.swiftpm/swift-sdks/swift-6.4.x-DEVELOPMENT-SNAPSHOT-2026-09-04-a_wasm.artifactbundle/swift-6.4.x-DEVELOPMENT-SNAPSHOT-2026-09-04-a_wasm/wasm32-unknown-wasip1/swift.xctoolchain/usr/lib/swift_static -use-static-resource-dir -enable-anonymous-context-mangled-names -file-compilation-dir /host -Xcc -resource-dir -Xcc /root/.swiftpm/swift-sdks/swift-6.4.x-DEVELOPMENT-SNAPSHOT-2026-09-04-a_wasm.artifactbundle/swift-6.4.x-DEVELOPMENT-SNAPSHOT-2026-09-04-a_wasm/wasm32-unknown-wasip1/swift.xctoolchain/usr/lib/swift_static/clang -Xcc -fmodule-map-file\=/host/spi-builder-workspace/.build/checkouts/swift-cmark/src/include/module.modulemap -Xcc -fmodule-map-file\=/host/spi-builder-workspace/.build/checkouts/swift-cmark/extensions/include/module.modulemap -Xcc -fmodule-map-file\=/host/spi-builder-workspace/.build/checkouts/swift-markdown/Sources/CAtomic/include/module.modulemap -Xcc -fmodule-map-file\=/host/spi-builder-workspace/.build/checkouts/swift-numerics/Sources/_NumericsShims/include/module.modulemap -Xcc -D_LIBCPP_HARDENING_MODE\=_LIBCPP_HARDENING_MODE_DEBUG -Xcc -fmodules-prune-interval\=86400 -Xcc -fmodules-prune-after\=345600 -Xcc -I/host/spi-builder-workspace/.build/checkouts/swift-cmark/src/include -Xcc -I/host/spi-builder-workspace/.build/checkouts/swift-cmark/extensions/include -Xcc -I/host/spi-builder-workspace/.build/checkouts/swift-markdown/Sources/CAtomic/include -Xcc -I/host/spi-builder-workspace/.build/checkouts/swift-numerics/Sources/_NumericsShims/include -Xcc -I/host/spi-builder-workspace/.build/out/Products/Debug-webassembly-wasm32/include -Xcc -I/host/spi-builder-workspace/.build/out/Intermediates.noindex/MarkdownView.build/Debug-webassembly-wasm32/MarkdownView-t.build/DerivedSources-normal/wasm32 -Xcc -I/host/spi-builder-workspace/.build/out/Intermediates.noindex/MarkdownView.build/Debug-webassembly-wasm32/MarkdownView-t.build/DerivedSources/wasm32 -Xcc -I/host/spi-builder-workspace/.build/out/Intermediates.noindex/MarkdownView.build/Debug-webassembly-wasm32/MarkdownView-t.build/DerivedSources -Xcc -DSWIFT_PACKAGE -Xcc -DDEBUG\=1 -no-auto-bridging-header-chaining -module-name MarkdownView -package-name spi_builder_workspace -const-gather-protocols-file /host/spi-builder-workspace/.build/out/Intermediates.noindex/MarkdownView.build/Debug-webassembly-wasm32/MarkdownView-t.build/Objects-normal/wasm32/MarkdownView_const_extract_protocols.json -in-process-plugin-server-path /usr/lib/swift/host/libSwiftInProcPluginServer.so -plugin-path /usr/lib/swift/host/plugins -plugin-path /usr/local/lib/swift/host/plugins -parse-as-library -o /host/spi-builder-workspace/.build/out/Intermediates.noindex/MarkdownView.build/Debug-webassembly-wasm32/MarkdownView-t.build/Objects-normal/wasm32/DoxygenAbstractView.o -o /host/spi-builder-workspace/.build/out/Intermediates.noindex/MarkdownView.build/Debug-webassembly-wasm32/MarkdownView-t.build/Objects-normal/wasm32/DoxygenDiscussionView.o -o /host/spi-builder-workspace/.build/out/Intermediates.noindex/MarkdownView.build/Debug-webassembly-wasm32/MarkdownView-t.build/Objects-normal/wasm32/DoxygenNoteView.o -o /host/spi-builder-workspace/.build/out/Intermediates.noindex/MarkdownView.build/Debug-webassembly-wasm32/MarkdownView-t.build/Objects-normal/wasm32/DoxygenParameterView.o -index-unit-output-path /MarkdownView.build/Debug-webassembly-wasm32/MarkdownView-t.build/Objects-normal/wasm32/DoxygenAbstractView.o -index-unit-output-path /MarkdownView.build/Debug-webassembly-wasm32/MarkdownView-t.build/Objects-normal/wasm32/DoxygenDiscussionView.o -index-unit-output-path /MarkdownView.build/Debug-webassembly-wasm32/MarkdownView-t.build/Objects-normal/wasm32/DoxygenNoteView.o -index-unit-output-path /MarkdownView.build/Debug-webassembly-wasm32/MarkdownView-t.build/Objects-normal/wasm32/DoxygenParameterView.o -index-store-path /host/spi-builder-workspace/.build/out -index-system-modules
error: SwiftCompile normal wasm32 /host/spi-builder-workspace/Sources/MarkdownView/Contents/MarkupContent.swift failed with a nonzero exit code. Command line:     cd /host
    builtin-SwiftPerFileCompile MarkupContent.swift
error: SwiftCompile normal wasm32 /host/spi-builder-workspace/Sources/MarkdownView/Extension/Array++.swift failed with a nonzero exit code. Command line:     cd /host
    builtin-SwiftPerFileCompile Array++.swift
error: SwiftCompile normal wasm32 /host/spi-builder-workspace/Sources/MarkdownView/Extension/Color++.swift failed with a nonzero exit code. Command line:     cd /host
    builtin-SwiftPerFileCompile Color++.swift
/host/spi-builder-workspace/Sources/MarkdownView/Components/BlockDirectiveView.swift:6:8: error: no such module 'SwiftUI'
 4 |
 5 | import Markdown
 6 | import SwiftUI
   |        `- error: no such module 'SwiftUI'
 7 |
 8 | public struct BlockDirectiveView: View {
Failed frontend command:
/usr/bin/swift-frontend -frontend -c /host/spi-builder-workspace/Sources/MarkdownView/Components/BlockDirectiveView.swift /host/spi-builder-workspace/Sources/MarkdownView/Components/BlockQuoteView.swift /host/spi-builder-workspace/Sources/MarkdownView/Components/CodeBlockView.swift /host/spi-builder-workspace/Sources/MarkdownView/Components/CustomRoundedRectangle.swift /host/spi-builder-workspace/Sources/MarkdownView/Components/DoxygenAbstractView.swift /host/spi-builder-workspace/Sources/MarkdownView/Components/DoxygenDiscussionView.swift /host/spi-builder-workspace/Sources/MarkdownView/Components/DoxygenNoteView.swift /host/spi-builder-workspace/Sources/MarkdownView/Components/DoxygenParameterView.swift /host/spi-builder-workspace/Sources/MarkdownView/Components/DoxygenReturnsView.swift /host/spi-builder-workspace/Sources/MarkdownView/Components/FlowLayout.swift /host/spi-builder-workspace/Sources/MarkdownView/Components/HTMLView.swift /host/spi-builder-workspace/Sources/MarkdownView/Components/HeadingView.swift /host/spi-builder-workspace/Sources/MarkdownView/Components/InlineCodeView.swift /host/spi-builder-workspace/Sources/MarkdownView/Components/LinkView.swift /host/spi-builder-workspace/Sources/MarkdownView/Components/ListDepthKey.swift /host/spi-builder-workspace/Sources/MarkdownView/Components/OrderedListView.swift /host/spi-builder-workspace/Sources/MarkdownView/Components/TableView.swift /host/spi-builder-workspace/Sources/MarkdownView/Components/UnorderedListView.swift /host/spi-builder-workspace/Sources/MarkdownView/Contents/InlineMarkupContent.swift /host/spi-builder-workspace/Sources/MarkdownView/Contents/ListItemContent.swift -primary-file /host/spi-builder-workspace/Sources/MarkdownView/Contents/MarkupContent.swift -primary-file /host/spi-builder-workspace/Sources/MarkdownView/Extension/Array++.swift -primary-file /host/spi-builder-workspace/Sources/MarkdownView/Extension/Color++.swift /host/spi-builder-workspace/Sources/MarkdownView/Extension/View++.swift /host/spi-builder-workspace/Sources/MarkdownView/InlineMarkupContentView.swift /host/spi-builder-workspace/Sources/MarkdownView/MarkdownView.swift /host/spi-builder-workspace/Sources/MarkdownView/MarkupContentView.swift /host/spi-builder-workspace/Sources/MarkdownView/Parse/MarkdownViewParser.swift /host/spi-builder-workspace/Sources/MarkdownView/Parse/MultiContentParser.swift -supplementary-output-file-map /host/spi-builder-workspace/.build/out/Intermediates.noindex/MarkdownView.build/Debug-webassembly-wasm32/MarkdownView-t.build/Objects-normal/wasm32/supplementaryOutputs-22 -target wasm32-unknown-wasip1 -disable-objc-interop -sdk /root/.swiftpm/swift-sdks/swift-6.4.x-DEVELOPMENT-SNAPSHOT-2026-09-04-a_wasm.artifactbundle/swift-6.4.x-DEVELOPMENT-SNAPSHOT-2026-09-04-a_wasm/wasm32-unknown-wasip1/WASI.sdk -sysroot /root/.swiftpm/swift-sdks/swift-6.4.x-DEVELOPMENT-SNAPSHOT-2026-09-04-a_wasm.artifactbundle/swift-6.4.x-DEVELOPMENT-SNAPSHOT-2026-09-04-a_wasm/wasm32-unknown-wasip1/WASI.sdk -I /host/spi-builder-workspace/.build/out/Products/Debug-webassembly-wasm32 -module-cache-path /host/spi-builder-workspace/.build/out/ModuleCache.noindex -color-diagnostics -Xcc -fcolor-diagnostics -enable-testing -g -debug-info-format\=dwarf -dwarf-version\=4 -swift-version 6 -Onone -D SWIFT_PACKAGE -D DEBUG -D SWIFT_MODULE_RESOURCE_BUNDLE_UNAVAILABLE -D Xcode -serialize-debugging-options -enable-experimental-feature DebugDescriptionMacro -empty-abi-descriptor -external-plugin-path /usr/lib/swift/host/plugins/testing\#/usr/bin/swift-plugin-server -validate-clang-modules-once -clang-build-session-file /host/spi-builder-workspace/.build/out/ModuleCache.noindex/Session.modulevalidation -Xcc -working-directory -Xcc /host -resource-dir /root/.swiftpm/swift-sdks/swift-6.4.x-DEVELOPMENT-SNAPSHOT-2026-09-04-a_wasm.artifactbundle/swift-6.4.x-DEVELOPMENT-SNAPSHOT-2026-09-04-a_wasm/wasm32-unknown-wasip1/swift.xctoolchain/usr/lib/swift_static -use-static-resource-dir -enable-anonymous-context-mangled-names -file-compilation-dir /host -Xcc -resource-dir -Xcc /root/.swiftpm/swift-sdks/swift-6.4.x-DEVELOPMENT-SNAPSHOT-2026-09-04-a_wasm.artifactbundle/swift-6.4.x-DEVELOPMENT-SNAPSHOT-2026-09-04-a_wasm/wasm32-unknown-wasip1/swift.xctoolchain/usr/lib/swift_static/clang -Xcc -fmodule-map-file\=/host/spi-builder-workspace/.build/checkouts/swift-cmark/src/include/module.modulemap -Xcc -fmodule-map-file\=/host/spi-builder-workspace/.build/checkouts/swift-cmark/extensions/include/module.modulemap -Xcc -fmodule-map-file\=/host/spi-builder-workspace/.build/checkouts/swift-markdown/Sources/CAtomic/include/module.modulemap -Xcc -fmodule-map-file\=/host/spi-builder-workspace/.build/checkouts/swift-numerics/Sources/_NumericsShims/include/module.modulemap -Xcc -D_LIBCPP_HARDENING_MODE\=_LIBCPP_HARDENING_MODE_DEBUG -Xcc -fmodules-prune-interval\=86400 -Xcc -fmodules-prune-after\=345600 -Xcc -I/host/spi-builder-workspace/.build/checkouts/swift-cmark/src/include -Xcc -I/host/spi-builder-workspace/.build/checkouts/swift-cmark/extensions/include -Xcc -I/host/spi-builder-workspace/.build/checkouts/swift-markdown/Sources/CAtomic/include -Xcc -I/host/spi-builder-workspace/.build/checkouts/swift-numerics/Sources/_NumericsShims/include -Xcc -I/host/spi-builder-workspace/.build/out/Products/Debug-webassembly-wasm32/include -Xcc -I/host/spi-builder-workspace/.build/out/Intermediates.noindex/MarkdownView.build/Debug-webassembly-wasm32/MarkdownView-t.build/DerivedSources-normal/wasm32 -Xcc -I/host/spi-builder-workspace/.build/out/Intermediates.noindex/MarkdownView.build/Debug-webassembly-wasm32/MarkdownView-t.build/DerivedSources/wasm32 -Xcc -I/host/spi-builder-workspace/.build/out/Intermediates.noindex/MarkdownView.build/Debug-webassembly-wasm32/MarkdownView-t.build/DerivedSources -Xcc -DSWIFT_PACKAGE -Xcc -DDEBUG\=1 -no-auto-bridging-header-chaining -module-name MarkdownView -package-name spi_builder_workspace -const-gather-protocols-file /host/spi-builder-workspace/.build/out/Intermediates.noindex/MarkdownView.build/Debug-webassembly-wasm32/MarkdownView-t.build/Objects-normal/wasm32/MarkdownView_const_extract_protocols.json -in-process-plugin-server-path /usr/lib/swift/host/libSwiftInProcPluginServer.so -plugin-path /usr/lib/swift/host/plugins -plugin-path /usr/local/lib/swift/host/plugins -parse-as-library -o /host/spi-builder-workspace/.build/out/Intermediates.noindex/MarkdownView.build/Debug-webassembly-wasm32/MarkdownView-t.build/Objects-normal/wasm32/MarkupContent.o -o /host/spi-builder-workspace/.build/out/Intermediates.noindex/MarkdownView.build/Debug-webassembly-wasm32/MarkdownView-t.build/Objects-normal/wasm32/Array++.o -o /host/spi-builder-workspace/.build/out/Intermediates.noindex/MarkdownView.build/Debug-webassembly-wasm32/MarkdownView-t.build/Objects-normal/wasm32/Color++.o -index-unit-output-path /MarkdownView.build/Debug-webassembly-wasm32/MarkdownView-t.build/Objects-normal/wasm32/MarkupContent.o -index-unit-output-path /MarkdownView.build/Debug-webassembly-wasm32/MarkdownView-t.build/Objects-normal/wasm32/Array++.o -index-unit-output-path /MarkdownView.build/Debug-webassembly-wasm32/MarkdownView-t.build/Objects-normal/wasm32/Color++.o -index-store-path /host/spi-builder-workspace/.build/out -index-system-modules
error: SwiftCompile normal wasm32 /host/spi-builder-workspace/Sources/MarkdownView/Components/InlineCodeView.swift failed with a nonzero exit code. Command line:     cd /host
    builtin-SwiftPerFileCompile InlineCodeView.swift
error: SwiftCompile normal wasm32 /host/spi-builder-workspace/Sources/MarkdownView/Components/LinkView.swift failed with a nonzero exit code. Command line:     cd /host
    builtin-SwiftPerFileCompile LinkView.swift
error: SwiftCompile normal wasm32 /host/spi-builder-workspace/Sources/MarkdownView/Components/ListDepthKey.swift failed with a nonzero exit code. Command line:     cd /host
    builtin-SwiftPerFileCompile ListDepthKey.swift
error: SwiftCompile normal wasm32 /host/spi-builder-workspace/Sources/MarkdownView/Components/OrderedListView.swift failed with a nonzero exit code. Command line:     cd /host
    builtin-SwiftPerFileCompile OrderedListView.swift
/host/spi-builder-workspace/Sources/MarkdownView/Components/BlockDirectiveView.swift:6:8: error: no such module 'SwiftUI'
 4 |
 5 | import Markdown
 6 | import SwiftUI
   |        `- error: no such module 'SwiftUI'
 7 |
 8 | public struct BlockDirectiveView: View {
Failed frontend command:
/usr/bin/swift-frontend -frontend -c /host/spi-builder-workspace/Sources/MarkdownView/Components/BlockDirectiveView.swift /host/spi-builder-workspace/Sources/MarkdownView/Components/BlockQuoteView.swift /host/spi-builder-workspace/Sources/MarkdownView/Components/CodeBlockView.swift /host/spi-builder-workspace/Sources/MarkdownView/Components/CustomRoundedRectangle.swift /host/spi-builder-workspace/Sources/MarkdownView/Components/DoxygenAbstractView.swift /host/spi-builder-workspace/Sources/MarkdownView/Components/DoxygenDiscussionView.swift /host/spi-builder-workspace/Sources/MarkdownView/Components/DoxygenNoteView.swift /host/spi-builder-workspace/Sources/MarkdownView/Components/DoxygenParameterView.swift /host/spi-builder-workspace/Sources/MarkdownView/Components/DoxygenReturnsView.swift /host/spi-builder-workspace/Sources/MarkdownView/Components/FlowLayout.swift /host/spi-builder-workspace/Sources/MarkdownView/Components/HTMLView.swift /host/spi-builder-workspace/Sources/MarkdownView/Components/HeadingView.swift -primary-file /host/spi-builder-workspace/Sources/MarkdownView/Components/InlineCodeView.swift -primary-file /host/spi-builder-workspace/Sources/MarkdownView/Components/LinkView.swift -primary-file /host/spi-builder-workspace/Sources/MarkdownView/Components/ListDepthKey.swift -primary-file /host/spi-builder-workspace/Sources/MarkdownView/Components/OrderedListView.swift /host/spi-builder-workspace/Sources/MarkdownView/Components/TableView.swift /host/spi-builder-workspace/Sources/MarkdownView/Components/UnorderedListView.swift /host/spi-builder-workspace/Sources/MarkdownView/Contents/InlineMarkupContent.swift /host/spi-builder-workspace/Sources/MarkdownView/Contents/ListItemContent.swift /host/spi-builder-workspace/Sources/MarkdownView/Contents/MarkupContent.swift /host/spi-builder-workspace/Sources/MarkdownView/Extension/Array++.swift /host/spi-builder-workspace/Sources/MarkdownView/Extension/Color++.swift /host/spi-builder-workspace/Sources/MarkdownView/Extension/View++.swift /host/spi-builder-workspace/Sources/MarkdownView/InlineMarkupContentView.swift /host/spi-builder-workspace/Sources/MarkdownView/MarkdownView.swift /host/spi-builder-workspace/Sources/MarkdownView/MarkupContentView.swift /host/spi-builder-workspace/Sources/MarkdownView/Parse/MarkdownViewParser.swift /host/spi-builder-workspace/Sources/MarkdownView/Parse/MultiContentParser.swift -supplementary-output-file-map /host/spi-builder-workspace/.build/out/Intermediates.noindex/MarkdownView.build/Debug-webassembly-wasm32/MarkdownView-t.build/Objects-normal/wasm32/supplementaryOutputs-20 -target wasm32-unknown-wasip1 -disable-objc-interop -sdk /root/.swiftpm/swift-sdks/swift-6.4.x-DEVELOPMENT-SNAPSHOT-2026-09-04-a_wasm.artifactbundle/swift-6.4.x-DEVELOPMENT-SNAPSHOT-2026-09-04-a_wasm/wasm32-unknown-wasip1/WASI.sdk -sysroot /root/.swiftpm/swift-sdks/swift-6.4.x-DEVELOPMENT-SNAPSHOT-2026-09-04-a_wasm.artifactbundle/swift-6.4.x-DEVELOPMENT-SNAPSHOT-2026-09-04-a_wasm/wasm32-unknown-wasip1/WASI.sdk -I /host/spi-builder-workspace/.build/out/Products/Debug-webassembly-wasm32 -module-cache-path /host/spi-builder-workspace/.build/out/ModuleCache.noindex -color-diagnostics -Xcc -fcolor-diagnostics -enable-testing -g -debug-info-format\=dwarf -dwarf-version\=4 -swift-version 6 -Onone -D SWIFT_PACKAGE -D DEBUG -D SWIFT_MODULE_RESOURCE_BUNDLE_UNAVAILABLE -D Xcode -serialize-debugging-options -enable-experimental-feature DebugDescriptionMacro -empty-abi-descriptor -external-plugin-path /usr/lib/swift/host/plugins/testing\#/usr/bin/swift-plugin-server -validate-clang-modules-once -clang-build-session-file /host/spi-builder-workspace/.build/out/ModuleCache.noindex/Session.modulevalidation -Xcc -working-directory -Xcc /host -resource-dir /root/.swiftpm/swift-sdks/swift-6.4.x-DEVELOPMENT-SNAPSHOT-2026-09-04-a_wasm.artifactbundle/swift-6.4.x-DEVELOPMENT-SNAPSHOT-2026-09-04-a_wasm/wasm32-unknown-wasip1/swift.xctoolchain/usr/lib/swift_static -use-static-resource-dir -enable-anonymous-context-mangled-names -file-compilation-dir /host -Xcc -resource-dir -Xcc /root/.swiftpm/swift-sdks/swift-6.4.x-DEVELOPMENT-SNAPSHOT-2026-09-04-a_wasm.artifactbundle/swift-6.4.x-DEVELOPMENT-SNAPSHOT-2026-09-04-a_wasm/wasm32-unknown-wasip1/swift.xctoolchain/usr/lib/swift_static/clang -Xcc -fmodule-map-file\=/host/spi-builder-workspace/.build/checkouts/swift-cmark/src/include/module.modulemap -Xcc -fmodule-map-file\=/host/spi-builder-workspace/.build/checkouts/swift-cmark/extensions/include/module.modulemap -Xcc -fmodule-map-file\=/host/spi-builder-workspace/.build/checkouts/swift-markdown/Sources/CAtomic/include/module.modulemap -Xcc -fmodule-map-file\=/host/spi-builder-workspace/.build/checkouts/swift-numerics/Sources/_NumericsShims/include/module.modulemap -Xcc -D_LIBCPP_HARDENING_MODE\=_LIBCPP_HARDENING_MODE_DEBUG -Xcc -fmodules-prune-interval\=86400 -Xcc -fmodules-prune-after\=345600 -Xcc -I/host/spi-builder-workspace/.build/checkouts/swift-cmark/src/include -Xcc -I/host/spi-builder-workspace/.build/checkouts/swift-cmark/extensions/include -Xcc -I/host/spi-builder-workspace/.build/checkouts/swift-markdown/Sources/CAtomic/include -Xcc -I/host/spi-builder-workspace/.build/checkouts/swift-numerics/Sources/_NumericsShims/include -Xcc -I/host/spi-builder-workspace/.build/out/Products/Debug-webassembly-wasm32/include -Xcc -I/host/spi-builder-workspace/.build/out/Intermediates.noindex/MarkdownView.build/Debug-webassembly-wasm32/MarkdownView-t.build/DerivedSources-normal/wasm32 -Xcc -I/host/spi-builder-workspace/.build/out/Intermediates.noindex/MarkdownView.build/Debug-webassembly-wasm32/MarkdownView-t.build/DerivedSources/wasm32 -Xcc -I/host/spi-builder-workspace/.build/out/Intermediates.noindex/MarkdownView.build/Debug-webassembly-wasm32/MarkdownView-t.build/DerivedSources -Xcc -DSWIFT_PACKAGE -Xcc -DDEBUG\=1 -no-auto-bridging-header-chaining -module-name MarkdownView -package-name spi_builder_workspace -const-gather-protocols-file /host/spi-builder-workspace/.build/out/Intermediates.noindex/MarkdownView.build/Debug-webassembly-wasm32/MarkdownView-t.build/Objects-normal/wasm32/MarkdownView_const_extract_protocols.json -in-process-plugin-server-path /usr/lib/swift/host/libSwiftInProcPluginServer.so -plugin-path /usr/lib/swift/host/plugins -plugin-path /usr/local/lib/swift/host/plugins -parse-as-library -o /host/spi-builder-workspace/.build/out/Intermediates.noindex/MarkdownView.build/Debug-webassembly-wasm32/MarkdownView-t.build/Objects-normal/wasm32/InlineCodeView.o -o /host/spi-builder-workspace/.build/out/Intermediates.noindex/MarkdownView.build/Debug-webassembly-wasm32/MarkdownView-t.build/Objects-normal/wasm32/LinkView.o -o /host/spi-builder-workspace/.build/out/Intermediates.noindex/MarkdownView.build/Debug-webassembly-wasm32/MarkdownView-t.build/Objects-normal/wasm32/ListDepthKey.o -o /host/spi-builder-workspace/.build/out/Intermediates.noindex/MarkdownView.build/Debug-webassembly-wasm32/MarkdownView-t.build/Objects-normal/wasm32/OrderedListView.o -index-unit-output-path /MarkdownView.build/Debug-webassembly-wasm32/MarkdownView-t.build/Objects-normal/wasm32/InlineCodeView.o -index-unit-output-path /MarkdownView.build/Debug-webassembly-wasm32/MarkdownView-t.build/Objects-normal/wasm32/LinkView.o -index-unit-output-path /MarkdownView.build/Debug-webassembly-wasm32/MarkdownView-t.build/Objects-normal/wasm32/ListDepthKey.o -index-unit-output-path /MarkdownView.build/Debug-webassembly-wasm32/MarkdownView-t.build/Objects-normal/wasm32/OrderedListView.o -index-store-path /host/spi-builder-workspace/.build/out -index-system-modules
error: Build failed
BUILD FAILURE 6.4 wasm