The Swift Package Index logo.Swift Package Index

Build Information

Failed to build RequestSpec, reference 0.2.0 (f3727f), with Swift 6.4 for Wasm on 23 Sep 2026 10:04:58 UTC.

Build Command

bash -c docker run --pull=always --rm -v "checkouts-54344843-0":/host -w "$PWD" -e JAVA_HOME="/root/.sdkman/candidates/java/current" -e SPI_BUILD="1" -e SPI_PROCESSING="1" registry.gitlab.com/saguaro1/spi-images:wasm-6.4-latest swift build --swift-sdk swift-6.4.x-DEVELOPMENT-SNAPSHOT-2026-09-04-a_wasm 2>&1

Build Log

========================================
RunAll
========================================
Builder version: 5.1.0
Interrupt handler set up.
========================================
Checkout
========================================
Clone URL: https://github.com/ibrahimcetin/RequestSpec.git
Reference: 0.2.0
Initialized empty Git repository in /host/spi-builder-workspace/.git/
hint: Using 'master' as the name for the initial branch. This default branch name
hint: is subject to change. To configure the initial branch name to use in all
hint: of your new repositories, which will suppress this warning, call:
hint:
hint: 	git config --global init.defaultBranch <name>
hint:
hint: Names commonly chosen instead of 'master' are 'main', 'trunk' and
hint: 'development'. The just-created branch can be renamed via this command:
hint:
hint: 	git branch -m <name>
From https://github.com/ibrahimcetin/RequestSpec
 * tag               0.2.0      -> FETCH_HEAD
HEAD is now at f3727f1 Update README
Cloned https://github.com/ibrahimcetin/RequestSpec.git
Revision (git rev-parse @):
f3727f191a751f430f4cae64a0c642686955a859
SPI manifest file found: $PWD/.spi.yml
SUCCESS checkout https://github.com/ibrahimcetin/RequestSpec.git at 0.2.0
========================================
Build
========================================
Selected platform:         wasm
Swift version:             6.4
Building package at path:  $PWD
https://github.com/ibrahimcetin/RequestSpec.git
Running build ...
bash -c docker run --pull=always --rm -v "checkouts-54344843-0":/host -w "$PWD" -e JAVA_HOME="/root/.sdkman/candidates/java/current" -e SPI_BUILD="1" -e SPI_PROCESSING="1" registry.gitlab.com/saguaro1/spi-images:wasm-6.4-latest swift build --swift-sdk swift-6.4.x-DEVELOPMENT-SNAPSHOT-2026-09-04-a_wasm 2>&1
wasm-6.4-latest: Pulling from saguaro1/spi-images
Digest: sha256:4328fdb43c680d205c1d6761b1e3267aa38277eefdda9ddfb17b6a0f1a77857a
Status: Image is up to date for registry.gitlab.com/saguaro1/spi-images:wasm-6.4-latest
Building for debugging...
[Planning deferred tasks]
[27 / 35] RequestSpec
error: SwiftCompile normal wasm32 failed with a nonzero exit code. Command line:     cd /host

/host/spi-builder-workspace/Sources/RequestSpec/Core/HTTPResponse.swift:55:34: error: 'HTTPURLResponse' is unavailable: This type has moved to the FoundationNetworking module. Import that module to use it.
 53 |     ///
 54 |     /// Use this property to access additional HTTP response information not exposed by other properties.
 55 |     public let originalResponse: HTTPURLResponse
    |                                  `- error: 'HTTPURLResponse' is unavailable: This type has moved to the FoundationNetworking module. Import that module to use it.
 56 |
 57 |     /// Creates an HTTP response with the decoded body and original HTTP response.
Foundation.HTTPURLResponse:2:18: note: 'HTTPURLResponse' has been explicitly marked unavailable here
1 | @available(*, unavailable, message: "This type has moved to the FoundationNetworking module. Import that module to use it.")
2 | public typealias HTTPURLResponse = AnyObject
  |                  `- note: 'HTTPURLResponse' has been explicitly marked unavailable here
/host/spi-builder-workspace/Sources/RequestSpec/Core/HTTPResponse.swift:62:47: error: 'HTTPURLResponse' is unavailable: This type has moved to the FoundationNetworking module. Import that module to use it.
 60 |     ///   - body: The decoded response body
 61 |     ///   - originalResponse: The original `HTTPURLResponse` from the network request
 62 |     public init(body: Body, originalResponse: HTTPURLResponse) {
    |                                               `- error: 'HTTPURLResponse' is unavailable: This type has moved to the FoundationNetworking module. Import that module to use it.
 63 |         self.body = body
 64 |         self.originalResponse = originalResponse
Foundation.HTTPURLResponse:2:18: note: 'HTTPURLResponse' has been explicitly marked unavailable here
1 | @available(*, unavailable, message: "This type has moved to the FoundationNetworking module. Import that module to use it.")
2 | public typealias HTTPURLResponse = AnyObject
  |                  `- note: 'HTTPURLResponse' has been explicitly marked unavailable here
/host/spi-builder-workspace/Sources/RequestSpec/Core/HTTPResponse.swift:55:16: error: stored property 'originalResponse' of 'Sendable'-conforming generic struct 'HTTPResponse' has non-Sendable type 'AnyObject'
 53 |     ///
 54 |     /// Use this property to access additional HTTP response information not exposed by other properties.
 55 |     public let originalResponse: HTTPURLResponse
    |                `- error: stored property 'originalResponse' of 'Sendable'-conforming generic struct 'HTTPResponse' has non-Sendable type 'AnyObject'
 56 |
 57 |     /// Creates an HTTP response with the decoded body and original HTTP response.
/host/spi-builder-workspace/Sources/RequestSpec/Core/NetworkService/NetworkService.swift:91:18: error: 'URLSession' is unavailable: This type has moved to the FoundationNetworking module. Import that module to use it.
 89 |     /// A default implementation is provided that uses `URLSession.shared`. Override this
 90 |     /// to customize session configuration, add delegates, or modify networking behavior.
 91 |     var session: URLSession { get }
    |                  `- error: 'URLSession' is unavailable: This type has moved to the FoundationNetworking module. Import that module to use it.
 92 |
 93 |     /// The decoder used to decode response bodies.
Foundation.URLSession:2:18: note: 'URLSession' has been explicitly marked unavailable here
1 | @available(*, unavailable, message: "This type has moved to the FoundationNetworking module. Import that module to use it.")
2 | public typealias URLSession = AnyObject
  |                  `- note: 'URLSession' has been explicitly marked unavailable here
/host/spi-builder-workspace/Sources/RequestSpec/Core/NetworkService/NetworkService.swift:127:25: error: 'URLSession' is unavailable: This type has moved to the FoundationNetworking module. Import that module to use it.
125 |     ///
126 |     /// Override this property in your conforming type to provide a custom session configuration.
127 |     public var session: URLSession {
    |                         `- error: 'URLSession' is unavailable: This type has moved to the FoundationNetworking module. Import that module to use it.
128 |         URLSession.shared
129 |     }
Foundation.URLSession:2:18: note: 'URLSession' has been explicitly marked unavailable here
1 | @available(*, unavailable, message: "This type has moved to the FoundationNetworking module. Import that module to use it.")
2 | public typealias URLSession = AnyObject
  |                  `- note: 'URLSession' has been explicitly marked unavailable here
/host/spi-builder-workspace/Sources/RequestSpec/Core/NetworkService/NetworkService.swift:147:66: error: 'URLResponse' is unavailable: This type has moved to the FoundationNetworking module. Import that module to use it.
145 |     /// - Returns: A tuple containing the response data and the `URLResponse`
146 |     /// - Throws: Errors from URL construction or network execution
147 |     func data<R: Request>(for request: R) async throws -> (Data, URLResponse) {
    |                                                                  `- error: 'URLResponse' is unavailable: This type has moved to the FoundationNetworking module. Import that module to use it.
148 |         let urlRequest = try request.urlRequest(baseURL: baseURL)
149 |         return try await session.data(for: urlRequest)
Foundation.URLResponse:2:18: note: 'URLResponse' has been explicitly marked unavailable here
1 | @available(*, unavailable, message: "This type has moved to the FoundationNetworking module. Import that module to use it.")
2 | public typealias URLResponse = AnyObject
  |                  `- note: 'URLResponse' has been explicitly marked unavailable here
/host/spi-builder-workspace/Sources/RequestSpec/Core/Request/Request+Modifiers.swift:216:39: error: cannot find type 'URLRequest' in scope
214 |     ///
215 |     /// - Note: This method returns a copy of the request, allowing for method chaining.
216 |     public func cachePolicy(_ policy: URLRequest.CachePolicy) -> Self {
    |                                       `- error: cannot find type 'URLRequest' in scope
217 |         var copy = self
218 |         copy.components.cachePolicy = policy
/host/spi-builder-workspace/Sources/RequestSpec/Core/Request/Request.swift:105:70: error: cannot find type 'URLRequest' in scope
103 |     /// - Returns: A fully configured `URLRequest` ready to be executed
104 |     /// - Throws: ``RequestSpecError/invalidURL`` if the URL cannot be constructed from the components
105 |     public func urlRequest(baseURL: URL) throws(RequestSpecError) -> URLRequest {
    |                                                                      `- error: cannot find type 'URLRequest' in scope
106 |         // Build URL
107 |         guard var urlComponents = URLComponents(url: baseURL, resolvingAgainstBaseURL: false) else {
/host/spi-builder-workspace/Sources/RequestSpec/Core/Request/RequestComponents.swift:40:29: error: cannot find type 'URLRequest' in scope
38 |     ///
39 |     /// Determines how the request interacts with the URL cache system.
40 |     public var cachePolicy: URLRequest.CachePolicy
   |                             `- error: cannot find type 'URLRequest' in scope
41 |
42 |     /// Whether the request can use cellular network access.
/host/spi-builder-workspace/Sources/RequestSpec/Core/Request/RequestComponents.swift:63:22: error: cannot find type 'URLRequest' in scope
61 |         body: Data? = nil,
62 |         timeout: TimeInterval = 60,
63 |         cachePolicy: URLRequest.CachePolicy = .useProtocolCachePolicy,
   |                      `- error: cannot find type 'URLRequest' in scope
64 |         allowsCellularAccess: Bool = true
65 |     ) {
/host/spi-builder-workspace/Sources/RequestSpec/Core/Request/RequestSpec.swift:102:70: error: cannot find type 'URLRequest' in scope
100 |     ///
101 |     /// - Note: This is a shortcut for ``Request/urlRequest(baseURL:)`` method.
102 |     public func urlRequest(baseURL: URL) throws(RequestSpecError) -> URLRequest {
    |                                                                      `- error: cannot find type 'URLRequest' in scope
103 |         try self.request.urlRequest(baseURL: baseURL)
104 |     }
Failed frontend command:
/usr/bin/swift-frontend -frontend -emit-module -experimental-skip-non-inlinable-function-bodies-without-types /host/spi-builder-workspace/Sources/RequestSpec/Core/HTTPMethod.swift /host/spi-builder-workspace/Sources/RequestSpec/Core/HTTPResponse.swift /host/spi-builder-workspace/Sources/RequestSpec/Core/NetworkService/NetworkService.swift /host/spi-builder-workspace/Sources/RequestSpec/Core/Request/Request+Modifiers.swift /host/spi-builder-workspace/Sources/RequestSpec/Core/Request/Request.swift /host/spi-builder-workspace/Sources/RequestSpec/Core/Request/RequestComponents.swift /host/spi-builder-workspace/Sources/RequestSpec/Core/Request/RequestSpec.swift /host/spi-builder-workspace/Sources/RequestSpec/DSL/Builders/BodyBuilder.swift /host/spi-builder-workspace/Sources/RequestSpec/DSL/Builders/HeadersBuilder.swift /host/spi-builder-workspace/Sources/RequestSpec/DSL/Builders/QueryItemsBuilder.swift /host/spi-builder-workspace/Sources/RequestSpec/DSL/Headers.swift /host/spi-builder-workspace/Sources/RequestSpec/DSL/QueryItem.swift /host/spi-builder-workspace/Sources/RequestSpec/Methods/Delete.swift /host/spi-builder-workspace/Sources/RequestSpec/Methods/Get.swift /host/spi-builder-workspace/Sources/RequestSpec/Methods/Head.swift /host/spi-builder-workspace/Sources/RequestSpec/Methods/Options.swift /host/spi-builder-workspace/Sources/RequestSpec/Methods/Patch.swift /host/spi-builder-workspace/Sources/RequestSpec/Methods/Post.swift /host/spi-builder-workspace/Sources/RequestSpec/Methods/Put.swift /host/spi-builder-workspace/Sources/RequestSpec/Supporting/Decoder.swift /host/spi-builder-workspace/Sources/RequestSpec/Supporting/Encoder.swift /host/spi-builder-workspace/Sources/RequestSpec/Supporting/Error.swift -target wasm32-unknown-wasip1 -disable-objc-interop -sdk /root/.swiftpm/swift-sdks/swift-6.4.x-DEVELOPMENT-SNAPSHOT-2026-09-04-a_wasm.artifactbundle/swift-6.4.x-DEVELOPMENT-SNAPSHOT-2026-09-04-a_wasm/wasm32-unknown-wasip1/WASI.sdk -sysroot /root/.swiftpm/swift-sdks/swift-6.4.x-DEVELOPMENT-SNAPSHOT-2026-09-04-a_wasm.artifactbundle/swift-6.4.x-DEVELOPMENT-SNAPSHOT-2026-09-04-a_wasm/wasm32-unknown-wasip1/WASI.sdk -I /host/spi-builder-workspace/.build/out/Products/Debug-webassembly-wasm32 -module-cache-path /host/spi-builder-workspace/.build/out/ModuleCache.noindex -color-diagnostics -Xcc -fcolor-diagnostics -enable-testing -g -debug-info-format\=dwarf -dwarf-version\=4 -swift-version 6 -Onone -D SWIFT_PACKAGE -D DEBUG -D SWIFT_MODULE_RESOURCE_BUNDLE_UNAVAILABLE -D Xcode -serialize-debugging-options -enable-experimental-feature DebugDescriptionMacro -empty-abi-descriptor -external-plugin-path /usr/lib/swift/host/plugins/testing\#/usr/bin/swift-plugin-server -validate-clang-modules-once -clang-build-session-file /host/spi-builder-workspace/.build/out/ModuleCache.noindex/Session.modulevalidation -Xcc -working-directory -Xcc /host -resource-dir /root/.swiftpm/swift-sdks/swift-6.4.x-DEVELOPMENT-SNAPSHOT-2026-09-04-a_wasm.artifactbundle/swift-6.4.x-DEVELOPMENT-SNAPSHOT-2026-09-04-a_wasm/wasm32-unknown-wasip1/swift.xctoolchain/usr/lib/swift_static -use-static-resource-dir -enable-anonymous-context-mangled-names -file-compilation-dir /host -Xcc -resource-dir -Xcc /root/.swiftpm/swift-sdks/swift-6.4.x-DEVELOPMENT-SNAPSHOT-2026-09-04-a_wasm.artifactbundle/swift-6.4.x-DEVELOPMENT-SNAPSHOT-2026-09-04-a_wasm/wasm32-unknown-wasip1/swift.xctoolchain/usr/lib/swift_static/clang -Xcc -D_LIBCPP_HARDENING_MODE\=_LIBCPP_HARDENING_MODE_DEBUG -Xcc -fmodules-prune-interval\=86400 -Xcc -fmodules-prune-after\=345600 -Xcc -I/host/spi-builder-workspace/.build/out/Products/Debug-webassembly-wasm32/include -Xcc -I/host/spi-builder-workspace/.build/out/Intermediates.noindex/RequestSpec.build/Debug-webassembly-wasm32/RequestSpec-t.build/DerivedSources-normal/wasm32 -Xcc -I/host/spi-builder-workspace/.build/out/Intermediates.noindex/RequestSpec.build/Debug-webassembly-wasm32/RequestSpec-t.build/DerivedSources/wasm32 -Xcc -I/host/spi-builder-workspace/.build/out/Intermediates.noindex/RequestSpec.build/Debug-webassembly-wasm32/RequestSpec-t.build/DerivedSources -Xcc -DSWIFT_PACKAGE -Xcc -DDEBUG\=1 -no-auto-bridging-header-chaining -module-name RequestSpec -package-name spi_builder_workspace -const-gather-protocols-file /host/spi-builder-workspace/.build/out/Intermediates.noindex/RequestSpec.build/Debug-webassembly-wasm32/RequestSpec-t.build/Objects-normal/wasm32/RequestSpec_const_extract_protocols.json -in-process-plugin-server-path /usr/lib/swift/host/libSwiftInProcPluginServer.so -plugin-path /usr/lib/swift/host/plugins -plugin-path /usr/local/lib/swift/host/plugins -emit-module-doc-path /host/spi-builder-workspace/.build/out/Intermediates.noindex/RequestSpec.build/Debug-webassembly-wasm32/RequestSpec-t.build/Objects-normal/wasm32/Modules/RequestSpec.swiftdoc -emit-module-source-info-path /host/spi-builder-workspace/.build/out/Intermediates.noindex/RequestSpec.build/Debug-webassembly-wasm32/RequestSpec-t.build/Objects-normal/wasm32/Modules/RequestSpec.swiftsourceinfo -emit-objc-header-path /host/spi-builder-workspace/.build/out/Intermediates.noindex/RequestSpec.build/Debug-webassembly-wasm32/RequestSpec-t.build/Objects-normal/wasm32/RequestSpec-Swift.h -serialize-diagnostics-path /host/spi-builder-workspace/.build/out/Intermediates.noindex/RequestSpec.build/Debug-webassembly-wasm32/RequestSpec-t.build/Objects-normal/wasm32/RequestSpec-primary-emit-module.dia -emit-dependencies-path /host/spi-builder-workspace/.build/out/Intermediates.noindex/RequestSpec.build/Debug-webassembly-wasm32/RequestSpec-t.build/Objects-normal/wasm32/RequestSpec-primary-emit-module.d -parse-as-library -o /host/spi-builder-workspace/.build/out/Intermediates.noindex/RequestSpec.build/Debug-webassembly-wasm32/RequestSpec-t.build/Objects-normal/wasm32/Modules/RequestSpec.swiftmodule
error: Build failed
BUILD FAILURE 6.4 wasm