The Swift Package Index logo.Swift Package Index

Build Information

Failed to build ASN1Kit, reference master (646605), with Swift 6.4 for Wasm on 23 Sep 2026 07:54:14 UTC.

Build Command

bash -c docker run --pull=always --rm -v "checkouts-54344844-0":/host -w "$PWD" -e JAVA_HOME="/root/.sdkman/candidates/java/current" -e SPI_BUILD="1" -e SPI_PROCESSING="1" registry.gitlab.com/saguaro1/spi-images:wasm-6.4-latest swift build --swift-sdk swift-6.4.x-DEVELOPMENT-SNAPSHOT-2026-09-04-a_wasm 2>&1

Build Log

========================================
RunAll
========================================
Builder version: 5.1.0
Interrupt handler set up.
========================================
Checkout
========================================
Clone URL: https://github.com/PADL/ASN1Kit.git
Reference: master
Initialized empty Git repository in /host/spi-builder-workspace/.git/
hint: Using 'master' as the name for the initial branch. This default branch name
hint: is subject to change. To configure the initial branch name to use in all
hint: of your new repositories, which will suppress this warning, call:
hint:
hint: 	git config --global init.defaultBranch <name>
hint:
hint: Names commonly chosen instead of 'master' are 'main', 'trunk' and
hint: 'development'. The just-created branch can be renamed via this command:
hint:
hint: 	git branch -m <name>
From https://github.com/PADL/ASN1Kit
 * branch            master     -> FETCH_HEAD
 * [new branch]      master     -> origin/master
HEAD is now at 6466059 replace Commandant dependency with swift-argument-parser
Cloned https://github.com/PADL/ASN1Kit.git
Revision (git rev-parse @):
6466059eb7134887cb510fb74ce246f859d8f9d6
SUCCESS checkout https://github.com/PADL/ASN1Kit.git at master
========================================
Build
========================================
Selected platform:         wasm
Swift version:             6.4
Building package at path:  $PWD
https://github.com/PADL/ASN1Kit.git
Running build ...
bash -c docker run --pull=always --rm -v "checkouts-54344844-0":/host -w "$PWD" -e JAVA_HOME="/root/.sdkman/candidates/java/current" -e SPI_BUILD="1" -e SPI_PROCESSING="1" registry.gitlab.com/saguaro1/spi-images:wasm-6.4-latest swift build --swift-sdk swift-6.4.x-DEVELOPMENT-SNAPSHOT-2026-09-04-a_wasm 2>&1
wasm-6.4-latest: Pulling from saguaro1/spi-images
Digest: sha256:4328fdb43c680d205c1d6761b1e3267aa38277eefdda9ddfb17b6a0f1a77857a
Status: Image is up to date for registry.gitlab.com/saguaro1/spi-images:wasm-6.4-latest
Fetching https://github.com/gematik/ref-GemCommonsKit
[1/415] Fetching ref-gemcommonskit
Fetched https://github.com/gematik/ref-GemCommonsKit (0.53s)
Fetching https://github.com/SwiftCommon/DataKit.git
Fetching http://github.com/Quick/Nimble
Fetching https://github.com/apple/swift-argument-parser
[1/1224] Fetching datakit
[1225/20142] Fetching datakit, swift-argument-parser
[2171/40128] Fetching datakit, swift-argument-parser, nimble
Fetched https://github.com/apple/swift-argument-parser (0.81s)
[5022/21210] Fetching datakit, nimble
Fetched https://github.com/SwiftCommon/DataKit.git (1.08s)
Fetched http://github.com/Quick/Nimble (1.09s)
Computing version for https://github.com/SwiftCommon/DataKit.git
Computed https://github.com/SwiftCommon/DataKit.git at 1.1.0 (1.28s)
Computing version for http://github.com/Quick/Nimble
Computed http://github.com/Quick/Nimble at 9.2.1 (0.19s)
Fetching https://github.com/mattgallagher/CwlPreconditionTesting.git
[1/1257] Fetching cwlpreconditiontesting
Fetched https://github.com/mattgallagher/CwlPreconditionTesting.git (0.47s)
Computing version for https://github.com/mattgallagher/CwlPreconditionTesting.git
Computed https://github.com/mattgallagher/CwlPreconditionTesting.git at 2.2.2 (0.66s)
Fetching https://github.com/mattgallagher/CwlCatchException.git
[1/460] Fetching cwlcatchexception
Fetched https://github.com/mattgallagher/CwlCatchException.git (0.43s)
Computing version for https://github.com/mattgallagher/CwlCatchException.git
Computed https://github.com/mattgallagher/CwlCatchException.git at 2.2.1 (0.63s)
Computing version for https://github.com/apple/swift-argument-parser
Computed https://github.com/apple/swift-argument-parser at 1.8.2 (0.20s)
Creating working copy for https://github.com/apple/swift-argument-parser
Working copy of https://github.com/apple/swift-argument-parser resolved at 1.8.2
Creating working copy for https://github.com/SwiftCommon/DataKit.git
Working copy of https://github.com/SwiftCommon/DataKit.git resolved at 1.1.0
Creating working copy for https://github.com/mattgallagher/CwlCatchException.git
Working copy of https://github.com/mattgallagher/CwlCatchException.git resolved at 2.2.1
Creating working copy for http://github.com/Quick/Nimble
Working copy of http://github.com/Quick/Nimble resolved at 9.2.1
Creating working copy for https://github.com/mattgallagher/CwlPreconditionTesting.git
Working copy of https://github.com/mattgallagher/CwlPreconditionTesting.git resolved at 2.2.2
Creating working copy for https://github.com/gematik/ref-GemCommonsKit
Working copy of https://github.com/gematik/ref-GemCommonsKit resolved at 1.2.0 (699ab9c)
Building for debugging...
[Constructing description]
[Planning deferred tasks]
[53 / 100] GemCommonsKit
[53 / 100] DataKit
error: SwiftCompile normal wasm32 failed with a nonzero exit code. Command line:     cd /host

/host/spi-builder-workspace/.build/checkouts/ref-GemCommonsKit/Sources/GemCommonsKit/BlockingVar.swift:32:23: error: cannot find type 'NSConditionLock' in scope
30 |
31 |     private var _value: T!
32 |     private let lock: NSConditionLock
   |                       `- error: cannot find type 'NSConditionLock' in scope
33 |
34 |     /// Initialize w/o value
/host/spi-builder-workspace/.build/checkouts/ref-GemCommonsKit/Sources/GemCommonsKit/Extension/Data+IO.swift:33:63: error: type 'Data.WritingOptions' has no member 'atomicWrite'
31 |         - Returns: Result of the write by returning the URL and self upon success.
32 |      */
33 |     public func save(to file: URL, options: WritingOptions = .atomicWrite) -> Result<WriteResult, Error> {
   |                                                               `- error: type 'Data.WritingOptions' has no member 'atomicWrite'
34 |         return Result {
35 |             try FileManager.default.createDirectory(at: file.deletingLastPathComponent(),
Failed frontend command:
/usr/bin/swift-frontend -frontend -emit-module -experimental-skip-non-inlinable-function-bodies-without-types /host/spi-builder-workspace/.build/checkouts/ref-GemCommonsKit/Sources/GemCommonsKit/AnyWrapper.swift /host/spi-builder-workspace/.build/checkouts/ref-GemCommonsKit/Sources/GemCommonsKit/BlockingVar.swift /host/spi-builder-workspace/.build/checkouts/ref-GemCommonsKit/Sources/GemCommonsKit/CommonError.swift /host/spi-builder-workspace/.build/checkouts/ref-GemCommonsKit/Sources/GemCommonsKit/DLog.swift /host/spi-builder-workspace/.build/checkouts/ref-GemCommonsKit/Sources/GemCommonsKit/Extension/Array+Data.swift /host/spi-builder-workspace/.build/checkouts/ref-GemCommonsKit/Sources/GemCommonsKit/Extension/Data+IO.swift /host/spi-builder-workspace/.build/checkouts/ref-GemCommonsKit/Sources/GemCommonsKit/Extension/Data+empty.swift /host/spi-builder-workspace/.build/checkouts/ref-GemCommonsKit/Sources/GemCommonsKit/Extension/String+Digits.swift /host/spi-builder-workspace/.build/checkouts/ref-GemCommonsKit/Sources/GemCommonsKit/Extension/Thread+Internal.swift /host/spi-builder-workspace/.build/checkouts/ref-GemCommonsKit/Sources/GemCommonsKit/ResourceLoader.swift /host/spi-builder-workspace/.build/checkouts/ref-GemCommonsKit/Sources/GemCommonsKit/Synchronized.swift /host/spi-builder-workspace/.build/checkouts/ref-GemCommonsKit/Sources/GemCommonsKit/SynchronizedVar.swift /host/spi-builder-workspace/.build/checkouts/ref-GemCommonsKit/Sources/GemCommonsKit/WeakArray.swift /host/spi-builder-workspace/.build/checkouts/ref-GemCommonsKit/Sources/GemCommonsKit/WeakRef.swift -target wasm32-unknown-wasip1 -disable-objc-interop -sdk /root/.swiftpm/swift-sdks/swift-6.4.x-DEVELOPMENT-SNAPSHOT-2026-09-04-a_wasm.artifactbundle/swift-6.4.x-DEVELOPMENT-SNAPSHOT-2026-09-04-a_wasm/wasm32-unknown-wasip1/WASI.sdk -sysroot /root/.swiftpm/swift-sdks/swift-6.4.x-DEVELOPMENT-SNAPSHOT-2026-09-04-a_wasm.artifactbundle/swift-6.4.x-DEVELOPMENT-SNAPSHOT-2026-09-04-a_wasm/wasm32-unknown-wasip1/WASI.sdk -I /host/spi-builder-workspace/.build/out/Products/Debug-webassembly-wasm32 -module-cache-path /host/spi-builder-workspace/.build/out/ModuleCache.noindex -color-diagnostics -Xcc -fcolor-diagnostics -enable-testing -g -debug-info-format\=dwarf -dwarf-version\=4 -suppress-warnings -swift-version 5 -Onone -D SWIFT_PACKAGE -D DEBUG -D SWIFT_MODULE_RESOURCE_BUNDLE_UNAVAILABLE -D Xcode -serialize-debugging-options -enable-experimental-feature DebugDescriptionMacro -empty-abi-descriptor -external-plugin-path /usr/lib/swift/host/plugins/testing\#/usr/bin/swift-plugin-server -validate-clang-modules-once -clang-build-session-file /host/spi-builder-workspace/.build/out/ModuleCache.noindex/Session.modulevalidation -Xcc -working-directory -Xcc /host -resource-dir /root/.swiftpm/swift-sdks/swift-6.4.x-DEVELOPMENT-SNAPSHOT-2026-09-04-a_wasm.artifactbundle/swift-6.4.x-DEVELOPMENT-SNAPSHOT-2026-09-04-a_wasm/wasm32-unknown-wasip1/swift.xctoolchain/usr/lib/swift_static -use-static-resource-dir -enable-anonymous-context-mangled-names -file-compilation-dir /host -Xcc -resource-dir -Xcc /root/.swiftpm/swift-sdks/swift-6.4.x-DEVELOPMENT-SNAPSHOT-2026-09-04-a_wasm.artifactbundle/swift-6.4.x-DEVELOPMENT-SNAPSHOT-2026-09-04-a_wasm/wasm32-unknown-wasip1/swift.xctoolchain/usr/lib/swift_static/clang -Xcc -D_LIBCPP_HARDENING_MODE\=_LIBCPP_HARDENING_MODE_DEBUG -Xcc -fmodules-prune-interval\=86400 -Xcc -fmodules-prune-after\=345600 -Xcc -I/host/spi-builder-workspace/.build/out/Products/Debug-webassembly-wasm32/include -Xcc -I/host/spi-builder-workspace/.build/out/Intermediates.noindex/GemCommonsKit.build/Debug-webassembly-wasm32/GemCommonsKit-t.build/DerivedSources-normal/wasm32 -Xcc -I/host/spi-builder-workspace/.build/out/Intermediates.noindex/GemCommonsKit.build/Debug-webassembly-wasm32/GemCommonsKit-t.build/DerivedSources/wasm32 -Xcc -I/host/spi-builder-workspace/.build/out/Intermediates.noindex/GemCommonsKit.build/Debug-webassembly-wasm32/GemCommonsKit-t.build/DerivedSources -Xcc -DSWIFT_PACKAGE -Xcc -DDEBUG\=1 -no-auto-bridging-header-chaining -module-name GemCommonsKit -const-gather-protocols-file /host/spi-builder-workspace/.build/out/Intermediates.noindex/GemCommonsKit.build/Debug-webassembly-wasm32/GemCommonsKit-t.build/Objects-normal/wasm32/GemCommonsKit_const_extract_protocols.json -in-process-plugin-server-path /usr/lib/swift/host/libSwiftInProcPluginServer.so -plugin-path /usr/lib/swift/host/plugins -plugin-path /usr/local/lib/swift/host/plugins -emit-module-doc-path /host/spi-builder-workspace/.build/out/Intermediates.noindex/GemCommonsKit.build/Debug-webassembly-wasm32/GemCommonsKit-t.build/Objects-normal/wasm32/Modules/GemCommonsKit.swiftdoc -emit-module-source-info-path /host/spi-builder-workspace/.build/out/Intermediates.noindex/GemCommonsKit.build/Debug-webassembly-wasm32/GemCommonsKit-t.build/Objects-normal/wasm32/Modules/GemCommonsKit.swiftsourceinfo -emit-objc-header-path /host/spi-builder-workspace/.build/out/Intermediates.noindex/GemCommonsKit.build/Debug-webassembly-wasm32/GemCommonsKit-t.build/Objects-normal/wasm32/GemCommonsKit-Swift.h -serialize-diagnostics-path /host/spi-builder-workspace/.build/out/Intermediates.noindex/GemCommonsKit.build/Debug-webassembly-wasm32/GemCommonsKit-t.build/Objects-normal/wasm32/GemCommonsKit-primary-emit-module.dia -emit-dependencies-path /host/spi-builder-workspace/.build/out/Intermediates.noindex/GemCommonsKit.build/Debug-webassembly-wasm32/GemCommonsKit-t.build/Objects-normal/wasm32/GemCommonsKit-primary-emit-module.d -parse-as-library -o /host/spi-builder-workspace/.build/out/Intermediates.noindex/GemCommonsKit.build/Debug-webassembly-wasm32/GemCommonsKit-t.build/Objects-normal/wasm32/Modules/GemCommonsKit.swiftmodule
error: Build failed
BUILD FAILURE 6.4 wasm