The Swift Package Index logo.Swift Package Index

Build Information

Failed to build asroutes, reference main (2e3dc1), with Swift 6.3 for Wasm on 9 Oct 2026 00:23:06 UTC.

Build Command

bash -c docker run --pull=always --rm -v "checkouts-54344845-1":/host -w "$PWD" -e JAVA_HOME="/root/.sdkman/candidates/java/current" -e SPI_BUILD="1" -e SPI_PROCESSING="1" registry.gitlab.com/saguaro1/spi-images:wasm-6.3-latest swift build --swift-sdk swift-6.3.2-RELEASE_wasm 2>&1

Build Log

========================================
RunAll
========================================
Builder version: 5.1.1
Interrupt handler set up.
========================================
Checkout
========================================
Clone URL: https://github.com/RouteObjects/asroutes.git
Reference: main
Initialized empty Git repository in /host/spi-builder-workspace/.git/
hint: Using 'master' as the name for the initial branch. This default branch name
hint: is subject to change. To configure the initial branch name to use in all
hint: of your new repositories, which will suppress this warning, call:
hint:
hint: 	git config --global init.defaultBranch <name>
hint:
hint: Names commonly chosen instead of 'master' are 'main', 'trunk' and
hint: 'development'. The just-created branch can be renamed via this command:
hint:
hint: 	git branch -m <name>
From https://github.com/RouteObjects/asroutes
 * branch            main       -> FETCH_HEAD
 * [new branch]      main       -> origin/main
HEAD is now at 2e3dc1f Merge pull request #11 from RouteObjects/dependabot/swift/github.com/apple/swift-nio-2.103.0
Cloned https://github.com/RouteObjects/asroutes.git
Revision (git rev-parse @):
2e3dc1feafdc921905739df9c755f44a97de467a
SPI manifest file found: $PWD/.spi.yml
SUCCESS checkout https://github.com/RouteObjects/asroutes.git at main
========================================
Build
========================================
Selected platform:         wasm
Swift version:             6.3
Building package at path:  $PWD
https://github.com/RouteObjects/asroutes.git
Running build ...
bash -c docker run --pull=always --rm -v "checkouts-54344845-1":/host -w "$PWD" -e JAVA_HOME="/root/.sdkman/candidates/java/current" -e SPI_BUILD="1" -e SPI_PROCESSING="1" registry.gitlab.com/saguaro1/spi-images:wasm-6.3-latest swift build --swift-sdk swift-6.3.2-RELEASE_wasm 2>&1
wasm-6.3-latest: Pulling from saguaro1/spi-images
Digest: sha256:df2e9038ff906af397ec7b7e13902ccb183f8867606bc33419e44453a9abdb4b
Status: Image is up to date for registry.gitlab.com/saguaro1/spi-images:wasm-6.3-latest
Fetching https://github.com/RouteObjects/swift-cidr.git
Fetching https://github.com/apple/swift-nio.git
Fetching https://github.com/apple/swift-argument-parser
[1/1054] Fetching swift-cidr
[1055/20150] Fetching swift-cidr, swift-argument-parser
[20151/106511] Fetching swift-cidr, swift-argument-parser, swift-nio
Fetched https://github.com/RouteObjects/swift-cidr.git from cache (5.25s)
Fetched https://github.com/apple/swift-argument-parser from cache (5.25s)
Fetched https://github.com/apple/swift-nio.git from cache (5.29s)
Computing version for https://github.com/RouteObjects/swift-cidr.git
Computed https://github.com/RouteObjects/swift-cidr.git at 0.7.1 (5.43s)
Computing version for https://github.com/apple/swift-argument-parser
Computed https://github.com/apple/swift-argument-parser at 1.8.2 (0.15s)
Computing version for https://github.com/apple/swift-nio.git
Computed https://github.com/apple/swift-nio.git at 2.104.0 (0.27s)
Fetching https://github.com/apple/swift-atomics.git
Fetching https://github.com/apple/swift-collections.git
Fetching https://github.com/apple/swift-system.git
[1/1885] Fetching swift-atomics
[1886/30504] Fetching swift-atomics, swift-collections
[1887/37745] Fetching swift-atomics, swift-collections, swift-system
Fetched https://github.com/apple/swift-atomics.git from cache (1.22s)
Fetched https://github.com/apple/swift-system.git from cache (1.22s)
Fetched https://github.com/apple/swift-collections.git from cache (1.23s)
Computing version for https://github.com/apple/swift-atomics.git
Computed https://github.com/apple/swift-atomics.git at 1.3.1 (1.39s)
Computing version for https://github.com/apple/swift-collections.git
Computed https://github.com/apple/swift-collections.git at 1.7.2 (0.23s)
Computing version for https://github.com/apple/swift-system.git
Computed https://github.com/apple/swift-system.git at 1.8.1 (0.17s)
Creating working copy for https://github.com/apple/swift-nio.git
Working copy of https://github.com/apple/swift-nio.git resolved at 2.104.0
Creating working copy for https://github.com/apple/swift-argument-parser
Working copy of https://github.com/apple/swift-argument-parser resolved at 1.8.2
Creating working copy for https://github.com/apple/swift-collections.git
Working copy of https://github.com/apple/swift-collections.git resolved at 1.7.2
Creating working copy for https://github.com/apple/swift-system.git
Working copy of https://github.com/apple/swift-system.git resolved at 1.8.1
Creating working copy for https://github.com/apple/swift-atomics.git
Working copy of https://github.com/apple/swift-atomics.git resolved at 1.3.1
Creating working copy for https://github.com/RouteObjects/swift-cidr.git
Working copy of https://github.com/RouteObjects/swift-cidr.git resolved at 0.7.1
[1/1] Compiling plugin GenerateManual
[2/2] Compiling plugin GenerateDoccReference
Building for debugging...
[2/47] Write sources
[11/47] Compiling CNIOWASI CNIOWASI.c
[12/47] Compiling CNIOWindows shim.c
[12/47] Compiling CNIOWindows WSAStartup.c
[14/47] Compiling CNIOLinux shim.c
[15/47] Compiling _AtomicsShims.c
[16/47] Compiling CNIOPosix event_loop_id.c
[17/47] Write sources
[17/47] Compiling CNIOOpenBSD shim.c
[19/47] Compiling CNIOLinux liburing_shims.c
[20/47] Write sources
[25/47] Compiling CNIODarwin shim.c
[26/47] Compiling CNIOFreeBSD shim.c
[27/47] Write swift-version-24593BA9C3E375BF.txt
[29/124] Emitting module CIDR
[30/124] Emitting module Atomics
[30/129] Compiling c-atomics.c
[31/129] Compiling c-nioatomics.c
[33/136] Emitting module NIOConcurrencyHelpers
[34/136] Emitting module InternalCollectionsUtilities
[35/136] Compiling CIDR AutonomousSystemNumber.swift
[36/136] Compiling CIDR CIDR.swift
[37/136] Compiling CIDR CIDRBlock.swift
[38/136] Compiling CIDR IPMulticast.swift
[39/139] Compiling CIDR AF+MAC.swift
[40/139] Compiling CIDR AddressFamily.swift
[41/139] Compiling CIDR AnyIP.swift
[42/139] Compiling CIDR CIDRTextStyle.swift
[43/139] Compiling InternalCollectionsUtilities _UnsafeBitSet+_Word.swift
[44/139] Compiling InternalCollectionsUtilities _UnsafeBitSet.swift
[45/139] Compiling CIDR AF+ASNParsing.swift
[46/139] Compiling CIDR AF+Formatting.swift
[47/139] Compiling CIDR AF+IPv4Parsing.swift
[48/139] Compiling CIDR IPv6ZeroSequenceFinder.swift
[49/139] Compiling CIDR NetworkPrefixRange.swift
[50/139] Compiling CIDR PrefixLength.swift
[51/139] Emitting module _NIOBase64
[52/139] Compiling _NIOBase64 Base64.swift
[53/139] Compiling CIDR IPNetwork.swift
[54/139] Compiling CIDR IPPrefix.swift
[58/140] Compiling CIDR FixedWidthInteger+NetworkMask.swift
[59/140] Compiling CIDR IPAddress+Octets.swift
[60/140] Compiling CIDR IPAddress.swift
[64/140] Compiling CIDR AF+IPv6Parsing.swift
[69/140] Compiling CIDR IPAddressCoverage.swift
[70/140] Compiling Atomics IntegerOperations.swift
[71/140] Compiling Atomics Unmanaged extensions.swift
[73/140] Compiling InternalCollectionsUtilities UnsafeRawBufferPointer+Extras.swift
[74/140] Compiling InternalCollectionsUtilities _SortedCollection.swift
[75/140] Compiling InternalCollectionsUtilities _UniqueCollection.swift
[77/140] Compiling InternalCollectionsUtilities UnsafeMutableRawBufferPointer+Extras.swift
[78/140] Compiling InternalCollectionsUtilities UnsafePointer+Extras.swift
[91/140] Compiling _NIODataStructures _TinyArray.swift
[100/140] Wrapping AST for _NIOBase64 for debugging
[103/142] Compiling _NIODataStructures PriorityQueue.swift
[117/143] Wrapping AST for CIDR for debugging
[118/143] Wrapping AST for Atomics for debugging
[119/145] Wrapping AST for InternalCollectionsUtilities for debugging
[121/147] Compiling SpanPreview OutputSpan+InputSpanHelpers.swift
[122/147] Compiling SpanPreview MutableSpan+InputSpanHelpers.swift
[123/147] Emitting module SpanPreview
[124/147] Compiling SpanPreview InputSpan.swift
[125/148] Compiling NIOConcurrencyHelpers NIOAtomic.swift
[126/148] Wrapping AST for SpanPreview for debugging
[128/148] Compiling ArgumentParserToolInfo ToolInfo.swift
[129/148] Emitting module ArgumentParserToolInfo
[131/150] Compiling NIOConcurrencyHelpers lock.swift
[132/191] Emitting module _NIODataStructures
[133/191] Compiling _NIODataStructures Heap.swift
[133/192] Wrapping AST for ArgumentParserToolInfo for debugging
[135/239] Wrapping AST for _NIODataStructures for debugging
[137/239] Compiling NIOConcurrencyHelpers NIOLockedValueBox.swift
[138/239] Compiling NIOConcurrencyHelpers NIOLock.swift
[139/239] Compiling NIOConcurrencyHelpers atomics.swift
[140/239] Compiling NIOConcurrencyHelpers NIOThreadPoolWorkAvailable.swift
[141/240] Compiling ArgumentParser CommandConfiguration.swift
[142/240] Compiling ArgumentParser CommandGroup.swift
[143/240] Compiling ArgumentParser EnumerableFlag.swift
[144/240] Compiling ArgumentParser ExpressibleByArgument.swift
[145/240] Compiling ArgumentParser ParsableArguments.swift
[146/240] Compiling ArgumentParser Name.swift
[147/245] Wrapping AST for NIOConcurrencyHelpers for debugging
[149/245] Compiling ArgumentParser Parsed.swift
[150/245] Compiling ArgumentParser ParsedValues.swift
[151/245] Compiling ArgumentParser ParserError.swift
[152/245] Compiling ArgumentParser SplitArguments.swift
[153/245] Compiling ArgumentParser DumpHelpGenerator.swift
[154/245] Compiling ArgumentParser Mutex.swift
[155/245] Compiling ArgumentParser UsageGenerator.swift
[156/245] Compiling ArgumentParser CollectionExtensions.swift
[157/245] Compiling ArgumentParser Foundation.swift
[158/245] Compiling ArgumentParser ParentCommand.swift
[159/245] Compiling ArgumentParser AsyncParsableCommand.swift
[160/245] Compiling ArgumentParser ArgumentHelp.swift
[161/245] Compiling ArgumentParser ArgumentVisibility.swift
[162/245] Compiling ArgumentParser CompletionKind.swift
[163/245] Compiling ArgumentParser Errors.swift
[164/245] Compiling ArgumentParser Flag.swift
[165/245] Compiling ArgumentParser NameSpecification.swift
[166/245] Compiling ArgumentParser BashCompletionsGenerator.swift
[167/245] Compiling ArgumentParser CompletionsGenerator.swift
[168/245] Compiling ArgumentParser FishCompletionsGenerator.swift
[169/245] Compiling ArgumentParser ZshCompletionsGenerator.swift
[170/245] Compiling ArgumentParser Argument.swift
[171/245] Compiling ArgumentParser ArgumentDiscussion.swift
[172/245] Compiling ArgumentParser CommandParser.swift
[173/245] Compiling ArgumentParser InputKey.swift
[174/245] Compiling ArgumentParser InputOrigin.swift
[175/245] Compiling ArgumentParser HelpCommand.swift
[176/245] Compiling ArgumentParser HelpGenerator.swift
[177/245] Compiling ArgumentParser MessageInfo.swift
[178/245] Compiling ArgumentParser Option.swift
[179/245] Compiling ArgumentParser OptionGroup.swift
[180/245] Compiling ArgumentParser ParsableCommand.swift
[181/245] Compiling ArgumentParser ArgumentDecoder.swift
[182/245] Compiling ArgumentParser ArgumentDefinition.swift
[183/245] Compiling ArgumentParser ArgumentSet.swift
[184/245] Emitting module ArgumentParser
[186/251] Compiling DequeModule UniqueDeque+Replacements.swift
[187/251] Compiling DequeModule UniqueDeque.swift
[188/251] Compiling DequeModule _DequeSlot.swift
[189/251] Compiling DequeModule _UnsafeDequeHandle.swift
[190/251] Compiling DequeModule _UnsafeDequeSegments.swift
[197/251] Emitting module DequeModule
[205/251] Compiling ArgumentParser AsyncCompletionsValidator.swift
[206/251] Compiling ArgumentParser CodingKeyValidator.swift
[207/251] Compiling ArgumentParser NonsenseFlagsValidator.swift
[208/251] Compiling ArgumentParser ParsableArgumentsValidation.swift
[209/251] Compiling ArgumentParser PositionalArgumentsValidator.swift
[210/251] Compiling ArgumentParser UniqueNamesValidator.swift
[216/252] Wrapping AST for DequeModule for debugging
[218/316] Compiling NIOCore ByteBuffer-int.swift
[219/316] Compiling NIOCore ByteBuffer-lengthPrefix.swift
[220/316] Compiling NIOCore AddressedEnvelope.swift
[221/316] Compiling NIOCore AsyncAwaitSupport.swift
[222/316] Compiling NIOCore AsyncChannel.swift
[223/316] Compiling NIOCore AsyncChannelHandler.swift
[224/316] Compiling NIOCore AsyncChannelInboundStream.swift
[225/316] Compiling NIOCore Channel.swift
[226/316] Compiling NIOCore ChannelHandler.swift
[227/316] Compiling NIOCore ChannelHandlers.swift
[228/316] Compiling NIOCore ChannelInvoker.swift
[229/316] Compiling NIOCore ChannelOption.swift
[230/316] Compiling NIOCore ChannelPipeline.swift
[231/316] Compiling NIOCore NIOThrowingAsyncSequenceProducer.swift
[232/316] Compiling NIOCore BSDSocketAPI.swift
[233/316] Compiling NIOCore ByteBuffer-aux.swift
[234/316] Compiling NIOCore ByteBuffer-binaryEncodedLengthPrefix.swift
[235/316] Compiling NIOCore ByteBuffer-conversions.swift
[236/316] Compiling NIOCore ByteBuffer-core.swift
[237/316] Compiling NIOCore ByteBuffer-hex.swift
[238/316] Compiling NIOCore AsyncChannelOutboundWriter.swift
[239/316] Compiling NIOCore NIOAsyncSequenceProducer.swift
[240/316] Compiling NIOCore NIOAsyncSequenceProducerStrategies.swift
[241/316] Compiling NIOCore NIOAsyncWriter.swift
[242/316] Compiling NIOCore ByteBuffer-multi-int.swift
[243/316] Compiling NIOCore ByteBuffer-quicBinaryEncodingStrategy.swift
[244/316] Compiling NIOCore ByteBuffer-views.swift
[245/317] Wrapping AST for ArgumentParser for debugging
[247/317] Compiling NIOCore IPProtocol.swift
[248/317] Compiling NIOCore IntegerBitPacking.swift
[249/317] Compiling NIOCore IntegerTypes.swift
[250/317] Compiling NIOCore Interfaces.swift
[251/317] Compiling NIOCore Linux.swift
[252/317] Compiling NIOCore MarkedCircularBuffer.swift
[253/317] Compiling NIOCore MulticastChannel.swift
[254/317] Compiling NIOCore NIOAny.swift
[255/317] Compiling NIOCore NIOCloseOnErrorHandler.swift
[256/325] Compiling NIOCore NIOCoreSendableMetatype.swift
[257/325] Compiling NIOCore NIODecodedAsyncSequence.swift
[258/325] Compiling NIOCore NIOLoopBound.swift
[259/325] Compiling NIOCore NIOPooledRecvBufferAllocator.swift
[260/325] Compiling NIOCore NIOScheduledCallback.swift
[261/325] Compiling NIOCore NIOSendable.swift
[262/325] Compiling NIOCore NIOSplitLinesMessageDecoder.swift
[263/325] Compiling NIOCore NIOTransportAccessibleChannelCore.swift
[264/325] Compiling NIOCore RecvByteBufferAllocator.swift
[265/325] Compiling NIOCore EventLoopFuture+Deprecated.swift
[266/325] Compiling NIOCore EventLoopFuture+WithEventLoop.swift
[267/325] Compiling NIOCore EventLoopFuture.swift
[268/325] Compiling NIOCore FileDescriptor.swift
[269/325] Compiling NIOCore FileHandle.swift
[270/325] Compiling NIOCore FileRegion.swift
[271/325] Compiling NIOCore GlobalSingletons.swift
[272/325] Compiling NIOCore IO.swift
[273/325] Compiling NIOCore IOData.swift
[274/325] Compiling NIOCore CircularBuffer.swift
[275/325] Compiling NIOCore Codec.swift
[276/325] Compiling NIOCore ConvenienceOptionSupport.swift
[277/325] Compiling NIOCore DeadChannel.swift
[278/325] Compiling NIOCore DispatchQueue+WithFuture.swift
[279/325] Compiling NIOCore EventLoop+Deprecated.swift
[280/325] Compiling NIOCore EventLoop+SerialExecutor.swift
[281/325] Compiling NIOCore EventLoop.swift
[282/325] Compiling NIOCore EventLoopFuture+AssumeIsolated.swift
[283/325] Compiling NIOCore SingleStepByteToMessageDecoder.swift
[284/325] Compiling NIOCore SocketAddresses.swift
[285/325] Compiling NIOCore SocketOptionProvider.swift
[286/325] Compiling NIOCore SystemCallHelpers.swift
[287/325] Compiling NIOCore TimeAmount+Duration.swift
[288/325] Compiling NIOCore TypeAssistedChannelHandler.swift
[289/325] Compiling NIOCore UniversalBootstrapSupport.swift
[290/325] Compiling NIOCore Utilities.swift
[300/325] Emitting module NIOCore
[319/326] Wrapping AST for NIOCore for debugging
[321/376] Compiling NIOPosix Selectable.swift
[322/376] Compiling NIOPosix SelectableChannel.swift
[323/376] Compiling NIOPosix SelectableEventLoop.swift
[324/376] Compiling NIOPosix SelectorEpoll.swift
[325/376] Compiling NIOPosix SelectorGeneric.swift
[326/376] Compiling NIOPosix SelectorKqueue.swift
[327/376] Compiling NIOPosix SelectorUring.swift
[328/376] Compiling NIOPosix MultiThreadedEventLoopGroup.swift
[329/376] Compiling NIOPosix NIOPosixSendableMetatype.swift
[330/376] Compiling NIOPosix NIORandomizedDNSResolver.swift
[331/376] Compiling NIOPosix NIOThreadPool.swift
[332/376] Compiling NIOPosix NonBlockingFileIO.swift
[333/376] Compiling NIOPosix PendingDatagramWritesManager.swift
[334/376] Compiling NIOPosix PendingWritesManager.swift
[335/383] Compiling NIOPosix BSDSocketAPICommon.swift
/host/spi-builder-workspace/.build/checkouts/swift-nio/Sources/NIOPosix/BaseSocketChannel+AccessibleTransport.swift:17:11: error: cannot find type 'BaseSocketChannel' in scope
15 | import NIOCore
16 |
17 | extension BaseSocketChannel where SocketType: BaseSocket {
   |           `- error: cannot find type 'BaseSocketChannel' in scope
18 |     /// The underlying transport type backing this channel.
19 |     typealias Transport = NIOBSDSocket.Handle
/host/spi-builder-workspace/.build/checkouts/swift-nio/Sources/NIOPosix/BaseSocketChannel+AccessibleTransport.swift:27:11: error: cannot find type 'BaseSocketChannel' in scope
25 | }
26 |
27 | extension BaseSocketChannel where SocketType: PipePair {
   |           `- error: cannot find type 'BaseSocketChannel' in scope
28 |     /// The underlying transport type backing this channel.
29 |     typealias Transport = NIOBSDSocket.PipeHandle
/host/spi-builder-workspace/.build/checkouts/swift-nio/Sources/NIOPosix/BaseSocketChannel+AccessibleTransport.swift:42:11: error: cannot find type 'SocketChannel' in scope
40 | }
41 |
42 | extension SocketChannel: NIOTransportAccessibleChannelCore {}
   |           `- error: cannot find type 'SocketChannel' in scope
43 | extension ServerSocketChannel: NIOTransportAccessibleChannelCore {}
44 | extension DatagramChannel: NIOTransportAccessibleChannelCore {}
/host/spi-builder-workspace/.build/checkouts/swift-nio/Sources/NIOPosix/BaseSocketChannel+AccessibleTransport.swift:43:11: error: cannot find type 'ServerSocketChannel' in scope
41 |
42 | extension SocketChannel: NIOTransportAccessibleChannelCore {}
43 | extension ServerSocketChannel: NIOTransportAccessibleChannelCore {}
   |           `- error: cannot find type 'ServerSocketChannel' in scope
44 | extension DatagramChannel: NIOTransportAccessibleChannelCore {}
45 | extension PipeChannel: NIOTransportAccessibleChannelCore {}
/host/spi-builder-workspace/.build/checkouts/swift-nio/Sources/NIOPosix/BaseSocketChannel+AccessibleTransport.swift:44:11: error: cannot find type 'DatagramChannel' in scope
42 | extension SocketChannel: NIOTransportAccessibleChannelCore {}
43 | extension ServerSocketChannel: NIOTransportAccessibleChannelCore {}
44 | extension DatagramChannel: NIOTransportAccessibleChannelCore {}
   |           `- error: cannot find type 'DatagramChannel' in scope
45 | extension PipeChannel: NIOTransportAccessibleChannelCore {}
46 |
/host/spi-builder-workspace/.build/checkouts/swift-nio/Sources/NIOPosix/BaseSocketChannel+AccessibleTransport.swift:45:11: error: cannot find type 'PipeChannel' in scope
43 | extension ServerSocketChannel: NIOTransportAccessibleChannelCore {}
44 | extension DatagramChannel: NIOTransportAccessibleChannelCore {}
45 | extension PipeChannel: NIOTransportAccessibleChannelCore {}
   |           `- error: cannot find type 'PipeChannel' in scope
46 |
/host/spi-builder-workspace/.build/checkouts/swift-nio/Sources/NIOPosix/BaseSocketChannel+AccessibleTransport.swift:17:29: error: 'where' clause cannot be applied to a non-generic top-level declaration
15 | import NIOCore
16 |
17 | extension BaseSocketChannel where SocketType: BaseSocket {
   |                             `- error: 'where' clause cannot be applied to a non-generic top-level declaration
18 |     /// The underlying transport type backing this channel.
19 |     typealias Transport = NIOBSDSocket.Handle
/host/spi-builder-workspace/.build/checkouts/swift-nio/Sources/NIOPosix/BaseSocketChannel+AccessibleTransport.swift:27:29: error: 'where' clause cannot be applied to a non-generic top-level declaration
25 | }
26 |
27 | extension BaseSocketChannel where SocketType: PipePair {
   |                             `- error: 'where' clause cannot be applied to a non-generic top-level declaration
28 |     /// The underlying transport type backing this channel.
29 |     typealias Transport = NIOBSDSocket.PipeHandle
[336/383] Compiling NIOPosix BSDSocketAPIPosix.swift
/host/spi-builder-workspace/.build/checkouts/swift-nio/Sources/NIOPosix/BaseSocketChannel+AccessibleTransport.swift:17:11: error: cannot find type 'BaseSocketChannel' in scope
15 | import NIOCore
16 |
17 | extension BaseSocketChannel where SocketType: BaseSocket {
   |           `- error: cannot find type 'BaseSocketChannel' in scope
18 |     /// The underlying transport type backing this channel.
19 |     typealias Transport = NIOBSDSocket.Handle
/host/spi-builder-workspace/.build/checkouts/swift-nio/Sources/NIOPosix/BaseSocketChannel+AccessibleTransport.swift:27:11: error: cannot find type 'BaseSocketChannel' in scope
25 | }
26 |
27 | extension BaseSocketChannel where SocketType: PipePair {
   |           `- error: cannot find type 'BaseSocketChannel' in scope
28 |     /// The underlying transport type backing this channel.
29 |     typealias Transport = NIOBSDSocket.PipeHandle
/host/spi-builder-workspace/.build/checkouts/swift-nio/Sources/NIOPosix/BaseSocketChannel+AccessibleTransport.swift:42:11: error: cannot find type 'SocketChannel' in scope
40 | }
41 |
42 | extension SocketChannel: NIOTransportAccessibleChannelCore {}
   |           `- error: cannot find type 'SocketChannel' in scope
43 | extension ServerSocketChannel: NIOTransportAccessibleChannelCore {}
44 | extension DatagramChannel: NIOTransportAccessibleChannelCore {}
/host/spi-builder-workspace/.build/checkouts/swift-nio/Sources/NIOPosix/BaseSocketChannel+AccessibleTransport.swift:43:11: error: cannot find type 'ServerSocketChannel' in scope
41 |
42 | extension SocketChannel: NIOTransportAccessibleChannelCore {}
43 | extension ServerSocketChannel: NIOTransportAccessibleChannelCore {}
   |           `- error: cannot find type 'ServerSocketChannel' in scope
44 | extension DatagramChannel: NIOTransportAccessibleChannelCore {}
45 | extension PipeChannel: NIOTransportAccessibleChannelCore {}
/host/spi-builder-workspace/.build/checkouts/swift-nio/Sources/NIOPosix/BaseSocketChannel+AccessibleTransport.swift:44:11: error: cannot find type 'DatagramChannel' in scope
42 | extension SocketChannel: NIOTransportAccessibleChannelCore {}
43 | extension ServerSocketChannel: NIOTransportAccessibleChannelCore {}
44 | extension DatagramChannel: NIOTransportAccessibleChannelCore {}
   |           `- error: cannot find type 'DatagramChannel' in scope
45 | extension PipeChannel: NIOTransportAccessibleChannelCore {}
46 |
/host/spi-builder-workspace/.build/checkouts/swift-nio/Sources/NIOPosix/BaseSocketChannel+AccessibleTransport.swift:45:11: error: cannot find type 'PipeChannel' in scope
43 | extension ServerSocketChannel: NIOTransportAccessibleChannelCore {}
44 | extension DatagramChannel: NIOTransportAccessibleChannelCore {}
45 | extension PipeChannel: NIOTransportAccessibleChannelCore {}
   |           `- error: cannot find type 'PipeChannel' in scope
46 |
/host/spi-builder-workspace/.build/checkouts/swift-nio/Sources/NIOPosix/BaseSocketChannel+AccessibleTransport.swift:17:29: error: 'where' clause cannot be applied to a non-generic top-level declaration
15 | import NIOCore
16 |
17 | extension BaseSocketChannel where SocketType: BaseSocket {
   |                             `- error: 'where' clause cannot be applied to a non-generic top-level declaration
18 |     /// The underlying transport type backing this channel.
19 |     typealias Transport = NIOBSDSocket.Handle
/host/spi-builder-workspace/.build/checkouts/swift-nio/Sources/NIOPosix/BaseSocketChannel+AccessibleTransport.swift:27:29: error: 'where' clause cannot be applied to a non-generic top-level declaration
25 | }
26 |
27 | extension BaseSocketChannel where SocketType: PipePair {
   |                             `- error: 'where' clause cannot be applied to a non-generic top-level declaration
28 |     /// The underlying transport type backing this channel.
29 |     typealias Transport = NIOBSDSocket.PipeHandle
[337/383] Compiling NIOPosix BSDSocketAPIWindows.swift
/host/spi-builder-workspace/.build/checkouts/swift-nio/Sources/NIOPosix/BaseSocketChannel+AccessibleTransport.swift:17:11: error: cannot find type 'BaseSocketChannel' in scope
15 | import NIOCore
16 |
17 | extension BaseSocketChannel where SocketType: BaseSocket {
   |           `- error: cannot find type 'BaseSocketChannel' in scope
18 |     /// The underlying transport type backing this channel.
19 |     typealias Transport = NIOBSDSocket.Handle
/host/spi-builder-workspace/.build/checkouts/swift-nio/Sources/NIOPosix/BaseSocketChannel+AccessibleTransport.swift:27:11: error: cannot find type 'BaseSocketChannel' in scope
25 | }
26 |
27 | extension BaseSocketChannel where SocketType: PipePair {
   |           `- error: cannot find type 'BaseSocketChannel' in scope
28 |     /// The underlying transport type backing this channel.
29 |     typealias Transport = NIOBSDSocket.PipeHandle
/host/spi-builder-workspace/.build/checkouts/swift-nio/Sources/NIOPosix/BaseSocketChannel+AccessibleTransport.swift:42:11: error: cannot find type 'SocketChannel' in scope
40 | }
41 |
42 | extension SocketChannel: NIOTransportAccessibleChannelCore {}
   |           `- error: cannot find type 'SocketChannel' in scope
43 | extension ServerSocketChannel: NIOTransportAccessibleChannelCore {}
44 | extension DatagramChannel: NIOTransportAccessibleChannelCore {}
/host/spi-builder-workspace/.build/checkouts/swift-nio/Sources/NIOPosix/BaseSocketChannel+AccessibleTransport.swift:43:11: error: cannot find type 'ServerSocketChannel' in scope
41 |
42 | extension SocketChannel: NIOTransportAccessibleChannelCore {}
43 | extension ServerSocketChannel: NIOTransportAccessibleChannelCore {}
   |           `- error: cannot find type 'ServerSocketChannel' in scope
44 | extension DatagramChannel: NIOTransportAccessibleChannelCore {}
45 | extension PipeChannel: NIOTransportAccessibleChannelCore {}
/host/spi-builder-workspace/.build/checkouts/swift-nio/Sources/NIOPosix/BaseSocketChannel+AccessibleTransport.swift:44:11: error: cannot find type 'DatagramChannel' in scope
42 | extension SocketChannel: NIOTransportAccessibleChannelCore {}
43 | extension ServerSocketChannel: NIOTransportAccessibleChannelCore {}
44 | extension DatagramChannel: NIOTransportAccessibleChannelCore {}
   |           `- error: cannot find type 'DatagramChannel' in scope
45 | extension PipeChannel: NIOTransportAccessibleChannelCore {}
46 |
/host/spi-builder-workspace/.build/checkouts/swift-nio/Sources/NIOPosix/BaseSocketChannel+AccessibleTransport.swift:45:11: error: cannot find type 'PipeChannel' in scope
43 | extension ServerSocketChannel: NIOTransportAccessibleChannelCore {}
44 | extension DatagramChannel: NIOTransportAccessibleChannelCore {}
45 | extension PipeChannel: NIOTransportAccessibleChannelCore {}
   |           `- error: cannot find type 'PipeChannel' in scope
46 |
/host/spi-builder-workspace/.build/checkouts/swift-nio/Sources/NIOPosix/BaseSocketChannel+AccessibleTransport.swift:17:29: error: 'where' clause cannot be applied to a non-generic top-level declaration
15 | import NIOCore
16 |
17 | extension BaseSocketChannel where SocketType: BaseSocket {
   |                             `- error: 'where' clause cannot be applied to a non-generic top-level declaration
18 |     /// The underlying transport type backing this channel.
19 |     typealias Transport = NIOBSDSocket.Handle
/host/spi-builder-workspace/.build/checkouts/swift-nio/Sources/NIOPosix/BaseSocketChannel+AccessibleTransport.swift:27:29: error: 'where' clause cannot be applied to a non-generic top-level declaration
25 | }
26 |
27 | extension BaseSocketChannel where SocketType: PipePair {
   |                             `- error: 'where' clause cannot be applied to a non-generic top-level declaration
28 |     /// The underlying transport type backing this channel.
29 |     typealias Transport = NIOBSDSocket.PipeHandle
[338/383] Compiling NIOPosix BaseSocket.swift
/host/spi-builder-workspace/.build/checkouts/swift-nio/Sources/NIOPosix/BaseSocketChannel+AccessibleTransport.swift:17:11: error: cannot find type 'BaseSocketChannel' in scope
15 | import NIOCore
16 |
17 | extension BaseSocketChannel where SocketType: BaseSocket {
   |           `- error: cannot find type 'BaseSocketChannel' in scope
18 |     /// The underlying transport type backing this channel.
19 |     typealias Transport = NIOBSDSocket.Handle
/host/spi-builder-workspace/.build/checkouts/swift-nio/Sources/NIOPosix/BaseSocketChannel+AccessibleTransport.swift:27:11: error: cannot find type 'BaseSocketChannel' in scope
25 | }
26 |
27 | extension BaseSocketChannel where SocketType: PipePair {
   |           `- error: cannot find type 'BaseSocketChannel' in scope
28 |     /// The underlying transport type backing this channel.
29 |     typealias Transport = NIOBSDSocket.PipeHandle
/host/spi-builder-workspace/.build/checkouts/swift-nio/Sources/NIOPosix/BaseSocketChannel+AccessibleTransport.swift:42:11: error: cannot find type 'SocketChannel' in scope
40 | }
41 |
42 | extension SocketChannel: NIOTransportAccessibleChannelCore {}
   |           `- error: cannot find type 'SocketChannel' in scope
43 | extension ServerSocketChannel: NIOTransportAccessibleChannelCore {}
44 | extension DatagramChannel: NIOTransportAccessibleChannelCore {}
/host/spi-builder-workspace/.build/checkouts/swift-nio/Sources/NIOPosix/BaseSocketChannel+AccessibleTransport.swift:43:11: error: cannot find type 'ServerSocketChannel' in scope
41 |
42 | extension SocketChannel: NIOTransportAccessibleChannelCore {}
43 | extension ServerSocketChannel: NIOTransportAccessibleChannelCore {}
   |           `- error: cannot find type 'ServerSocketChannel' in scope
44 | extension DatagramChannel: NIOTransportAccessibleChannelCore {}
45 | extension PipeChannel: NIOTransportAccessibleChannelCore {}
/host/spi-builder-workspace/.build/checkouts/swift-nio/Sources/NIOPosix/BaseSocketChannel+AccessibleTransport.swift:44:11: error: cannot find type 'DatagramChannel' in scope
42 | extension SocketChannel: NIOTransportAccessibleChannelCore {}
43 | extension ServerSocketChannel: NIOTransportAccessibleChannelCore {}
44 | extension DatagramChannel: NIOTransportAccessibleChannelCore {}
   |           `- error: cannot find type 'DatagramChannel' in scope
45 | extension PipeChannel: NIOTransportAccessibleChannelCore {}
46 |
/host/spi-builder-workspace/.build/checkouts/swift-nio/Sources/NIOPosix/BaseSocketChannel+AccessibleTransport.swift:45:11: error: cannot find type 'PipeChannel' in scope
43 | extension ServerSocketChannel: NIOTransportAccessibleChannelCore {}
44 | extension DatagramChannel: NIOTransportAccessibleChannelCore {}
45 | extension PipeChannel: NIOTransportAccessibleChannelCore {}
   |           `- error: cannot find type 'PipeChannel' in scope
46 |
/host/spi-builder-workspace/.build/checkouts/swift-nio/Sources/NIOPosix/BaseSocketChannel+AccessibleTransport.swift:17:29: error: 'where' clause cannot be applied to a non-generic top-level declaration
15 | import NIOCore
16 |
17 | extension BaseSocketChannel where SocketType: BaseSocket {
   |                             `- error: 'where' clause cannot be applied to a non-generic top-level declaration
18 |     /// The underlying transport type backing this channel.
19 |     typealias Transport = NIOBSDSocket.Handle
/host/spi-builder-workspace/.build/checkouts/swift-nio/Sources/NIOPosix/BaseSocketChannel+AccessibleTransport.swift:27:29: error: 'where' clause cannot be applied to a non-generic top-level declaration
25 | }
26 |
27 | extension BaseSocketChannel where SocketType: PipePair {
   |                             `- error: 'where' clause cannot be applied to a non-generic top-level declaration
28 |     /// The underlying transport type backing this channel.
29 |     typealias Transport = NIOBSDSocket.PipeHandle
[339/383] Compiling NIOPosix BaseSocketChannel+AccessibleTransport.swift
/host/spi-builder-workspace/.build/checkouts/swift-nio/Sources/NIOPosix/BaseSocketChannel+AccessibleTransport.swift:17:11: error: cannot find type 'BaseSocketChannel' in scope
15 | import NIOCore
16 |
17 | extension BaseSocketChannel where SocketType: BaseSocket {
   |           `- error: cannot find type 'BaseSocketChannel' in scope
18 |     /// The underlying transport type backing this channel.
19 |     typealias Transport = NIOBSDSocket.Handle
/host/spi-builder-workspace/.build/checkouts/swift-nio/Sources/NIOPosix/BaseSocketChannel+AccessibleTransport.swift:27:11: error: cannot find type 'BaseSocketChannel' in scope
25 | }
26 |
27 | extension BaseSocketChannel where SocketType: PipePair {
   |           `- error: cannot find type 'BaseSocketChannel' in scope
28 |     /// The underlying transport type backing this channel.
29 |     typealias Transport = NIOBSDSocket.PipeHandle
/host/spi-builder-workspace/.build/checkouts/swift-nio/Sources/NIOPosix/BaseSocketChannel+AccessibleTransport.swift:42:11: error: cannot find type 'SocketChannel' in scope
40 | }
41 |
42 | extension SocketChannel: NIOTransportAccessibleChannelCore {}
   |           `- error: cannot find type 'SocketChannel' in scope
43 | extension ServerSocketChannel: NIOTransportAccessibleChannelCore {}
44 | extension DatagramChannel: NIOTransportAccessibleChannelCore {}
/host/spi-builder-workspace/.build/checkouts/swift-nio/Sources/NIOPosix/BaseSocketChannel+AccessibleTransport.swift:43:11: error: cannot find type 'ServerSocketChannel' in scope
41 |
42 | extension SocketChannel: NIOTransportAccessibleChannelCore {}
43 | extension ServerSocketChannel: NIOTransportAccessibleChannelCore {}
   |           `- error: cannot find type 'ServerSocketChannel' in scope
44 | extension DatagramChannel: NIOTransportAccessibleChannelCore {}
45 | extension PipeChannel: NIOTransportAccessibleChannelCore {}
/host/spi-builder-workspace/.build/checkouts/swift-nio/Sources/NIOPosix/BaseSocketChannel+AccessibleTransport.swift:44:11: error: cannot find type 'DatagramChannel' in scope
42 | extension SocketChannel: NIOTransportAccessibleChannelCore {}
43 | extension ServerSocketChannel: NIOTransportAccessibleChannelCore {}
44 | extension DatagramChannel: NIOTransportAccessibleChannelCore {}
   |           `- error: cannot find type 'DatagramChannel' in scope
45 | extension PipeChannel: NIOTransportAccessibleChannelCore {}
46 |
/host/spi-builder-workspace/.build/checkouts/swift-nio/Sources/NIOPosix/BaseSocketChannel+AccessibleTransport.swift:45:11: error: cannot find type 'PipeChannel' in scope
43 | extension ServerSocketChannel: NIOTransportAccessibleChannelCore {}
44 | extension DatagramChannel: NIOTransportAccessibleChannelCore {}
45 | extension PipeChannel: NIOTransportAccessibleChannelCore {}
   |           `- error: cannot find type 'PipeChannel' in scope
46 |
/host/spi-builder-workspace/.build/checkouts/swift-nio/Sources/NIOPosix/BaseSocketChannel+AccessibleTransport.swift:17:29: error: 'where' clause cannot be applied to a non-generic top-level declaration
15 | import NIOCore
16 |
17 | extension BaseSocketChannel where SocketType: BaseSocket {
   |                             `- error: 'where' clause cannot be applied to a non-generic top-level declaration
18 |     /// The underlying transport type backing this channel.
19 |     typealias Transport = NIOBSDSocket.Handle
/host/spi-builder-workspace/.build/checkouts/swift-nio/Sources/NIOPosix/BaseSocketChannel+AccessibleTransport.swift:27:29: error: 'where' clause cannot be applied to a non-generic top-level declaration
25 | }
26 |
27 | extension BaseSocketChannel where SocketType: PipePair {
   |                             `- error: 'where' clause cannot be applied to a non-generic top-level declaration
28 |     /// The underlying transport type backing this channel.
29 |     typealias Transport = NIOBSDSocket.PipeHandle
[340/383] Compiling NIOPosix BaseSocketChannel+SocketOptionProvider.swift
/host/spi-builder-workspace/.build/checkouts/swift-nio/Sources/NIOPosix/BaseSocketChannel+AccessibleTransport.swift:17:11: error: cannot find type 'BaseSocketChannel' in scope
15 | import NIOCore
16 |
17 | extension BaseSocketChannel where SocketType: BaseSocket {
   |           `- error: cannot find type 'BaseSocketChannel' in scope
18 |     /// The underlying transport type backing this channel.
19 |     typealias Transport = NIOBSDSocket.Handle
/host/spi-builder-workspace/.build/checkouts/swift-nio/Sources/NIOPosix/BaseSocketChannel+AccessibleTransport.swift:27:11: error: cannot find type 'BaseSocketChannel' in scope
25 | }
26 |
27 | extension BaseSocketChannel where SocketType: PipePair {
   |           `- error: cannot find type 'BaseSocketChannel' in scope
28 |     /// The underlying transport type backing this channel.
29 |     typealias Transport = NIOBSDSocket.PipeHandle
/host/spi-builder-workspace/.build/checkouts/swift-nio/Sources/NIOPosix/BaseSocketChannel+AccessibleTransport.swift:42:11: error: cannot find type 'SocketChannel' in scope
40 | }
41 |
42 | extension SocketChannel: NIOTransportAccessibleChannelCore {}
   |           `- error: cannot find type 'SocketChannel' in scope
43 | extension ServerSocketChannel: NIOTransportAccessibleChannelCore {}
44 | extension DatagramChannel: NIOTransportAccessibleChannelCore {}
/host/spi-builder-workspace/.build/checkouts/swift-nio/Sources/NIOPosix/BaseSocketChannel+AccessibleTransport.swift:43:11: error: cannot find type 'ServerSocketChannel' in scope
41 |
42 | extension SocketChannel: NIOTransportAccessibleChannelCore {}
43 | extension ServerSocketChannel: NIOTransportAccessibleChannelCore {}
   |           `- error: cannot find type 'ServerSocketChannel' in scope
44 | extension DatagramChannel: NIOTransportAccessibleChannelCore {}
45 | extension PipeChannel: NIOTransportAccessibleChannelCore {}
/host/spi-builder-workspace/.build/checkouts/swift-nio/Sources/NIOPosix/BaseSocketChannel+AccessibleTransport.swift:44:11: error: cannot find type 'DatagramChannel' in scope
42 | extension SocketChannel: NIOTransportAccessibleChannelCore {}
43 | extension ServerSocketChannel: NIOTransportAccessibleChannelCore {}
44 | extension DatagramChannel: NIOTransportAccessibleChannelCore {}
   |           `- error: cannot find type 'DatagramChannel' in scope
45 | extension PipeChannel: NIOTransportAccessibleChannelCore {}
46 |
/host/spi-builder-workspace/.build/checkouts/swift-nio/Sources/NIOPosix/BaseSocketChannel+AccessibleTransport.swift:45:11: error: cannot find type 'PipeChannel' in scope
43 | extension ServerSocketChannel: NIOTransportAccessibleChannelCore {}
44 | extension DatagramChannel: NIOTransportAccessibleChannelCore {}
45 | extension PipeChannel: NIOTransportAccessibleChannelCore {}
   |           `- error: cannot find type 'PipeChannel' in scope
46 |
/host/spi-builder-workspace/.build/checkouts/swift-nio/Sources/NIOPosix/BaseSocketChannel+AccessibleTransport.swift:17:29: error: 'where' clause cannot be applied to a non-generic top-level declaration
15 | import NIOCore
16 |
17 | extension BaseSocketChannel where SocketType: BaseSocket {
   |                             `- error: 'where' clause cannot be applied to a non-generic top-level declaration
18 |     /// The underlying transport type backing this channel.
19 |     typealias Transport = NIOBSDSocket.Handle
/host/spi-builder-workspace/.build/checkouts/swift-nio/Sources/NIOPosix/BaseSocketChannel+AccessibleTransport.swift:27:29: error: 'where' clause cannot be applied to a non-generic top-level declaration
25 | }
26 |
27 | extension BaseSocketChannel where SocketType: PipePair {
   |                             `- error: 'where' clause cannot be applied to a non-generic top-level declaration
28 |     /// The underlying transport type backing this channel.
29 |     typealias Transport = NIOBSDSocket.PipeHandle
[341/383] Compiling NIOPosix BaseSocketChannel.swift
/host/spi-builder-workspace/.build/checkouts/swift-nio/Sources/NIOPosix/BaseSocketChannel+AccessibleTransport.swift:17:11: error: cannot find type 'BaseSocketChannel' in scope
15 | import NIOCore
16 |
17 | extension BaseSocketChannel where SocketType: BaseSocket {
   |           `- error: cannot find type 'BaseSocketChannel' in scope
18 |     /// The underlying transport type backing this channel.
19 |     typealias Transport = NIOBSDSocket.Handle
/host/spi-builder-workspace/.build/checkouts/swift-nio/Sources/NIOPosix/BaseSocketChannel+AccessibleTransport.swift:27:11: error: cannot find type 'BaseSocketChannel' in scope
25 | }
26 |
27 | extension BaseSocketChannel where SocketType: PipePair {
   |           `- error: cannot find type 'BaseSocketChannel' in scope
28 |     /// The underlying transport type backing this channel.
29 |     typealias Transport = NIOBSDSocket.PipeHandle
/host/spi-builder-workspace/.build/checkouts/swift-nio/Sources/NIOPosix/BaseSocketChannel+AccessibleTransport.swift:42:11: error: cannot find type 'SocketChannel' in scope
40 | }
41 |
42 | extension SocketChannel: NIOTransportAccessibleChannelCore {}
   |           `- error: cannot find type 'SocketChannel' in scope
43 | extension ServerSocketChannel: NIOTransportAccessibleChannelCore {}
44 | extension DatagramChannel: NIOTransportAccessibleChannelCore {}
/host/spi-builder-workspace/.build/checkouts/swift-nio/Sources/NIOPosix/BaseSocketChannel+AccessibleTransport.swift:43:11: error: cannot find type 'ServerSocketChannel' in scope
41 |
42 | extension SocketChannel: NIOTransportAccessibleChannelCore {}
43 | extension ServerSocketChannel: NIOTransportAccessibleChannelCore {}
   |           `- error: cannot find type 'ServerSocketChannel' in scope
44 | extension DatagramChannel: NIOTransportAccessibleChannelCore {}
45 | extension PipeChannel: NIOTransportAccessibleChannelCore {}
/host/spi-builder-workspace/.build/checkouts/swift-nio/Sources/NIOPosix/BaseSocketChannel+AccessibleTransport.swift:44:11: error: cannot find type 'DatagramChannel' in scope
42 | extension SocketChannel: NIOTransportAccessibleChannelCore {}
43 | extension ServerSocketChannel: NIOTransportAccessibleChannelCore {}
44 | extension DatagramChannel: NIOTransportAccessibleChannelCore {}
   |           `- error: cannot find type 'DatagramChannel' in scope
45 | extension PipeChannel: NIOTransportAccessibleChannelCore {}
46 |
/host/spi-builder-workspace/.build/checkouts/swift-nio/Sources/NIOPosix/BaseSocketChannel+AccessibleTransport.swift:45:11: error: cannot find type 'PipeChannel' in scope
43 | extension ServerSocketChannel: NIOTransportAccessibleChannelCore {}
44 | extension DatagramChannel: NIOTransportAccessibleChannelCore {}
45 | extension PipeChannel: NIOTransportAccessibleChannelCore {}
   |           `- error: cannot find type 'PipeChannel' in scope
46 |
/host/spi-builder-workspace/.build/checkouts/swift-nio/Sources/NIOPosix/BaseSocketChannel+AccessibleTransport.swift:17:29: error: 'where' clause cannot be applied to a non-generic top-level declaration
15 | import NIOCore
16 |
17 | extension BaseSocketChannel where SocketType: BaseSocket {
   |                             `- error: 'where' clause cannot be applied to a non-generic top-level declaration
18 |     /// The underlying transport type backing this channel.
19 |     typealias Transport = NIOBSDSocket.Handle
/host/spi-builder-workspace/.build/checkouts/swift-nio/Sources/NIOPosix/BaseSocketChannel+AccessibleTransport.swift:27:29: error: 'where' clause cannot be applied to a non-generic top-level declaration
25 | }
26 |
27 | extension BaseSocketChannel where SocketType: PipePair {
   |                             `- error: 'where' clause cannot be applied to a non-generic top-level declaration
28 |     /// The underlying transport type backing this channel.
29 |     typealias Transport = NIOBSDSocket.PipeHandle
[342/383] Compiling NIOPosix BaseStreamSocketChannel.swift
[343/383] Compiling NIOPosix Bootstrap.swift
[344/383] Compiling NIOPosix ControlMessage.swift
[345/383] Compiling NIOPosix DatagramVectorReadManager.swift
[346/383] Compiling NIOPosix Errors+Any.swift
[347/383] Compiling NIOPosix FileDescriptor.swift
error: emit-module command failed with exit code 1 (use -v to see invocation)
[348/383] Compiling NIOPosix GetaddrinfoResolver.swift
[349/383] Emitting module NIOPosix
/host/spi-builder-workspace/.build/checkouts/swift-nio/Sources/NIOPosix/BaseSocketChannel+AccessibleTransport.swift:17:11: error: cannot find type 'BaseSocketChannel' in scope
15 | import NIOCore
16 |
17 | extension BaseSocketChannel where SocketType: BaseSocket {
   |           `- error: cannot find type 'BaseSocketChannel' in scope
18 |     /// The underlying transport type backing this channel.
19 |     typealias Transport = NIOBSDSocket.Handle
/host/spi-builder-workspace/.build/checkouts/swift-nio/Sources/NIOPosix/BaseSocketChannel+AccessibleTransport.swift:27:11: error: cannot find type 'BaseSocketChannel' in scope
25 | }
26 |
27 | extension BaseSocketChannel where SocketType: PipePair {
   |           `- error: cannot find type 'BaseSocketChannel' in scope
28 |     /// The underlying transport type backing this channel.
29 |     typealias Transport = NIOBSDSocket.PipeHandle
/host/spi-builder-workspace/.build/checkouts/swift-nio/Sources/NIOPosix/BaseSocketChannel+AccessibleTransport.swift:42:11: error: cannot find type 'SocketChannel' in scope
40 | }
41 |
42 | extension SocketChannel: NIOTransportAccessibleChannelCore {}
   |           `- error: cannot find type 'SocketChannel' in scope
43 | extension ServerSocketChannel: NIOTransportAccessibleChannelCore {}
44 | extension DatagramChannel: NIOTransportAccessibleChannelCore {}
/host/spi-builder-workspace/.build/checkouts/swift-nio/Sources/NIOPosix/BaseSocketChannel+AccessibleTransport.swift:43:11: error: cannot find type 'ServerSocketChannel' in scope
41 |
42 | extension SocketChannel: NIOTransportAccessibleChannelCore {}
43 | extension ServerSocketChannel: NIOTransportAccessibleChannelCore {}
   |           `- error: cannot find type 'ServerSocketChannel' in scope
44 | extension DatagramChannel: NIOTransportAccessibleChannelCore {}
45 | extension PipeChannel: NIOTransportAccessibleChannelCore {}
/host/spi-builder-workspace/.build/checkouts/swift-nio/Sources/NIOPosix/BaseSocketChannel+AccessibleTransport.swift:44:11: error: cannot find type 'DatagramChannel' in scope
42 | extension SocketChannel: NIOTransportAccessibleChannelCore {}
43 | extension ServerSocketChannel: NIOTransportAccessibleChannelCore {}
44 | extension DatagramChannel: NIOTransportAccessibleChannelCore {}
   |           `- error: cannot find type 'DatagramChannel' in scope
45 | extension PipeChannel: NIOTransportAccessibleChannelCore {}
46 |
/host/spi-builder-workspace/.build/checkouts/swift-nio/Sources/NIOPosix/BaseSocketChannel+AccessibleTransport.swift:45:11: error: cannot find type 'PipeChannel' in scope
43 | extension ServerSocketChannel: NIOTransportAccessibleChannelCore {}
44 | extension DatagramChannel: NIOTransportAccessibleChannelCore {}
45 | extension PipeChannel: NIOTransportAccessibleChannelCore {}
   |           `- error: cannot find type 'PipeChannel' in scope
46 |
[350/383] Compiling NIOPosix PipeChannel.swift
[351/383] Compiling NIOPosix PipePair.swift
[352/383] Compiling NIOPosix Pool.swift
[353/383] Compiling NIOPosix PosixSingletons+ConcurrencyTakeOver.swift
[354/383] Compiling NIOPosix PosixSingletons.swift
[355/383] Compiling NIOPosix RawSocketBootstrap.swift
[356/383] Compiling NIOPosix Resolver.swift
[357/383] Compiling NIOPosix HappyEyeballs.swift
[358/383] Compiling NIOPosix IO.swift
[359/383] Compiling NIOPosix IntegerBitPacking.swift
[360/383] Compiling NIOPosix IntegerTypes.swift
[361/383] Compiling NIOPosix Linux.swift
[362/383] Compiling NIOPosix LinuxCPUSet.swift
[363/383] Compiling NIOPosix LinuxUring.swift
[364/383] Compiling NIOPosix SelectorWSAPoll.swift
[365/383] Compiling NIOPosix ServerSocket.swift
[366/383] Compiling NIOPosix Socket.swift
[367/383] Compiling NIOPosix SocketChannel.swift
[368/383] Compiling NIOPosix SocketProtocols.swift
[369/383] Compiling NIOPosix StructuredConcurrencyHelpers.swift
[370/383] Compiling NIOPosix System.swift
[371/383] Compiling NIOPosix Thread.swift
[372/383] Compiling NIOPosix ThreadPosix.swift
[373/383] Compiling NIOPosix ThreadWindows.swift
[374/383] Compiling NIOPosix Utilities.swift
[375/383] Compiling NIOPosix VsockAddress.swift
[376/383] Compiling NIOPosix VsockChannelEvents.swift
[377/383] Compiling NIOPosix Windows.swift
BUILD FAILURE 6.3 wasm